I20260713 09:11:06.318568   727 raft_consensus.cc:3060] T 1011636b461748c7be5a602ae3511a81 P 48cf62244fb746efb2c447bd9c4e838f [term 2 FOLLOWER]: Advancing to term 3
I20260713 09:11:06.318727   651 raft_consensus.cc:740] T 1011636b461748c7be5a602ae3511a81 P 9a47cabf5ed14d1985f0763a7da87571 [term 2 LEADER]: Becoming Follower/Learner. State: Replica: 9a47cabf5ed14d1985f0763a7da87571, State: Running, Role: LEADER
I20260713 09:11:06.319505   651 consensus_queue.cc:260] T 1011636b461748c7be5a602ae3511a81 P 9a47cabf5ed14d1985f0763a7da87571 [NON_LEADER]: Queue going to NON_LEADER mode. State: All replicated index: 0, Majority replicated index: 2, Committed index: 2, Last appended: 2.2, Last appended by leader: 2, Current term: 2, Majority size: -1, State: 0, Mode: NON_LEADER, active raft config: opid_index: -1 OBSOLETE_local: false peers { permanent_uuid: "a95e052224cf4058b745757b858e31f9" member_type: VOTER last_known_addr { host: "127.31.168.65" port: 34373 } } peers { permanent_uuid: "9a47cabf5ed14d1985f0763a7da87571" member_type: VOTER last_known_addr { host: "127.31.168.66" port: 35877 } } peers { permanent_uuid: "48cf62244fb746efb2c447bd9c4e838f" member_type: VOTER last_known_addr { host: "127.31.168.67" port: 35527 } }
I20260713 09:11:06.320425   651 raft_consensus.cc:3060] T 1011636b461748c7be5a602ae3511a81 P 9a47cabf5ed14d1985f0763a7da87571 [term 2 FOLLOWER]: Advancing to term 3
I20260713 09:11:06.322999   727 raft_consensus.cc:2468] T 1011636b461748c7be5a602ae3511a81 P 48cf62244fb746efb2c447bd9c4e838f [term 3 FOLLOWER]: Leader election vote request: Granting yes vote for candidate a95e052224cf4058b745757b858e31f9 in term 3.
I20260713 09:11:06.323800   545 leader_election.cc:304] T 1011636b461748c7be5a602ae3511a81 P a95e052224cf4058b745757b858e31f9 [CANDIDATE]: Term 3 election: Election decided. Result: candidate won. Election summary: received 2 responses out of 3 voters: 2 yes votes; 0 no votes. yes voters: 48cf62244fb746efb2c447bd9c4e838f, a95e052224cf4058b745757b858e31f9; no voters: 
I20260713 09:11:06.324460   813 raft_consensus.cc:2804] T 1011636b461748c7be5a602ae3511a81 P a95e052224cf4058b745757b858e31f9 [term 3 FOLLOWER]: Leader election won for term 3
I20260713 09:11:06.324849   813 raft_consensus.cc:697] T 1011636b461748c7be5a602ae3511a81 P a95e052224cf4058b745757b858e31f9 [term 3 LEADER]: Becoming Leader. State: Replica: a95e052224cf4058b745757b858e31f9, State: Running, Role: LEADER
I20260713 09:11:06.325253   651 raft_consensus.cc:2468] T 1011636b461748c7be5a602ae3511a81 P 9a47cabf5ed14d1985f0763a7da87571 [term 3 FOLLOWER]: Leader election vote request: Granting yes vote for candidate a95e052224cf4058b745757b858e31f9 in term 3.
I20260713 09:11:06.325582   813 consensus_queue.cc:237] T 1011636b461748c7be5a602ae3511a81 P a95e052224cf4058b745757b858e31f9 [LEADER]: Queue going to LEADER mode. State: All replicated index: 0, Majority replicated index: 2, Committed index: 2, Last appended: 2.2, Last appended by leader: 2, Current term: 3, Majority size: 2, State: 0, Mode: LEADER, active raft config: opid_index: -1 OBSOLETE_local: false peers { permanent_uuid: "a95e052224cf4058b745757b858e31f9" member_type: VOTER last_known_addr { host: "127.31.168.65" port: 34373 } } peers { permanent_uuid: "9a47cabf5ed14d1985f0763a7da87571" member_type: VOTER last_known_addr { host: "127.31.168.66" port: 35877 } } peers { permanent_uuid: "48cf62244fb746efb2c447bd9c4e838f" member_type: VOTER last_known_addr { host: "127.31.168.67" port: 35527 } }
I20260713 09:11:06.331840   475 catalog_manager.cc:5697] T 1011636b461748c7be5a602ae3511a81 P a95e052224cf4058b745757b858e31f9 reported cstate change: term changed from 2 to 3, leader changed from 9a47cabf5ed14d1985f0763a7da87571 (127.31.168.66) to a95e052224cf4058b745757b858e31f9 (127.31.168.65). New cstate: current_term: 3 leader_uuid: "a95e052224cf4058b745757b858e31f9" committed_config { opid_index: -1 OBSOLETE_local: false peers { permanent_uuid: "a95e052224cf4058b745757b858e31f9" member_type: VOTER last_known_addr { host: "127.31.168.65" port: 34373 } health_report { overall_health: HEALTHY } } peers { permanent_uuid: "9a47cabf5ed14d1985f0763a7da87571" member_type: VOTER last_known_addr { host: "127.31.168.66" port: 35877 } health_report { overall_health: UNKNOWN } } peers { permanent_uuid: "48cf62244fb746efb2c447bd9c4e838f" member_type: VOTER last_known_addr { host: "127.31.168.67" port: 35527 } health_report { overall_health: UNKNOWN } } }
I20260713 09:11:06.480242   863 raft_consensus.cc:993] T 81dccf1d235d452c929d74ed5e915e72 P 48cf62244fb746efb2c447bd9c4e838f: : Instructing follower a95e052224cf4058b745757b858e31f9 to start an election
I20260713 09:11:06.480716   873 raft_consensus.cc:1081] T 81dccf1d235d452c929d74ed5e915e72 P 48cf62244fb746efb2c447bd9c4e838f [term 2 LEADER]: Signalling peer a95e052224cf4058b745757b858e31f9 to start an election
I20260713 09:11:06.481947   578 tablet_service.cc:2044] Received Run Leader Election RPC: tablet_id: "81dccf1d235d452c929d74ed5e915e72"
dest_uuid: "a95e052224cf4058b745757b858e31f9"
 from {username='slave'} at 127.0.0.1:57414
I20260713 09:11:06.482385   578 raft_consensus.cc:493] T 81dccf1d235d452c929d74ed5e915e72 P a95e052224cf4058b745757b858e31f9 [term 2 FOLLOWER]: Starting forced leader election (received explicit request)
I20260713 09:11:06.482681   578 raft_consensus.cc:3060] T 81dccf1d235d452c929d74ed5e915e72 P a95e052224cf4058b745757b858e31f9 [term 2 FOLLOWER]: Advancing to term 3
I20260713 09:11:06.486681   578 raft_consensus.cc:515] T 81dccf1d235d452c929d74ed5e915e72 P a95e052224cf4058b745757b858e31f9 [term 3 FOLLOWER]: Starting forced leader election with config: opid_index: -1 OBSOLETE_local: false peers { permanent_uuid: "a95e052224cf4058b745757b858e31f9" member_type: VOTER last_known_addr { host: "127.31.168.65" port: 34373 } } peers { permanent_uuid: "9a47cabf5ed14d1985f0763a7da87571" member_type: VOTER last_known_addr { host: "127.31.168.66" port: 35877 } } peers { permanent_uuid: "48cf62244fb746efb2c447bd9c4e838f" member_type: VOTER last_known_addr { host: "127.31.168.67" port: 35527 } }
I20260713 09:11:06.488057   578 leader_election.cc:290] T 81dccf1d235d452c929d74ed5e915e72 P a95e052224cf4058b745757b858e31f9 [CANDIDATE]: Term 3 election: Requested vote from peers 9a47cabf5ed14d1985f0763a7da87571 (127.31.168.66:35877), 48cf62244fb746efb2c447bd9c4e838f (127.31.168.67:35527)
I20260713 09:11:06.488821   651 tablet_service.cc:1917] Received RequestConsensusVote() RPC: tablet_id: "81dccf1d235d452c929d74ed5e915e72" candidate_uuid: "a95e052224cf4058b745757b858e31f9" candidate_term: 3 candidate_status { last_received { term: 2 index: 2 } } ignore_live_leader: true dest_uuid: "9a47cabf5ed14d1985f0763a7da87571"
I20260713 09:11:06.488977   727 tablet_service.cc:1917] Received RequestConsensusVote() RPC: tablet_id: "81dccf1d235d452c929d74ed5e915e72" candidate_uuid: "a95e052224cf4058b745757b858e31f9" candidate_term: 3 candidate_status { last_received { term: 2 index: 2 } } ignore_live_leader: true dest_uuid: "48cf62244fb746efb2c447bd9c4e838f"
I20260713 09:11:06.489367   651 raft_consensus.cc:3060] T 81dccf1d235d452c929d74ed5e915e72 P 9a47cabf5ed14d1985f0763a7da87571 [term 2 FOLLOWER]: Advancing to term 3
I20260713 09:11:06.489517   727 raft_consensus.cc:3055] T 81dccf1d235d452c929d74ed5e915e72 P 48cf62244fb746efb2c447bd9c4e838f [term 2 LEADER]: Stepping down as leader of term 2
I20260713 09:11:06.489835   727 raft_consensus.cc:740] T 81dccf1d235d452c929d74ed5e915e72 P 48cf62244fb746efb2c447bd9c4e838f [term 2 LEADER]: Becoming Follower/Learner. State: Replica: 48cf62244fb746efb2c447bd9c4e838f, State: Running, Role: LEADER
I20260713 09:11:06.490434   727 consensus_queue.cc:260] T 81dccf1d235d452c929d74ed5e915e72 P 48cf62244fb746efb2c447bd9c4e838f [NON_LEADER]: Queue going to NON_LEADER mode. State: All replicated index: 0, Majority replicated index: 2, Committed index: 2, Last appended: 2.2, Last appended by leader: 2, Current term: 2, Majority size: -1, State: 0, Mode: NON_LEADER, active raft config: opid_index: -1 OBSOLETE_local: false peers { permanent_uuid: "a95e052224cf4058b745757b858e31f9" member_type: VOTER last_known_addr { host: "127.31.168.65" port: 34373 } } peers { permanent_uuid: "9a47cabf5ed14d1985f0763a7da87571" member_type: VOTER last_known_addr { host: "127.31.168.66" port: 35877 } } peers { permanent_uuid: "48cf62244fb746efb2c447bd9c4e838f" member_type: VOTER last_known_addr { host: "127.31.168.67" port: 35527 } }
I20260713 09:11:06.491222   727 raft_consensus.cc:3060] T 81dccf1d235d452c929d74ed5e915e72 P 48cf62244fb746efb2c447bd9c4e838f [term 2 FOLLOWER]: Advancing to term 3
I20260713 09:11:06.493643   651 raft_consensus.cc:2468] T 81dccf1d235d452c929d74ed5e915e72 P 9a47cabf5ed14d1985f0763a7da87571 [term 3 FOLLOWER]: Leader election vote request: Granting yes vote for candidate a95e052224cf4058b745757b858e31f9 in term 3.
I20260713 09:11:06.494664   544 leader_election.cc:304] T 81dccf1d235d452c929d74ed5e915e72 P a95e052224cf4058b745757b858e31f9 [CANDIDATE]: Term 3 election: Election decided. Result: candidate won. Election summary: received 2 responses out of 3 voters: 2 yes votes; 0 no votes. yes voters: 9a47cabf5ed14d1985f0763a7da87571, a95e052224cf4058b745757b858e31f9; no voters: 
I20260713 09:11:06.495400   813 raft_consensus.cc:2804] T 81dccf1d235d452c929d74ed5e915e72 P a95e052224cf4058b745757b858e31f9 [term 3 FOLLOWER]: Leader election won for term 3
I20260713 09:11:06.495455   727 raft_consensus.cc:2468] T 81dccf1d235d452c929d74ed5e915e72 P 48cf62244fb746efb2c447bd9c4e838f [term 3 FOLLOWER]: Leader election vote request: Granting yes vote for candidate a95e052224cf4058b745757b858e31f9 in term 3.
I20260713 09:11:06.495889   813 raft_consensus.cc:697] T 81dccf1d235d452c929d74ed5e915e72 P a95e052224cf4058b745757b858e31f9 [term 3 LEADER]: Becoming Leader. State: Replica: a95e052224cf4058b745757b858e31f9, State: Running, Role: LEADER
I20260713 09:11:06.496677   813 consensus_queue.cc:237] T 81dccf1d235d452c929d74ed5e915e72 P a95e052224cf4058b745757b858e31f9 [LEADER]: Queue going to LEADER mode. State: All replicated index: 0, Majority replicated index: 2, Committed index: 2, Last appended: 2.2, Last appended by leader: 2, Current term: 3, Majority size: 2, State: 0, Mode: LEADER, active raft config: opid_index: -1 OBSOLETE_local: false peers { permanent_uuid: "a95e052224cf4058b745757b858e31f9" member_type: VOTER last_known_addr { host: "127.31.168.65" port: 34373 } } peers { permanent_uuid: "9a47cabf5ed14d1985f0763a7da87571" member_type: VOTER last_known_addr { host: "127.31.168.66" port: 35877 } } peers { permanent_uuid: "48cf62244fb746efb2c447bd9c4e838f" member_type: VOTER last_known_addr { host: "127.31.168.67" port: 35527 } }
I20260713 09:11:06.502395   475 catalog_manager.cc:5697] T 81dccf1d235d452c929d74ed5e915e72 P a95e052224cf4058b745757b858e31f9 reported cstate change: term changed from 2 to 3, leader changed from 48cf62244fb746efb2c447bd9c4e838f (127.31.168.67) to a95e052224cf4058b745757b858e31f9 (127.31.168.65). New cstate: current_term: 3 leader_uuid: "a95e052224cf4058b745757b858e31f9" committed_config { opid_index: -1 OBSOLETE_local: false peers { permanent_uuid: "a95e052224cf4058b745757b858e31f9" member_type: VOTER last_known_addr { host: "127.31.168.65" port: 34373 } health_report { overall_health: HEALTHY } } peers { permanent_uuid: "9a47cabf5ed14d1985f0763a7da87571" member_type: VOTER last_known_addr { host: "127.31.168.66" port: 35877 } health_report { overall_health: UNKNOWN } } peers { permanent_uuid: "48cf62244fb746efb2c447bd9c4e838f" member_type: VOTER last_known_addr { host: "127.31.168.67" port: 35527 } health_report { overall_health: UNKNOWN } } }
I20260713 09:11:06.505492   863 raft_consensus.cc:993] T efb8f525b7ef4b96bd7e116776faf713 P 48cf62244fb746efb2c447bd9c4e838f: : Instructing follower a95e052224cf4058b745757b858e31f9 to start an election
I20260713 09:11:06.505961   863 raft_consensus.cc:1081] T efb8f525b7ef4b96bd7e116776faf713 P 48cf62244fb746efb2c447bd9c4e838f [term 2 LEADER]: Signalling peer a95e052224cf4058b745757b858e31f9 to start an election
I20260713 09:11:06.507391   578 tablet_service.cc:2044] Received Run Leader Election RPC: tablet_id: "efb8f525b7ef4b96bd7e116776faf713"
dest_uuid: "a95e052224cf4058b745757b858e31f9"
 from {username='slave'} at 127.0.0.1:57414
I20260713 09:11:06.507793   578 raft_consensus.cc:493] T efb8f525b7ef4b96bd7e116776faf713 P a95e052224cf4058b745757b858e31f9 [term 2 FOLLOWER]: Starting forced leader election (received explicit request)
I20260713 09:11:06.508090   578 raft_consensus.cc:3060] T efb8f525b7ef4b96bd7e116776faf713 P a95e052224cf4058b745757b858e31f9 [term 2 FOLLOWER]: Advancing to term 3
I20260713 09:11:06.512764   578 raft_consensus.cc:515] T efb8f525b7ef4b96bd7e116776faf713 P a95e052224cf4058b745757b858e31f9 [term 3 FOLLOWER]: Starting forced leader election with config: opid_index: -1 OBSOLETE_local: false peers { permanent_uuid: "a95e052224cf4058b745757b858e31f9" member_type: VOTER last_known_addr { host: "127.31.168.65" port: 34373 } } peers { permanent_uuid: "9a47cabf5ed14d1985f0763a7da87571" member_type: VOTER last_known_addr { host: "127.31.168.66" port: 35877 } } peers { permanent_uuid: "48cf62244fb746efb2c447bd9c4e838f" member_type: VOTER last_known_addr { host: "127.31.168.67" port: 35527 } }
I20260713 09:11:06.514267   578 leader_election.cc:290] T efb8f525b7ef4b96bd7e116776faf713 P a95e052224cf4058b745757b858e31f9 [CANDIDATE]: Term 3 election: Requested vote from peers 9a47cabf5ed14d1985f0763a7da87571 (127.31.168.66:35877), 48cf62244fb746efb2c447bd9c4e838f (127.31.168.67:35527)
I20260713 09:11:06.514967   651 tablet_service.cc:1917] Received RequestConsensusVote() RPC: tablet_id: "efb8f525b7ef4b96bd7e116776faf713" candidate_uuid: "a95e052224cf4058b745757b858e31f9" candidate_term: 3 candidate_status { last_received { term: 2 index: 2 } } ignore_live_leader: true dest_uuid: "9a47cabf5ed14d1985f0763a7da87571"
I20260713 09:11:06.515196   727 tablet_service.cc:1917] Received RequestConsensusVote() RPC: tablet_id: "efb8f525b7ef4b96bd7e116776faf713" candidate_uuid: "a95e052224cf4058b745757b858e31f9" candidate_term: 3 candidate_status { last_received { term: 2 index: 2 } } ignore_live_leader: true dest_uuid: "48cf62244fb746efb2c447bd9c4e838f"
I20260713 09:11:06.515506   651 raft_consensus.cc:3060] T efb8f525b7ef4b96bd7e116776faf713 P 9a47cabf5ed14d1985f0763a7da87571 [term 2 FOLLOWER]: Advancing to term 3
I20260713 09:11:06.515722   727 raft_consensus.cc:3055] T efb8f525b7ef4b96bd7e116776faf713 P 48cf62244fb746efb2c447bd9c4e838f [term 2 LEADER]: Stepping down as leader of term 2
I20260713 09:11:06.516043   727 raft_consensus.cc:740] T efb8f525b7ef4b96bd7e116776faf713 P 48cf62244fb746efb2c447bd9c4e838f [term 2 LEADER]: Becoming Follower/Learner. State: Replica: 48cf62244fb746efb2c447bd9c4e838f, State: Running, Role: LEADER
I20260713 09:11:06.516682   727 consensus_queue.cc:260] T efb8f525b7ef4b96bd7e116776faf713 P 48cf62244fb746efb2c447bd9c4e838f [NON_LEADER]: Queue going to NON_LEADER mode. State: All replicated index: 0, Majority replicated index: 2, Committed index: 2, Last appended: 2.2, Last appended by leader: 2, Current term: 2, Majority size: -1, State: 0, Mode: NON_LEADER, active raft config: opid_index: -1 OBSOLETE_local: false peers { permanent_uuid: "a95e052224cf4058b745757b858e31f9" member_type: VOTER last_known_addr { host: "127.31.168.65" port: 34373 } } peers { permanent_uuid: "9a47cabf5ed14d1985f0763a7da87571" member_type: VOTER last_known_addr { host: "127.31.168.66" port: 35877 } } peers { permanent_uuid: "48cf62244fb746efb2c447bd9c4e838f" member_type: VOTER last_known_addr { host: "127.31.168.67" port: 35527 } }
I20260713 09:11:06.517459   727 raft_consensus.cc:3060] T efb8f525b7ef4b96bd7e116776faf713 P 48cf62244fb746efb2c447bd9c4e838f [term 2 FOLLOWER]: Advancing to term 3
I20260713 09:11:06.519882   651 raft_consensus.cc:2468] T efb8f525b7ef4b96bd7e116776faf713 P 9a47cabf5ed14d1985f0763a7da87571 [term 3 FOLLOWER]: Leader election vote request: Granting yes vote for candidate a95e052224cf4058b745757b858e31f9 in term 3.
I20260713 09:11:06.520875   544 leader_election.cc:304] T efb8f525b7ef4b96bd7e116776faf713 P a95e052224cf4058b745757b858e31f9 [CANDIDATE]: Term 3 election: Election decided. Result: candidate won. Election summary: received 2 responses out of 3 voters: 2 yes votes; 0 no votes. yes voters: 9a47cabf5ed14d1985f0763a7da87571, a95e052224cf4058b745757b858e31f9; no voters: 
I20260713 09:11:06.521581   727 raft_consensus.cc:2468] T efb8f525b7ef4b96bd7e116776faf713 P 48cf62244fb746efb2c447bd9c4e838f [term 3 FOLLOWER]: Leader election vote request: Granting yes vote for candidate a95e052224cf4058b745757b858e31f9 in term 3.
I20260713 09:11:06.521612   813 raft_consensus.cc:2804] T efb8f525b7ef4b96bd7e116776faf713 P a95e052224cf4058b745757b858e31f9 [term 3 FOLLOWER]: Leader election won for term 3
I20260713 09:11:06.522392   813 raft_consensus.cc:697] T efb8f525b7ef4b96bd7e116776faf713 P a95e052224cf4058b745757b858e31f9 [term 3 LEADER]: Becoming Leader. State: Replica: a95e052224cf4058b745757b858e31f9, State: Running, Role: LEADER
I20260713 09:11:06.523137   813 consensus_queue.cc:237] T efb8f525b7ef4b96bd7e116776faf713 P a95e052224cf4058b745757b858e31f9 [LEADER]: Queue going to LEADER mode. State: All replicated index: 0, Majority replicated index: 2, Committed index: 2, Last appended: 2.2, Last appended by leader: 2, Current term: 3, Majority size: 2, State: 0, Mode: LEADER, active raft config: opid_index: -1 OBSOLETE_local: false peers { permanent_uuid: "a95e052224cf4058b745757b858e31f9" member_type: VOTER last_known_addr { host: "127.31.168.65" port: 34373 } } peers { permanent_uuid: "9a47cabf5ed14d1985f0763a7da87571" member_type: VOTER last_known_addr { host: "127.31.168.66" port: 35877 } } peers { permanent_uuid: "48cf62244fb746efb2c447bd9c4e838f" member_type: VOTER last_known_addr { host: "127.31.168.67" port: 35527 } }
I20260713 09:11:06.528998   475 catalog_manager.cc:5697] T efb8f525b7ef4b96bd7e116776faf713 P a95e052224cf4058b745757b858e31f9 reported cstate change: term changed from 2 to 3, leader changed from 48cf62244fb746efb2c447bd9c4e838f (127.31.168.67) to a95e052224cf4058b745757b858e31f9 (127.31.168.65). New cstate: current_term: 3 leader_uuid: "a95e052224cf4058b745757b858e31f9" committed_config { opid_index: -1 OBSOLETE_local: false peers { permanent_uuid: "a95e052224cf4058b745757b858e31f9" member_type: VOTER last_known_addr { host: "127.31.168.65" port: 34373 } health_report { overall_health: HEALTHY } } peers { permanent_uuid: "9a47cabf5ed14d1985f0763a7da87571" member_type: VOTER last_known_addr { host: "127.31.168.66" port: 35877 } health_report { overall_health: UNKNOWN } } peers { permanent_uuid: "48cf62244fb746efb2c447bd9c4e838f" member_type: VOTER last_known_addr { host: "127.31.168.67" port: 35527 } health_report { overall_health: UNKNOWN } } }
I20260713 09:11:06.587399   870 raft_consensus.cc:993] T 2a237d42f0754e4da82fc17bd73cdcd8 P 9a47cabf5ed14d1985f0763a7da87571: : Instructing follower a95e052224cf4058b745757b858e31f9 to start an election
I20260713 09:11:06.587828   842 raft_consensus.cc:1081] T 2a237d42f0754e4da82fc17bd73cdcd8 P 9a47cabf5ed14d1985f0763a7da87571 [term 2 LEADER]: Signalling peer a95e052224cf4058b745757b858e31f9 to start an election
I20260713 09:11:06.589178   578 tablet_service.cc:2044] Received Run Leader Election RPC: tablet_id: "2a237d42f0754e4da82fc17bd73cdcd8"
dest_uuid: "a95e052224cf4058b745757b858e31f9"
 from {username='slave'} at 127.0.0.1:57418
I20260713 09:11:06.589628   578 raft_consensus.cc:493] T 2a237d42f0754e4da82fc17bd73cdcd8 P a95e052224cf4058b745757b858e31f9 [term 2 FOLLOWER]: Starting forced leader election (received explicit request)
I20260713 09:11:06.589934   578 raft_consensus.cc:3060] T 2a237d42f0754e4da82fc17bd73cdcd8 P a95e052224cf4058b745757b858e31f9 [term 2 FOLLOWER]: Advancing to term 3
I20260713 09:11:06.594770   578 raft_consensus.cc:515] T 2a237d42f0754e4da82fc17bd73cdcd8 P a95e052224cf4058b745757b858e31f9 [term 3 FOLLOWER]: Starting forced leader election with config: opid_index: -1 OBSOLETE_local: false peers { permanent_uuid: "a95e052224cf4058b745757b858e31f9" member_type: VOTER last_known_addr { host: "127.31.168.65" port: 34373 } } peers { permanent_uuid: "9a47cabf5ed14d1985f0763a7da87571" member_type: VOTER last_known_addr { host: "127.31.168.66" port: 35877 } } peers { permanent_uuid: "48cf62244fb746efb2c447bd9c4e838f" member_type: VOTER last_known_addr { host: "127.31.168.67" port: 35527 } }
I20260713 09:11:06.596122   578 leader_election.cc:290] T 2a237d42f0754e4da82fc17bd73cdcd8 P a95e052224cf4058b745757b858e31f9 [CANDIDATE]: Term 3 election: Requested vote from peers 9a47cabf5ed14d1985f0763a7da87571 (127.31.168.66:35877), 48cf62244fb746efb2c447bd9c4e838f (127.31.168.67:35527)
I20260713 09:11:06.596964   651 tablet_service.cc:1917] Received RequestConsensusVote() RPC: tablet_id: "2a237d42f0754e4da82fc17bd73cdcd8" candidate_uuid: "a95e052224cf4058b745757b858e31f9" candidate_term: 3 candidate_status { last_received { term: 2 index: 2 } } ignore_live_leader: true dest_uuid: "9a47cabf5ed14d1985f0763a7da87571"
I20260713 09:11:06.597078   727 tablet_service.cc:1917] Received RequestConsensusVote() RPC: tablet_id: "2a237d42f0754e4da82fc17bd73cdcd8" candidate_uuid: "a95e052224cf4058b745757b858e31f9" candidate_term: 3 candidate_status { last_received { term: 2 index: 2 } } ignore_live_leader: true dest_uuid: "48cf62244fb746efb2c447bd9c4e838f"
I20260713 09:11:06.597569   651 raft_consensus.cc:3055] T 2a237d42f0754e4da82fc17bd73cdcd8 P 9a47cabf5ed14d1985f0763a7da87571 [term 2 LEADER]: Stepping down as leader of term 2
I20260713 09:11:06.597594   727 raft_consensus.cc:3060] T 2a237d42f0754e4da82fc17bd73cdcd8 P 48cf62244fb746efb2c447bd9c4e838f [term 2 FOLLOWER]: Advancing to term 3
I20260713 09:11:06.597990   651 raft_consensus.cc:740] T 2a237d42f0754e4da82fc17bd73cdcd8 P 9a47cabf5ed14d1985f0763a7da87571 [term 2 LEADER]: Becoming Follower/Learner. State: Replica: 9a47cabf5ed14d1985f0763a7da87571, State: Running, Role: LEADER
I20260713 09:11:06.598730   651 consensus_queue.cc:260] T 2a237d42f0754e4da82fc17bd73cdcd8 P 9a47cabf5ed14d1985f0763a7da87571 [NON_LEADER]: Queue going to NON_LEADER mode. State: All replicated index: 0, Majority replicated index: 2, Committed index: 2, Last appended: 2.2, Last appended by leader: 2, Current term: 2, Majority size: -1, State: 0, Mode: NON_LEADER, active raft config: opid_index: -1 OBSOLETE_local: false peers { permanent_uuid: "a95e052224cf4058b745757b858e31f9" member_type: VOTER last_known_addr { host: "127.31.168.65" port: 34373 } } peers { permanent_uuid: "9a47cabf5ed14d1985f0763a7da87571" member_type: VOTER last_known_addr { host: "127.31.168.66" port: 35877 } } peers { permanent_uuid: "48cf62244fb746efb2c447bd9c4e838f" member_type: VOTER last_known_addr { host: "127.31.168.67" port: 35527 } }
I20260713 09:11:06.599664   651 raft_consensus.cc:3060] T 2a237d42f0754e4da82fc17bd73cdcd8 P 9a47cabf5ed14d1985f0763a7da87571 [term 2 FOLLOWER]: Advancing to term 3
I20260713 09:11:06.601811   727 raft_consensus.cc:2468] T 2a237d42f0754e4da82fc17bd73cdcd8 P 48cf62244fb746efb2c447bd9c4e838f [term 3 FOLLOWER]: Leader election vote request: Granting yes vote for candidate a95e052224cf4058b745757b858e31f9 in term 3.
I20260713 09:11:06.602691   545 leader_election.cc:304] T 2a237d42f0754e4da82fc17bd73cdcd8 P a95e052224cf4058b745757b858e31f9 [CANDIDATE]: Term 3 election: Election decided. Result: candidate won. Election summary: received 2 responses out of 3 voters: 2 yes votes; 0 no votes. yes voters: 48cf62244fb746efb2c447bd9c4e838f, a95e052224cf4058b745757b858e31f9; no voters: 
I20260713 09:11:06.603404   813 raft_consensus.cc:2804] T 2a237d42f0754e4da82fc17bd73cdcd8 P a95e052224cf4058b745757b858e31f9 [term 3 FOLLOWER]: Leader election won for term 3
I20260713 09:11:06.603849   651 raft_consensus.cc:2468] T 2a237d42f0754e4da82fc17bd73cdcd8 P 9a47cabf5ed14d1985f0763a7da87571 [term 3 FOLLOWER]: Leader election vote request: Granting yes vote for candidate a95e052224cf4058b745757b858e31f9 in term 3.
I20260713 09:11:06.603881   813 raft_consensus.cc:697] T 2a237d42f0754e4da82fc17bd73cdcd8 P a95e052224cf4058b745757b858e31f9 [term 3 LEADER]: Becoming Leader. State: Replica: a95e052224cf4058b745757b858e31f9, State: Running, Role: LEADER
I20260713 09:11:06.604924   813 consensus_queue.cc:237] T 2a237d42f0754e4da82fc17bd73cdcd8 P a95e052224cf4058b745757b858e31f9 [LEADER]: Queue going to LEADER mode. State: All replicated index: 0, Majority replicated index: 2, Committed index: 2, Last appended: 2.2, Last appended by leader: 2, Current term: 3, Majority size: 2, State: 0, Mode: LEADER, active raft config: opid_index: -1 OBSOLETE_local: false peers { permanent_uuid: "a95e052224cf4058b745757b858e31f9" member_type: VOTER last_known_addr { host: "127.31.168.65" port: 34373 } } peers { permanent_uuid: "9a47cabf5ed14d1985f0763a7da87571" member_type: VOTER last_known_addr { host: "127.31.168.66" port: 35877 } } peers { permanent_uuid: "48cf62244fb746efb2c447bd9c4e838f" member_type: VOTER last_known_addr { host: "127.31.168.67" port: 35527 } }
I20260713 09:11:06.611514   475 catalog_manager.cc:5697] T 2a237d42f0754e4da82fc17bd73cdcd8 P a95e052224cf4058b745757b858e31f9 reported cstate change: term changed from 2 to 3, leader changed from 9a47cabf5ed14d1985f0763a7da87571 (127.31.168.66) to a95e052224cf4058b745757b858e31f9 (127.31.168.65). New cstate: current_term: 3 leader_uuid: "a95e052224cf4058b745757b858e31f9" committed_config { opid_index: -1 OBSOLETE_local: false peers { permanent_uuid: "a95e052224cf4058b745757b858e31f9" member_type: VOTER last_known_addr { host: "127.31.168.65" port: 34373 } health_report { overall_health: HEALTHY } } peers { permanent_uuid: "9a47cabf5ed14d1985f0763a7da87571" member_type: VOTER last_known_addr { host: "127.31.168.66" port: 35877 } health_report { overall_health: UNKNOWN } } peers { permanent_uuid: "48cf62244fb746efb2c447bd9c4e838f" member_type: VOTER last_known_addr { host: "127.31.168.67" port: 35527 } health_report { overall_health: UNKNOWN } } }
I20260713 09:11:06.658933   727 raft_consensus.cc:1275] T 12d66ac5caeb4d68b5549657a3dcc82d P 48cf62244fb746efb2c447bd9c4e838f [term 3 FOLLOWER]: Refusing update from remote peer a95e052224cf4058b745757b858e31f9: Log matching property violated. Preceding OpId in replica: term: 2 index: 2. Preceding OpId from leader: term: 3 index: 3. (index mismatch)
I20260713 09:11:06.660033   813 consensus_queue.cc:1048] T 12d66ac5caeb4d68b5549657a3dcc82d P a95e052224cf4058b745757b858e31f9 [LEADER]: Connected to new peer: Peer: permanent_uuid: "48cf62244fb746efb2c447bd9c4e838f" member_type: VOTER last_known_addr { host: "127.31.168.67" port: 35527 }, Status: LMP_MISMATCH, Last received: 0.0, Next index: 3, Last known committed idx: 2, Time since last communication: 0.000s
I20260713 09:11:06.668529   651 raft_consensus.cc:1275] T 12d66ac5caeb4d68b5549657a3dcc82d P 9a47cabf5ed14d1985f0763a7da87571 [term 3 FOLLOWER]: Refusing update from remote peer a95e052224cf4058b745757b858e31f9: Log matching property violated. Preceding OpId in replica: term: 2 index: 2. Preceding OpId from leader: term: 3 index: 3. (index mismatch)
I20260713 09:11:06.670507   862 consensus_queue.cc:1048] T 12d66ac5caeb4d68b5549657a3dcc82d P a95e052224cf4058b745757b858e31f9 [LEADER]: Connected to new peer: Peer: permanent_uuid: "9a47cabf5ed14d1985f0763a7da87571" member_type: VOTER last_known_addr { host: "127.31.168.66" port: 35877 }, Status: LMP_MISMATCH, Last received: 0.0, Next index: 3, Last known committed idx: 2, Time since last communication: 0.000s
I20260713 09:11:06.754384   651 raft_consensus.cc:1275] T 1011636b461748c7be5a602ae3511a81 P 9a47cabf5ed14d1985f0763a7da87571 [term 3 FOLLOWER]: Refusing update from remote peer a95e052224cf4058b745757b858e31f9: Log matching property violated. Preceding OpId in replica: term: 2 index: 2. Preceding OpId from leader: term: 3 index: 3. (index mismatch)
I20260713 09:11:06.755488   862 consensus_queue.cc:1048] T 1011636b461748c7be5a602ae3511a81 P a95e052224cf4058b745757b858e31f9 [LEADER]: Connected to new peer: Peer: permanent_uuid: "9a47cabf5ed14d1985f0763a7da87571" member_type: VOTER last_known_addr { host: "127.31.168.66" port: 35877 }, Status: LMP_MISMATCH, Last received: 0.0, Next index: 3, Last known committed idx: 2, Time since last communication: 0.000s
I20260713 09:11:06.763257   727 raft_consensus.cc:1275] T 1011636b461748c7be5a602ae3511a81 P 48cf62244fb746efb2c447bd9c4e838f [term 3 FOLLOWER]: Refusing update from remote peer a95e052224cf4058b745757b858e31f9: Log matching property violated. Preceding OpId in replica: term: 2 index: 2. Preceding OpId from leader: term: 3 index: 3. (index mismatch)
I20260713 09:11:06.766974   887 consensus_queue.cc:1048] T 1011636b461748c7be5a602ae3511a81 P a95e052224cf4058b745757b858e31f9 [LEADER]: Connected to new peer: Peer: permanent_uuid: "48cf62244fb746efb2c447bd9c4e838f" member_type: VOTER last_known_addr { host: "127.31.168.67" port: 35527 }, Status: LMP_MISMATCH, Last received: 0.0, Next index: 3, Last known committed idx: 2, Time since last communication: 0.000s
I20260713 09:11:06.970831   727 raft_consensus.cc:1275] T 81dccf1d235d452c929d74ed5e915e72 P 48cf62244fb746efb2c447bd9c4e838f [term 3 FOLLOWER]: Refusing update from remote peer a95e052224cf4058b745757b858e31f9: Log matching property violated. Preceding OpId in replica: term: 2 index: 2. Preceding OpId from leader: term: 3 index: 3. (index mismatch)
I20260713 09:11:06.972018   887 consensus_queue.cc:1048] T 81dccf1d235d452c929d74ed5e915e72 P a95e052224cf4058b745757b858e31f9 [LEADER]: Connected to new peer: Peer: permanent_uuid: "48cf62244fb746efb2c447bd9c4e838f" member_type: VOTER last_known_addr { host: "127.31.168.67" port: 35527 }, Status: LMP_MISMATCH, Last received: 0.0, Next index: 3, Last known committed idx: 2, Time since last communication: 0.000s
I20260713 09:11:06.979640   651 raft_consensus.cc:1275] T 81dccf1d235d452c929d74ed5e915e72 P 9a47cabf5ed14d1985f0763a7da87571 [term 3 FOLLOWER]: Refusing update from remote peer a95e052224cf4058b745757b858e31f9: Log matching property violated. Preceding OpId in replica: term: 2 index: 2. Preceding OpId from leader: term: 3 index: 3. (index mismatch)
I20260713 09:11:06.980823   862 consensus_queue.cc:1048] T 81dccf1d235d452c929d74ed5e915e72 P a95e052224cf4058b745757b858e31f9 [LEADER]: Connected to new peer: Peer: permanent_uuid: "9a47cabf5ed14d1985f0763a7da87571" member_type: VOTER last_known_addr { host: "127.31.168.66" port: 35877 }, Status: LMP_MISMATCH, Last received: 0.0, Next index: 3, Last known committed idx: 2, Time since last communication: 0.000s
I20260713 09:11:07.010031   727 raft_consensus.cc:1275] T 2a237d42f0754e4da82fc17bd73cdcd8 P 48cf62244fb746efb2c447bd9c4e838f [term 3 FOLLOWER]: Refusing update from remote peer a95e052224cf4058b745757b858e31f9: Log matching property violated. Preceding OpId in replica: term: 2 index: 2. Preceding OpId from leader: term: 3 index: 3. (index mismatch)
I20260713 09:11:07.011189   862 consensus_queue.cc:1048] T 2a237d42f0754e4da82fc17bd73cdcd8 P a95e052224cf4058b745757b858e31f9 [LEADER]: Connected to new peer: Peer: permanent_uuid: "48cf62244fb746efb2c447bd9c4e838f" member_type: VOTER last_known_addr { host: "127.31.168.67" port: 35527 }, Status: LMP_MISMATCH, Last received: 0.0, Next index: 3, Last known committed idx: 2, Time since last communication: 0.000s
I20260713 09:11:07.026679   651 raft_consensus.cc:1275] T 2a237d42f0754e4da82fc17bd73cdcd8 P 9a47cabf5ed14d1985f0763a7da87571 [term 3 FOLLOWER]: Refusing update from remote peer a95e052224cf4058b745757b858e31f9: Log matching property violated. Preceding OpId in replica: term: 2 index: 2. Preceding OpId from leader: term: 3 index: 3. (index mismatch)
I20260713 09:11:07.028682   894 consensus_queue.cc:1048] T 2a237d42f0754e4da82fc17bd73cdcd8 P a95e052224cf4058b745757b858e31f9 [LEADER]: Connected to new peer: Peer: permanent_uuid: "9a47cabf5ed14d1985f0763a7da87571" member_type: VOTER last_known_addr { host: "127.31.168.66" port: 35877 }, Status: LMP_MISMATCH, Last received: 0.0, Next index: 3, Last known committed idx: 2, Time since last communication: 0.000s
I20260713 09:11:07.117810   727 raft_consensus.cc:1275] T efb8f525b7ef4b96bd7e116776faf713 P 48cf62244fb746efb2c447bd9c4e838f [term 3 FOLLOWER]: Refusing update from remote peer a95e052224cf4058b745757b858e31f9: Log matching property violated. Preceding OpId in replica: term: 2 index: 2. Preceding OpId from leader: term: 3 index: 3. (index mismatch)
I20260713 09:11:07.118957   894 consensus_queue.cc:1048] T efb8f525b7ef4b96bd7e116776faf713 P a95e052224cf4058b745757b858e31f9 [LEADER]: Connected to new peer: Peer: permanent_uuid: "48cf62244fb746efb2c447bd9c4e838f" member_type: VOTER last_known_addr { host: "127.31.168.67" port: 35527 }, Status: LMP_MISMATCH, Last received: 0.0, Next index: 3, Last known committed idx: 2, Time since last communication: 0.000s
I20260713 09:11:07.127360   651 raft_consensus.cc:1275] T efb8f525b7ef4b96bd7e116776faf713 P 9a47cabf5ed14d1985f0763a7da87571 [term 3 FOLLOWER]: Refusing update from remote peer a95e052224cf4058b745757b858e31f9: Log matching property violated. Preceding OpId in replica: term: 2 index: 2. Preceding OpId from leader: term: 3 index: 3. (index mismatch)
I20260713 09:11:07.129163   862 consensus_queue.cc:1048] T efb8f525b7ef4b96bd7e116776faf713 P a95e052224cf4058b745757b858e31f9 [LEADER]: Connected to new peer: Peer: permanent_uuid: "9a47cabf5ed14d1985f0763a7da87571" member_type: VOTER last_known_addr { host: "127.31.168.66" port: 35877 }, Status: LMP_MISMATCH, Last received: 0.0, Next index: 3, Last known committed idx: 2, Time since last communication: 0.000s
I20260713 09:11:09.202099 32417 auto_leader_rebalancer.cc:141] leader rebalance for table test-workload
I20260713 09:11:09.209421   578 tablet_service.cc:2072] Received LeaderStepDown RPC: tablet_id: "1011636b461748c7be5a602ae3511a81"
dest_uuid: "a95e052224cf4058b745757b858e31f9"
mode: GRACEFUL
new_leader_uuid: "9a47cabf5ed14d1985f0763a7da87571"
 from {username='slave'} at 127.0.0.1:57428
I20260713 09:11:09.210078   578 raft_consensus.cc:606] T 1011636b461748c7be5a602ae3511a81 P a95e052224cf4058b745757b858e31f9 [term 3 LEADER]: Received request to transfer leadership to TS 9a47cabf5ed14d1985f0763a7da87571
I20260713 09:11:09.212405   578 tablet_service.cc:2072] Received LeaderStepDown RPC: tablet_id: "2a237d42f0754e4da82fc17bd73cdcd8"
dest_uuid: "a95e052224cf4058b745757b858e31f9"
mode: GRACEFUL
new_leader_uuid: "9a47cabf5ed14d1985f0763a7da87571"
 from {username='slave'} at 127.0.0.1:57428
I20260713 09:11:09.212908   578 raft_consensus.cc:606] T 2a237d42f0754e4da82fc17bd73cdcd8 P a95e052224cf4058b745757b858e31f9 [term 3 LEADER]: Received request to transfer leadership to TS 9a47cabf5ed14d1985f0763a7da87571
I20260713 09:11:09.214993   578 tablet_service.cc:2072] Received LeaderStepDown RPC: tablet_id: "671303c685024d2c83d4831c98cb3ff7"
dest_uuid: "a95e052224cf4058b745757b858e31f9"
mode: GRACEFUL
new_leader_uuid: "48cf62244fb746efb2c447bd9c4e838f"
 from {username='slave'} at 127.0.0.1:57428
I20260713 09:11:09.215338   578 raft_consensus.cc:606] T 671303c685024d2c83d4831c98cb3ff7 P a95e052224cf4058b745757b858e31f9 [term 2 LEADER]: Received request to transfer leadership to TS 48cf62244fb746efb2c447bd9c4e838f
I20260713 09:11:09.217340   578 tablet_service.cc:2072] Received LeaderStepDown RPC: tablet_id: "81dccf1d235d452c929d74ed5e915e72"
dest_uuid: "a95e052224cf4058b745757b858e31f9"
mode: GRACEFUL
new_leader_uuid: "48cf62244fb746efb2c447bd9c4e838f"
 from {username='slave'} at 127.0.0.1:57428
I20260713 09:11:09.217702   578 raft_consensus.cc:606] T 81dccf1d235d452c929d74ed5e915e72 P a95e052224cf4058b745757b858e31f9 [term 3 LEADER]: Received request to transfer leadership to TS 48cf62244fb746efb2c447bd9c4e838f
I20260713 09:11:09.218566 32417 auto_leader_rebalancer.cc:479] table: test-workload, leader rebalance finish, leader transfer count: 4
I20260713 09:11:09.218984 32417 auto_leader_rebalancer.cc:554] All tables' leader rebalancing finished this round
I20260713 09:11:09.238289   862 raft_consensus.cc:993] T 671303c685024d2c83d4831c98cb3ff7 P a95e052224cf4058b745757b858e31f9: : Instructing follower 48cf62244fb746efb2c447bd9c4e838f to start an election
I20260713 09:11:09.238833   902 raft_consensus.cc:1081] T 671303c685024d2c83d4831c98cb3ff7 P a95e052224cf4058b745757b858e31f9 [term 2 LEADER]: Signalling peer 48cf62244fb746efb2c447bd9c4e838f to start an election
I20260713 09:11:09.240562   728 tablet_service.cc:2044] Received Run Leader Election RPC: tablet_id: "671303c685024d2c83d4831c98cb3ff7"
dest_uuid: "48cf62244fb746efb2c447bd9c4e838f"
 from {username='slave'} at 127.0.0.1:37908
I20260713 09:11:09.240994   728 raft_consensus.cc:493] T 671303c685024d2c83d4831c98cb3ff7 P 48cf62244fb746efb2c447bd9c4e838f [term 2 FOLLOWER]: Starting forced leader election (received explicit request)
I20260713 09:11:09.241272   728 raft_consensus.cc:3060] T 671303c685024d2c83d4831c98cb3ff7 P 48cf62244fb746efb2c447bd9c4e838f [term 2 FOLLOWER]: Advancing to term 3
I20260713 09:11:09.246474   728 raft_consensus.cc:515] T 671303c685024d2c83d4831c98cb3ff7 P 48cf62244fb746efb2c447bd9c4e838f [term 3 FOLLOWER]: Starting forced leader election with config: opid_index: -1 OBSOLETE_local: false peers { permanent_uuid: "a95e052224cf4058b745757b858e31f9" member_type: VOTER last_known_addr { host: "127.31.168.65" port: 34373 } } peers { permanent_uuid: "9a47cabf5ed14d1985f0763a7da87571" member_type: VOTER last_known_addr { host: "127.31.168.66" port: 35877 } } peers { permanent_uuid: "48cf62244fb746efb2c447bd9c4e838f" member_type: VOTER last_known_addr { host: "127.31.168.67" port: 35527 } }
I20260713 09:11:09.248126   728 leader_election.cc:290] T 671303c685024d2c83d4831c98cb3ff7 P 48cf62244fb746efb2c447bd9c4e838f [CANDIDATE]: Term 3 election: Requested vote from peers a95e052224cf4058b745757b858e31f9 (127.31.168.65:34373), 9a47cabf5ed14d1985f0763a7da87571 (127.31.168.66:35877)
I20260713 09:11:09.249051   578 tablet_service.cc:1917] Received RequestConsensusVote() RPC: tablet_id: "671303c685024d2c83d4831c98cb3ff7" candidate_uuid: "48cf62244fb746efb2c447bd9c4e838f" candidate_term: 3 candidate_status { last_received { term: 2 index: 2 } } ignore_live_leader: true dest_uuid: "a95e052224cf4058b745757b858e31f9"
I20260713 09:11:09.249413   651 tablet_service.cc:1917] Received RequestConsensusVote() RPC: tablet_id: "671303c685024d2c83d4831c98cb3ff7" candidate_uuid: "48cf62244fb746efb2c447bd9c4e838f" candidate_term: 3 candidate_status { last_received { term: 2 index: 2 } } ignore_live_leader: true dest_uuid: "9a47cabf5ed14d1985f0763a7da87571"
I20260713 09:11:09.249722   578 raft_consensus.cc:3055] T 671303c685024d2c83d4831c98cb3ff7 P a95e052224cf4058b745757b858e31f9 [term 2 LEADER]: Stepping down as leader of term 2
I20260713 09:11:09.249954   651 raft_consensus.cc:3060] T 671303c685024d2c83d4831c98cb3ff7 P 9a47cabf5ed14d1985f0763a7da87571 [term 2 FOLLOWER]: Advancing to term 3
I20260713 09:11:09.250056   578 raft_consensus.cc:740] T 671303c685024d2c83d4831c98cb3ff7 P a95e052224cf4058b745757b858e31f9 [term 2 LEADER]: Becoming Follower/Learner. State: Replica: a95e052224cf4058b745757b858e31f9, State: Running, Role: LEADER
I20260713 09:11:09.250844   578 consensus_queue.cc:260] T 671303c685024d2c83d4831c98cb3ff7 P a95e052224cf4058b745757b858e31f9 [NON_LEADER]: Queue going to NON_LEADER mode. State: All replicated index: 0, Majority replicated index: 2, Committed index: 2, Last appended: 2.2, Last appended by leader: 2, Current term: 2, Majority size: -1, State: 0, Mode: NON_LEADER, active raft config: opid_index: -1 OBSOLETE_local: false peers { permanent_uuid: "a95e052224cf4058b745757b858e31f9" member_type: VOTER last_known_addr { host: "127.31.168.65" port: 34373 } } peers { permanent_uuid: "9a47cabf5ed14d1985f0763a7da87571" member_type: VOTER last_known_addr { host: "127.31.168.66" port: 35877 } } peers { permanent_uuid: "48cf62244fb746efb2c447bd9c4e838f" member_type: VOTER last_known_addr { host: "127.31.168.67" port: 35527 } }
I20260713 09:11:09.251799   578 raft_consensus.cc:3060] T 671303c685024d2c83d4831c98cb3ff7 P a95e052224cf4058b745757b858e31f9 [term 2 FOLLOWER]: Advancing to term 3
I20260713 09:11:09.254743   651 raft_consensus.cc:2468] T 671303c685024d2c83d4831c98cb3ff7 P 9a47cabf5ed14d1985f0763a7da87571 [term 3 FOLLOWER]: Leader election vote request: Granting yes vote for candidate 48cf62244fb746efb2c447bd9c4e838f in term 3.
I20260713 09:11:09.255970   693 leader_election.cc:304] T 671303c685024d2c83d4831c98cb3ff7 P 48cf62244fb746efb2c447bd9c4e838f [CANDIDATE]: Term 3 election: Election decided. Result: candidate won. Election summary: received 2 responses out of 3 voters: 2 yes votes; 0 no votes. yes voters: 48cf62244fb746efb2c447bd9c4e838f, 9a47cabf5ed14d1985f0763a7da87571; no voters: 
I20260713 09:11:09.256853   901 raft_consensus.cc:2804] T 671303c685024d2c83d4831c98cb3ff7 P 48cf62244fb746efb2c447bd9c4e838f [term 3 FOLLOWER]: Leader election won for term 3
I20260713 09:11:09.258389   578 raft_consensus.cc:2468] T 671303c685024d2c83d4831c98cb3ff7 P a95e052224cf4058b745757b858e31f9 [term 3 FOLLOWER]: Leader election vote request: Granting yes vote for candidate 48cf62244fb746efb2c447bd9c4e838f in term 3.
I20260713 09:11:09.259588   901 raft_consensus.cc:697] T 671303c685024d2c83d4831c98cb3ff7 P 48cf62244fb746efb2c447bd9c4e838f [term 3 LEADER]: Becoming Leader. State: Replica: 48cf62244fb746efb2c447bd9c4e838f, State: Running, Role: LEADER
I20260713 09:11:09.260789   901 consensus_queue.cc:237] T 671303c685024d2c83d4831c98cb3ff7 P 48cf62244fb746efb2c447bd9c4e838f [LEADER]: Queue going to LEADER mode. State: All replicated index: 0, Majority replicated index: 2, Committed index: 2, Last appended: 2.2, Last appended by leader: 2, Current term: 3, Majority size: 2, State: 0, Mode: LEADER, active raft config: opid_index: -1 OBSOLETE_local: false peers { permanent_uuid: "a95e052224cf4058b745757b858e31f9" member_type: VOTER last_known_addr { host: "127.31.168.65" port: 34373 } } peers { permanent_uuid: "9a47cabf5ed14d1985f0763a7da87571" member_type: VOTER last_known_addr { host: "127.31.168.66" port: 35877 } } peers { permanent_uuid: "48cf62244fb746efb2c447bd9c4e838f" member_type: VOTER last_known_addr { host: "127.31.168.67" port: 35527 } }
I20260713 09:11:09.269529   477 catalog_manager.cc:5697] T 671303c685024d2c83d4831c98cb3ff7 P 48cf62244fb746efb2c447bd9c4e838f reported cstate change: term changed from 2 to 3, leader changed from a95e052224cf4058b745757b858e31f9 (127.31.168.65) to 48cf62244fb746efb2c447bd9c4e838f (127.31.168.67). New cstate: current_term: 3 leader_uuid: "48cf62244fb746efb2c447bd9c4e838f" committed_config { opid_index: -1 OBSOLETE_local: false peers { permanent_uuid: "a95e052224cf4058b745757b858e31f9" member_type: VOTER last_known_addr { host: "127.31.168.65" port: 34373 } health_report { overall_health: UNKNOWN } } peers { permanent_uuid: "9a47cabf5ed14d1985f0763a7da87571" member_type: VOTER last_known_addr { host: "127.31.168.66" port: 35877 } health_report { overall_health: UNKNOWN } } peers { permanent_uuid: "48cf62244fb746efb2c447bd9c4e838f" member_type: VOTER last_known_addr { host: "127.31.168.67" port: 35527 } health_report { overall_health: HEALTHY } } }
I20260713 09:11:09.379732   862 raft_consensus.cc:993] T 2a237d42f0754e4da82fc17bd73cdcd8 P a95e052224cf4058b745757b858e31f9: : Instructing follower 9a47cabf5ed14d1985f0763a7da87571 to start an election
I20260713 09:11:09.380280   910 raft_consensus.cc:1081] T 2a237d42f0754e4da82fc17bd73cdcd8 P a95e052224cf4058b745757b858e31f9 [term 3 LEADER]: Signalling peer 9a47cabf5ed14d1985f0763a7da87571 to start an election
I20260713 09:11:09.381736   651 tablet_service.cc:2044] Received Run Leader Election RPC: tablet_id: "2a237d42f0754e4da82fc17bd73cdcd8"
dest_uuid: "9a47cabf5ed14d1985f0763a7da87571"
 from {username='slave'} at 127.0.0.1:58664
I20260713 09:11:09.382114   651 raft_consensus.cc:493] T 2a237d42f0754e4da82fc17bd73cdcd8 P 9a47cabf5ed14d1985f0763a7da87571 [term 3 FOLLOWER]: Starting forced leader election (received explicit request)
I20260713 09:11:09.382325   651 raft_consensus.cc:3060] T 2a237d42f0754e4da82fc17bd73cdcd8 P 9a47cabf5ed14d1985f0763a7da87571 [term 3 FOLLOWER]: Advancing to term 4
I20260713 09:11:09.386469   651 raft_consensus.cc:515] T 2a237d42f0754e4da82fc17bd73cdcd8 P 9a47cabf5ed14d1985f0763a7da87571 [term 4 FOLLOWER]: Starting forced leader election with config: opid_index: -1 OBSOLETE_local: false peers { permanent_uuid: "a95e052224cf4058b745757b858e31f9" member_type: VOTER last_known_addr { host: "127.31.168.65" port: 34373 } } peers { permanent_uuid: "9a47cabf5ed14d1985f0763a7da87571" member_type: VOTER last_known_addr { host: "127.31.168.66" port: 35877 } } peers { permanent_uuid: "48cf62244fb746efb2c447bd9c4e838f" member_type: VOTER last_known_addr { host: "127.31.168.67" port: 35527 } }
I20260713 09:11:09.388011   651 leader_election.cc:290] T 2a237d42f0754e4da82fc17bd73cdcd8 P 9a47cabf5ed14d1985f0763a7da87571 [CANDIDATE]: Term 4 election: Requested vote from peers a95e052224cf4058b745757b858e31f9 (127.31.168.65:34373), 48cf62244fb746efb2c447bd9c4e838f (127.31.168.67:35527)
I20260713 09:11:09.388706   578 tablet_service.cc:1917] Received RequestConsensusVote() RPC: tablet_id: "2a237d42f0754e4da82fc17bd73cdcd8" candidate_uuid: "9a47cabf5ed14d1985f0763a7da87571" candidate_term: 4 candidate_status { last_received { term: 3 index: 3 } } ignore_live_leader: true dest_uuid: "a95e052224cf4058b745757b858e31f9"
I20260713 09:11:09.389142   728 tablet_service.cc:1917] Received RequestConsensusVote() RPC: tablet_id: "2a237d42f0754e4da82fc17bd73cdcd8" candidate_uuid: "9a47cabf5ed14d1985f0763a7da87571" candidate_term: 4 candidate_status { last_received { term: 3 index: 3 } } ignore_live_leader: true dest_uuid: "48cf62244fb746efb2c447bd9c4e838f"
I20260713 09:11:09.389268   578 raft_consensus.cc:3055] T 2a237d42f0754e4da82fc17bd73cdcd8 P a95e052224cf4058b745757b858e31f9 [term 3 LEADER]: Stepping down as leader of term 3
I20260713 09:11:09.389591   578 raft_consensus.cc:740] T 2a237d42f0754e4da82fc17bd73cdcd8 P a95e052224cf4058b745757b858e31f9 [term 3 LEADER]: Becoming Follower/Learner. State: Replica: a95e052224cf4058b745757b858e31f9, State: Running, Role: LEADER
I20260713 09:11:09.389657   728 raft_consensus.cc:3060] T 2a237d42f0754e4da82fc17bd73cdcd8 P 48cf62244fb746efb2c447bd9c4e838f [term 3 FOLLOWER]: Advancing to term 4
I20260713 09:11:09.390429   578 consensus_queue.cc:260] T 2a237d42f0754e4da82fc17bd73cdcd8 P a95e052224cf4058b745757b858e31f9 [NON_LEADER]: Queue going to NON_LEADER mode. State: All replicated index: 0, Majority replicated index: 3, Committed index: 3, Last appended: 3.3, Last appended by leader: 3, Current term: 3, Majority size: -1, State: 0, Mode: NON_LEADER, active raft config: opid_index: -1 OBSOLETE_local: false peers { permanent_uuid: "a95e052224cf4058b745757b858e31f9" member_type: VOTER last_known_addr { host: "127.31.168.65" port: 34373 } } peers { permanent_uuid: "9a47cabf5ed14d1985f0763a7da87571" member_type: VOTER last_known_addr { host: "127.31.168.66" port: 35877 } } peers { permanent_uuid: "48cf62244fb746efb2c447bd9c4e838f" member_type: VOTER last_known_addr { host: "127.31.168.67" port: 35527 } }
I20260713 09:11:09.391551   578 raft_consensus.cc:3060] T 2a237d42f0754e4da82fc17bd73cdcd8 P a95e052224cf4058b745757b858e31f9 [term 3 FOLLOWER]: Advancing to term 4
I20260713 09:11:09.394670   728 raft_consensus.cc:2468] T 2a237d42f0754e4da82fc17bd73cdcd8 P 48cf62244fb746efb2c447bd9c4e838f [term 4 FOLLOWER]: Leader election vote request: Granting yes vote for candidate 9a47cabf5ed14d1985f0763a7da87571 in term 4.
I20260713 09:11:09.395541   578 raft_consensus.cc:2468] T 2a237d42f0754e4da82fc17bd73cdcd8 P a95e052224cf4058b745757b858e31f9 [term 4 FOLLOWER]: Leader election vote request: Granting yes vote for candidate 9a47cabf5ed14d1985f0763a7da87571 in term 4.
I20260713 09:11:09.395879   620 leader_election.cc:304] T 2a237d42f0754e4da82fc17bd73cdcd8 P 9a47cabf5ed14d1985f0763a7da87571 [CANDIDATE]: Term 4 election: Election decided. Result: candidate won. Election summary: received 2 responses out of 3 voters: 2 yes votes; 0 no votes. yes voters: 48cf62244fb746efb2c447bd9c4e838f, 9a47cabf5ed14d1985f0763a7da87571; no voters: 
I20260713 09:11:09.396799   842 raft_consensus.cc:2804] T 2a237d42f0754e4da82fc17bd73cdcd8 P 9a47cabf5ed14d1985f0763a7da87571 [term 4 FOLLOWER]: Leader election won for term 4
I20260713 09:11:09.397738   842 raft_consensus.cc:697] T 2a237d42f0754e4da82fc17bd73cdcd8 P 9a47cabf5ed14d1985f0763a7da87571 [term 4 LEADER]: Becoming Leader. State: Replica: 9a47cabf5ed14d1985f0763a7da87571, State: Running, Role: LEADER
I20260713 09:11:09.398403   842 consensus_queue.cc:237] T 2a237d42f0754e4da82fc17bd73cdcd8 P 9a47cabf5ed14d1985f0763a7da87571 [LEADER]: Queue going to LEADER mode. State: All replicated index: 0, Majority replicated index: 3, Committed index: 3, Last appended: 3.3, Last appended by leader: 3, Current term: 4, Majority size: 2, State: 0, Mode: LEADER, active raft config: opid_index: -1 OBSOLETE_local: false peers { permanent_uuid: "a95e052224cf4058b745757b858e31f9" member_type: VOTER last_known_addr { host: "127.31.168.65" port: 34373 } } peers { permanent_uuid: "9a47cabf5ed14d1985f0763a7da87571" member_type: VOTER last_known_addr { host: "127.31.168.66" port: 35877 } } peers { permanent_uuid: "48cf62244fb746efb2c447bd9c4e838f" member_type: VOTER last_known_addr { host: "127.31.168.67" port: 35527 } }
