I20260713 09:00:38.423461  1718 raft_consensus.cc:359] T 66e2cbdb7bbd48c08c4bc7eca722454d P 82c6d81bef8a477a88b2d03dfb80b021 [term 0 FOLLOWER]: Replica starting. Triggering 0 pending ops. Active config: opid_index: -1 OBSOLETE_local: false peers { permanent_uuid: "1e682e776352434eb21230896be95e3f" member_type: VOTER last_known_addr { host: "127.0.107.193" port: 39933 } } peers { permanent_uuid: "e0bf74c36c9446649a63781fc000893b" member_type: VOTER last_known_addr { host: "127.0.107.194" port: 41951 } } peers { permanent_uuid: "82c6d81bef8a477a88b2d03dfb80b021" member_type: VOTER last_known_addr { host: "127.0.107.195" port: 41541 } }
I20260713 09:00:38.423974  1718 raft_consensus.cc:385] T 66e2cbdb7bbd48c08c4bc7eca722454d P 82c6d81bef8a477a88b2d03dfb80b021 [term 0 FOLLOWER]: Consensus starting up: Expiring failure detector timer to make a prompt election more likely
I20260713 09:00:38.424178  1718 raft_consensus.cc:740] T 66e2cbdb7bbd48c08c4bc7eca722454d P 82c6d81bef8a477a88b2d03dfb80b021 [term 0 FOLLOWER]: Becoming Follower/Learner. State: Replica: 82c6d81bef8a477a88b2d03dfb80b021, State: Initialized, Role: FOLLOWER
I20260713 09:00:38.426577  1718 consensus_queue.cc:260] T 66e2cbdb7bbd48c08c4bc7eca722454d P 82c6d81bef8a477a88b2d03dfb80b021 [NON_LEADER]: Queue going to NON_LEADER mode. State: All replicated index: 0, Majority replicated index: 0, Committed index: 0, Last appended: 0.0, Last appended by leader: 0, Current term: 0, Majority size: -1, State: 0, Mode: NON_LEADER, active raft config: opid_index: -1 OBSOLETE_local: false peers { permanent_uuid: "1e682e776352434eb21230896be95e3f" member_type: VOTER last_known_addr { host: "127.0.107.193" port: 39933 } } peers { permanent_uuid: "e0bf74c36c9446649a63781fc000893b" member_type: VOTER last_known_addr { host: "127.0.107.194" port: 41951 } } peers { permanent_uuid: "82c6d81bef8a477a88b2d03dfb80b021" member_type: VOTER last_known_addr { host: "127.0.107.195" port: 41541 } }
I20260713 09:00:38.428543  1718 ts_tablet_manager.cc:1434] T 66e2cbdb7bbd48c08c4bc7eca722454d P 82c6d81bef8a477a88b2d03dfb80b021: Time spent starting tablet: real 0.008s	user 0.004s	sys 0.001s
I20260713 09:00:38.429416  1814 consensus_queue.cc:1048] T c5aac74c8a0545b2b69ebab3213c0d9d P 82c6d81bef8a477a88b2d03dfb80b021 [LEADER]: Connected to new peer: Peer: permanent_uuid: "1e682e776352434eb21230896be95e3f" member_type: VOTER last_known_addr { host: "127.0.107.193" port: 39933 }, Status: LMP_MISMATCH, Last received: 0.0, Next index: 1, Last known committed idx: 0, Time since last communication: 0.000s
I20260713 09:00:38.431825  1718 tablet_bootstrap.cc:492] T af3b228920dd4c7eb9b26336534e1089 P 82c6d81bef8a477a88b2d03dfb80b021: Bootstrap starting.
I20260713 09:00:38.437882  1718 tablet_bootstrap.cc:654] T af3b228920dd4c7eb9b26336534e1089 P 82c6d81bef8a477a88b2d03dfb80b021: Neither blocks nor log segments found. Creating new log.
I20260713 09:00:38.444998  1718 tablet_bootstrap.cc:492] T af3b228920dd4c7eb9b26336534e1089 P 82c6d81bef8a477a88b2d03dfb80b021: No bootstrap required, opened a new log
I20260713 09:00:38.444466  1425 catalog_manager.cc:5697] T 1494831ffabc462daec266c8d21c1d08 P e0bf74c36c9446649a63781fc000893b reported cstate change: term changed from 0 to 1, leader changed from <none> to e0bf74c36c9446649a63781fc000893b (127.0.107.194). New cstate: current_term: 1 leader_uuid: "e0bf74c36c9446649a63781fc000893b" committed_config { opid_index: -1 OBSOLETE_local: false peers { permanent_uuid: "1e682e776352434eb21230896be95e3f" member_type: VOTER last_known_addr { host: "127.0.107.193" port: 39933 } health_report { overall_health: UNKNOWN } } peers { permanent_uuid: "e0bf74c36c9446649a63781fc000893b" member_type: VOTER last_known_addr { host: "127.0.107.194" port: 41951 } health_report { overall_health: HEALTHY } } peers { permanent_uuid: "82c6d81bef8a477a88b2d03dfb80b021" member_type: VOTER last_known_addr { host: "127.0.107.195" port: 41541 } health_report { overall_health: UNKNOWN } } }
I20260713 09:00:38.446024  1718 ts_tablet_manager.cc:1403] T af3b228920dd4c7eb9b26336534e1089 P 82c6d81bef8a477a88b2d03dfb80b021: Time spent bootstrapping tablet: real 0.017s	user 0.010s	sys 0.002s
I20260713 09:00:38.448473  1718 raft_consensus.cc:359] T af3b228920dd4c7eb9b26336534e1089 P 82c6d81bef8a477a88b2d03dfb80b021 [term 0 FOLLOWER]: Replica starting. Triggering 0 pending ops. Active config: opid_index: -1 OBSOLETE_local: false peers { permanent_uuid: "1e682e776352434eb21230896be95e3f" member_type: VOTER last_known_addr { host: "127.0.107.193" port: 39933 } } peers { permanent_uuid: "e0bf74c36c9446649a63781fc000893b" member_type: VOTER last_known_addr { host: "127.0.107.194" port: 41951 } } peers { permanent_uuid: "82c6d81bef8a477a88b2d03dfb80b021" member_type: VOTER last_known_addr { host: "127.0.107.195" port: 41541 } }
I20260713 09:00:38.449090  1718 raft_consensus.cc:385] T af3b228920dd4c7eb9b26336534e1089 P 82c6d81bef8a477a88b2d03dfb80b021 [term 0 FOLLOWER]: Consensus starting up: Expiring failure detector timer to make a prompt election more likely
I20260713 09:00:38.449290  1718 raft_consensus.cc:740] T af3b228920dd4c7eb9b26336534e1089 P 82c6d81bef8a477a88b2d03dfb80b021 [term 0 FOLLOWER]: Becoming Follower/Learner. State: Replica: 82c6d81bef8a477a88b2d03dfb80b021, State: Initialized, Role: FOLLOWER
I20260713 09:00:38.450098  1718 consensus_queue.cc:260] T af3b228920dd4c7eb9b26336534e1089 P 82c6d81bef8a477a88b2d03dfb80b021 [NON_LEADER]: Queue going to NON_LEADER mode. State: All replicated index: 0, Majority replicated index: 0, Committed index: 0, Last appended: 0.0, Last appended by leader: 0, Current term: 0, Majority size: -1, State: 0, Mode: NON_LEADER, active raft config: opid_index: -1 OBSOLETE_local: false peers { permanent_uuid: "1e682e776352434eb21230896be95e3f" member_type: VOTER last_known_addr { host: "127.0.107.193" port: 39933 } } peers { permanent_uuid: "e0bf74c36c9446649a63781fc000893b" member_type: VOTER last_known_addr { host: "127.0.107.194" port: 41951 } } peers { permanent_uuid: "82c6d81bef8a477a88b2d03dfb80b021" member_type: VOTER last_known_addr { host: "127.0.107.195" port: 41541 } }
I20260713 09:00:38.451880  1718 ts_tablet_manager.cc:1434] T af3b228920dd4c7eb9b26336534e1089 P 82c6d81bef8a477a88b2d03dfb80b021: Time spent starting tablet: real 0.006s	user 0.004s	sys 0.000s
I20260713 09:00:38.452669  1718 tablet_bootstrap.cc:492] T d91f27fb6c69415e926147f357d23f54 P 82c6d81bef8a477a88b2d03dfb80b021: Bootstrap starting.
I20260713 09:00:38.457837  1718 tablet_bootstrap.cc:654] T d91f27fb6c69415e926147f357d23f54 P 82c6d81bef8a477a88b2d03dfb80b021: Neither blocks nor log segments found. Creating new log.
I20260713 09:00:38.463136  1718 tablet_bootstrap.cc:492] T d91f27fb6c69415e926147f357d23f54 P 82c6d81bef8a477a88b2d03dfb80b021: No bootstrap required, opened a new log
I20260713 09:00:38.463487  1718 ts_tablet_manager.cc:1403] T d91f27fb6c69415e926147f357d23f54 P 82c6d81bef8a477a88b2d03dfb80b021: Time spent bootstrapping tablet: real 0.011s	user 0.006s	sys 0.003s
I20260713 09:00:38.465319  1718 raft_consensus.cc:359] T d91f27fb6c69415e926147f357d23f54 P 82c6d81bef8a477a88b2d03dfb80b021 [term 0 FOLLOWER]: Replica starting. Triggering 0 pending ops. Active config: opid_index: -1 OBSOLETE_local: false peers { permanent_uuid: "1e682e776352434eb21230896be95e3f" member_type: VOTER last_known_addr { host: "127.0.107.193" port: 39933 } } peers { permanent_uuid: "e0bf74c36c9446649a63781fc000893b" member_type: VOTER last_known_addr { host: "127.0.107.194" port: 41951 } } peers { permanent_uuid: "82c6d81bef8a477a88b2d03dfb80b021" member_type: VOTER last_known_addr { host: "127.0.107.195" port: 41541 } }
I20260713 09:00:38.465771  1718 raft_consensus.cc:385] T d91f27fb6c69415e926147f357d23f54 P 82c6d81bef8a477a88b2d03dfb80b021 [term 0 FOLLOWER]: Consensus starting up: Expiring failure detector timer to make a prompt election more likely
I20260713 09:00:38.465996  1718 raft_consensus.cc:740] T d91f27fb6c69415e926147f357d23f54 P 82c6d81bef8a477a88b2d03dfb80b021 [term 0 FOLLOWER]: Becoming Follower/Learner. State: Replica: 82c6d81bef8a477a88b2d03dfb80b021, State: Initialized, Role: FOLLOWER
I20260713 09:00:38.466569  1718 consensus_queue.cc:260] T d91f27fb6c69415e926147f357d23f54 P 82c6d81bef8a477a88b2d03dfb80b021 [NON_LEADER]: Queue going to NON_LEADER mode. State: All replicated index: 0, Majority replicated index: 0, Committed index: 0, Last appended: 0.0, Last appended by leader: 0, Current term: 0, Majority size: -1, State: 0, Mode: NON_LEADER, active raft config: opid_index: -1 OBSOLETE_local: false peers { permanent_uuid: "1e682e776352434eb21230896be95e3f" member_type: VOTER last_known_addr { host: "127.0.107.193" port: 39933 } } peers { permanent_uuid: "e0bf74c36c9446649a63781fc000893b" member_type: VOTER last_known_addr { host: "127.0.107.194" port: 41951 } } peers { permanent_uuid: "82c6d81bef8a477a88b2d03dfb80b021" member_type: VOTER last_known_addr { host: "127.0.107.195" port: 41541 } }
I20260713 09:00:38.468189  1718 ts_tablet_manager.cc:1434] T d91f27fb6c69415e926147f357d23f54 P 82c6d81bef8a477a88b2d03dfb80b021: Time spent starting tablet: real 0.004s	user 0.003s	sys 0.000s
I20260713 09:00:38.469213  1718 tablet_bootstrap.cc:492] T c0e8d24698fc4cb7b2a4568c55ed026d P 82c6d81bef8a477a88b2d03dfb80b021: Bootstrap starting.
I20260713 09:00:38.470489  1743 consensus_queue.cc:1048] T 2e32d5b41d2341a69d19ca62b8ee9578 P 1e682e776352434eb21230896be95e3f [LEADER]: Connected to new peer: Peer: permanent_uuid: "e0bf74c36c9446649a63781fc000893b" member_type: VOTER last_known_addr { host: "127.0.107.194" port: 41951 }, Status: LMP_MISMATCH, Last received: 0.0, Next index: 1, Last known committed idx: 0, Time since last communication: 0.000s
I20260713 09:00:38.474732  1718 tablet_bootstrap.cc:654] T c0e8d24698fc4cb7b2a4568c55ed026d P 82c6d81bef8a477a88b2d03dfb80b021: Neither blocks nor log segments found. Creating new log.
I20260713 09:00:38.478343  1743 consensus_queue.cc:1048] T b4407fc747684883aca55e0cb6baf68d P 1e682e776352434eb21230896be95e3f [LEADER]: Connected to new peer: Peer: permanent_uuid: "82c6d81bef8a477a88b2d03dfb80b021" member_type: VOTER last_known_addr { host: "127.0.107.195" port: 41541 }, Status: LMP_MISMATCH, Last received: 0.0, Next index: 1, Last known committed idx: 0, Time since last communication: 0.001s
I20260713 09:00:38.479254  1718 tablet_bootstrap.cc:492] T c0e8d24698fc4cb7b2a4568c55ed026d P 82c6d81bef8a477a88b2d03dfb80b021: No bootstrap required, opened a new log
I20260713 09:00:38.479679  1718 ts_tablet_manager.cc:1403] T c0e8d24698fc4cb7b2a4568c55ed026d P 82c6d81bef8a477a88b2d03dfb80b021: Time spent bootstrapping tablet: real 0.011s	user 0.005s	sys 0.004s
I20260713 09:00:38.482064  1718 raft_consensus.cc:359] T c0e8d24698fc4cb7b2a4568c55ed026d P 82c6d81bef8a477a88b2d03dfb80b021 [term 0 FOLLOWER]: Replica starting. Triggering 0 pending ops. Active config: opid_index: -1 OBSOLETE_local: false peers { permanent_uuid: "1e682e776352434eb21230896be95e3f" member_type: VOTER last_known_addr { host: "127.0.107.193" port: 39933 } } peers { permanent_uuid: "e0bf74c36c9446649a63781fc000893b" member_type: VOTER last_known_addr { host: "127.0.107.194" port: 41951 } } peers { permanent_uuid: "82c6d81bef8a477a88b2d03dfb80b021" member_type: VOTER last_known_addr { host: "127.0.107.195" port: 41541 } }
I20260713 09:00:38.482596  1718 raft_consensus.cc:385] T c0e8d24698fc4cb7b2a4568c55ed026d P 82c6d81bef8a477a88b2d03dfb80b021 [term 0 FOLLOWER]: Consensus starting up: Expiring failure detector timer to make a prompt election more likely
I20260713 09:00:38.482861  1718 raft_consensus.cc:740] T c0e8d24698fc4cb7b2a4568c55ed026d P 82c6d81bef8a477a88b2d03dfb80b021 [term 0 FOLLOWER]: Becoming Follower/Learner. State: Replica: 82c6d81bef8a477a88b2d03dfb80b021, State: Initialized, Role: FOLLOWER
I20260713 09:00:38.483680  1718 consensus_queue.cc:260] T c0e8d24698fc4cb7b2a4568c55ed026d P 82c6d81bef8a477a88b2d03dfb80b021 [NON_LEADER]: Queue going to NON_LEADER mode. State: All replicated index: 0, Majority replicated index: 0, Committed index: 0, Last appended: 0.0, Last appended by leader: 0, Current term: 0, Majority size: -1, State: 0, Mode: NON_LEADER, active raft config: opid_index: -1 OBSOLETE_local: false peers { permanent_uuid: "1e682e776352434eb21230896be95e3f" member_type: VOTER last_known_addr { host: "127.0.107.193" port: 39933 } } peers { permanent_uuid: "e0bf74c36c9446649a63781fc000893b" member_type: VOTER last_known_addr { host: "127.0.107.194" port: 41951 } } peers { permanent_uuid: "82c6d81bef8a477a88b2d03dfb80b021" member_type: VOTER last_known_addr { host: "127.0.107.195" port: 41541 } }
I20260713 09:00:38.485352  1776 raft_consensus.cc:515] T 15dc594070184c94b38befe146447a30 P e0bf74c36c9446649a63781fc000893b [term 1 FOLLOWER]: Starting leader election with config: opid_index: -1 OBSOLETE_local: false peers { permanent_uuid: "1e682e776352434eb21230896be95e3f" member_type: VOTER last_known_addr { host: "127.0.107.193" port: 39933 } } peers { permanent_uuid: "e0bf74c36c9446649a63781fc000893b" member_type: VOTER last_known_addr { host: "127.0.107.194" port: 41951 } } peers { permanent_uuid: "82c6d81bef8a477a88b2d03dfb80b021" member_type: VOTER last_known_addr { host: "127.0.107.195" port: 41541 } }
I20260713 09:00:38.486107  1526 raft_consensus.cc:2468] T d91f27fb6c69415e926147f357d23f54 P 1e682e776352434eb21230896be95e3f [term 1 FOLLOWER]: Leader election vote request: Granting yes vote for candidate e0bf74c36c9446649a63781fc000893b in term 1.
I20260713 09:00:38.487274  1776 leader_election.cc:290] T 15dc594070184c94b38befe146447a30 P e0bf74c36c9446649a63781fc000893b [CANDIDATE]: Term 1 election: Requested vote from peers 1e682e776352434eb21230896be95e3f (127.0.107.193:39933), 82c6d81bef8a477a88b2d03dfb80b021 (127.0.107.195:41541)
I20260713 09:00:38.487849  1718 ts_tablet_manager.cc:1434] T c0e8d24698fc4cb7b2a4568c55ed026d P 82c6d81bef8a477a88b2d03dfb80b021: Time spent starting tablet: real 0.008s	user 0.006s	sys 0.000s
I20260713 09:00:38.487946  1570 leader_election.cc:304] T d91f27fb6c69415e926147f357d23f54 P e0bf74c36c9446649a63781fc000893b [CANDIDATE]: Term 1 election: Election decided. Result: candidate won. Election summary: received 3 responses out of 3 voters: 2 yes votes; 1 no votes. yes voters: 1e682e776352434eb21230896be95e3f, e0bf74c36c9446649a63781fc000893b; no voters: 82c6d81bef8a477a88b2d03dfb80b021
I20260713 09:00:38.488718  1675 tablet_service.cc:1917] Received RequestConsensusVote() RPC: tablet_id: "15dc594070184c94b38befe146447a30" candidate_uuid: "e0bf74c36c9446649a63781fc000893b" candidate_term: 1 candidate_status { last_received { term: 0 index: 0 } } ignore_live_leader: false dest_uuid: "82c6d81bef8a477a88b2d03dfb80b021"
I20260713 09:00:38.490098  1835 raft_consensus.cc:2749] T d91f27fb6c69415e926147f357d23f54 P 1e682e776352434eb21230896be95e3f [term 1 FOLLOWER]: Leader pre-election lost for term 1. Reason: could not achieve majority
I20260713 09:00:38.488669  1718 tablet_bootstrap.cc:492] T 2e32d5b41d2341a69d19ca62b8ee9578 P 82c6d81bef8a477a88b2d03dfb80b021: Bootstrap starting.
W20260713 09:00:38.490118  1567 leader_election.cc:343] T 15dc594070184c94b38befe146447a30 P e0bf74c36c9446649a63781fc000893b [CANDIDATE]: Term 1 election: Tablet error from VoteRequest() call to peer 82c6d81bef8a477a88b2d03dfb80b021 (127.0.107.195:41541): Illegal state: must be running to vote when last-logged opid is not known
I20260713 09:00:38.491315  1776 raft_consensus.cc:2804] T d91f27fb6c69415e926147f357d23f54 P e0bf74c36c9446649a63781fc000893b [term 1 FOLLOWER]: Leader election won for term 1
I20260713 09:00:38.490327  1526 tablet_service.cc:1917] Received RequestConsensusVote() RPC: tablet_id: "15dc594070184c94b38befe146447a30" candidate_uuid: "e0bf74c36c9446649a63781fc000893b" candidate_term: 1 candidate_status { last_received { term: 0 index: 0 } } ignore_live_leader: false dest_uuid: "1e682e776352434eb21230896be95e3f"
I20260713 09:00:38.492369  1526 raft_consensus.cc:3060] T 15dc594070184c94b38befe146447a30 P 1e682e776352434eb21230896be95e3f [term 0 FOLLOWER]: Advancing to term 1
I20260713 09:00:38.496676  1718 tablet_bootstrap.cc:654] T 2e32d5b41d2341a69d19ca62b8ee9578 P 82c6d81bef8a477a88b2d03dfb80b021: Neither blocks nor log segments found. Creating new log.
I20260713 09:00:38.496701  1754 consensus_queue.cc:1048] T b4407fc747684883aca55e0cb6baf68d P 1e682e776352434eb21230896be95e3f [LEADER]: Connected to new peer: Peer: permanent_uuid: "e0bf74c36c9446649a63781fc000893b" member_type: VOTER last_known_addr { host: "127.0.107.194" port: 41951 }, Status: LMP_MISMATCH, Last received: 0.0, Next index: 1, Last known committed idx: 0, Time since last communication: 0.001s
I20260713 09:00:38.492318  1776 raft_consensus.cc:697] T d91f27fb6c69415e926147f357d23f54 P e0bf74c36c9446649a63781fc000893b [term 1 LEADER]: Becoming Leader. State: Replica: e0bf74c36c9446649a63781fc000893b, State: Running, Role: LEADER
I20260713 09:00:38.500001  1776 consensus_queue.cc:237] T d91f27fb6c69415e926147f357d23f54 P e0bf74c36c9446649a63781fc000893b [LEADER]: Queue going to LEADER mode. State: All replicated index: 0, Majority replicated index: 0, Committed index: 0, Last appended: 0.0, Last appended by leader: 0, Current term: 1, Majority size: 2, State: 0, Mode: LEADER, active raft config: opid_index: -1 OBSOLETE_local: false peers { permanent_uuid: "1e682e776352434eb21230896be95e3f" member_type: VOTER last_known_addr { host: "127.0.107.193" port: 39933 } } peers { permanent_uuid: "e0bf74c36c9446649a63781fc000893b" member_type: VOTER last_known_addr { host: "127.0.107.194" port: 41951 } } peers { permanent_uuid: "82c6d81bef8a477a88b2d03dfb80b021" member_type: VOTER last_known_addr { host: "127.0.107.195" port: 41541 } }
I20260713 09:00:38.507047  1718 tablet_bootstrap.cc:492] T 2e32d5b41d2341a69d19ca62b8ee9578 P 82c6d81bef8a477a88b2d03dfb80b021: No bootstrap required, opened a new log
I20260713 09:00:38.507515  1718 ts_tablet_manager.cc:1403] T 2e32d5b41d2341a69d19ca62b8ee9578 P 82c6d81bef8a477a88b2d03dfb80b021: Time spent bootstrapping tablet: real 0.019s	user 0.010s	sys 0.004s
W20260713 09:00:38.510282  1492 consensus_peers.cc:597] T 2e32d5b41d2341a69d19ca62b8ee9578 P 1e682e776352434eb21230896be95e3f -> Peer 82c6d81bef8a477a88b2d03dfb80b021 (127.0.107.195:41541): Couldn't send request to peer 82c6d81bef8a477a88b2d03dfb80b021. Error code: TABLET_NOT_RUNNING (12). Status: Illegal state: Tablet not RUNNING: BOOTSTRAPPING. This is attempt 1: this message will repeat every 5th retry.
I20260713 09:00:38.510488  1718 raft_consensus.cc:359] T 2e32d5b41d2341a69d19ca62b8ee9578 P 82c6d81bef8a477a88b2d03dfb80b021 [term 0 FOLLOWER]: Replica starting. Triggering 0 pending ops. Active config: opid_index: -1 OBSOLETE_local: false peers { permanent_uuid: "1e682e776352434eb21230896be95e3f" member_type: VOTER last_known_addr { host: "127.0.107.193" port: 39933 } } peers { permanent_uuid: "e0bf74c36c9446649a63781fc000893b" member_type: VOTER last_known_addr { host: "127.0.107.194" port: 41951 } } peers { permanent_uuid: "82c6d81bef8a477a88b2d03dfb80b021" member_type: VOTER last_known_addr { host: "127.0.107.195" port: 41541 } }
I20260713 09:00:38.511670  1718 raft_consensus.cc:385] T 2e32d5b41d2341a69d19ca62b8ee9578 P 82c6d81bef8a477a88b2d03dfb80b021 [term 0 FOLLOWER]: Consensus starting up: Expiring failure detector timer to make a prompt election more likely
I20260713 09:00:38.511919  1718 raft_consensus.cc:740] T 2e32d5b41d2341a69d19ca62b8ee9578 P 82c6d81bef8a477a88b2d03dfb80b021 [term 0 FOLLOWER]: Becoming Follower/Learner. State: Replica: 82c6d81bef8a477a88b2d03dfb80b021, State: Initialized, Role: FOLLOWER
I20260713 09:00:38.512248  1814 raft_consensus.cc:493] T 66e2cbdb7bbd48c08c4bc7eca722454d P 82c6d81bef8a477a88b2d03dfb80b021 [term 0 FOLLOWER]: Starting pre-election (no leader contacted us within the election timeout)
I20260713 09:00:38.512583  1718 consensus_queue.cc:260] T 2e32d5b41d2341a69d19ca62b8ee9578 P 82c6d81bef8a477a88b2d03dfb80b021 [NON_LEADER]: Queue going to NON_LEADER mode. State: All replicated index: 0, Majority replicated index: 0, Committed index: 0, Last appended: 0.0, Last appended by leader: 0, Current term: 0, Majority size: -1, State: 0, Mode: NON_LEADER, active raft config: opid_index: -1 OBSOLETE_local: false peers { permanent_uuid: "1e682e776352434eb21230896be95e3f" member_type: VOTER last_known_addr { host: "127.0.107.193" port: 39933 } } peers { permanent_uuid: "e0bf74c36c9446649a63781fc000893b" member_type: VOTER last_known_addr { host: "127.0.107.194" port: 41951 } } peers { permanent_uuid: "82c6d81bef8a477a88b2d03dfb80b021" member_type: VOTER last_known_addr { host: "127.0.107.195" port: 41541 } }
I20260713 09:00:38.512676  1814 raft_consensus.cc:515] T 66e2cbdb7bbd48c08c4bc7eca722454d P 82c6d81bef8a477a88b2d03dfb80b021 [term 0 FOLLOWER]: Starting pre-election with config: opid_index: -1 OBSOLETE_local: false peers { permanent_uuid: "1e682e776352434eb21230896be95e3f" member_type: VOTER last_known_addr { host: "127.0.107.193" port: 39933 } } peers { permanent_uuid: "e0bf74c36c9446649a63781fc000893b" member_type: VOTER last_known_addr { host: "127.0.107.194" port: 41951 } } peers { permanent_uuid: "82c6d81bef8a477a88b2d03dfb80b021" member_type: VOTER last_known_addr { host: "127.0.107.195" port: 41541 } }
I20260713 09:00:38.514904  1718 ts_tablet_manager.cc:1434] T 2e32d5b41d2341a69d19ca62b8ee9578 P 82c6d81bef8a477a88b2d03dfb80b021: Time spent starting tablet: real 0.007s	user 0.007s	sys 0.000s
I20260713 09:00:38.515753  1718 tablet_bootstrap.cc:492] T 0717a86a335a422bb61ef68d1c8d039f P 82c6d81bef8a477a88b2d03dfb80b021: Bootstrap starting.
I20260713 09:00:38.517294  1426 catalog_manager.cc:5697] T d91f27fb6c69415e926147f357d23f54 P e0bf74c36c9446649a63781fc000893b reported cstate change: term changed from 0 to 1, leader changed from <none> to e0bf74c36c9446649a63781fc000893b (127.0.107.194). New cstate: current_term: 1 leader_uuid: "e0bf74c36c9446649a63781fc000893b" committed_config { opid_index: -1 OBSOLETE_local: false peers { permanent_uuid: "1e682e776352434eb21230896be95e3f" member_type: VOTER last_known_addr { host: "127.0.107.193" port: 39933 } health_report { overall_health: UNKNOWN } } peers { permanent_uuid: "e0bf74c36c9446649a63781fc000893b" member_type: VOTER last_known_addr { host: "127.0.107.194" port: 41951 } health_report { overall_health: HEALTHY } } peers { permanent_uuid: "82c6d81bef8a477a88b2d03dfb80b021" member_type: VOTER last_known_addr { host: "127.0.107.195" port: 41541 } health_report { overall_health: UNKNOWN } } }
I20260713 09:00:38.519908  1814 leader_election.cc:290] T 66e2cbdb7bbd48c08c4bc7eca722454d P 82c6d81bef8a477a88b2d03dfb80b021 [CANDIDATE]: Term 1 pre-election: Requested pre-vote from peers 1e682e776352434eb21230896be95e3f (127.0.107.193:39933), e0bf74c36c9446649a63781fc000893b (127.0.107.194:41951)
I20260713 09:00:38.521674  1527 tablet_service.cc:1917] Received RequestConsensusVote() RPC: tablet_id: "66e2cbdb7bbd48c08c4bc7eca722454d" candidate_uuid: "82c6d81bef8a477a88b2d03dfb80b021" candidate_term: 1 candidate_status { last_received { term: 0 index: 0 } } ignore_live_leader: false dest_uuid: "1e682e776352434eb21230896be95e3f" is_pre_election: true
I20260713 09:00:38.521970  1718 tablet_bootstrap.cc:654] T 0717a86a335a422bb61ef68d1c8d039f P 82c6d81bef8a477a88b2d03dfb80b021: Neither blocks nor log segments found. Creating new log.
I20260713 09:00:38.521669  1604 tablet_service.cc:1917] Received RequestConsensusVote() RPC: tablet_id: "66e2cbdb7bbd48c08c4bc7eca722454d" candidate_uuid: "82c6d81bef8a477a88b2d03dfb80b021" candidate_term: 1 candidate_status { last_received { term: 0 index: 0 } } ignore_live_leader: false dest_uuid: "e0bf74c36c9446649a63781fc000893b" is_pre_election: true
I20260713 09:00:38.523496  1604 raft_consensus.cc:2393] T 66e2cbdb7bbd48c08c4bc7eca722454d P e0bf74c36c9446649a63781fc000893b [term 1 FOLLOWER]: Leader pre-election vote request: Denying vote to candidate 82c6d81bef8a477a88b2d03dfb80b021 in current term 1: Already voted for candidate 1e682e776352434eb21230896be95e3f in this term.
I20260713 09:00:38.525457  1644 leader_election.cc:304] T 66e2cbdb7bbd48c08c4bc7eca722454d P 82c6d81bef8a477a88b2d03dfb80b021 [CANDIDATE]: Term 1 pre-election: Election decided. Result: candidate lost. Election summary: received 3 responses out of 3 voters: 1 yes votes; 2 no votes. yes voters: 82c6d81bef8a477a88b2d03dfb80b021; no voters: 1e682e776352434eb21230896be95e3f, e0bf74c36c9446649a63781fc000893b
I20260713 09:00:38.529089  1814 raft_consensus.cc:3060] T 66e2cbdb7bbd48c08c4bc7eca722454d P 82c6d81bef8a477a88b2d03dfb80b021 [term 0 FOLLOWER]: Advancing to term 1
I20260713 09:00:38.532621  1718 tablet_bootstrap.cc:492] T 0717a86a335a422bb61ef68d1c8d039f P 82c6d81bef8a477a88b2d03dfb80b021: No bootstrap required, opened a new log
I20260713 09:00:38.533157  1718 ts_tablet_manager.cc:1403] T 0717a86a335a422bb61ef68d1c8d039f P 82c6d81bef8a477a88b2d03dfb80b021: Time spent bootstrapping tablet: real 0.018s	user 0.010s	sys 0.000s
I20260713 09:00:38.535913  1718 raft_consensus.cc:359] T 0717a86a335a422bb61ef68d1c8d039f P 82c6d81bef8a477a88b2d03dfb80b021 [term 0 FOLLOWER]: Replica starting. Triggering 0 pending ops. Active config: opid_index: -1 OBSOLETE_local: false peers { permanent_uuid: "1e682e776352434eb21230896be95e3f" member_type: VOTER last_known_addr { host: "127.0.107.193" port: 39933 } } peers { permanent_uuid: "e0bf74c36c9446649a63781fc000893b" member_type: VOTER last_known_addr { host: "127.0.107.194" port: 41951 } } peers { permanent_uuid: "82c6d81bef8a477a88b2d03dfb80b021" member_type: VOTER last_known_addr { host: "127.0.107.195" port: 41541 } }
I20260713 09:00:38.536509  1718 raft_consensus.cc:385] T 0717a86a335a422bb61ef68d1c8d039f P 82c6d81bef8a477a88b2d03dfb80b021 [term 0 FOLLOWER]: Consensus starting up: Expiring failure detector timer to make a prompt election more likely
I20260713 09:00:38.536717  1718 raft_consensus.cc:740] T 0717a86a335a422bb61ef68d1c8d039f P 82c6d81bef8a477a88b2d03dfb80b021 [term 0 FOLLOWER]: Becoming Follower/Learner. State: Replica: 82c6d81bef8a477a88b2d03dfb80b021, State: Initialized, Role: FOLLOWER
I20260713 09:00:38.537236  1718 consensus_queue.cc:260] T 0717a86a335a422bb61ef68d1c8d039f P 82c6d81bef8a477a88b2d03dfb80b021 [NON_LEADER]: Queue going to NON_LEADER mode. State: All replicated index: 0, Majority replicated index: 0, Committed index: 0, Last appended: 0.0, Last appended by leader: 0, Current term: 0, Majority size: -1, State: 0, Mode: NON_LEADER, active raft config: opid_index: -1 OBSOLETE_local: false peers { permanent_uuid: "1e682e776352434eb21230896be95e3f" member_type: VOTER last_known_addr { host: "127.0.107.193" port: 39933 } } peers { permanent_uuid: "e0bf74c36c9446649a63781fc000893b" member_type: VOTER last_known_addr { host: "127.0.107.194" port: 41951 } } peers { permanent_uuid: "82c6d81bef8a477a88b2d03dfb80b021" member_type: VOTER last_known_addr { host: "127.0.107.195" port: 41541 } }
I20260713 09:00:38.538868  1718 ts_tablet_manager.cc:1434] T 0717a86a335a422bb61ef68d1c8d039f P 82c6d81bef8a477a88b2d03dfb80b021: Time spent starting tablet: real 0.005s	user 0.000s	sys 0.004s
I20260713 09:00:38.539911  1718 tablet_bootstrap.cc:492] T 15dc594070184c94b38befe146447a30 P 82c6d81bef8a477a88b2d03dfb80b021: Bootstrap starting.
I20260713 09:00:38.545915  1718 tablet_bootstrap.cc:654] T 15dc594070184c94b38befe146447a30 P 82c6d81bef8a477a88b2d03dfb80b021: Neither blocks nor log segments found. Creating new log.
I20260713 09:00:38.548182  1776 consensus_queue.cc:1048] T 18dcaaf61e7849228d9d1275cf70960a P e0bf74c36c9446649a63781fc000893b [LEADER]: Connected to new peer: Peer: permanent_uuid: "82c6d81bef8a477a88b2d03dfb80b021" member_type: VOTER last_known_addr { host: "127.0.107.195" port: 41541 }, Status: LMP_MISMATCH, Last received: 0.0, Next index: 1, Last known committed idx: 0, Time since last communication: 0.000s
I20260713 09:00:38.550951  1743 consensus_queue.cc:1048] T b3150eaf3bc64741b785f05e83bde309 P 1e682e776352434eb21230896be95e3f [LEADER]: Connected to new peer: Peer: permanent_uuid: "e0bf74c36c9446649a63781fc000893b" member_type: VOTER last_known_addr { host: "127.0.107.194" port: 41951 }, Status: LMP_MISMATCH, Last received: 0.0, Next index: 1, Last known committed idx: 0, Time since last communication: 0.000s
I20260713 09:00:38.560586  1776 consensus_queue.cc:1048] T 18dcaaf61e7849228d9d1275cf70960a P e0bf74c36c9446649a63781fc000893b [LEADER]: Connected to new peer: Peer: permanent_uuid: "1e682e776352434eb21230896be95e3f" member_type: VOTER last_known_addr { host: "127.0.107.193" port: 39933 }, Status: LMP_MISMATCH, Last received: 0.0, Next index: 1, Last known committed idx: 0, Time since last communication: 0.000s
I20260713 09:00:38.580667  1718 tablet_bootstrap.cc:492] T 15dc594070184c94b38befe146447a30 P 82c6d81bef8a477a88b2d03dfb80b021: No bootstrap required, opened a new log
I20260713 09:00:38.581125  1718 ts_tablet_manager.cc:1403] T 15dc594070184c94b38befe146447a30 P 82c6d81bef8a477a88b2d03dfb80b021: Time spent bootstrapping tablet: real 0.041s	user 0.010s	sys 0.028s
I20260713 09:00:38.583272  1835 consensus_queue.cc:1048] T b3150eaf3bc64741b785f05e83bde309 P 1e682e776352434eb21230896be95e3f [LEADER]: Connected to new peer: Peer: permanent_uuid: "82c6d81bef8a477a88b2d03dfb80b021" member_type: VOTER last_known_addr { host: "127.0.107.195" port: 41541 }, Status: LMP_MISMATCH, Last received: 0.0, Next index: 1, Last known committed idx: 0, Time since last communication: 0.000s
I20260713 09:00:38.584674  1718 raft_consensus.cc:359] T 15dc594070184c94b38befe146447a30 P 82c6d81bef8a477a88b2d03dfb80b021 [term 0 FOLLOWER]: Replica starting. Triggering 0 pending ops. Active config: opid_index: -1 OBSOLETE_local: false peers { permanent_uuid: "1e682e776352434eb21230896be95e3f" member_type: VOTER last_known_addr { host: "127.0.107.193" port: 39933 } } peers { permanent_uuid: "e0bf74c36c9446649a63781fc000893b" member_type: VOTER last_known_addr { host: "127.0.107.194" port: 41951 } } peers { permanent_uuid: "82c6d81bef8a477a88b2d03dfb80b021" member_type: VOTER last_known_addr { host: "127.0.107.195" port: 41541 } }
I20260713 09:00:38.585295  1718 raft_consensus.cc:385] T 15dc594070184c94b38befe146447a30 P 82c6d81bef8a477a88b2d03dfb80b021 [term 0 FOLLOWER]: Consensus starting up: Expiring failure detector timer to make a prompt election more likely
I20260713 09:00:38.585495  1718 raft_consensus.cc:740] T 15dc594070184c94b38befe146447a30 P 82c6d81bef8a477a88b2d03dfb80b021 [term 0 FOLLOWER]: Becoming Follower/Learner. State: Replica: 82c6d81bef8a477a88b2d03dfb80b021, State: Initialized, Role: FOLLOWER
I20260713 09:00:38.586051  1718 consensus_queue.cc:260] T 15dc594070184c94b38befe146447a30 P 82c6d81bef8a477a88b2d03dfb80b021 [NON_LEADER]: Queue going to NON_LEADER mode. State: All replicated index: 0, Majority replicated index: 0, Committed index: 0, Last appended: 0.0, Last appended by leader: 0, Current term: 0, Majority size: -1, State: 0, Mode: NON_LEADER, active raft config: opid_index: -1 OBSOLETE_local: false peers { permanent_uuid: "1e682e776352434eb21230896be95e3f" member_type: VOTER last_known_addr { host: "127.0.107.193" port: 39933 } } peers { permanent_uuid: "e0bf74c36c9446649a63781fc000893b" member_type: VOTER last_known_addr { host: "127.0.107.194" port: 41951 } } peers { permanent_uuid: "82c6d81bef8a477a88b2d03dfb80b021" member_type: VOTER last_known_addr { host: "127.0.107.195" port: 41541 } }
I20260713 09:00:38.587932  1816 raft_consensus.cc:493] T c0e8d24698fc4cb7b2a4568c55ed026d P 82c6d81bef8a477a88b2d03dfb80b021 [term 0 FOLLOWER]: Starting pre-election (no leader contacted us within the election timeout)
I20260713 09:00:38.588135  1526 raft_consensus.cc:2468] T 15dc594070184c94b38befe146447a30 P 1e682e776352434eb21230896be95e3f [term 1 FOLLOWER]: Leader election vote request: Granting yes vote for candidate e0bf74c36c9446649a63781fc000893b in term 1.
I20260713 09:00:38.588737  1816 raft_consensus.cc:515] T c0e8d24698fc4cb7b2a4568c55ed026d P 82c6d81bef8a477a88b2d03dfb80b021 [term 0 FOLLOWER]: Starting pre-election with config: opid_index: -1 OBSOLETE_local: false peers { permanent_uuid: "1e682e776352434eb21230896be95e3f" member_type: VOTER last_known_addr { host: "127.0.107.193" port: 39933 } } peers { permanent_uuid: "e0bf74c36c9446649a63781fc000893b" member_type: VOTER last_known_addr { host: "127.0.107.194" port: 41951 } } peers { permanent_uuid: "82c6d81bef8a477a88b2d03dfb80b021" member_type: VOTER last_known_addr { host: "127.0.107.195" port: 41541 } }
I20260713 09:00:38.589545  1570 leader_election.cc:304] T 15dc594070184c94b38befe146447a30 P e0bf74c36c9446649a63781fc000893b [CANDIDATE]: Term 1 election: Election decided. Result: candidate won. Election summary: received 3 responses out of 3 voters: 2 yes votes; 1 no votes. yes voters: 1e682e776352434eb21230896be95e3f, e0bf74c36c9446649a63781fc000893b; no voters: 82c6d81bef8a477a88b2d03dfb80b021
I20260713 09:00:38.588197  1814 raft_consensus.cc:2749] T 66e2cbdb7bbd48c08c4bc7eca722454d P 82c6d81bef8a477a88b2d03dfb80b021 [term 1 FOLLOWER]: Leader pre-election lost for term 1. Reason: could not achieve majority
I20260713 09:00:38.590620  1816 leader_election.cc:290] T c0e8d24698fc4cb7b2a4568c55ed026d P 82c6d81bef8a477a88b2d03dfb80b021 [CANDIDATE]: Term 1 pre-election: Requested pre-vote from peers 1e682e776352434eb21230896be95e3f (127.0.107.193:39933), e0bf74c36c9446649a63781fc000893b (127.0.107.194:41951)
I20260713 09:00:38.587870  1718 ts_tablet_manager.cc:1434] T 15dc594070184c94b38befe146447a30 P 82c6d81bef8a477a88b2d03dfb80b021: Time spent starting tablet: real 0.006s	user 0.003s	sys 0.000s
I20260713 09:00:38.590950  1825 raft_consensus.cc:2804] T 15dc594070184c94b38befe146447a30 P e0bf74c36c9446649a63781fc000893b [term 1 FOLLOWER]: Leader election won for term 1
I20260713 09:00:38.593448  1825 raft_consensus.cc:697] T 15dc594070184c94b38befe146447a30 P e0bf74c36c9446649a63781fc000893b [term 1 LEADER]: Becoming Leader. State: Replica: e0bf74c36c9446649a63781fc000893b, State: Running, Role: LEADER
I20260713 09:00:38.594142  1816 raft_consensus.cc:493] T 12376ee75c8e4f02be993e263cd816a5 P 82c6d81bef8a477a88b2d03dfb80b021 [term 0 FOLLOWER]: Starting pre-election (no leader contacted us within the election timeout)
I20260713 09:00:38.594249  1825 consensus_queue.cc:237] T 15dc594070184c94b38befe146447a30 P e0bf74c36c9446649a63781fc000893b [LEADER]: Queue going to LEADER mode. State: All replicated index: 0, Majority replicated index: 0, Committed index: 0, Last appended: 0.0, Last appended by leader: 0, Current term: 1, Majority size: 2, State: 0, Mode: LEADER, active raft config: opid_index: -1 OBSOLETE_local: false peers { permanent_uuid: "1e682e776352434eb21230896be95e3f" member_type: VOTER last_known_addr { host: "127.0.107.193" port: 39933 } } peers { permanent_uuid: "e0bf74c36c9446649a63781fc000893b" member_type: VOTER last_known_addr { host: "127.0.107.194" port: 41951 } } peers { permanent_uuid: "82c6d81bef8a477a88b2d03dfb80b021" member_type: VOTER last_known_addr { host: "127.0.107.195" port: 41541 } }
I20260713 09:00:38.594600  1816 raft_consensus.cc:515] T 12376ee75c8e4f02be993e263cd816a5 P 82c6d81bef8a477a88b2d03dfb80b021 [term 0 FOLLOWER]: Starting pre-election with config: opid_index: -1 OBSOLETE_local: false peers { permanent_uuid: "1e682e776352434eb21230896be95e3f" member_type: VOTER last_known_addr { host: "127.0.107.193" port: 39933 } } peers { permanent_uuid: "e0bf74c36c9446649a63781fc000893b" member_type: VOTER last_known_addr { host: "127.0.107.194" port: 41951 } } peers { permanent_uuid: "82c6d81bef8a477a88b2d03dfb80b021" member_type: VOTER last_known_addr { host: "127.0.107.195" port: 41541 } }
I20260713 09:00:38.596369  1816 leader_election.cc:290] T 12376ee75c8e4f02be993e263cd816a5 P 82c6d81bef8a477a88b2d03dfb80b021 [CANDIDATE]: Term 1 pre-election: Requested pre-vote from peers 1e682e776352434eb21230896be95e3f (127.0.107.193:39933), e0bf74c36c9446649a63781fc000893b (127.0.107.194:41951)
I20260713 09:00:38.598136  1602 tablet_service.cc:1917] Received RequestConsensusVote() RPC: tablet_id: "c0e8d24698fc4cb7b2a4568c55ed026d" candidate_uuid: "82c6d81bef8a477a88b2d03dfb80b021" candidate_term: 1 candidate_status { last_received { term: 0 index: 0 } } ignore_live_leader: false dest_uuid: "e0bf74c36c9446649a63781fc000893b" is_pre_election: true
I20260713 09:00:38.598419  1604 tablet_service.cc:1917] Received RequestConsensusVote() RPC: tablet_id: "12376ee75c8e4f02be993e263cd816a5" candidate_uuid: "82c6d81bef8a477a88b2d03dfb80b021" candidate_term: 1 candidate_status { last_received { term: 0 index: 0 } } ignore_live_leader: false dest_uuid: "e0bf74c36c9446649a63781fc000893b" is_pre_election: true
I20260713 09:00:38.599033  1604 raft_consensus.cc:2468] T 12376ee75c8e4f02be993e263cd816a5 P e0bf74c36c9446649a63781fc000893b [term 0 FOLLOWER]: Leader pre-election vote request: Granting yes vote for candidate 82c6d81bef8a477a88b2d03dfb80b021 in term 0.
I20260713 09:00:38.599596  1526 tablet_service.cc:1917] Received RequestConsensusVote() RPC: tablet_id: "c0e8d24698fc4cb7b2a4568c55ed026d" candidate_uuid: "82c6d81bef8a477a88b2d03dfb80b021" candidate_term: 1 candidate_status { last_received { term: 0 index: 0 } } ignore_live_leader: false dest_uuid: "1e682e776352434eb21230896be95e3f" is_pre_election: true
I20260713 09:00:38.600138  1526 raft_consensus.cc:2468] T c0e8d24698fc4cb7b2a4568c55ed026d P 1e682e776352434eb21230896be95e3f [term 0 FOLLOWER]: Leader pre-election vote request: Granting yes vote for candidate 82c6d81bef8a477a88b2d03dfb80b021 in term 0.
I20260713 09:00:38.600517  1644 leader_election.cc:304] T 12376ee75c8e4f02be993e263cd816a5 P 82c6d81bef8a477a88b2d03dfb80b021 [CANDIDATE]: Term 1 pre-election: Election decided. Result: candidate won. Election summary: received 2 responses out of 3 voters: 2 yes votes; 0 no votes. yes voters: 82c6d81bef8a477a88b2d03dfb80b021, e0bf74c36c9446649a63781fc000893b; no voters: 
I20260713 09:00:38.601322  1527 tablet_service.cc:1917] Received RequestConsensusVote() RPC: tablet_id: "12376ee75c8e4f02be993e263cd816a5" candidate_uuid: "82c6d81bef8a477a88b2d03dfb80b021" candidate_term: 1 candidate_status { last_received { term: 0 index: 0 } } ignore_live_leader: false dest_uuid: "1e682e776352434eb21230896be95e3f" is_pre_election: true
I20260713 09:00:38.604856  1602 raft_consensus.cc:2468] T c0e8d24698fc4cb7b2a4568c55ed026d P e0bf74c36c9446649a63781fc000893b [term 0 FOLLOWER]: Leader pre-election vote request: Granting yes vote for candidate 82c6d81bef8a477a88b2d03dfb80b021 in term 0.
I20260713 09:00:38.605700  1527 raft_consensus.cc:2468] T 12376ee75c8e4f02be993e263cd816a5 P 1e682e776352434eb21230896be95e3f [term 0 FOLLOWER]: Leader pre-election vote request: Granting yes vote for candidate 82c6d81bef8a477a88b2d03dfb80b021 in term 0.
I20260713 09:00:38.606009  1644 leader_election.cc:304] T c0e8d24698fc4cb7b2a4568c55ed026d P 82c6d81bef8a477a88b2d03dfb80b021 [CANDIDATE]: Term 1 pre-election: Election decided. Result: candidate won. Election summary: received 2 responses out of 3 voters: 2 yes votes; 0 no votes. yes voters: 1e682e776352434eb21230896be95e3f, 82c6d81bef8a477a88b2d03dfb80b021; no voters: 
I20260713 09:00:38.606699  1814 raft_consensus.cc:2804] T 12376ee75c8e4f02be993e263cd816a5 P 82c6d81bef8a477a88b2d03dfb80b021 [term 0 FOLLOWER]: Leader pre-election won for term 1
I20260713 09:00:38.607029  1814 raft_consensus.cc:493] T 12376ee75c8e4f02be993e263cd816a5 P 82c6d81bef8a477a88b2d03dfb80b021 [term 0 FOLLOWER]: Starting leader election (no leader contacted us within the election timeout)
I20260713 09:00:38.607335  1814 raft_consensus.cc:3060] T 12376ee75c8e4f02be993e263cd816a5 P 82c6d81bef8a477a88b2d03dfb80b021 [term 0 FOLLOWER]: Advancing to term 1
I20260713 09:00:38.608558  1816 raft_consensus.cc:2804] T c0e8d24698fc4cb7b2a4568c55ed026d P 82c6d81bef8a477a88b2d03dfb80b021 [term 0 FOLLOWER]: Leader pre-election won for term 1
I20260713 09:00:38.608999  1816 raft_consensus.cc:493] T c0e8d24698fc4cb7b2a4568c55ed026d P 82c6d81bef8a477a88b2d03dfb80b021 [term 0 FOLLOWER]: Starting leader election (no leader contacted us within the election timeout)
I20260713 09:00:38.609326  1816 raft_consensus.cc:3060] T c0e8d24698fc4cb7b2a4568c55ed026d P 82c6d81bef8a477a88b2d03dfb80b021 [term 0 FOLLOWER]: Advancing to term 1
I20260713 09:00:38.613117  1424 catalog_manager.cc:5697] T 15dc594070184c94b38befe146447a30 P e0bf74c36c9446649a63781fc000893b reported cstate change: term changed from 0 to 1, leader changed from <none> to e0bf74c36c9446649a63781fc000893b (127.0.107.194). New cstate: current_term: 1 leader_uuid: "e0bf74c36c9446649a63781fc000893b" committed_config { opid_index: -1 OBSOLETE_local: false peers { permanent_uuid: "1e682e776352434eb21230896be95e3f" member_type: VOTER last_known_addr { host: "127.0.107.193" port: 39933 } health_report { overall_health: UNKNOWN } } peers { permanent_uuid: "e0bf74c36c9446649a63781fc000893b" member_type: VOTER last_known_addr { host: "127.0.107.194" port: 41951 } health_report { overall_health: HEALTHY } } peers { permanent_uuid: "82c6d81bef8a477a88b2d03dfb80b021" member_type: VOTER last_known_addr { host: "127.0.107.195" port: 41541 } health_report { overall_health: UNKNOWN } } }
I20260713 09:00:38.641628  1724 raft_consensus.cc:493] T 0717a86a335a422bb61ef68d1c8d039f P 82c6d81bef8a477a88b2d03dfb80b021 [term 0 FOLLOWER]: Starting pre-election (no leader contacted us within the election timeout)
I20260713 09:00:38.642050  1724 raft_consensus.cc:515] T 0717a86a335a422bb61ef68d1c8d039f P 82c6d81bef8a477a88b2d03dfb80b021 [term 0 FOLLOWER]: Starting pre-election with config: opid_index: -1 OBSOLETE_local: false peers { permanent_uuid: "1e682e776352434eb21230896be95e3f" member_type: VOTER last_known_addr { host: "127.0.107.193" port: 39933 } } peers { permanent_uuid: "e0bf74c36c9446649a63781fc000893b" member_type: VOTER last_known_addr { host: "127.0.107.194" port: 41951 } } peers { permanent_uuid: "82c6d81bef8a477a88b2d03dfb80b021" member_type: VOTER last_known_addr { host: "127.0.107.195" port: 41541 } }
I20260713 09:00:38.643844  1724 leader_election.cc:290] T 0717a86a335a422bb61ef68d1c8d039f P 82c6d81bef8a477a88b2d03dfb80b021 [CANDIDATE]: Term 1 pre-election: Requested pre-vote from peers 1e682e776352434eb21230896be95e3f (127.0.107.193:39933), e0bf74c36c9446649a63781fc000893b (127.0.107.194:41951)
I20260713 09:00:38.644512  1527 tablet_service.cc:1917] Received RequestConsensusVote() RPC: tablet_id: "0717a86a335a422bb61ef68d1c8d039f" candidate_uuid: "82c6d81bef8a477a88b2d03dfb80b021" candidate_term: 1 candidate_status { last_received { term: 0 index: 0 } } ignore_live_leader: false dest_uuid: "1e682e776352434eb21230896be95e3f" is_pre_election: true
I20260713 09:00:38.644804  1602 tablet_service.cc:1917] Received RequestConsensusVote() RPC: tablet_id: "0717a86a335a422bb61ef68d1c8d039f" candidate_uuid: "82c6d81bef8a477a88b2d03dfb80b021" candidate_term: 1 candidate_status { last_received { term: 0 index: 0 } } ignore_live_leader: false dest_uuid: "e0bf74c36c9446649a63781fc000893b" is_pre_election: true
I20260713 09:00:38.645298  1527 raft_consensus.cc:2468] T 0717a86a335a422bb61ef68d1c8d039f P 1e682e776352434eb21230896be95e3f [term 0 FOLLOWER]: Leader pre-election vote request: Granting yes vote for candidate 82c6d81bef8a477a88b2d03dfb80b021 in term 0.
I20260713 09:00:38.645409  1602 raft_consensus.cc:2468] T 0717a86a335a422bb61ef68d1c8d039f P e0bf74c36c9446649a63781fc000893b [term 0 FOLLOWER]: Leader pre-election vote request: Granting yes vote for candidate 82c6d81bef8a477a88b2d03dfb80b021 in term 0.
I20260713 09:00:38.646347  1644 leader_election.cc:304] T 0717a86a335a422bb61ef68d1c8d039f P 82c6d81bef8a477a88b2d03dfb80b021 [CANDIDATE]: Term 1 pre-election: Election decided. Result: candidate won. Election summary: received 2 responses out of 3 voters: 2 yes votes; 0 no votes. yes voters: 1e682e776352434eb21230896be95e3f, 82c6d81bef8a477a88b2d03dfb80b021; no voters: 
I20260713 09:00:38.647009  1724 raft_consensus.cc:2804] T 0717a86a335a422bb61ef68d1c8d039f P 82c6d81bef8a477a88b2d03dfb80b021 [term 0 FOLLOWER]: Leader pre-election won for term 1
I20260713 09:00:38.647349  1724 raft_consensus.cc:493] T 0717a86a335a422bb61ef68d1c8d039f P 82c6d81bef8a477a88b2d03dfb80b021 [term 0 FOLLOWER]: Starting leader election (no leader contacted us within the election timeout)
I20260713 09:00:38.647605  1724 raft_consensus.cc:3060] T 0717a86a335a422bb61ef68d1c8d039f P 82c6d81bef8a477a88b2d03dfb80b021 [term 0 FOLLOWER]: Advancing to term 1
I20260713 09:00:38.652853  1766 raft_consensus.cc:493] T 15dc594070184c94b38befe146447a30 P 82c6d81bef8a477a88b2d03dfb80b021 [term 0 FOLLOWER]: Starting pre-election (no leader contacted us within the election timeout)
I20260713 09:00:38.653294  1766 raft_consensus.cc:515] T 15dc594070184c94b38befe146447a30 P 82c6d81bef8a477a88b2d03dfb80b021 [term 0 FOLLOWER]: Starting pre-election with config: opid_index: -1 OBSOLETE_local: false peers { permanent_uuid: "1e682e776352434eb21230896be95e3f" member_type: VOTER last_known_addr { host: "127.0.107.193" port: 39933 } } peers { permanent_uuid: "e0bf74c36c9446649a63781fc000893b" member_type: VOTER last_known_addr { host: "127.0.107.194" port: 41951 } } peers { permanent_uuid: "82c6d81bef8a477a88b2d03dfb80b021" member_type: VOTER last_known_addr { host: "127.0.107.195" port: 41541 } }
I20260713 09:00:38.654888  1766 leader_election.cc:290] T 15dc594070184c94b38befe146447a30 P 82c6d81bef8a477a88b2d03dfb80b021 [CANDIDATE]: Term 1 pre-election: Requested pre-vote from peers 1e682e776352434eb21230896be95e3f (127.0.107.193:39933), e0bf74c36c9446649a63781fc000893b (127.0.107.194:41951)
I20260713 09:00:38.655664  1766 raft_consensus.cc:493] T 1494831ffabc462daec266c8d21c1d08 P 82c6d81bef8a477a88b2d03dfb80b021 [term 0 FOLLOWER]: Starting pre-election (no leader contacted us within the election timeout)
I20260713 09:00:38.655701  1602 tablet_service.cc:1917] Received RequestConsensusVote() RPC: tablet_id: "15dc594070184c94b38befe146447a30" candidate_uuid: "82c6d81bef8a477a88b2d03dfb80b021" candidate_term: 1 candidate_status { last_received { term: 0 index: 0 } } ignore_live_leader: false dest_uuid: "e0bf74c36c9446649a63781fc000893b" is_pre_election: true
I20260713 09:00:38.655704  1527 tablet_service.cc:1917] Received RequestConsensusVote() RPC: tablet_id: "15dc594070184c94b38befe146447a30" candidate_uuid: "82c6d81bef8a477a88b2d03dfb80b021" candidate_term: 1 candidate_status { last_received { term: 0 index: 0 } } ignore_live_leader: false dest_uuid: "1e682e776352434eb21230896be95e3f" is_pre_election: true
I20260713 09:00:38.656181  1766 raft_consensus.cc:515] T 1494831ffabc462daec266c8d21c1d08 P 82c6d81bef8a477a88b2d03dfb80b021 [term 0 FOLLOWER]: Starting pre-election with config: opid_index: -1 OBSOLETE_local: false peers { permanent_uuid: "1e682e776352434eb21230896be95e3f" member_type: VOTER last_known_addr { host: "127.0.107.193" port: 39933 } } peers { permanent_uuid: "e0bf74c36c9446649a63781fc000893b" member_type: VOTER last_known_addr { host: "127.0.107.194" port: 41951 } } peers { permanent_uuid: "82c6d81bef8a477a88b2d03dfb80b021" member_type: VOTER last_known_addr { host: "127.0.107.195" port: 41541 } }
I20260713 09:00:38.657024  1527 raft_consensus.cc:2393] T 15dc594070184c94b38befe146447a30 P 1e682e776352434eb21230896be95e3f [term 1 FOLLOWER]: Leader pre-election vote request: Denying vote to candidate 82c6d81bef8a477a88b2d03dfb80b021 in current term 1: Already voted for candidate e0bf74c36c9446649a63781fc000893b in this term.
I20260713 09:00:38.657629  1835 consensus_queue.cc:1048] T 66e2cbdb7bbd48c08c4bc7eca722454d P 1e682e776352434eb21230896be95e3f [LEADER]: Connected to new peer: Peer: permanent_uuid: "82c6d81bef8a477a88b2d03dfb80b021" member_type: VOTER last_known_addr { host: "127.0.107.195" port: 41541 }, Status: LMP_MISMATCH, Last received: 0.0, Next index: 1, Last known committed idx: 0, Time since last communication: 0.000s
I20260713 09:00:38.659036  1766 leader_election.cc:290] T 1494831ffabc462daec266c8d21c1d08 P 82c6d81bef8a477a88b2d03dfb80b021 [CANDIDATE]: Term 1 pre-election: Requested pre-vote from peers 1e682e776352434eb21230896be95e3f (127.0.107.193:39933), e0bf74c36c9446649a63781fc000893b (127.0.107.194:41951)
I20260713 09:00:38.659762  1835 consensus_queue.cc:1048] T 66e2cbdb7bbd48c08c4bc7eca722454d P 1e682e776352434eb21230896be95e3f [LEADER]: Connected to new peer: Peer: permanent_uuid: "e0bf74c36c9446649a63781fc000893b" member_type: VOTER last_known_addr { host: "127.0.107.194" port: 41951 }, Status: LMP_MISMATCH, Last received: 0.0, Next index: 1, Last known committed idx: 0, Time since last communication: 0.000s
I20260713 09:00:38.660586  1602 tablet_service.cc:1917] Received RequestConsensusVote() RPC: tablet_id: "1494831ffabc462daec266c8d21c1d08" candidate_uuid: "82c6d81bef8a477a88b2d03dfb80b021" candidate_term: 1 candidate_status { last_received { term: 0 index: 0 } } ignore_live_leader: false dest_uuid: "e0bf74c36c9446649a63781fc000893b" is_pre_election: true
I20260713 09:00:38.661139  1644 leader_election.cc:304] T 15dc594070184c94b38befe146447a30 P 82c6d81bef8a477a88b2d03dfb80b021 [CANDIDATE]: Term 1 pre-election: Election decided. Result: candidate lost. Election summary: received 3 responses out of 3 voters: 1 yes votes; 2 no votes. yes voters: 82c6d81bef8a477a88b2d03dfb80b021; no voters: 1e682e776352434eb21230896be95e3f, e0bf74c36c9446649a63781fc000893b
I20260713 09:00:38.661506  1527 tablet_service.cc:1917] Received RequestConsensusVote() RPC: tablet_id: "1494831ffabc462daec266c8d21c1d08" candidate_uuid: "82c6d81bef8a477a88b2d03dfb80b021" candidate_term: 1 candidate_status { last_received { term: 0 index: 0 } } ignore_live_leader: false dest_uuid: "1e682e776352434eb21230896be95e3f" is_pre_election: true
