I20260713 09:10:48.899637 27473 consensus_queue.cc:260] T 20ea52e3f7824375a168ddcbe4e3f14b P 2465b3e7c15f4598a8da3d5ec3cc14a9 [NON_LEADER]: Queue going to NON_LEADER mode. State: All replicated index: 0, Majority replicated index: 0, Committed index: 0, Last appended: 0.0, Last appended by leader: 0, Current term: 0, Majority size: -1, State: 0, Mode: NON_LEADER, active raft config: opid_index: -1 OBSOLETE_local: false peers { permanent_uuid: "252caebe0d9a41fba1f4d27371e6b471" member_type: VOTER last_known_addr { host: "127.26.130.66" port: 35181 } } peers { permanent_uuid: "424609586c554a84bdefe4b8bc4c835f" member_type: VOTER last_known_addr { host: "127.26.130.65" port: 39361 } } peers { permanent_uuid: "2465b3e7c15f4598a8da3d5ec3cc14a9" member_type: VOTER last_known_addr { host: "127.26.130.67" port: 42097 } }
I20260713 09:10:48.899885 27472 raft_consensus.cc:359] T a1f38281c64d49aeab42b7245f659334 P 424609586c554a84bdefe4b8bc4c835f [term 0 FOLLOWER]: Replica starting. Triggering 0 pending ops. Active config: opid_index: -1 OBSOLETE_local: false peers { permanent_uuid: "424609586c554a84bdefe4b8bc4c835f" member_type: VOTER last_known_addr { host: "127.26.130.65" port: 39361 } } peers { permanent_uuid: "252caebe0d9a41fba1f4d27371e6b471" member_type: VOTER last_known_addr { host: "127.26.130.66" port: 35181 } } peers { permanent_uuid: "2465b3e7c15f4598a8da3d5ec3cc14a9" member_type: VOTER last_known_addr { host: "127.26.130.67" port: 42097 } }
I20260713 09:10:48.900942 27472 raft_consensus.cc:385] T a1f38281c64d49aeab42b7245f659334 P 424609586c554a84bdefe4b8bc4c835f [term 0 FOLLOWER]: Consensus starting up: Expiring failure detector timer to make a prompt election more likely
I20260713 09:10:48.901413 27472 raft_consensus.cc:740] T a1f38281c64d49aeab42b7245f659334 P 424609586c554a84bdefe4b8bc4c835f [term 0 FOLLOWER]: Becoming Follower/Learner. State: Replica: 424609586c554a84bdefe4b8bc4c835f, State: Initialized, Role: FOLLOWER
I20260713 09:10:48.902400 27472 consensus_queue.cc:260] T a1f38281c64d49aeab42b7245f659334 P 424609586c554a84bdefe4b8bc4c835f [NON_LEADER]: Queue going to NON_LEADER mode. State: All replicated index: 0, Majority replicated index: 0, Committed index: 0, Last appended: 0.0, Last appended by leader: 0, Current term: 0, Majority size: -1, State: 0, Mode: NON_LEADER, active raft config: opid_index: -1 OBSOLETE_local: false peers { permanent_uuid: "424609586c554a84bdefe4b8bc4c835f" member_type: VOTER last_known_addr { host: "127.26.130.65" port: 39361 } } peers { permanent_uuid: "252caebe0d9a41fba1f4d27371e6b471" member_type: VOTER last_known_addr { host: "127.26.130.66" port: 35181 } } peers { permanent_uuid: "2465b3e7c15f4598a8da3d5ec3cc14a9" member_type: VOTER last_known_addr { host: "127.26.130.67" port: 42097 } }
I20260713 09:10:48.903318 27473 ts_tablet_manager.cc:1434] T 20ea52e3f7824375a168ddcbe4e3f14b P 2465b3e7c15f4598a8da3d5ec3cc14a9: Time spent starting tablet: real 0.008s	user 0.003s	sys 0.005s
I20260713 09:10:48.905683 27473 tablet_bootstrap.cc:492] T 7e5df9561b094932bfaf453a5657d8ac P 2465b3e7c15f4598a8da3d5ec3cc14a9: Bootstrap starting.
I20260713 09:10:48.905938 27472 ts_tablet_manager.cc:1434] T a1f38281c64d49aeab42b7245f659334 P 424609586c554a84bdefe4b8bc4c835f: Time spent starting tablet: real 0.009s	user 0.007s	sys 0.002s
I20260713 09:10:48.907032 27472 tablet_bootstrap.cc:492] T a7898c922fce4a23ac3af4e58cd719eb P 424609586c554a84bdefe4b8bc4c835f: Bootstrap starting.
I20260713 09:10:48.907130 27474 raft_consensus.cc:359] T 79db339efcbb46afba4f666b2e00330f P 252caebe0d9a41fba1f4d27371e6b471 [term 0 FOLLOWER]: Replica starting. Triggering 0 pending ops. Active config: opid_index: -1 OBSOLETE_local: false peers { permanent_uuid: "424609586c554a84bdefe4b8bc4c835f" member_type: VOTER last_known_addr { host: "127.26.130.65" port: 39361 } } peers { permanent_uuid: "252caebe0d9a41fba1f4d27371e6b471" member_type: VOTER last_known_addr { host: "127.26.130.66" port: 35181 } } peers { permanent_uuid: "2465b3e7c15f4598a8da3d5ec3cc14a9" member_type: VOTER last_known_addr { host: "127.26.130.67" port: 42097 } }
I20260713 09:10:48.907915 27474 raft_consensus.cc:385] T 79db339efcbb46afba4f666b2e00330f P 252caebe0d9a41fba1f4d27371e6b471 [term 0 FOLLOWER]: Consensus starting up: Expiring failure detector timer to make a prompt election more likely
I20260713 09:10:48.908207 27474 raft_consensus.cc:740] T 79db339efcbb46afba4f666b2e00330f P 252caebe0d9a41fba1f4d27371e6b471 [term 0 FOLLOWER]: Becoming Follower/Learner. State: Replica: 252caebe0d9a41fba1f4d27371e6b471, State: Initialized, Role: FOLLOWER
I20260713 09:10:48.908919 27474 consensus_queue.cc:260] T 79db339efcbb46afba4f666b2e00330f P 252caebe0d9a41fba1f4d27371e6b471 [NON_LEADER]: Queue going to NON_LEADER mode. State: All replicated index: 0, Majority replicated index: 0, Committed index: 0, Last appended: 0.0, Last appended by leader: 0, Current term: 0, Majority size: -1, State: 0, Mode: NON_LEADER, active raft config: opid_index: -1 OBSOLETE_local: false peers { permanent_uuid: "424609586c554a84bdefe4b8bc4c835f" member_type: VOTER last_known_addr { host: "127.26.130.65" port: 39361 } } peers { permanent_uuid: "252caebe0d9a41fba1f4d27371e6b471" member_type: VOTER last_known_addr { host: "127.26.130.66" port: 35181 } } peers { permanent_uuid: "2465b3e7c15f4598a8da3d5ec3cc14a9" member_type: VOTER last_known_addr { host: "127.26.130.67" port: 42097 } }
I20260713 09:10:48.911657 27474 ts_tablet_manager.cc:1434] T 79db339efcbb46afba4f666b2e00330f P 252caebe0d9a41fba1f4d27371e6b471: Time spent starting tablet: real 0.012s	user 0.003s	sys 0.004s
I20260713 09:10:48.912460 27473 tablet_bootstrap.cc:654] T 7e5df9561b094932bfaf453a5657d8ac P 2465b3e7c15f4598a8da3d5ec3cc14a9: Neither blocks nor log segments found. Creating new log.
I20260713 09:10:48.913024 27474 tablet_bootstrap.cc:492] T c652208695e14deaa5070b0928a31cdc P 252caebe0d9a41fba1f4d27371e6b471: Bootstrap starting.
I20260713 09:10:48.927009 27472 tablet_bootstrap.cc:654] T a7898c922fce4a23ac3af4e58cd719eb P 424609586c554a84bdefe4b8bc4c835f: Neither blocks nor log segments found. Creating new log.
I20260713 09:10:48.931996 27473 tablet_bootstrap.cc:492] T 7e5df9561b094932bfaf453a5657d8ac P 2465b3e7c15f4598a8da3d5ec3cc14a9: No bootstrap required, opened a new log
I20260713 09:10:48.932210 27474 tablet_bootstrap.cc:654] T c652208695e14deaa5070b0928a31cdc P 252caebe0d9a41fba1f4d27371e6b471: Neither blocks nor log segments found. Creating new log.
I20260713 09:10:48.934386 27473 ts_tablet_manager.cc:1403] T 7e5df9561b094932bfaf453a5657d8ac P 2465b3e7c15f4598a8da3d5ec3cc14a9: Time spent bootstrapping tablet: real 0.029s	user 0.015s	sys 0.000s
I20260713 09:10:48.935606 27472 tablet_bootstrap.cc:492] T a7898c922fce4a23ac3af4e58cd719eb P 424609586c554a84bdefe4b8bc4c835f: No bootstrap required, opened a new log
I20260713 09:10:48.936069 27472 ts_tablet_manager.cc:1403] T a7898c922fce4a23ac3af4e58cd719eb P 424609586c554a84bdefe4b8bc4c835f: Time spent bootstrapping tablet: real 0.029s	user 0.015s	sys 0.000s
I20260713 09:10:48.937430 27473 raft_consensus.cc:359] T 7e5df9561b094932bfaf453a5657d8ac P 2465b3e7c15f4598a8da3d5ec3cc14a9 [term 0 FOLLOWER]: Replica starting. Triggering 0 pending ops. Active config: opid_index: -1 OBSOLETE_local: false peers { permanent_uuid: "424609586c554a84bdefe4b8bc4c835f" member_type: VOTER last_known_addr { host: "127.26.130.65" port: 39361 } } peers { permanent_uuid: "252caebe0d9a41fba1f4d27371e6b471" member_type: VOTER last_known_addr { host: "127.26.130.66" port: 35181 } } peers { permanent_uuid: "2465b3e7c15f4598a8da3d5ec3cc14a9" member_type: VOTER last_known_addr { host: "127.26.130.67" port: 42097 } }
I20260713 09:10:48.938419 27473 raft_consensus.cc:385] T 7e5df9561b094932bfaf453a5657d8ac P 2465b3e7c15f4598a8da3d5ec3cc14a9 [term 0 FOLLOWER]: Consensus starting up: Expiring failure detector timer to make a prompt election more likely
I20260713 09:10:48.939077 27473 raft_consensus.cc:740] T 7e5df9561b094932bfaf453a5657d8ac P 2465b3e7c15f4598a8da3d5ec3cc14a9 [term 0 FOLLOWER]: Becoming Follower/Learner. State: Replica: 2465b3e7c15f4598a8da3d5ec3cc14a9, State: Initialized, Role: FOLLOWER
I20260713 09:10:48.938877 27472 raft_consensus.cc:359] T a7898c922fce4a23ac3af4e58cd719eb P 424609586c554a84bdefe4b8bc4c835f [term 0 FOLLOWER]: Replica starting. Triggering 0 pending ops. Active config: opid_index: -1 OBSOLETE_local: false peers { permanent_uuid: "424609586c554a84bdefe4b8bc4c835f" member_type: VOTER last_known_addr { host: "127.26.130.65" port: 39361 } } peers { permanent_uuid: "252caebe0d9a41fba1f4d27371e6b471" member_type: VOTER last_known_addr { host: "127.26.130.66" port: 35181 } } peers { permanent_uuid: "2465b3e7c15f4598a8da3d5ec3cc14a9" member_type: VOTER last_known_addr { host: "127.26.130.67" port: 42097 } }
I20260713 09:10:48.940055 27472 raft_consensus.cc:385] T a7898c922fce4a23ac3af4e58cd719eb P 424609586c554a84bdefe4b8bc4c835f [term 0 FOLLOWER]: Consensus starting up: Expiring failure detector timer to make a prompt election more likely
I20260713 09:10:48.940398 27472 raft_consensus.cc:740] T a7898c922fce4a23ac3af4e58cd719eb P 424609586c554a84bdefe4b8bc4c835f [term 0 FOLLOWER]: Becoming Follower/Learner. State: Replica: 424609586c554a84bdefe4b8bc4c835f, State: Initialized, Role: FOLLOWER
I20260713 09:10:48.940982 27473 consensus_queue.cc:260] T 7e5df9561b094932bfaf453a5657d8ac P 2465b3e7c15f4598a8da3d5ec3cc14a9 [NON_LEADER]: Queue going to NON_LEADER mode. State: All replicated index: 0, Majority replicated index: 0, Committed index: 0, Last appended: 0.0, Last appended by leader: 0, Current term: 0, Majority size: -1, State: 0, Mode: NON_LEADER, active raft config: opid_index: -1 OBSOLETE_local: false peers { permanent_uuid: "424609586c554a84bdefe4b8bc4c835f" member_type: VOTER last_known_addr { host: "127.26.130.65" port: 39361 } } peers { permanent_uuid: "252caebe0d9a41fba1f4d27371e6b471" member_type: VOTER last_known_addr { host: "127.26.130.66" port: 35181 } } peers { permanent_uuid: "2465b3e7c15f4598a8da3d5ec3cc14a9" member_type: VOTER last_known_addr { host: "127.26.130.67" port: 42097 } }
I20260713 09:10:48.941260 27472 consensus_queue.cc:260] T a7898c922fce4a23ac3af4e58cd719eb P 424609586c554a84bdefe4b8bc4c835f [NON_LEADER]: Queue going to NON_LEADER mode. State: All replicated index: 0, Majority replicated index: 0, Committed index: 0, Last appended: 0.0, Last appended by leader: 0, Current term: 0, Majority size: -1, State: 0, Mode: NON_LEADER, active raft config: opid_index: -1 OBSOLETE_local: false peers { permanent_uuid: "424609586c554a84bdefe4b8bc4c835f" member_type: VOTER last_known_addr { host: "127.26.130.65" port: 39361 } } peers { permanent_uuid: "252caebe0d9a41fba1f4d27371e6b471" member_type: VOTER last_known_addr { host: "127.26.130.66" port: 35181 } } peers { permanent_uuid: "2465b3e7c15f4598a8da3d5ec3cc14a9" member_type: VOTER last_known_addr { host: "127.26.130.67" port: 42097 } }
I20260713 09:10:48.944392 27472 ts_tablet_manager.cc:1434] T a7898c922fce4a23ac3af4e58cd719eb P 424609586c554a84bdefe4b8bc4c835f: Time spent starting tablet: real 0.008s	user 0.003s	sys 0.005s
I20260713 09:10:48.944485 27473 ts_tablet_manager.cc:1434] T 7e5df9561b094932bfaf453a5657d8ac P 2465b3e7c15f4598a8da3d5ec3cc14a9: Time spent starting tablet: real 0.010s	user 0.001s	sys 0.005s
I20260713 09:10:48.945353 27472 tablet_bootstrap.cc:492] T c50d90a3c215411cb92f2c723d88e67c P 424609586c554a84bdefe4b8bc4c835f: Bootstrap starting.
I20260713 09:10:48.945382 27473 tablet_bootstrap.cc:492] T 1aa6c696a7e34a4e98d00daacdc25ec9 P 2465b3e7c15f4598a8da3d5ec3cc14a9: Bootstrap starting.
I20260713 09:10:48.951761 27474 tablet_bootstrap.cc:492] T c652208695e14deaa5070b0928a31cdc P 252caebe0d9a41fba1f4d27371e6b471: No bootstrap required, opened a new log
I20260713 09:10:48.952251 27474 ts_tablet_manager.cc:1403] T c652208695e14deaa5070b0928a31cdc P 252caebe0d9a41fba1f4d27371e6b471: Time spent bootstrapping tablet: real 0.040s	user 0.019s	sys 0.004s
I20260713 09:10:48.952656 27472 tablet_bootstrap.cc:654] T c50d90a3c215411cb92f2c723d88e67c P 424609586c554a84bdefe4b8bc4c835f: Neither blocks nor log segments found. Creating new log.
I20260713 09:10:48.960172 27480 raft_consensus.cc:493] T 7e5df9561b094932bfaf453a5657d8ac P 252caebe0d9a41fba1f4d27371e6b471 [term 0 FOLLOWER]: Starting pre-election (no leader contacted us within the election timeout)
I20260713 09:10:48.958781 27478 raft_consensus.cc:493] T 7e5df9561b094932bfaf453a5657d8ac P 2465b3e7c15f4598a8da3d5ec3cc14a9 [term 0 FOLLOWER]: Starting pre-election (no leader contacted us within the election timeout)
I20260713 09:10:48.990593 27480 raft_consensus.cc:515] T 7e5df9561b094932bfaf453a5657d8ac P 252caebe0d9a41fba1f4d27371e6b471 [term 0 FOLLOWER]: Starting pre-election with config: opid_index: -1 OBSOLETE_local: false peers { permanent_uuid: "424609586c554a84bdefe4b8bc4c835f" member_type: VOTER last_known_addr { host: "127.26.130.65" port: 39361 } } peers { permanent_uuid: "252caebe0d9a41fba1f4d27371e6b471" member_type: VOTER last_known_addr { host: "127.26.130.66" port: 35181 } } peers { permanent_uuid: "2465b3e7c15f4598a8da3d5ec3cc14a9" member_type: VOTER last_known_addr { host: "127.26.130.67" port: 42097 } }
I20260713 09:10:48.990866 27478 raft_consensus.cc:515] T 7e5df9561b094932bfaf453a5657d8ac P 2465b3e7c15f4598a8da3d5ec3cc14a9 [term 0 FOLLOWER]: Starting pre-election with config: opid_index: -1 OBSOLETE_local: false peers { permanent_uuid: "424609586c554a84bdefe4b8bc4c835f" member_type: VOTER last_known_addr { host: "127.26.130.65" port: 39361 } } peers { permanent_uuid: "252caebe0d9a41fba1f4d27371e6b471" member_type: VOTER last_known_addr { host: "127.26.130.66" port: 35181 } } peers { permanent_uuid: "2465b3e7c15f4598a8da3d5ec3cc14a9" member_type: VOTER last_known_addr { host: "127.26.130.67" port: 42097 } }
I20260713 09:10:48.991978 27474 raft_consensus.cc:359] T c652208695e14deaa5070b0928a31cdc P 252caebe0d9a41fba1f4d27371e6b471 [term 0 FOLLOWER]: Replica starting. Triggering 0 pending ops. Active config: opid_index: -1 OBSOLETE_local: false peers { permanent_uuid: "424609586c554a84bdefe4b8bc4c835f" member_type: VOTER last_known_addr { host: "127.26.130.65" port: 39361 } } peers { permanent_uuid: "252caebe0d9a41fba1f4d27371e6b471" member_type: VOTER last_known_addr { host: "127.26.130.66" port: 35181 } } peers { permanent_uuid: "2465b3e7c15f4598a8da3d5ec3cc14a9" member_type: VOTER last_known_addr { host: "127.26.130.67" port: 42097 } }
I20260713 09:10:48.992682 27474 raft_consensus.cc:385] T c652208695e14deaa5070b0928a31cdc P 252caebe0d9a41fba1f4d27371e6b471 [term 0 FOLLOWER]: Consensus starting up: Expiring failure detector timer to make a prompt election more likely
I20260713 09:10:48.993417 27478 leader_election.cc:290] T 7e5df9561b094932bfaf453a5657d8ac P 2465b3e7c15f4598a8da3d5ec3cc14a9 [CANDIDATE]: Term 1 pre-election: Requested pre-vote from peers 424609586c554a84bdefe4b8bc4c835f (127.26.130.65:39361), 252caebe0d9a41fba1f4d27371e6b471 (127.26.130.66:35181)
I20260713 09:10:48.952656 27473 tablet_bootstrap.cc:654] T 1aa6c696a7e34a4e98d00daacdc25ec9 P 2465b3e7c15f4598a8da3d5ec3cc14a9: Neither blocks nor log segments found. Creating new log.
I20260713 09:10:48.992993 27474 raft_consensus.cc:740] T c652208695e14deaa5070b0928a31cdc P 252caebe0d9a41fba1f4d27371e6b471 [term 0 FOLLOWER]: Becoming Follower/Learner. State: Replica: 252caebe0d9a41fba1f4d27371e6b471, State: Initialized, Role: FOLLOWER
I20260713 09:10:48.993892 27480 leader_election.cc:290] T 7e5df9561b094932bfaf453a5657d8ac P 252caebe0d9a41fba1f4d27371e6b471 [CANDIDATE]: Term 1 pre-election: Requested pre-vote from peers 424609586c554a84bdefe4b8bc4c835f (127.26.130.65:39361), 2465b3e7c15f4598a8da3d5ec3cc14a9 (127.26.130.67:42097)
I20260713 09:10:49.001164 27474 consensus_queue.cc:260] T c652208695e14deaa5070b0928a31cdc P 252caebe0d9a41fba1f4d27371e6b471 [NON_LEADER]: Queue going to NON_LEADER mode. State: All replicated index: 0, Majority replicated index: 0, Committed index: 0, Last appended: 0.0, Last appended by leader: 0, Current term: 0, Majority size: -1, State: 0, Mode: NON_LEADER, active raft config: opid_index: -1 OBSOLETE_local: false peers { permanent_uuid: "424609586c554a84bdefe4b8bc4c835f" member_type: VOTER last_known_addr { host: "127.26.130.65" port: 39361 } } peers { permanent_uuid: "252caebe0d9a41fba1f4d27371e6b471" member_type: VOTER last_known_addr { host: "127.26.130.66" port: 35181 } } peers { permanent_uuid: "2465b3e7c15f4598a8da3d5ec3cc14a9" member_type: VOTER last_known_addr { host: "127.26.130.67" port: 42097 } }
I20260713 09:10:49.001961 27480 raft_consensus.cc:493] T c50d90a3c215411cb92f2c723d88e67c P 252caebe0d9a41fba1f4d27371e6b471 [term 0 FOLLOWER]: Starting pre-election (no leader contacted us within the election timeout)
I20260713 09:10:49.002434 27480 raft_consensus.cc:515] T c50d90a3c215411cb92f2c723d88e67c P 252caebe0d9a41fba1f4d27371e6b471 [term 0 FOLLOWER]: Starting pre-election with config: opid_index: -1 OBSOLETE_local: false peers { permanent_uuid: "424609586c554a84bdefe4b8bc4c835f" member_type: VOTER last_known_addr { host: "127.26.130.65" port: 39361 } } peers { permanent_uuid: "252caebe0d9a41fba1f4d27371e6b471" member_type: VOTER last_known_addr { host: "127.26.130.66" port: 35181 } } peers { permanent_uuid: "2465b3e7c15f4598a8da3d5ec3cc14a9" member_type: VOTER last_known_addr { host: "127.26.130.67" port: 42097 } }
I20260713 09:10:49.003420 27474 ts_tablet_manager.cc:1434] T c652208695e14deaa5070b0928a31cdc P 252caebe0d9a41fba1f4d27371e6b471: Time spent starting tablet: real 0.051s	user 0.022s	sys 0.011s
I20260713 09:10:49.003374 27280 tablet_service.cc:1917] Received RequestConsensusVote() RPC: tablet_id: "7e5df9561b094932bfaf453a5657d8ac" candidate_uuid: "2465b3e7c15f4598a8da3d5ec3cc14a9" candidate_term: 1 candidate_status { last_received { term: 0 index: 0 } } ignore_live_leader: false dest_uuid: "424609586c554a84bdefe4b8bc4c835f" is_pre_election: true
I20260713 09:10:49.004302 27480 leader_election.cc:290] T c50d90a3c215411cb92f2c723d88e67c P 252caebe0d9a41fba1f4d27371e6b471 [CANDIDATE]: Term 1 pre-election: Requested pre-vote from peers 424609586c554a84bdefe4b8bc4c835f (127.26.130.65:39361), 2465b3e7c15f4598a8da3d5ec3cc14a9 (127.26.130.67:42097)
I20260713 09:10:49.004431 27474 tablet_bootstrap.cc:492] T a7898c922fce4a23ac3af4e58cd719eb P 252caebe0d9a41fba1f4d27371e6b471: Bootstrap starting.
W20260713 09:10:49.005244 27394 leader_election.cc:343] T 7e5df9561b094932bfaf453a5657d8ac P 2465b3e7c15f4598a8da3d5ec3cc14a9 [CANDIDATE]: Term 1 pre-election: Tablet error from VoteRequest() call to peer 424609586c554a84bdefe4b8bc4c835f (127.26.130.65:39361): Illegal state: must be running to vote when last-logged opid is not known
I20260713 09:10:49.021023 27174 catalog_manager.cc:5697] T fb7dbd9ab4e14fba8fb4f2e977ef2bf7 P 424609586c554a84bdefe4b8bc4c835f reported cstate change: term changed from 0 to 1, leader changed from <none> to 424609586c554a84bdefe4b8bc4c835f (127.26.130.65). New cstate: current_term: 1 leader_uuid: "424609586c554a84bdefe4b8bc4c835f" committed_config { opid_index: -1 OBSOLETE_local: false peers { permanent_uuid: "424609586c554a84bdefe4b8bc4c835f" member_type: VOTER last_known_addr { host: "127.26.130.65" port: 39361 } health_report { overall_health: HEALTHY } } peers { permanent_uuid: "252caebe0d9a41fba1f4d27371e6b471" member_type: VOTER last_known_addr { host: "127.26.130.66" port: 35181 } health_report { overall_health: UNKNOWN } } peers { permanent_uuid: "2465b3e7c15f4598a8da3d5ec3cc14a9" member_type: VOTER last_known_addr { host: "127.26.130.67" port: 42097 } health_report { overall_health: UNKNOWN } } }
I20260713 09:10:49.023079 27474 tablet_bootstrap.cc:654] T a7898c922fce4a23ac3af4e58cd719eb P 252caebe0d9a41fba1f4d27371e6b471: Neither blocks nor log segments found. Creating new log.
I20260713 09:10:49.030591 27354 tablet_service.cc:1917] Received RequestConsensusVote() RPC: tablet_id: "7e5df9561b094932bfaf453a5657d8ac" candidate_uuid: "2465b3e7c15f4598a8da3d5ec3cc14a9" candidate_term: 1 candidate_status { last_received { term: 0 index: 0 } } ignore_live_leader: false dest_uuid: "252caebe0d9a41fba1f4d27371e6b471" is_pre_election: true
I20260713 09:10:49.031193 27354 raft_consensus.cc:2468] T 7e5df9561b094932bfaf453a5657d8ac P 252caebe0d9a41fba1f4d27371e6b471 [term 0 FOLLOWER]: Leader pre-election vote request: Granting yes vote for candidate 2465b3e7c15f4598a8da3d5ec3cc14a9 in term 0.
I20260713 09:10:49.039618 27395 leader_election.cc:304] T 7e5df9561b094932bfaf453a5657d8ac P 2465b3e7c15f4598a8da3d5ec3cc14a9 [CANDIDATE]: Term 1 pre-election: Election decided. Result: candidate won. Election summary: received 3 responses out of 3 voters: 2 yes votes; 1 no votes. yes voters: 2465b3e7c15f4598a8da3d5ec3cc14a9, 252caebe0d9a41fba1f4d27371e6b471; no voters: 424609586c554a84bdefe4b8bc4c835f
I20260713 09:10:49.044685 27478 raft_consensus.cc:2804] T 7e5df9561b094932bfaf453a5657d8ac P 2465b3e7c15f4598a8da3d5ec3cc14a9 [term 0 FOLLOWER]: Leader pre-election won for term 1
I20260713 09:10:49.045836 27478 raft_consensus.cc:493] T 7e5df9561b094932bfaf453a5657d8ac P 2465b3e7c15f4598a8da3d5ec3cc14a9 [term 0 FOLLOWER]: Starting leader election (no leader contacted us within the election timeout)
I20260713 09:10:49.047770 27478 raft_consensus.cc:3060] T 7e5df9561b094932bfaf453a5657d8ac P 2465b3e7c15f4598a8da3d5ec3cc14a9 [term 0 FOLLOWER]: Advancing to term 1
I20260713 09:10:49.049217 27489 raft_consensus.cc:493] T a1f38281c64d49aeab42b7245f659334 P 424609586c554a84bdefe4b8bc4c835f [term 0 FOLLOWER]: Starting pre-election (no leader contacted us within the election timeout)
I20260713 09:10:49.049654 27489 raft_consensus.cc:515] T a1f38281c64d49aeab42b7245f659334 P 424609586c554a84bdefe4b8bc4c835f [term 0 FOLLOWER]: Starting pre-election with config: opid_index: -1 OBSOLETE_local: false peers { permanent_uuid: "424609586c554a84bdefe4b8bc4c835f" member_type: VOTER last_known_addr { host: "127.26.130.65" port: 39361 } } peers { permanent_uuid: "252caebe0d9a41fba1f4d27371e6b471" member_type: VOTER last_known_addr { host: "127.26.130.66" port: 35181 } } peers { permanent_uuid: "2465b3e7c15f4598a8da3d5ec3cc14a9" member_type: VOTER last_known_addr { host: "127.26.130.67" port: 42097 } }
I20260713 09:10:49.051780 27489 leader_election.cc:290] T a1f38281c64d49aeab42b7245f659334 P 424609586c554a84bdefe4b8bc4c835f [CANDIDATE]: Term 1 pre-election: Requested pre-vote from peers 252caebe0d9a41fba1f4d27371e6b471 (127.26.130.66:35181), 2465b3e7c15f4598a8da3d5ec3cc14a9 (127.26.130.67:42097)
I20260713 09:10:49.052500 27354 tablet_service.cc:1917] Received RequestConsensusVote() RPC: tablet_id: "a1f38281c64d49aeab42b7245f659334" candidate_uuid: "424609586c554a84bdefe4b8bc4c835f" candidate_term: 1 candidate_status { last_received { term: 0 index: 0 } } ignore_live_leader: false dest_uuid: "252caebe0d9a41fba1f4d27371e6b471" is_pre_election: true
W20260713 09:10:49.054425 27246 leader_election.cc:343] T a1f38281c64d49aeab42b7245f659334 P 424609586c554a84bdefe4b8bc4c835f [CANDIDATE]: Term 1 pre-election: Tablet error from VoteRequest() call to peer 252caebe0d9a41fba1f4d27371e6b471 (127.26.130.66:35181): Illegal state: must be running to vote when last-logged opid is not known
I20260713 09:10:49.053510 27429 tablet_service.cc:1917] Received RequestConsensusVote() RPC: tablet_id: "a1f38281c64d49aeab42b7245f659334" candidate_uuid: "424609586c554a84bdefe4b8bc4c835f" candidate_term: 1 candidate_status { last_received { term: 0 index: 0 } } ignore_live_leader: false dest_uuid: "2465b3e7c15f4598a8da3d5ec3cc14a9" is_pre_election: true
W20260713 09:10:49.058765 27244 leader_election.cc:343] T a1f38281c64d49aeab42b7245f659334 P 424609586c554a84bdefe4b8bc4c835f [CANDIDATE]: Term 1 pre-election: Tablet error from VoteRequest() call to peer 2465b3e7c15f4598a8da3d5ec3cc14a9 (127.26.130.67:42097): Illegal state: must be running to vote when last-logged opid is not known
I20260713 09:10:49.059345 27244 leader_election.cc:304] T a1f38281c64d49aeab42b7245f659334 P 424609586c554a84bdefe4b8bc4c835f [CANDIDATE]: Term 1 pre-election: Election decided. Result: candidate lost. Election summary: received 3 responses out of 3 voters: 1 yes votes; 2 no votes. yes voters: 424609586c554a84bdefe4b8bc4c835f; no voters: 2465b3e7c15f4598a8da3d5ec3cc14a9, 252caebe0d9a41fba1f4d27371e6b471
I20260713 09:10:49.060650 27489 raft_consensus.cc:2749] T a1f38281c64d49aeab42b7245f659334 P 424609586c554a84bdefe4b8bc4c835f [term 0 FOLLOWER]: Leader pre-election lost for term 1. Reason: could not achieve majority
I20260713 09:10:49.065622 27472 tablet_bootstrap.cc:492] T c50d90a3c215411cb92f2c723d88e67c P 424609586c554a84bdefe4b8bc4c835f: No bootstrap required, opened a new log
I20260713 09:10:49.068779 27474 tablet_bootstrap.cc:492] T a7898c922fce4a23ac3af4e58cd719eb P 252caebe0d9a41fba1f4d27371e6b471: No bootstrap required, opened a new log
I20260713 09:10:49.069562 27474 ts_tablet_manager.cc:1403] T a7898c922fce4a23ac3af4e58cd719eb P 252caebe0d9a41fba1f4d27371e6b471: Time spent bootstrapping tablet: real 0.065s	user 0.008s	sys 0.014s
I20260713 09:10:49.070078 27472 ts_tablet_manager.cc:1403] T c50d90a3c215411cb92f2c723d88e67c P 424609586c554a84bdefe4b8bc4c835f: Time spent bootstrapping tablet: real 0.125s	user 0.008s	sys 0.008s
I20260713 09:10:49.077571 27280 tablet_service.cc:1917] Received RequestConsensusVote() RPC: tablet_id: "7e5df9561b094932bfaf453a5657d8ac" candidate_uuid: "252caebe0d9a41fba1f4d27371e6b471" candidate_term: 1 candidate_status { last_received { term: 0 index: 0 } } ignore_live_leader: false dest_uuid: "424609586c554a84bdefe4b8bc4c835f" is_pre_election: true
I20260713 09:10:49.078210 27279 tablet_service.cc:1917] Received RequestConsensusVote() RPC: tablet_id: "c50d90a3c215411cb92f2c723d88e67c" candidate_uuid: "252caebe0d9a41fba1f4d27371e6b471" candidate_term: 1 candidate_status { last_received { term: 0 index: 0 } } ignore_live_leader: false dest_uuid: "424609586c554a84bdefe4b8bc4c835f" is_pre_election: true
W20260713 09:10:49.080529 27320 leader_election.cc:343] T 7e5df9561b094932bfaf453a5657d8ac P 252caebe0d9a41fba1f4d27371e6b471 [CANDIDATE]: Term 1 pre-election: Tablet error from VoteRequest() call to peer 424609586c554a84bdefe4b8bc4c835f (127.26.130.65:39361): Illegal state: must be running to vote when last-logged opid is not known
I20260713 09:10:49.080613 27428 tablet_service.cc:1917] Received RequestConsensusVote() RPC: tablet_id: "c50d90a3c215411cb92f2c723d88e67c" candidate_uuid: "252caebe0d9a41fba1f4d27371e6b471" candidate_term: 1 candidate_status { last_received { term: 0 index: 0 } } ignore_live_leader: false dest_uuid: "2465b3e7c15f4598a8da3d5ec3cc14a9" is_pre_election: true
I20260713 09:10:49.079981 27429 tablet_service.cc:1917] Received RequestConsensusVote() RPC: tablet_id: "7e5df9561b094932bfaf453a5657d8ac" candidate_uuid: "252caebe0d9a41fba1f4d27371e6b471" candidate_term: 1 candidate_status { last_received { term: 0 index: 0 } } ignore_live_leader: false dest_uuid: "2465b3e7c15f4598a8da3d5ec3cc14a9" is_pre_election: true
I20260713 09:10:49.081470 27428 raft_consensus.cc:2468] T c50d90a3c215411cb92f2c723d88e67c P 2465b3e7c15f4598a8da3d5ec3cc14a9 [term 0 FOLLOWER]: Leader pre-election vote request: Granting yes vote for candidate 252caebe0d9a41fba1f4d27371e6b471 in term 0.
I20260713 09:10:49.083423 27472 raft_consensus.cc:359] T c50d90a3c215411cb92f2c723d88e67c P 424609586c554a84bdefe4b8bc4c835f [term 0 FOLLOWER]: Replica starting. Triggering 0 pending ops. Active config: opid_index: -1 OBSOLETE_local: false peers { permanent_uuid: "424609586c554a84bdefe4b8bc4c835f" member_type: VOTER last_known_addr { host: "127.26.130.65" port: 39361 } } peers { permanent_uuid: "252caebe0d9a41fba1f4d27371e6b471" member_type: VOTER last_known_addr { host: "127.26.130.66" port: 35181 } } peers { permanent_uuid: "2465b3e7c15f4598a8da3d5ec3cc14a9" member_type: VOTER last_known_addr { host: "127.26.130.67" port: 42097 } }
I20260713 09:10:49.083693 27474 raft_consensus.cc:359] T a7898c922fce4a23ac3af4e58cd719eb P 252caebe0d9a41fba1f4d27371e6b471 [term 0 FOLLOWER]: Replica starting. Triggering 0 pending ops. Active config: opid_index: -1 OBSOLETE_local: false peers { permanent_uuid: "424609586c554a84bdefe4b8bc4c835f" member_type: VOTER last_known_addr { host: "127.26.130.65" port: 39361 } } peers { permanent_uuid: "252caebe0d9a41fba1f4d27371e6b471" member_type: VOTER last_known_addr { host: "127.26.130.66" port: 35181 } } peers { permanent_uuid: "2465b3e7c15f4598a8da3d5ec3cc14a9" member_type: VOTER last_known_addr { host: "127.26.130.67" port: 42097 } }
W20260713 09:10:49.083992 27320 leader_election.cc:343] T c50d90a3c215411cb92f2c723d88e67c P 252caebe0d9a41fba1f4d27371e6b471 [CANDIDATE]: Term 1 pre-election: Tablet error from VoteRequest() call to peer 424609586c554a84bdefe4b8bc4c835f (127.26.130.65:39361): Illegal state: must be running to vote when last-logged opid is not known
I20260713 09:10:49.084187 27472 raft_consensus.cc:385] T c50d90a3c215411cb92f2c723d88e67c P 424609586c554a84bdefe4b8bc4c835f [term 0 FOLLOWER]: Consensus starting up: Expiring failure detector timer to make a prompt election more likely
I20260713 09:10:49.084319 27473 tablet_bootstrap.cc:492] T 1aa6c696a7e34a4e98d00daacdc25ec9 P 2465b3e7c15f4598a8da3d5ec3cc14a9: No bootstrap required, opened a new log
I20260713 09:10:49.084419 27474 raft_consensus.cc:385] T a7898c922fce4a23ac3af4e58cd719eb P 252caebe0d9a41fba1f4d27371e6b471 [term 0 FOLLOWER]: Consensus starting up: Expiring failure detector timer to make a prompt election more likely
I20260713 09:10:49.084915 27472 raft_consensus.cc:740] T c50d90a3c215411cb92f2c723d88e67c P 424609586c554a84bdefe4b8bc4c835f [term 0 FOLLOWER]: Becoming Follower/Learner. State: Replica: 424609586c554a84bdefe4b8bc4c835f, State: Initialized, Role: FOLLOWER
I20260713 09:10:49.085383 27473 ts_tablet_manager.cc:1403] T 1aa6c696a7e34a4e98d00daacdc25ec9 P 2465b3e7c15f4598a8da3d5ec3cc14a9: Time spent bootstrapping tablet: real 0.140s	user 0.017s	sys 0.023s
I20260713 09:10:49.085387 27319 leader_election.cc:304] T c50d90a3c215411cb92f2c723d88e67c P 252caebe0d9a41fba1f4d27371e6b471 [CANDIDATE]: Term 1 pre-election: Election decided. Result: candidate won. Election summary: received 3 responses out of 3 voters: 2 yes votes; 1 no votes. yes voters: 2465b3e7c15f4598a8da3d5ec3cc14a9, 252caebe0d9a41fba1f4d27371e6b471; no voters: 424609586c554a84bdefe4b8bc4c835f
I20260713 09:10:49.084946 27474 raft_consensus.cc:740] T a7898c922fce4a23ac3af4e58cd719eb P 252caebe0d9a41fba1f4d27371e6b471 [term 0 FOLLOWER]: Becoming Follower/Learner. State: Replica: 252caebe0d9a41fba1f4d27371e6b471, State: Initialized, Role: FOLLOWER
I20260713 09:10:49.086341 27480 raft_consensus.cc:2804] T c50d90a3c215411cb92f2c723d88e67c P 252caebe0d9a41fba1f4d27371e6b471 [term 0 FOLLOWER]: Leader pre-election won for term 1
I20260713 09:10:49.086946 27480 raft_consensus.cc:493] T c50d90a3c215411cb92f2c723d88e67c P 252caebe0d9a41fba1f4d27371e6b471 [term 0 FOLLOWER]: Starting leader election (no leader contacted us within the election timeout)
I20260713 09:10:49.087307 27480 raft_consensus.cc:3060] T c50d90a3c215411cb92f2c723d88e67c P 252caebe0d9a41fba1f4d27371e6b471 [term 0 FOLLOWER]: Advancing to term 1
I20260713 09:10:49.087244 27474 consensus_queue.cc:260] T a7898c922fce4a23ac3af4e58cd719eb P 252caebe0d9a41fba1f4d27371e6b471 [NON_LEADER]: Queue going to NON_LEADER mode. State: All replicated index: 0, Majority replicated index: 0, Committed index: 0, Last appended: 0.0, Last appended by leader: 0, Current term: 0, Majority size: -1, State: 0, Mode: NON_LEADER, active raft config: opid_index: -1 OBSOLETE_local: false peers { permanent_uuid: "424609586c554a84bdefe4b8bc4c835f" member_type: VOTER last_known_addr { host: "127.26.130.65" port: 39361 } } peers { permanent_uuid: "252caebe0d9a41fba1f4d27371e6b471" member_type: VOTER last_known_addr { host: "127.26.130.66" port: 35181 } } peers { permanent_uuid: "2465b3e7c15f4598a8da3d5ec3cc14a9" member_type: VOTER last_known_addr { host: "127.26.130.67" port: 42097 } }
I20260713 09:10:49.086572 27514 raft_consensus.cc:493] T c50d90a3c215411cb92f2c723d88e67c P 2465b3e7c15f4598a8da3d5ec3cc14a9 [term 0 FOLLOWER]: Starting pre-election (no leader contacted us within the election timeout)
I20260713 09:10:49.087579 27478 raft_consensus.cc:515] T 7e5df9561b094932bfaf453a5657d8ac P 2465b3e7c15f4598a8da3d5ec3cc14a9 [term 1 FOLLOWER]: Starting leader election with config: opid_index: -1 OBSOLETE_local: false peers { permanent_uuid: "424609586c554a84bdefe4b8bc4c835f" member_type: VOTER last_known_addr { host: "127.26.130.65" port: 39361 } } peers { permanent_uuid: "252caebe0d9a41fba1f4d27371e6b471" member_type: VOTER last_known_addr { host: "127.26.130.66" port: 35181 } } peers { permanent_uuid: "2465b3e7c15f4598a8da3d5ec3cc14a9" member_type: VOTER last_known_addr { host: "127.26.130.67" port: 42097 } }
I20260713 09:10:49.089846 27508 raft_consensus.cc:493] T c652208695e14deaa5070b0928a31cdc P 252caebe0d9a41fba1f4d27371e6b471 [term 0 FOLLOWER]: Starting pre-election (no leader contacted us within the election timeout)
I20260713 09:10:49.090351 27508 raft_consensus.cc:515] T c652208695e14deaa5070b0928a31cdc P 252caebe0d9a41fba1f4d27371e6b471 [term 0 FOLLOWER]: Starting pre-election with config: opid_index: -1 OBSOLETE_local: false peers { permanent_uuid: "424609586c554a84bdefe4b8bc4c835f" member_type: VOTER last_known_addr { host: "127.26.130.65" port: 39361 } } peers { permanent_uuid: "252caebe0d9a41fba1f4d27371e6b471" member_type: VOTER last_known_addr { host: "127.26.130.66" port: 35181 } } peers { permanent_uuid: "2465b3e7c15f4598a8da3d5ec3cc14a9" member_type: VOTER last_known_addr { host: "127.26.130.67" port: 42097 } }
I20260713 09:10:49.090996 27489 raft_consensus.cc:493] T 1aa6c696a7e34a4e98d00daacdc25ec9 P 424609586c554a84bdefe4b8bc4c835f [term 0 FOLLOWER]: Starting pre-election (no leader contacted us within the election timeout)
I20260713 09:10:49.091312 27472 consensus_queue.cc:260] T c50d90a3c215411cb92f2c723d88e67c P 424609586c554a84bdefe4b8bc4c835f [NON_LEADER]: Queue going to NON_LEADER mode. State: All replicated index: 0, Majority replicated index: 0, Committed index: 0, Last appended: 0.0, Last appended by leader: 0, Current term: 0, Majority size: -1, State: 0, Mode: NON_LEADER, active raft config: opid_index: -1 OBSOLETE_local: false peers { permanent_uuid: "424609586c554a84bdefe4b8bc4c835f" member_type: VOTER last_known_addr { host: "127.26.130.65" port: 39361 } } peers { permanent_uuid: "252caebe0d9a41fba1f4d27371e6b471" member_type: VOTER last_known_addr { host: "127.26.130.66" port: 35181 } } peers { permanent_uuid: "2465b3e7c15f4598a8da3d5ec3cc14a9" member_type: VOTER last_known_addr { host: "127.26.130.67" port: 42097 } }
I20260713 09:10:49.092763 27473 raft_consensus.cc:359] T 1aa6c696a7e34a4e98d00daacdc25ec9 P 2465b3e7c15f4598a8da3d5ec3cc14a9 [term 0 FOLLOWER]: Replica starting. Triggering 0 pending ops. Active config: opid_index: -1 OBSOLETE_local: false peers { permanent_uuid: "424609586c554a84bdefe4b8bc4c835f" member_type: VOTER last_known_addr { host: "127.26.130.65" port: 39361 } } peers { permanent_uuid: "252caebe0d9a41fba1f4d27371e6b471" member_type: VOTER last_known_addr { host: "127.26.130.66" port: 35181 } } peers { permanent_uuid: "2465b3e7c15f4598a8da3d5ec3cc14a9" member_type: VOTER last_known_addr { host: "127.26.130.67" port: 42097 } }
I20260713 09:10:49.093565 27473 raft_consensus.cc:385] T 1aa6c696a7e34a4e98d00daacdc25ec9 P 2465b3e7c15f4598a8da3d5ec3cc14a9 [term 0 FOLLOWER]: Consensus starting up: Expiring failure detector timer to make a prompt election more likely
I20260713 09:10:49.093873 27473 raft_consensus.cc:740] T 1aa6c696a7e34a4e98d00daacdc25ec9 P 2465b3e7c15f4598a8da3d5ec3cc14a9 [term 0 FOLLOWER]: Becoming Follower/Learner. State: Replica: 2465b3e7c15f4598a8da3d5ec3cc14a9, State: Initialized, Role: FOLLOWER
I20260713 09:10:49.095748 27480 raft_consensus.cc:515] T c50d90a3c215411cb92f2c723d88e67c P 252caebe0d9a41fba1f4d27371e6b471 [term 1 FOLLOWER]: Starting leader election with config: opid_index: -1 OBSOLETE_local: false peers { permanent_uuid: "424609586c554a84bdefe4b8bc4c835f" member_type: VOTER last_known_addr { host: "127.26.130.65" port: 39361 } } peers { permanent_uuid: "252caebe0d9a41fba1f4d27371e6b471" member_type: VOTER last_known_addr { host: "127.26.130.66" port: 35181 } } peers { permanent_uuid: "2465b3e7c15f4598a8da3d5ec3cc14a9" member_type: VOTER last_known_addr { host: "127.26.130.67" port: 42097 } }
I20260713 09:10:49.096318 27489 raft_consensus.cc:515] T 1aa6c696a7e34a4e98d00daacdc25ec9 P 424609586c554a84bdefe4b8bc4c835f [term 0 FOLLOWER]: Starting pre-election with config: opid_index: -1 OBSOLETE_local: false peers { permanent_uuid: "424609586c554a84bdefe4b8bc4c835f" member_type: VOTER last_known_addr { host: "127.26.130.65" port: 39361 } } peers { permanent_uuid: "252caebe0d9a41fba1f4d27371e6b471" member_type: VOTER last_known_addr { host: "127.26.130.66" port: 35181 } } peers { permanent_uuid: "2465b3e7c15f4598a8da3d5ec3cc14a9" member_type: VOTER last_known_addr { host: "127.26.130.67" port: 42097 } }
I20260713 09:10:49.097049 27472 ts_tablet_manager.cc:1434] T c50d90a3c215411cb92f2c723d88e67c P 424609586c554a84bdefe4b8bc4c835f: Time spent starting tablet: real 0.024s	user 0.008s	sys 0.000s
I20260713 09:10:49.092816 27429 raft_consensus.cc:2393] T 7e5df9561b094932bfaf453a5657d8ac P 2465b3e7c15f4598a8da3d5ec3cc14a9 [term 1 FOLLOWER]: Leader pre-election vote request: Denying vote to candidate 252caebe0d9a41fba1f4d27371e6b471 in current term 1: Already voted for candidate 2465b3e7c15f4598a8da3d5ec3cc14a9 in this term.
I20260713 09:10:49.098635 27489 leader_election.cc:290] T 1aa6c696a7e34a4e98d00daacdc25ec9 P 424609586c554a84bdefe4b8bc4c835f [CANDIDATE]: Term 1 pre-election: Requested pre-vote from peers 252caebe0d9a41fba1f4d27371e6b471 (127.26.130.66:35181), 2465b3e7c15f4598a8da3d5ec3cc14a9 (127.26.130.67:42097)
I20260713 09:10:49.098819 27279 tablet_service.cc:1917] Received RequestConsensusVote() RPC: tablet_id: "7e5df9561b094932bfaf453a5657d8ac" candidate_uuid: "2465b3e7c15f4598a8da3d5ec3cc14a9" candidate_term: 1 candidate_status { last_received { term: 0 index: 0 } } ignore_live_leader: false dest_uuid: "424609586c554a84bdefe4b8bc4c835f"
I20260713 09:10:49.099220 27480 leader_election.cc:290] T c50d90a3c215411cb92f2c723d88e67c P 252caebe0d9a41fba1f4d27371e6b471 [CANDIDATE]: Term 1 election: Requested vote from peers 424609586c554a84bdefe4b8bc4c835f (127.26.130.65:39361), 2465b3e7c15f4598a8da3d5ec3cc14a9 (127.26.130.67:42097)
I20260713 09:10:49.101575 27474 ts_tablet_manager.cc:1434] T a7898c922fce4a23ac3af4e58cd719eb P 252caebe0d9a41fba1f4d27371e6b471: Time spent starting tablet: real 0.028s	user 0.003s	sys 0.004s
I20260713 09:10:49.088933 27514 raft_consensus.cc:515] T c50d90a3c215411cb92f2c723d88e67c P 2465b3e7c15f4598a8da3d5ec3cc14a9 [term 0 FOLLOWER]: Starting pre-election with config: opid_index: -1 OBSOLETE_local: false peers { permanent_uuid: "424609586c554a84bdefe4b8bc4c835f" member_type: VOTER last_known_addr { host: "127.26.130.65" port: 39361 } } peers { permanent_uuid: "252caebe0d9a41fba1f4d27371e6b471" member_type: VOTER last_known_addr { host: "127.26.130.66" port: 35181 } } peers { permanent_uuid: "2465b3e7c15f4598a8da3d5ec3cc14a9" member_type: VOTER last_known_addr { host: "127.26.130.67" port: 42097 } }
I20260713 09:10:49.101729 27428 tablet_service.cc:1917] Received RequestConsensusVote() RPC: tablet_id: "c50d90a3c215411cb92f2c723d88e67c" candidate_uuid: "252caebe0d9a41fba1f4d27371e6b471" candidate_term: 1 candidate_status { last_received { term: 0 index: 0 } } ignore_live_leader: false dest_uuid: "2465b3e7c15f4598a8da3d5ec3cc14a9"
I20260713 09:10:49.098776 27472 tablet_bootstrap.cc:492] T 79db339efcbb46afba4f666b2e00330f P 424609586c554a84bdefe4b8bc4c835f: Bootstrap starting.
I20260713 09:10:49.108062 27428 raft_consensus.cc:3060] T c50d90a3c215411cb92f2c723d88e67c P 2465b3e7c15f4598a8da3d5ec3cc14a9 [term 0 FOLLOWER]: Advancing to term 1
I20260713 09:10:49.107862 27354 tablet_service.cc:1917] Received RequestConsensusVote() RPC: tablet_id: "1aa6c696a7e34a4e98d00daacdc25ec9" candidate_uuid: "424609586c554a84bdefe4b8bc4c835f" candidate_term: 1 candidate_status { last_received { term: 0 index: 0 } } ignore_live_leader: false dest_uuid: "252caebe0d9a41fba1f4d27371e6b471" is_pre_election: true
I20260713 09:10:49.107771 27427 tablet_service.cc:1917] Received RequestConsensusVote() RPC: tablet_id: "1aa6c696a7e34a4e98d00daacdc25ec9" candidate_uuid: "424609586c554a84bdefe4b8bc4c835f" candidate_term: 1 candidate_status { last_received { term: 0 index: 0 } } ignore_live_leader: false dest_uuid: "2465b3e7c15f4598a8da3d5ec3cc14a9" is_pre_election: true
I20260713 09:10:49.110853 27474 tablet_bootstrap.cc:492] T 1aa6c696a7e34a4e98d00daacdc25ec9 P 252caebe0d9a41fba1f4d27371e6b471: Bootstrap starting.
I20260713 09:10:49.108492 27480 raft_consensus.cc:493] T a7898c922fce4a23ac3af4e58cd719eb P 252caebe0d9a41fba1f4d27371e6b471 [term 0 FOLLOWER]: Starting pre-election (no leader contacted us within the election timeout)
W20260713 09:10:49.114391 27246 leader_election.cc:343] T 1aa6c696a7e34a4e98d00daacdc25ec9 P 424609586c554a84bdefe4b8bc4c835f [CANDIDATE]: Term 1 pre-election: Tablet error from VoteRequest() call to peer 252caebe0d9a41fba1f4d27371e6b471 (127.26.130.66:35181): Illegal state: must be running to vote when last-logged opid is not known
I20260713 09:10:49.111712 27508 leader_election.cc:290] T c652208695e14deaa5070b0928a31cdc P 252caebe0d9a41fba1f4d27371e6b471 [CANDIDATE]: Term 1 pre-election: Requested pre-vote from peers 424609586c554a84bdefe4b8bc4c835f (127.26.130.65:39361), 2465b3e7c15f4598a8da3d5ec3cc14a9 (127.26.130.67:42097)
I20260713 09:10:49.112124 27279 tablet_service.cc:1917] Received RequestConsensusVote() RPC: tablet_id: "c50d90a3c215411cb92f2c723d88e67c" candidate_uuid: "252caebe0d9a41fba1f4d27371e6b471" candidate_term: 1 candidate_status { last_received { term: 0 index: 0 } } ignore_live_leader: false dest_uuid: "424609586c554a84bdefe4b8bc4c835f"
I20260713 09:10:49.121236 27279 raft_consensus.cc:3060] T c50d90a3c215411cb92f2c723d88e67c P 424609586c554a84bdefe4b8bc4c835f [term 0 FOLLOWER]: Advancing to term 1
I20260713 09:10:49.108780 27489 raft_consensus.cc:493] T a7898c922fce4a23ac3af4e58cd719eb P 424609586c554a84bdefe4b8bc4c835f [term 0 FOLLOWER]: Starting pre-election (no leader contacted us within the election timeout)
I20260713 09:10:49.121328 27280 tablet_service.cc:1917] Received RequestConsensusVote() RPC: tablet_id: "c652208695e14deaa5070b0928a31cdc" candidate_uuid: "252caebe0d9a41fba1f4d27371e6b471" candidate_term: 1 candidate_status { last_received { term: 0 index: 0 } } ignore_live_leader: false dest_uuid: "424609586c554a84bdefe4b8bc4c835f" is_pre_election: true
W20260713 09:10:49.107813 27394 leader_election.cc:343] T 7e5df9561b094932bfaf453a5657d8ac P 2465b3e7c15f4598a8da3d5ec3cc14a9 [CANDIDATE]: Term 1 election: Tablet error from VoteRequest() call to peer 424609586c554a84bdefe4b8bc4c835f (127.26.130.65:39361): Illegal state: must be running to vote when last-logged opid is not known
I20260713 09:10:49.125146 27280 raft_consensus.cc:2468] T c652208695e14deaa5070b0928a31cdc P 424609586c554a84bdefe4b8bc4c835f [term 0 FOLLOWER]: Leader pre-election vote request: Granting yes vote for candidate 252caebe0d9a41fba1f4d27371e6b471 in term 0.
I20260713 09:10:49.126118 27478 leader_election.cc:290] T 7e5df9561b094932bfaf453a5657d8ac P 2465b3e7c15f4598a8da3d5ec3cc14a9 [CANDIDATE]: Term 1 election: Requested vote from peers 424609586c554a84bdefe4b8bc4c835f (127.26.130.65:39361), 252caebe0d9a41fba1f4d27371e6b471 (127.26.130.66:35181)
I20260713 09:10:49.121378 27473 consensus_queue.cc:260] T 1aa6c696a7e34a4e98d00daacdc25ec9 P 2465b3e7c15f4598a8da3d5ec3cc14a9 [NON_LEADER]: Queue going to NON_LEADER mode. State: All replicated index: 0, Majority replicated index: 0, Committed index: 0, Last appended: 0.0, Last appended by leader: 0, Current term: 0, Majority size: -1, State: 0, Mode: NON_LEADER, active raft config: opid_index: -1 OBSOLETE_local: false peers { permanent_uuid: "424609586c554a84bdefe4b8bc4c835f" member_type: VOTER last_known_addr { host: "127.26.130.65" port: 39361 } } peers { permanent_uuid: "252caebe0d9a41fba1f4d27371e6b471" member_type: VOTER last_known_addr { host: "127.26.130.66" port: 35181 } } peers { permanent_uuid: "2465b3e7c15f4598a8da3d5ec3cc14a9" member_type: VOTER last_known_addr { host: "127.26.130.67" port: 42097 } }
I20260713 09:10:49.122200 27480 raft_consensus.cc:515] T a7898c922fce4a23ac3af4e58cd719eb P 252caebe0d9a41fba1f4d27371e6b471 [term 0 FOLLOWER]: Starting pre-election with config: opid_index: -1 OBSOLETE_local: false peers { permanent_uuid: "424609586c554a84bdefe4b8bc4c835f" member_type: VOTER last_known_addr { host: "127.26.130.65" port: 39361 } } peers { permanent_uuid: "252caebe0d9a41fba1f4d27371e6b471" member_type: VOTER last_known_addr { host: "127.26.130.66" port: 35181 } } peers { permanent_uuid: "2465b3e7c15f4598a8da3d5ec3cc14a9" member_type: VOTER last_known_addr { host: "127.26.130.67" port: 42097 } }
I20260713 09:10:49.124424 27489 raft_consensus.cc:515] T a7898c922fce4a23ac3af4e58cd719eb P 424609586c554a84bdefe4b8bc4c835f [term 0 FOLLOWER]: Starting pre-election with config: opid_index: -1 OBSOLETE_local: false peers { permanent_uuid: "424609586c554a84bdefe4b8bc4c835f" member_type: VOTER last_known_addr { host: "127.26.130.65" port: 39361 } } peers { permanent_uuid: "252caebe0d9a41fba1f4d27371e6b471" member_type: VOTER last_known_addr { host: "127.26.130.66" port: 35181 } } peers { permanent_uuid: "2465b3e7c15f4598a8da3d5ec3cc14a9" member_type: VOTER last_known_addr { host: "127.26.130.67" port: 42097 } }
I20260713 09:10:49.128188 27354 tablet_service.cc:1917] Received RequestConsensusVote() RPC: tablet_id: "7e5df9561b094932bfaf453a5657d8ac" candidate_uuid: "2465b3e7c15f4598a8da3d5ec3cc14a9" candidate_term: 1 candidate_status { last_received { term: 0 index: 0 } } ignore_live_leader: false dest_uuid: "252caebe0d9a41fba1f4d27371e6b471"
I20260713 09:10:49.128734 27354 raft_consensus.cc:3060] T 7e5df9561b094932bfaf453a5657d8ac P 252caebe0d9a41fba1f4d27371e6b471 [term 0 FOLLOWER]: Advancing to term 1
I20260713 09:10:49.131565 27508 raft_consensus.cc:493] T fb7dbd9ab4e14fba8fb4f2e977ef2bf7 P 252caebe0d9a41fba1f4d27371e6b471 [term 0 FOLLOWER]: Starting pre-election (no leader contacted us within the election timeout)
I20260713 09:10:49.132115 27508 raft_consensus.cc:515] T fb7dbd9ab4e14fba8fb4f2e977ef2bf7 P 252caebe0d9a41fba1f4d27371e6b471 [term 0 FOLLOWER]: Starting pre-election with config: opid_index: -1 OBSOLETE_local: false peers { permanent_uuid: "424609586c554a84bdefe4b8bc4c835f" member_type: VOTER last_known_addr { host: "127.26.130.65" port: 39361 } } peers { permanent_uuid: "252caebe0d9a41fba1f4d27371e6b471" member_type: VOTER last_known_addr { host: "127.26.130.66" port: 35181 } } peers { permanent_uuid: "2465b3e7c15f4598a8da3d5ec3cc14a9" member_type: VOTER last_known_addr { host: "127.26.130.67" port: 42097 } }
I20260713 09:10:49.133133 27426 tablet_service.cc:1917] Received RequestConsensusVote() RPC: tablet_id: "c652208695e14deaa5070b0928a31cdc" candidate_uuid: "252caebe0d9a41fba1f4d27371e6b471" candidate_term: 1 candidate_status { last_received { term: 0 index: 0 } } ignore_live_leader: false dest_uuid: "2465b3e7c15f4598a8da3d5ec3cc14a9" is_pre_election: true
I20260713 09:10:49.133231 27427 raft_consensus.cc:2468] T 1aa6c696a7e34a4e98d00daacdc25ec9 P 2465b3e7c15f4598a8da3d5ec3cc14a9 [term 0 FOLLOWER]: Leader pre-election vote request: Granting yes vote for candidate 424609586c554a84bdefe4b8bc4c835f in term 0.
I20260713 09:10:49.136638 27473 ts_tablet_manager.cc:1434] T 1aa6c696a7e34a4e98d00daacdc25ec9 P 2465b3e7c15f4598a8da3d5ec3cc14a9: Time spent starting tablet: real 0.051s	user 0.011s	sys 0.001s
I20260713 09:10:49.136731 27508 leader_election.cc:290] T fb7dbd9ab4e14fba8fb4f2e977ef2bf7 P 252caebe0d9a41fba1f4d27371e6b471 [CANDIDATE]: Term 1 pre-election: Requested pre-vote from peers 424609586c554a84bdefe4b8bc4c835f (127.26.130.65:39361), 2465b3e7c15f4598a8da3d5ec3cc14a9 (127.26.130.67:42097)
I20260713 09:10:49.136960 27319 leader_election.cc:304] T 7e5df9561b094932bfaf453a5657d8ac P 252caebe0d9a41fba1f4d27371e6b471 [CANDIDATE]: Term 1 pre-election: Election decided. Result: candidate lost. Election summary: received 3 responses out of 3 voters: 1 yes votes; 2 no votes. yes voters: 252caebe0d9a41fba1f4d27371e6b471; no voters: 2465b3e7c15f4598a8da3d5ec3cc14a9, 424609586c554a84bdefe4b8bc4c835f
I20260713 09:10:49.137660 27473 tablet_bootstrap.cc:492] T a1f38281c64d49aeab42b7245f659334 P 2465b3e7c15f4598a8da3d5ec3cc14a9: Bootstrap starting.
I20260713 09:10:49.137976 27244 leader_election.cc:304] T 1aa6c696a7e34a4e98d00daacdc25ec9 P 424609586c554a84bdefe4b8bc4c835f [CANDIDATE]: Term 1 pre-election: Election decided. Result: candidate won. Election summary: received 3 responses out of 3 voters: 2 yes votes; 1 no votes. yes voters: 2465b3e7c15f4598a8da3d5ec3cc14a9, 424609586c554a84bdefe4b8bc4c835f; no voters: 252caebe0d9a41fba1f4d27371e6b471
I20260713 09:10:49.138198 27480 leader_election.cc:290] T a7898c922fce4a23ac3af4e58cd719eb P 252caebe0d9a41fba1f4d27371e6b471 [CANDIDATE]: Term 1 pre-election: Requested pre-vote from peers 424609586c554a84bdefe4b8bc4c835f (127.26.130.65:39361), 2465b3e7c15f4598a8da3d5ec3cc14a9 (127.26.130.67:42097)
I20260713 09:10:49.139439 27496 raft_consensus.cc:2804] T 1aa6c696a7e34a4e98d00daacdc25ec9 P 424609586c554a84bdefe4b8bc4c835f [term 0 FOLLOWER]: Leader pre-election won for term 1
