I20260713 09:11:15.347112  1479 tablet_service.cc:1917] Received RequestConsensusVote() RPC: tablet_id: "630e4f19f6714a3d9cc29449983a539d" candidate_uuid: "19278773461948748b6e0194b109d4f2" candidate_term: 1 candidate_status { last_received { term: 0 index: 0 } } ignore_live_leader: false dest_uuid: "b372fcbb4ea14a82979488d9f774f6bc" is_pre_election: true
I20260713 09:11:15.347353  1367 leader_election.cc:304] T 630e4f19f6714a3d9cc29449983a539d P 19278773461948748b6e0194b109d4f2 [CANDIDATE]: Term 1 pre-election: Election decided. Result: candidate won. Election summary: received 2 responses out of 3 voters: 2 yes votes; 0 no votes. yes voters: 19278773461948748b6e0194b109d4f2, afdafd35a71747fe896576ee44353794; no voters: 
I20260713 09:11:15.347734  1479 raft_consensus.cc:2468] T 630e4f19f6714a3d9cc29449983a539d P b372fcbb4ea14a82979488d9f774f6bc [term 0 FOLLOWER]: Leader pre-election vote request: Granting yes vote for candidate 19278773461948748b6e0194b109d4f2 in term 0.
I20260713 09:11:15.348490  1621 raft_consensus.cc:2804] T 630e4f19f6714a3d9cc29449983a539d P 19278773461948748b6e0194b109d4f2 [term 0 FOLLOWER]: Leader pre-election won for term 1
I20260713 09:11:15.348933  1621 raft_consensus.cc:493] T 630e4f19f6714a3d9cc29449983a539d P 19278773461948748b6e0194b109d4f2 [term 0 FOLLOWER]: Starting leader election (no leader contacted us within the election timeout)
I20260713 09:11:15.349349  1621 raft_consensus.cc:3060] T 630e4f19f6714a3d9cc29449983a539d P 19278773461948748b6e0194b109d4f2 [term 0 FOLLOWER]: Advancing to term 1
I20260713 09:11:15.349313  1442 leader_election.cc:304] T b19c6d4d9b0547638117c55250f34543 P b372fcbb4ea14a82979488d9f774f6bc [CANDIDATE]: Term 1 pre-election: Election decided. Result: candidate won. Election summary: received 2 responses out of 3 voters: 2 yes votes; 0 no votes. yes voters: afdafd35a71747fe896576ee44353794, b372fcbb4ea14a82979488d9f774f6bc; no voters: 
I20260713 09:11:15.350343  1622 raft_consensus.cc:2804] T b19c6d4d9b0547638117c55250f34543 P b372fcbb4ea14a82979488d9f774f6bc [term 0 FOLLOWER]: Leader pre-election won for term 1
I20260713 09:11:15.350692  1622 raft_consensus.cc:493] T b19c6d4d9b0547638117c55250f34543 P b372fcbb4ea14a82979488d9f774f6bc [term 0 FOLLOWER]: Starting leader election (no leader contacted us within the election timeout)
I20260713 09:11:15.351049  1622 raft_consensus.cc:3060] T b19c6d4d9b0547638117c55250f34543 P b372fcbb4ea14a82979488d9f774f6bc [term 0 FOLLOWER]: Advancing to term 1
I20260713 09:11:15.361276  1622 raft_consensus.cc:515] T b19c6d4d9b0547638117c55250f34543 P b372fcbb4ea14a82979488d9f774f6bc [term 1 FOLLOWER]: Starting leader election with config: opid_index: -1 OBSOLETE_local: false peers { permanent_uuid: "19278773461948748b6e0194b109d4f2" member_type: VOTER last_known_addr { host: "127.31.254.1" port: 40175 } } peers { permanent_uuid: "b372fcbb4ea14a82979488d9f774f6bc" member_type: VOTER last_known_addr { host: "127.31.254.2" port: 39697 } } peers { permanent_uuid: "afdafd35a71747fe896576ee44353794" member_type: VOTER last_known_addr { host: "127.31.254.3" port: 44299 } }
I20260713 09:11:15.361497  1621 raft_consensus.cc:515] T 630e4f19f6714a3d9cc29449983a539d P 19278773461948748b6e0194b109d4f2 [term 1 FOLLOWER]: Starting leader election with config: opid_index: -1 OBSOLETE_local: false peers { permanent_uuid: "19278773461948748b6e0194b109d4f2" member_type: VOTER last_known_addr { host: "127.31.254.1" port: 40175 } } peers { permanent_uuid: "b372fcbb4ea14a82979488d9f774f6bc" member_type: VOTER last_known_addr { host: "127.31.254.2" port: 39697 } } peers { permanent_uuid: "afdafd35a71747fe896576ee44353794" member_type: VOTER last_known_addr { host: "127.31.254.3" port: 44299 } }
I20260713 09:11:15.363626  1622 leader_election.cc:290] T b19c6d4d9b0547638117c55250f34543 P b372fcbb4ea14a82979488d9f774f6bc [CANDIDATE]: Term 1 election: Requested vote from peers 19278773461948748b6e0194b109d4f2 (127.31.254.1:40175), afdafd35a71747fe896576ee44353794 (127.31.254.3:44299)
I20260713 09:11:15.364243  1404 tablet_service.cc:1917] Received RequestConsensusVote() RPC: tablet_id: "b19c6d4d9b0547638117c55250f34543" candidate_uuid: "b372fcbb4ea14a82979488d9f774f6bc" candidate_term: 1 candidate_status { last_received { term: 0 index: 0 } } ignore_live_leader: false dest_uuid: "19278773461948748b6e0194b109d4f2"
I20260713 09:11:15.366093  1552 tablet_service.cc:1917] Received RequestConsensusVote() RPC: tablet_id: "b19c6d4d9b0547638117c55250f34543" candidate_uuid: "b372fcbb4ea14a82979488d9f774f6bc" candidate_term: 1 candidate_status { last_received { term: 0 index: 0 } } ignore_live_leader: false dest_uuid: "afdafd35a71747fe896576ee44353794"
I20260713 09:11:15.366186  1479 raft_consensus.cc:1275] T f4b61cc0bd9f4ce98cae829cec2494aa P b372fcbb4ea14a82979488d9f774f6bc [term 2 FOLLOWER]: Refusing update from remote peer 19278773461948748b6e0194b109d4f2: Log matching property violated. Preceding OpId in replica: term: 0 index: 0. Preceding OpId from leader: term: 2 index: 1. (index mismatch)
I20260713 09:11:15.366919  1552 raft_consensus.cc:3060] T b19c6d4d9b0547638117c55250f34543 P afdafd35a71747fe896576ee44353794 [term 0 FOLLOWER]: Advancing to term 1
I20260713 09:11:15.366850  1404 raft_consensus.cc:3060] T b19c6d4d9b0547638117c55250f34543 P 19278773461948748b6e0194b109d4f2 [term 0 FOLLOWER]: Advancing to term 1
I20260713 09:11:15.370597  1622 consensus_queue.cc:1048] T 80c370fabd3f4b15bc27659202707cc3 P b372fcbb4ea14a82979488d9f774f6bc [LEADER]: Connected to new peer: Peer: permanent_uuid: "19278773461948748b6e0194b109d4f2" member_type: VOTER last_known_addr { host: "127.31.254.1" port: 40175 }, Status: LMP_MISMATCH, Last received: 0.0, Next index: 1, Last known committed idx: 0, Time since last communication: 0.000s
I20260713 09:11:15.373090  1479 tablet_service.cc:1917] Received RequestConsensusVote() RPC: tablet_id: "630e4f19f6714a3d9cc29449983a539d" candidate_uuid: "19278773461948748b6e0194b109d4f2" candidate_term: 1 candidate_status { last_received { term: 0 index: 0 } } ignore_live_leader: false dest_uuid: "b372fcbb4ea14a82979488d9f774f6bc"
I20260713 09:11:15.373744  1479 raft_consensus.cc:3060] T 630e4f19f6714a3d9cc29449983a539d P b372fcbb4ea14a82979488d9f774f6bc [term 0 FOLLOWER]: Advancing to term 1
I20260713 09:11:15.376598  1684 consensus_queue.cc:1048] T 80c370fabd3f4b15bc27659202707cc3 P b372fcbb4ea14a82979488d9f774f6bc [LEADER]: Connected to new peer: Peer: permanent_uuid: "afdafd35a71747fe896576ee44353794" member_type: VOTER last_known_addr { host: "127.31.254.3" port: 44299 }, Status: LMP_MISMATCH, Last received: 0.0, Next index: 1, Last known committed idx: 0, Time since last communication: 0.000s
I20260713 09:11:15.377835  1404 raft_consensus.cc:2468] T b19c6d4d9b0547638117c55250f34543 P 19278773461948748b6e0194b109d4f2 [term 1 FOLLOWER]: Leader election vote request: Granting yes vote for candidate b372fcbb4ea14a82979488d9f774f6bc in term 1.
I20260713 09:11:15.381119  1625 consensus_queue.cc:1048] T f4b61cc0bd9f4ce98cae829cec2494aa P 19278773461948748b6e0194b109d4f2 [LEADER]: Connected to new peer: Peer: permanent_uuid: "b372fcbb4ea14a82979488d9f774f6bc" member_type: VOTER last_known_addr { host: "127.31.254.2" port: 39697 }, Status: LMP_MISMATCH, Last received: 0.0, Next index: 1, Last known committed idx: 0, Time since last communication: 0.000s
I20260713 09:11:15.382511  1552 raft_consensus.cc:2468] T b19c6d4d9b0547638117c55250f34543 P afdafd35a71747fe896576ee44353794 [term 1 FOLLOWER]: Leader election vote request: Granting yes vote for candidate b372fcbb4ea14a82979488d9f774f6bc in term 1.
I20260713 09:11:15.383313  1621 leader_election.cc:290] T 630e4f19f6714a3d9cc29449983a539d P 19278773461948748b6e0194b109d4f2 [CANDIDATE]: Term 1 election: Requested vote from peers b372fcbb4ea14a82979488d9f774f6bc (127.31.254.2:39697), afdafd35a71747fe896576ee44353794 (127.31.254.3:44299)
I20260713 09:11:15.384130  1443 leader_election.cc:304] T b19c6d4d9b0547638117c55250f34543 P b372fcbb4ea14a82979488d9f774f6bc [CANDIDATE]: Term 1 election: Election decided. Result: candidate won. Election summary: received 2 responses out of 3 voters: 2 yes votes; 0 no votes. yes voters: 19278773461948748b6e0194b109d4f2, b372fcbb4ea14a82979488d9f774f6bc; no voters: 
I20260713 09:11:15.384966  1684 raft_consensus.cc:2804] T b19c6d4d9b0547638117c55250f34543 P b372fcbb4ea14a82979488d9f774f6bc [term 1 FOLLOWER]: Leader election won for term 1
I20260713 09:11:15.385454  1684 raft_consensus.cc:697] T b19c6d4d9b0547638117c55250f34543 P b372fcbb4ea14a82979488d9f774f6bc [term 1 LEADER]: Becoming Leader. State: Replica: b372fcbb4ea14a82979488d9f774f6bc, State: Running, Role: LEADER
I20260713 09:11:15.386269  1684 consensus_queue.cc:237] T b19c6d4d9b0547638117c55250f34543 P b372fcbb4ea14a82979488d9f774f6bc [LEADER]: Queue going to LEADER mode. State: All replicated index: 0, Majority replicated index: 0, Committed index: 0, Last appended: 0.0, Last appended by leader: 0, Current term: 1, Majority size: 2, State: 0, Mode: LEADER, active raft config: opid_index: -1 OBSOLETE_local: false peers { permanent_uuid: "19278773461948748b6e0194b109d4f2" member_type: VOTER last_known_addr { host: "127.31.254.1" port: 40175 } } peers { permanent_uuid: "b372fcbb4ea14a82979488d9f774f6bc" member_type: VOTER last_known_addr { host: "127.31.254.2" port: 39697 } } peers { permanent_uuid: "afdafd35a71747fe896576ee44353794" member_type: VOTER last_known_addr { host: "127.31.254.3" port: 44299 } }
I20260713 09:11:15.390966  1479 raft_consensus.cc:2468] T 630e4f19f6714a3d9cc29449983a539d P b372fcbb4ea14a82979488d9f774f6bc [term 1 FOLLOWER]: Leader election vote request: Granting yes vote for candidate 19278773461948748b6e0194b109d4f2 in term 1.
I20260713 09:11:15.391932  1552 tablet_service.cc:1917] Received RequestConsensusVote() RPC: tablet_id: "630e4f19f6714a3d9cc29449983a539d" candidate_uuid: "19278773461948748b6e0194b109d4f2" candidate_term: 1 candidate_status { last_received { term: 0 index: 0 } } ignore_live_leader: false dest_uuid: "afdafd35a71747fe896576ee44353794"
I20260713 09:11:15.393213  1552 raft_consensus.cc:3060] T 630e4f19f6714a3d9cc29449983a539d P afdafd35a71747fe896576ee44353794 [term 0 FOLLOWER]: Advancing to term 1
I20260713 09:11:15.408766  1551 raft_consensus.cc:1275] T f4b61cc0bd9f4ce98cae829cec2494aa P afdafd35a71747fe896576ee44353794 [term 2 FOLLOWER]: Refusing update from remote peer 19278773461948748b6e0194b109d4f2: Log matching property violated. Preceding OpId in replica: term: 0 index: 0. Preceding OpId from leader: term: 2 index: 1. (index mismatch)
I20260713 09:11:15.411337  1621 consensus_queue.cc:1048] T f4b61cc0bd9f4ce98cae829cec2494aa P 19278773461948748b6e0194b109d4f2 [LEADER]: Connected to new peer: Peer: permanent_uuid: "afdafd35a71747fe896576ee44353794" member_type: VOTER last_known_addr { host: "127.31.254.3" port: 44299 }, Status: LMP_MISMATCH, Last received: 0.0, Next index: 1, Last known committed idx: 0, Time since last communication: 0.003s
I20260713 09:11:15.411444  1367 leader_election.cc:304] T 630e4f19f6714a3d9cc29449983a539d P 19278773461948748b6e0194b109d4f2 [CANDIDATE]: Term 1 election: Election decided. Result: candidate won. Election summary: received 2 responses out of 3 voters: 2 yes votes; 0 no votes. yes voters: 19278773461948748b6e0194b109d4f2, b372fcbb4ea14a82979488d9f774f6bc; no voters: 
I20260713 09:11:15.416653  1301 catalog_manager.cc:5697] T b19c6d4d9b0547638117c55250f34543 P b372fcbb4ea14a82979488d9f774f6bc reported cstate change: term changed from 0 to 1, leader changed from <none> to b372fcbb4ea14a82979488d9f774f6bc (127.31.254.2). New cstate: current_term: 1 leader_uuid: "b372fcbb4ea14a82979488d9f774f6bc" committed_config { opid_index: -1 OBSOLETE_local: false peers { permanent_uuid: "19278773461948748b6e0194b109d4f2" member_type: VOTER last_known_addr { host: "127.31.254.1" port: 40175 } health_report { overall_health: UNKNOWN } } peers { permanent_uuid: "b372fcbb4ea14a82979488d9f774f6bc" member_type: VOTER last_known_addr { host: "127.31.254.2" port: 39697 } health_report { overall_health: HEALTHY } } peers { permanent_uuid: "afdafd35a71747fe896576ee44353794" member_type: VOTER last_known_addr { host: "127.31.254.3" port: 44299 } health_report { overall_health: UNKNOWN } } }
I20260713 09:11:15.421061  1625 raft_consensus.cc:2804] T 630e4f19f6714a3d9cc29449983a539d P 19278773461948748b6e0194b109d4f2 [term 1 FOLLOWER]: Leader election won for term 1
I20260713 09:11:15.421762  1625 raft_consensus.cc:697] T 630e4f19f6714a3d9cc29449983a539d P 19278773461948748b6e0194b109d4f2 [term 1 LEADER]: Becoming Leader. State: Replica: 19278773461948748b6e0194b109d4f2, State: Running, Role: LEADER
I20260713 09:11:15.422581  1625 consensus_queue.cc:237] T 630e4f19f6714a3d9cc29449983a539d P 19278773461948748b6e0194b109d4f2 [LEADER]: Queue going to LEADER mode. State: All replicated index: 0, Majority replicated index: 0, Committed index: 0, Last appended: 0.0, Last appended by leader: 0, Current term: 1, Majority size: 2, State: 0, Mode: LEADER, active raft config: opid_index: -1 OBSOLETE_local: false peers { permanent_uuid: "19278773461948748b6e0194b109d4f2" member_type: VOTER last_known_addr { host: "127.31.254.1" port: 40175 } } peers { permanent_uuid: "b372fcbb4ea14a82979488d9f774f6bc" member_type: VOTER last_known_addr { host: "127.31.254.2" port: 39697 } } peers { permanent_uuid: "afdafd35a71747fe896576ee44353794" member_type: VOTER last_known_addr { host: "127.31.254.3" port: 44299 } }
I20260713 09:11:15.448298  1552 raft_consensus.cc:2468] T 630e4f19f6714a3d9cc29449983a539d P afdafd35a71747fe896576ee44353794 [term 1 FOLLOWER]: Leader election vote request: Granting yes vote for candidate 19278773461948748b6e0194b109d4f2 in term 1.
I20260713 09:11:15.503177  1299 catalog_manager.cc:5697] T 630e4f19f6714a3d9cc29449983a539d P 19278773461948748b6e0194b109d4f2 reported cstate change: term changed from 0 to 1, leader changed from <none> to 19278773461948748b6e0194b109d4f2 (127.31.254.1). New cstate: current_term: 1 leader_uuid: "19278773461948748b6e0194b109d4f2" committed_config { opid_index: -1 OBSOLETE_local: false peers { permanent_uuid: "19278773461948748b6e0194b109d4f2" member_type: VOTER last_known_addr { host: "127.31.254.1" port: 40175 } health_report { overall_health: HEALTHY } } peers { permanent_uuid: "b372fcbb4ea14a82979488d9f774f6bc" member_type: VOTER last_known_addr { host: "127.31.254.2" port: 39697 } health_report { overall_health: UNKNOWN } } peers { permanent_uuid: "afdafd35a71747fe896576ee44353794" member_type: VOTER last_known_addr { host: "127.31.254.3" port: 44299 } health_report { overall_health: UNKNOWN } } }
I20260713 09:11:15.544951  1624 consensus_queue.cc:1048] T 032dcbf726a2428b94e1f86140b04563 P b372fcbb4ea14a82979488d9f774f6bc [LEADER]: Connected to new peer: Peer: permanent_uuid: "19278773461948748b6e0194b109d4f2" member_type: VOTER last_known_addr { host: "127.31.254.1" port: 40175 }, Status: LMP_MISMATCH, Last received: 0.0, Next index: 1, Last known committed idx: 0, Time since last communication: 0.001s
I20260713 09:11:15.620206  1688 consensus_queue.cc:1048] T f7223a40f88c43da9096dd5b74461eff P 19278773461948748b6e0194b109d4f2 [LEADER]: Connected to new peer: Peer: permanent_uuid: "afdafd35a71747fe896576ee44353794" member_type: VOTER last_known_addr { host: "127.31.254.3" port: 44299 }, Status: LMP_MISMATCH, Last received: 0.0, Next index: 1, Last known committed idx: 0, Time since last communication: 0.001s
I20260713 09:11:15.630971  1684 consensus_queue.cc:1048] T 032dcbf726a2428b94e1f86140b04563 P b372fcbb4ea14a82979488d9f774f6bc [LEADER]: Connected to new peer: Peer: permanent_uuid: "afdafd35a71747fe896576ee44353794" member_type: VOTER last_known_addr { host: "127.31.254.3" port: 44299 }, Status: LMP_MISMATCH, Last received: 0.0, Next index: 1, Last known committed idx: 0, Time since last communication: 0.001s
I20260713 09:11:15.659332  1621 consensus_queue.cc:1048] T f7223a40f88c43da9096dd5b74461eff P 19278773461948748b6e0194b109d4f2 [LEADER]: Connected to new peer: Peer: permanent_uuid: "b372fcbb4ea14a82979488d9f774f6bc" member_type: VOTER last_known_addr { host: "127.31.254.2" port: 39697 }, Status: LMP_MISMATCH, Last received: 0.0, Next index: 1, Last known committed idx: 0, Time since last communication: 0.001s
I20260713 09:11:15.685817  1768 consensus_queue.cc:1048] T f338c140c73a4bdb8ce92c82ff00edf1 P b372fcbb4ea14a82979488d9f774f6bc [LEADER]: Connected to new peer: Peer: permanent_uuid: "afdafd35a71747fe896576ee44353794" member_type: VOTER last_known_addr { host: "127.31.254.3" port: 44299 }, Status: LMP_MISMATCH, Last received: 0.0, Next index: 1, Last known committed idx: 0, Time since last communication: 0.001s
I20260713 09:11:15.711580  1603 consensus_queue.cc:1048] T f338c140c73a4bdb8ce92c82ff00edf1 P b372fcbb4ea14a82979488d9f774f6bc [LEADER]: Connected to new peer: Peer: permanent_uuid: "19278773461948748b6e0194b109d4f2" member_type: VOTER last_known_addr { host: "127.31.254.1" port: 40175 }, Status: LMP_MISMATCH, Last received: 0.0, Next index: 1, Last known committed idx: 0, Time since last communication: 0.001s
I20260713 09:11:15.734278  1688 consensus_queue.cc:1048] T 5768ddba39b245feacd52100bde80500 P 19278773461948748b6e0194b109d4f2 [LEADER]: Connected to new peer: Peer: permanent_uuid: "b372fcbb4ea14a82979488d9f774f6bc" member_type: VOTER last_known_addr { host: "127.31.254.2" port: 39697 }, Status: LMP_MISMATCH, Last received: 0.0, Next index: 1, Last known committed idx: 0, Time since last communication: 0.000s
I20260713 09:11:15.749202  1625 consensus_queue.cc:1048] T 5768ddba39b245feacd52100bde80500 P 19278773461948748b6e0194b109d4f2 [LEADER]: Connected to new peer: Peer: permanent_uuid: "afdafd35a71747fe896576ee44353794" member_type: VOTER last_known_addr { host: "127.31.254.3" port: 44299 }, Status: LMP_MISMATCH, Last received: 0.0, Next index: 1, Last known committed idx: 0, Time since last communication: 0.001s
I20260713 09:11:15.866307  1687 consensus_queue.cc:1048] T 630e4f19f6714a3d9cc29449983a539d P 19278773461948748b6e0194b109d4f2 [LEADER]: Connected to new peer: Peer: permanent_uuid: "afdafd35a71747fe896576ee44353794" member_type: VOTER last_known_addr { host: "127.31.254.3" port: 44299 }, Status: LMP_MISMATCH, Last received: 0.0, Next index: 1, Last known committed idx: 0, Time since last communication: 0.001s
I20260713 09:11:15.872751  1603 consensus_queue.cc:1048] T b19c6d4d9b0547638117c55250f34543 P b372fcbb4ea14a82979488d9f774f6bc [LEADER]: Connected to new peer: Peer: permanent_uuid: "19278773461948748b6e0194b109d4f2" member_type: VOTER last_known_addr { host: "127.31.254.1" port: 40175 }, Status: LMP_MISMATCH, Last received: 0.0, Next index: 1, Last known committed idx: 0, Time since last communication: 0.000s
I20260713 09:11:15.893256  1687 consensus_queue.cc:1048] T 630e4f19f6714a3d9cc29449983a539d P 19278773461948748b6e0194b109d4f2 [LEADER]: Connected to new peer: Peer: permanent_uuid: "b372fcbb4ea14a82979488d9f774f6bc" member_type: VOTER last_known_addr { host: "127.31.254.2" port: 39697 }, Status: LMP_MISMATCH, Last received: 0.0, Next index: 1, Last known committed idx: 0, Time since last communication: 0.000s
I20260713 09:11:15.911859  1603 consensus_queue.cc:1048] T b19c6d4d9b0547638117c55250f34543 P b372fcbb4ea14a82979488d9f774f6bc [LEADER]: Connected to new peer: Peer: permanent_uuid: "afdafd35a71747fe896576ee44353794" member_type: VOTER last_known_addr { host: "127.31.254.3" port: 44299 }, Status: LMP_MISMATCH, Last received: 0.0, Next index: 1, Last known committed idx: 0, Time since last communication: 0.000s
I20260713 09:11:16.372509 32760 file_cache.cc:504] Constructed file cache file cache with capacity 419430
W20260713 09:11:16.380021  1783 instance_detector.cc:116] could not retrieve AWS instance metadata: Network error: curl error: HTTP response code said error: The requested URL returned error: 404
W20260713 09:11:16.381930  1784 instance_detector.cc:116] could not retrieve Azure instance metadata: Network error: curl error: HTTP response code said error: The requested URL returned error: 404
W20260713 09:11:16.387363  1786 instance_detector.cc:116] could not retrieve OpenStack instance metadata: Network error: curl error: HTTP response code said error: The requested URL returned error: 404
I20260713 09:11:16.387758 32760 server_base.cc:1061] running on GCE node
I20260713 09:11:16.390004 32760 hybrid_clock.cc:584] initializing the hybrid clock with 'system_unsync' time source
W20260713 09:11:16.390254 32760 system_unsync_time.cc:38] NTP support is disabled. Clock error bounds will not be accurate. This configuration is not suitable for distributed clusters.
I20260713 09:11:16.390452 32760 hybrid_clock.cc:648] HybridClock initialized: now 1783933876390428 us; error 0 us; skew 500 ppm
I20260713 09:11:16.391209 32760 server_base.cc:861] Flag tcmalloc_max_total_thread_cache_bytes is not working since tcmalloc is not enabled.
I20260713 09:11:16.396385 32760 webserver.cc:533] Webserver started at http://127.31.254.4:37497/ using document root <none> and password file <none>
I20260713 09:11:16.397538 32760 fs_manager.cc:362] Metadata directory not provided
I20260713 09:11:16.397814 32760 fs_manager.cc:368] Using write-ahead log directory (fs_wal_dir) as metadata directory
I20260713 09:11:16.398175 32760 server_base.cc:909] This appears to be a new deployment of Kudu; creating new FS layout
I20260713 09:11:16.399926 32760 fs_manager.cc:1068] Generated new instance metadata in path /tmp/dist-test-tasksNr3Uc/test-tmp/auto_leader_rebalancer-test.0.LeaderRebalancerTest.AddTserver.1783933845084651-32760-0/minicluster-data/ts-3-root/instance:
uuid: "c0d96cf9119648809caaff0a23a3fd0b"
format_stamp: "Formatted at 2026-07-13 09:11:16 on dist-test-slave-s1g5"
I20260713 09:11:16.407334 32760 fs_manager.cc:696] Time spent creating directory manager: real 0.007s	user 0.004s	sys 0.002s
I20260713 09:11:16.412309  1791 log_block_manager.cc:4127] Time spent loading block containers with low live blocks: real 0.000s	user 0.000s	sys 0.000s
I20260713 09:11:16.413221 32760 fs_manager.cc:730] Time spent opening block manager: real 0.003s	user 0.004s	sys 0.000s
I20260713 09:11:16.413517 32760 fs_manager.cc:647] Opened local filesystem: /tmp/dist-test-tasksNr3Uc/test-tmp/auto_leader_rebalancer-test.0.LeaderRebalancerTest.AddTserver.1783933845084651-32760-0/minicluster-data/ts-3-root
uuid: "c0d96cf9119648809caaff0a23a3fd0b"
format_stamp: "Formatted at 2026-07-13 09:11:16 on dist-test-slave-s1g5"
I20260713 09:11:16.413815 32760 fs_report.cc:389] FS layout report
--------------------
wal directory: /tmp/dist-test-tasksNr3Uc/test-tmp/auto_leader_rebalancer-test.0.LeaderRebalancerTest.AddTserver.1783933845084651-32760-0/minicluster-data/ts-3-root
metadata directory: /tmp/dist-test-tasksNr3Uc/test-tmp/auto_leader_rebalancer-test.0.LeaderRebalancerTest.AddTserver.1783933845084651-32760-0/minicluster-data/ts-3-root
1 data directories: /tmp/dist-test-tasksNr3Uc/test-tmp/auto_leader_rebalancer-test.0.LeaderRebalancerTest.AddTserver.1783933845084651-32760-0/minicluster-data/ts-3-root/data
Total live blocks: 0
Total live bytes: 0
Total live bytes (after alignment): 0
Total number of LBM containers: 0 (0 full)
Did not check for missing blocks
Did not check for orphaned blocks
Total full LBM containers with extra space: 0 (0 repaired)
Total full LBM container extra space in bytes: 0 (0 repaired)
Total incomplete LBM containers: 0 (0 repaired)
Total LBM partial records: 0 (0 repaired)
Total corrupted LBM metadata records in RocksDB: 0 (0 repaired)
I20260713 09:11:16.458995 32760 rpc_server.cc:225] running with OpenSSL 1.1.1  11 Sep 2018
I20260713 09:11:16.460891 32760 kserver.cc:163] Server-wide thread pool size limit: 3276
I20260713 09:11:16.465669 32760 txn_system_client.cc:432] TxnSystemClient initialization is disabled...
I20260713 09:11:16.471553 32760 ts_tablet_manager.cc:585] Loaded tablet metadata (0 total tablets, 0 live tablets)
I20260713 09:11:16.471925 32760 ts_tablet_manager.cc:531] Time spent load tablet metadata: real 0.000s	user 0.000s	sys 0.000s
I20260713 09:11:16.472293 32760 ts_tablet_manager.cc:616] Registered 0 tablets
I20260713 09:11:16.472584 32760 ts_tablet_manager.cc:595] Time spent register tablets: real 0.000s	user 0.000s	sys 0.000s
I20260713 09:11:16.548364 32760 rpc_server.cc:307] RPC server started. Bound to: 127.31.254.4:34069
I20260713 09:11:16.548537  1854 acceptor_pool.cc:272] collecting diagnostics on the listening RPC socket 127.31.254.4:34069 every 8 connection(s)
I20260713 09:11:16.554771 32760 auto_leader_rebalancer-test.cc:392] add a tserver: c0d96cf9119648809caaff0a23a3fd0b
I20260713 09:11:16.572721  1855 heartbeater.cc:344] Connected to a master server at 127.31.254.62:33631
I20260713 09:11:16.573230  1855 heartbeater.cc:461] Registering TS with master...
I20260713 09:11:16.574224  1855 heartbeater.cc:507] Master 127.31.254.62:33631 requested a full tablet report, sending...
I20260713 09:11:16.576917  1301 ts_manager.cc:194] Registered new tserver with Master: c0d96cf9119648809caaff0a23a3fd0b (127.31.254.4:34069)
I20260713 09:11:16.578868  1301 master_service.cc:502] Signed X509 certificate for tserver {username='slave'} at 127.0.0.1:41488
I20260713 09:11:16.858628  1552 consensus_queue.cc:237] T 658290eefd3f47949eed785255b6fe8f P afdafd35a71747fe896576ee44353794 [LEADER]: Queue going to LEADER mode. State: All replicated index: 0, Majority replicated index: 1, Committed index: 1, Last appended: 1.1, Last appended by leader: 0, Current term: 1, Majority size: 2, State: 0, Mode: LEADER, active raft config: opid_index: 2 OBSOLETE_local: false peers { permanent_uuid: "19278773461948748b6e0194b109d4f2" member_type: VOTER last_known_addr { host: "127.31.254.1" port: 40175 } } peers { permanent_uuid: "b372fcbb4ea14a82979488d9f774f6bc" member_type: VOTER last_known_addr { host: "127.31.254.2" port: 39697 } attrs { replace: true } } peers { permanent_uuid: "afdafd35a71747fe896576ee44353794" member_type: VOTER last_known_addr { host: "127.31.254.3" port: 44299 } } peers { permanent_uuid: "c0d96cf9119648809caaff0a23a3fd0b" member_type: NON_VOTER last_known_addr { host: "127.31.254.4" port: 34069 } attrs { promote: true } }
I20260713 09:11:16.866070  1476 raft_consensus.cc:1275] T 658290eefd3f47949eed785255b6fe8f P b372fcbb4ea14a82979488d9f774f6bc [term 1 FOLLOWER]: Refusing update from remote peer afdafd35a71747fe896576ee44353794: Log matching property violated. Preceding OpId in replica: term: 1 index: 1. Preceding OpId from leader: term: 1 index: 2. (index mismatch)
I20260713 09:11:16.867983  1401 raft_consensus.cc:1275] T 658290eefd3f47949eed785255b6fe8f P 19278773461948748b6e0194b109d4f2 [term 1 FOLLOWER]: Refusing update from remote peer afdafd35a71747fe896576ee44353794: Log matching property violated. Preceding OpId in replica: term: 1 index: 1. Preceding OpId from leader: term: 1 index: 2. (index mismatch)
I20260713 09:11:16.867939  1598 consensus_queue.cc:1048] T 658290eefd3f47949eed785255b6fe8f P afdafd35a71747fe896576ee44353794 [LEADER]: Connected to new peer: Peer: permanent_uuid: "b372fcbb4ea14a82979488d9f774f6bc" member_type: VOTER last_known_addr { host: "127.31.254.2" port: 39697 } attrs { replace: true }, Status: LMP_MISMATCH, Last received: 0.0, Next index: 2, Last known committed idx: 1, Time since last communication: 0.001s
I20260713 09:11:16.873175  1598 consensus_queue.cc:1048] T 658290eefd3f47949eed785255b6fe8f P afdafd35a71747fe896576ee44353794 [LEADER]: Connected to new peer: Peer: permanent_uuid: "19278773461948748b6e0194b109d4f2" member_type: VOTER last_known_addr { host: "127.31.254.1" port: 40175 }, Status: LMP_MISMATCH, Last received: 0.0, Next index: 2, Last known committed idx: 1, Time since last communication: 0.001s
I20260713 09:11:16.894788  1476 raft_consensus.cc:2955] T 658290eefd3f47949eed785255b6fe8f P b372fcbb4ea14a82979488d9f774f6bc [term 1 FOLLOWER]: Committing config change with OpId 1.2: config changed from index -1 to 2, NON_VOTER c0d96cf9119648809caaff0a23a3fd0b (127.31.254.4) added. New config: { opid_index: 2 OBSOLETE_local: false peers { permanent_uuid: "19278773461948748b6e0194b109d4f2" member_type: VOTER last_known_addr { host: "127.31.254.1" port: 40175 } } peers { permanent_uuid: "b372fcbb4ea14a82979488d9f774f6bc" member_type: VOTER last_known_addr { host: "127.31.254.2" port: 39697 } attrs { replace: true } } peers { permanent_uuid: "afdafd35a71747fe896576ee44353794" member_type: VOTER last_known_addr { host: "127.31.254.3" port: 44299 } } peers { permanent_uuid: "c0d96cf9119648809caaff0a23a3fd0b" member_type: NON_VOTER last_known_addr { host: "127.31.254.4" port: 34069 } attrs { promote: true } } }
I20260713 09:11:16.892940  1598 raft_consensus.cc:2955] T 658290eefd3f47949eed785255b6fe8f P afdafd35a71747fe896576ee44353794 [term 1 LEADER]: Committing config change with OpId 1.2: config changed from index -1 to 2, NON_VOTER c0d96cf9119648809caaff0a23a3fd0b (127.31.254.4) added. New config: { opid_index: 2 OBSOLETE_local: false peers { permanent_uuid: "19278773461948748b6e0194b109d4f2" member_type: VOTER last_known_addr { host: "127.31.254.1" port: 40175 } } peers { permanent_uuid: "b372fcbb4ea14a82979488d9f774f6bc" member_type: VOTER last_known_addr { host: "127.31.254.2" port: 39697 } attrs { replace: true } } peers { permanent_uuid: "afdafd35a71747fe896576ee44353794" member_type: VOTER last_known_addr { host: "127.31.254.3" port: 44299 } } peers { permanent_uuid: "c0d96cf9119648809caaff0a23a3fd0b" member_type: NON_VOTER last_known_addr { host: "127.31.254.4" port: 34069 } attrs { promote: true } } }
W20260713 09:11:16.907239  1518 consensus_peers.cc:597] T 658290eefd3f47949eed785255b6fe8f P afdafd35a71747fe896576ee44353794 -> Peer c0d96cf9119648809caaff0a23a3fd0b (127.31.254.4:34069): Couldn't send request to peer c0d96cf9119648809caaff0a23a3fd0b. Error code: TABLET_NOT_FOUND (6). Status: Not found: Tablet not found: 658290eefd3f47949eed785255b6fe8f. This is attempt 1: this message will repeat every 5th retry.
I20260713 09:11:16.913407  1552 consensus_queue.cc:237] T e407f90e089e442ca01608ea45a6133d P afdafd35a71747fe896576ee44353794 [LEADER]: Queue going to LEADER mode. State: All replicated index: 0, Majority replicated index: 1, Committed index: 1, Last appended: 1.1, Last appended by leader: 0, Current term: 1, Majority size: 2, State: 0, Mode: LEADER, active raft config: opid_index: 2 OBSOLETE_local: false peers { permanent_uuid: "19278773461948748b6e0194b109d4f2" member_type: VOTER last_known_addr { host: "127.31.254.1" port: 40175 } attrs { replace: true } } peers { permanent_uuid: "b372fcbb4ea14a82979488d9f774f6bc" member_type: VOTER last_known_addr { host: "127.31.254.2" port: 39697 } } peers { permanent_uuid: "afdafd35a71747fe896576ee44353794" member_type: VOTER last_known_addr { host: "127.31.254.3" port: 44299 } } peers { permanent_uuid: "c0d96cf9119648809caaff0a23a3fd0b" member_type: NON_VOTER last_known_addr { host: "127.31.254.4" port: 34069 } attrs { promote: true } }
I20260713 09:11:16.919283  1401 raft_consensus.cc:2955] T 658290eefd3f47949eed785255b6fe8f P 19278773461948748b6e0194b109d4f2 [term 1 FOLLOWER]: Committing config change with OpId 1.2: config changed from index -1 to 2, NON_VOTER c0d96cf9119648809caaff0a23a3fd0b (127.31.254.4) added. New config: { opid_index: 2 OBSOLETE_local: false peers { permanent_uuid: "19278773461948748b6e0194b109d4f2" member_type: VOTER last_known_addr { host: "127.31.254.1" port: 40175 } } peers { permanent_uuid: "b372fcbb4ea14a82979488d9f774f6bc" member_type: VOTER last_known_addr { host: "127.31.254.2" port: 39697 } attrs { replace: true } } peers { permanent_uuid: "afdafd35a71747fe896576ee44353794" member_type: VOTER last_known_addr { host: "127.31.254.3" port: 44299 } } peers { permanent_uuid: "c0d96cf9119648809caaff0a23a3fd0b" member_type: NON_VOTER last_known_addr { host: "127.31.254.4" port: 34069 } attrs { promote: true } } }
I20260713 09:11:16.922528  1301 catalog_manager.cc:5697] T 658290eefd3f47949eed785255b6fe8f P afdafd35a71747fe896576ee44353794 reported cstate change: config changed from index -1 to 2, NON_VOTER c0d96cf9119648809caaff0a23a3fd0b (127.31.254.4) added. New cstate: current_term: 1 leader_uuid: "afdafd35a71747fe896576ee44353794" committed_config { opid_index: 2 OBSOLETE_local: false peers { permanent_uuid: "19278773461948748b6e0194b109d4f2" member_type: VOTER last_known_addr { host: "127.31.254.1" port: 40175 } health_report { overall_health: UNKNOWN } } peers { permanent_uuid: "b372fcbb4ea14a82979488d9f774f6bc" member_type: VOTER last_known_addr { host: "127.31.254.2" port: 39697 } attrs { replace: true } health_report { overall_health: HEALTHY } } peers { permanent_uuid: "afdafd35a71747fe896576ee44353794" member_type: VOTER last_known_addr { host: "127.31.254.3" port: 44299 } health_report { overall_health: HEALTHY } } peers { permanent_uuid: "c0d96cf9119648809caaff0a23a3fd0b" member_type: NON_VOTER last_known_addr { host: "127.31.254.4" port: 34069 } attrs { promote: true } health_report { overall_health: UNKNOWN } } }
W20260713 09:11:16.935659  1518 consensus_peers.cc:597] T e407f90e089e442ca01608ea45a6133d P afdafd35a71747fe896576ee44353794 -> Peer c0d96cf9119648809caaff0a23a3fd0b (127.31.254.4:34069): Couldn't send request to peer c0d96cf9119648809caaff0a23a3fd0b. Error code: TABLET_NOT_FOUND (6). Status: Not found: Tablet not found: e407f90e089e442ca01608ea45a6133d. This is attempt 1: this message will repeat every 5th retry.
I20260713 09:11:16.938769  1401 raft_consensus.cc:1275] T e407f90e089e442ca01608ea45a6133d P 19278773461948748b6e0194b109d4f2 [term 1 FOLLOWER]: Refusing update from remote peer afdafd35a71747fe896576ee44353794: Log matching property violated. Preceding OpId in replica: term: 1 index: 1. Preceding OpId from leader: term: 1 index: 2. (index mismatch)
I20260713 09:11:16.939237  1476 raft_consensus.cc:1275] T e407f90e089e442ca01608ea45a6133d P b372fcbb4ea14a82979488d9f774f6bc [term 1 FOLLOWER]: Refusing update from remote peer afdafd35a71747fe896576ee44353794: Log matching property violated. Preceding OpId in replica: term: 1 index: 1. Preceding OpId from leader: term: 1 index: 2. (index mismatch)
I20260713 09:11:16.940225  1797 consensus_queue.cc:1048] T e407f90e089e442ca01608ea45a6133d P afdafd35a71747fe896576ee44353794 [LEADER]: Connected to new peer: Peer: permanent_uuid: "19278773461948748b6e0194b109d4f2" member_type: VOTER last_known_addr { host: "127.31.254.1" port: 40175 } attrs { replace: true }, Status: LMP_MISMATCH, Last received: 0.0, Next index: 2, Last known committed idx: 1, Time since last communication: 0.000s
I20260713 09:11:16.941133  1598 consensus_queue.cc:1048] T e407f90e089e442ca01608ea45a6133d P afdafd35a71747fe896576ee44353794 [LEADER]: Connected to new peer: Peer: permanent_uuid: "b372fcbb4ea14a82979488d9f774f6bc" member_type: VOTER last_known_addr { host: "127.31.254.2" port: 39697 }, Status: LMP_MISMATCH, Last received: 0.0, Next index: 2, Last known committed idx: 1, Time since last communication: 0.000s
I20260713 09:11:16.959539  1797 raft_consensus.cc:2955] T e407f90e089e442ca01608ea45a6133d P afdafd35a71747fe896576ee44353794 [term 1 LEADER]: Committing config change with OpId 1.2: config changed from index -1 to 2, NON_VOTER c0d96cf9119648809caaff0a23a3fd0b (127.31.254.4) added. New config: { opid_index: 2 OBSOLETE_local: false peers { permanent_uuid: "19278773461948748b6e0194b109d4f2" member_type: VOTER last_known_addr { host: "127.31.254.1" port: 40175 } attrs { replace: true } } peers { permanent_uuid: "b372fcbb4ea14a82979488d9f774f6bc" member_type: VOTER last_known_addr { host: "127.31.254.2" port: 39697 } } peers { permanent_uuid: "afdafd35a71747fe896576ee44353794" member_type: VOTER last_known_addr { host: "127.31.254.3" port: 44299 } } peers { permanent_uuid: "c0d96cf9119648809caaff0a23a3fd0b" member_type: NON_VOTER last_known_addr { host: "127.31.254.4" port: 34069 } attrs { promote: true } } }
I20260713 09:11:16.964242  1476 raft_consensus.cc:2955] T e407f90e089e442ca01608ea45a6133d P b372fcbb4ea14a82979488d9f774f6bc [term 1 FOLLOWER]: Committing config change with OpId 1.2: config changed from index -1 to 2, NON_VOTER c0d96cf9119648809caaff0a23a3fd0b (127.31.254.4) added. New config: { opid_index: 2 OBSOLETE_local: false peers { permanent_uuid: "19278773461948748b6e0194b109d4f2" member_type: VOTER last_known_addr { host: "127.31.254.1" port: 40175 } attrs { replace: true } } peers { permanent_uuid: "b372fcbb4ea14a82979488d9f774f6bc" member_type: VOTER last_known_addr { host: "127.31.254.2" port: 39697 } } peers { permanent_uuid: "afdafd35a71747fe896576ee44353794" member_type: VOTER last_known_addr { host: "127.31.254.3" port: 44299 } } peers { permanent_uuid: "c0d96cf9119648809caaff0a23a3fd0b" member_type: NON_VOTER last_known_addr { host: "127.31.254.4" port: 34069 } attrs { promote: true } } }
I20260713 09:11:16.973866  1404 raft_consensus.cc:2955] T e407f90e089e442ca01608ea45a6133d P 19278773461948748b6e0194b109d4f2 [term 1 FOLLOWER]: Committing config change with OpId 1.2: config changed from index -1 to 2, NON_VOTER c0d96cf9119648809caaff0a23a3fd0b (127.31.254.4) added. New config: { opid_index: 2 OBSOLETE_local: false peers { permanent_uuid: "19278773461948748b6e0194b109d4f2" member_type: VOTER last_known_addr { host: "127.31.254.1" port: 40175 } attrs { replace: true } } peers { permanent_uuid: "b372fcbb4ea14a82979488d9f774f6bc" member_type: VOTER last_known_addr { host: "127.31.254.2" port: 39697 } } peers { permanent_uuid: "afdafd35a71747fe896576ee44353794" member_type: VOTER last_known_addr { host: "127.31.254.3" port: 44299 } } peers { permanent_uuid: "c0d96cf9119648809caaff0a23a3fd0b" member_type: NON_VOTER last_known_addr { host: "127.31.254.4" port: 34069 } attrs { promote: true } } }
I20260713 09:11:17.013319  1300 catalog_manager.cc:5697] T e407f90e089e442ca01608ea45a6133d P afdafd35a71747fe896576ee44353794 reported cstate change: config changed from index -1 to 2, NON_VOTER c0d96cf9119648809caaff0a23a3fd0b (127.31.254.4) added. New cstate: current_term: 1 leader_uuid: "afdafd35a71747fe896576ee44353794" committed_config { opid_index: 2 OBSOLETE_local: false peers { permanent_uuid: "19278773461948748b6e0194b109d4f2" member_type: VOTER last_known_addr { host: "127.31.254.1" port: 40175 } attrs { replace: true } health_report { overall_health: HEALTHY } } peers { permanent_uuid: "b372fcbb4ea14a82979488d9f774f6bc" member_type: VOTER last_known_addr { host: "127.31.254.2" port: 39697 } health_report { overall_health: HEALTHY } } peers { permanent_uuid: "afdafd35a71747fe896576ee44353794" member_type: VOTER last_known_addr { host: "127.31.254.3" port: 44299 } health_report { overall_health: HEALTHY } } peers { permanent_uuid: "c0d96cf9119648809caaff0a23a3fd0b" member_type: NON_VOTER last_known_addr { host: "127.31.254.4" port: 34069 } attrs { promote: true } health_report { overall_health: UNKNOWN } } }
I20260713 09:11:17.033387  1404 consensus_queue.cc:237] T 760e2422cdad43ae99784d1b19e91ba8 P 19278773461948748b6e0194b109d4f2 [LEADER]: Queue going to LEADER mode. State: All replicated index: 0, Majority replicated index: 1, Committed index: 1, Last appended: 1.1, Last appended by leader: 0, Current term: 1, Majority size: 2, State: 0, Mode: LEADER, active raft config: opid_index: 2 OBSOLETE_local: false peers { permanent_uuid: "19278773461948748b6e0194b109d4f2" member_type: VOTER last_known_addr { host: "127.31.254.1" port: 40175 } } peers { permanent_uuid: "b372fcbb4ea14a82979488d9f774f6bc" member_type: VOTER last_known_addr { host: "127.31.254.2" port: 39697 } } peers { permanent_uuid: "afdafd35a71747fe896576ee44353794" member_type: VOTER last_known_addr { host: "127.31.254.3" port: 44299 } attrs { replace: true } } peers { permanent_uuid: "c0d96cf9119648809caaff0a23a3fd0b" member_type: NON_VOTER last_known_addr { host: "127.31.254.4" port: 34069 } attrs { promote: true } }
I20260713 09:11:17.044166  1552 raft_consensus.cc:1275] T 760e2422cdad43ae99784d1b19e91ba8 P afdafd35a71747fe896576ee44353794 [term 1 FOLLOWER]: Refusing update from remote peer 19278773461948748b6e0194b109d4f2: Log matching property violated. Preceding OpId in replica: term: 1 index: 1. Preceding OpId from leader: term: 1 index: 2. (index mismatch)
I20260713 09:11:17.044988  1476 raft_consensus.cc:1275] T 760e2422cdad43ae99784d1b19e91ba8 P b372fcbb4ea14a82979488d9f774f6bc [term 1 FOLLOWER]: Refusing update from remote peer 19278773461948748b6e0194b109d4f2: Log matching property violated. Preceding OpId in replica: term: 1 index: 1. Preceding OpId from leader: term: 1 index: 2. (index mismatch)
I20260713 09:11:17.048736  1687 consensus_queue.cc:1048] T 760e2422cdad43ae99784d1b19e91ba8 P 19278773461948748b6e0194b109d4f2 [LEADER]: Connected to new peer: Peer: permanent_uuid: "b372fcbb4ea14a82979488d9f774f6bc" member_type: VOTER last_known_addr { host: "127.31.254.2" port: 39697 }, Status: LMP_MISMATCH, Last received: 0.0, Next index: 2, Last known committed idx: 1, Time since last communication: 0.000s
I20260713 09:11:17.050843  1875 consensus_queue.cc:1048] T 760e2422cdad43ae99784d1b19e91ba8 P 19278773461948748b6e0194b109d4f2 [LEADER]: Connected to new peer: Peer: permanent_uuid: "afdafd35a71747fe896576ee44353794" member_type: VOTER last_known_addr { host: "127.31.254.3" port: 44299 } attrs { replace: true }, Status: LMP_MISMATCH, Last received: 0.0, Next index: 2, Last known committed idx: 1, Time since last communication: 0.001s
W20260713 09:11:17.079588  1369 consensus_peers.cc:597] T 760e2422cdad43ae99784d1b19e91ba8 P 19278773461948748b6e0194b109d4f2 -> Peer c0d96cf9119648809caaff0a23a3fd0b (127.31.254.4:34069): Couldn't send request to peer c0d96cf9119648809caaff0a23a3fd0b. Error code: TABLET_NOT_FOUND (6). Status: Not found: Tablet not found: 760e2422cdad43ae99784d1b19e91ba8. This is attempt 1: this message will repeat every 5th retry.
I20260713 09:11:17.083094  1876 raft_consensus.cc:2955] T 760e2422cdad43ae99784d1b19e91ba8 P 19278773461948748b6e0194b109d4f2 [term 1 LEADER]: Committing config change with OpId 1.2: config changed from index -1 to 2, NON_VOTER c0d96cf9119648809caaff0a23a3fd0b (127.31.254.4) added. New config: { opid_index: 2 OBSOLETE_local: false peers { permanent_uuid: "19278773461948748b6e0194b109d4f2" member_type: VOTER last_known_addr { host: "127.31.254.1" port: 40175 } } peers { permanent_uuid: "b372fcbb4ea14a82979488d9f774f6bc" member_type: VOTER last_known_addr { host: "127.31.254.2" port: 39697 } } peers { permanent_uuid: "afdafd35a71747fe896576ee44353794" member_type: VOTER last_known_addr { host: "127.31.254.3" port: 44299 } attrs { replace: true } } peers { permanent_uuid: "c0d96cf9119648809caaff0a23a3fd0b" member_type: NON_VOTER last_known_addr { host: "127.31.254.4" port: 34069 } attrs { promote: true } } }
I20260713 09:11:17.089951  1552 raft_consensus.cc:2955] T 760e2422cdad43ae99784d1b19e91ba8 P afdafd35a71747fe896576ee44353794 [term 1 FOLLOWER]: Committing config change with OpId 1.2: config changed from index -1 to 2, NON_VOTER c0d96cf9119648809caaff0a23a3fd0b (127.31.254.4) added. New config: { opid_index: 2 OBSOLETE_local: false peers { permanent_uuid: "19278773461948748b6e0194b109d4f2" member_type: VOTER last_known_addr { host: "127.31.254.1" port: 40175 } } peers { permanent_uuid: "b372fcbb4ea14a82979488d9f774f6bc" member_type: VOTER last_known_addr { host: "127.31.254.2" port: 39697 } } peers { permanent_uuid: "afdafd35a71747fe896576ee44353794" member_type: VOTER last_known_addr { host: "127.31.254.3" port: 44299 } attrs { replace: true } } peers { permanent_uuid: "c0d96cf9119648809caaff0a23a3fd0b" member_type: NON_VOTER last_known_addr { host: "127.31.254.4" port: 34069 } attrs { promote: true } } }
I20260713 09:11:17.093468  1479 raft_consensus.cc:2955] T 760e2422cdad43ae99784d1b19e91ba8 P b372fcbb4ea14a82979488d9f774f6bc [term 1 FOLLOWER]: Committing config change with OpId 1.2: config changed from index -1 to 2, NON_VOTER c0d96cf9119648809caaff0a23a3fd0b (127.31.254.4) added. New config: { opid_index: 2 OBSOLETE_local: false peers { permanent_uuid: "19278773461948748b6e0194b109d4f2" member_type: VOTER last_known_addr { host: "127.31.254.1" port: 40175 } } peers { permanent_uuid: "b372fcbb4ea14a82979488d9f774f6bc" member_type: VOTER last_known_addr { host: "127.31.254.2" port: 39697 } } peers { permanent_uuid: "afdafd35a71747fe896576ee44353794" member_type: VOTER last_known_addr { host: "127.31.254.3" port: 44299 } attrs { replace: true } } peers { permanent_uuid: "c0d96cf9119648809caaff0a23a3fd0b" member_type: NON_VOTER last_known_addr { host: "127.31.254.4" port: 34069 } attrs { promote: true } } }
I20260713 09:11:17.103796  1553 consensus_queue.cc:237] T e4b2cea23d9f410a89af0fb59174b0ab P afdafd35a71747fe896576ee44353794 [LEADER]: Queue going to LEADER mode. State: All replicated index: 0, Majority replicated index: 1, Committed index: 1, Last appended: 1.1, Last appended by leader: 0, Current term: 1, Majority size: 2, State: 0, Mode: LEADER, active raft config: opid_index: 2 OBSOLETE_local: false peers { permanent_uuid: "19278773461948748b6e0194b109d4f2" member_type: VOTER last_known_addr { host: "127.31.254.1" port: 40175 } } peers { permanent_uuid: "b372fcbb4ea14a82979488d9f774f6bc" member_type: VOTER last_known_addr { host: "127.31.254.2" port: 39697 } attrs { replace: true } } peers { permanent_uuid: "afdafd35a71747fe896576ee44353794" member_type: VOTER last_known_addr { host: "127.31.254.3" port: 44299 } } peers { permanent_uuid: "c0d96cf9119648809caaff0a23a3fd0b" member_type: NON_VOTER last_known_addr { host: "127.31.254.4" port: 34069 } attrs { promote: true } }
I20260713 09:11:17.104487  1300 catalog_manager.cc:5697] T 760e2422cdad43ae99784d1b19e91ba8 P afdafd35a71747fe896576ee44353794 reported cstate change: config changed from index -1 to 2, NON_VOTER c0d96cf9119648809caaff0a23a3fd0b (127.31.254.4) added. New cstate: current_term: 1 leader_uuid: "19278773461948748b6e0194b109d4f2" committed_config { opid_index: 2 OBSOLETE_local: false peers { permanent_uuid: "19278773461948748b6e0194b109d4f2" member_type: VOTER last_known_addr { host: "127.31.254.1" port: 40175 } } peers { permanent_uuid: "b372fcbb4ea14a82979488d9f774f6bc" member_type: VOTER last_known_addr { host: "127.31.254.2" port: 39697 } } peers { permanent_uuid: "afdafd35a71747fe896576ee44353794" member_type: VOTER last_known_addr { host: "127.31.254.3" port: 44299 } attrs { replace: true } } peers { permanent_uuid: "c0d96cf9119648809caaff0a23a3fd0b" member_type: NON_VOTER last_known_addr { host: "127.31.254.4" port: 34069 } attrs { promote: true } } }
W20260713 09:11:17.113168  1518 consensus_peers.cc:597] T e4b2cea23d9f410a89af0fb59174b0ab P afdafd35a71747fe896576ee44353794 -> Peer c0d96cf9119648809caaff0a23a3fd0b (127.31.254.4:34069): Couldn't send request to peer c0d96cf9119648809caaff0a23a3fd0b. Error code: TABLET_NOT_FOUND (6). Status: Not found: Tablet not found: e4b2cea23d9f410a89af0fb59174b0ab. This is attempt 1: this message will repeat every 5th retry.
I20260713 09:11:17.115224  1404 raft_consensus.cc:1275] T e4b2cea23d9f410a89af0fb59174b0ab P 19278773461948748b6e0194b109d4f2 [term 1 FOLLOWER]: Refusing update from remote peer afdafd35a71747fe896576ee44353794: Log matching property violated. Preceding OpId in replica: term: 1 index: 1. Preceding OpId from leader: term: 1 index: 2. (index mismatch)
I20260713 09:11:17.117326  1871 consensus_queue.cc:1048] T e4b2cea23d9f410a89af0fb59174b0ab P afdafd35a71747fe896576ee44353794 [LEADER]: Connected to new peer: Peer: permanent_uuid: "19278773461948748b6e0194b109d4f2" member_type: VOTER last_known_addr { host: "127.31.254.1" port: 40175 }, Status: LMP_MISMATCH, Last received: 0.0, Next index: 2, Last known committed idx: 1, Time since last communication: 0.000s
I20260713 09:11:17.118144  1476 raft_consensus.cc:1275] T e4b2cea23d9f410a89af0fb59174b0ab P b372fcbb4ea14a82979488d9f774f6bc [term 1 FOLLOWER]: Refusing update from remote peer afdafd35a71747fe896576ee44353794: Log matching property violated. Preceding OpId in replica: term: 1 index: 1. Preceding OpId from leader: term: 1 index: 2. (index mismatch)
I20260713 09:11:17.121028  1598 consensus_queue.cc:1048] T e4b2cea23d9f410a89af0fb59174b0ab P afdafd35a71747fe896576ee44353794 [LEADER]: Connected to new peer: Peer: permanent_uuid: "b372fcbb4ea14a82979488d9f774f6bc" member_type: VOTER last_known_addr { host: "127.31.254.2" port: 39697 } attrs { replace: true }, Status: LMP_MISMATCH, Last received: 0.0, Next index: 2, Last known committed idx: 1, Time since last communication: 0.001s
I20260713 09:11:17.149696  1871 raft_consensus.cc:2955] T e4b2cea23d9f410a89af0fb59174b0ab P afdafd35a71747fe896576ee44353794 [term 1 LEADER]: Committing config change with OpId 1.2: config changed from index -1 to 2, NON_VOTER c0d96cf9119648809caaff0a23a3fd0b (127.31.254.4) added. New config: { opid_index: 2 OBSOLETE_local: false peers { permanent_uuid: "19278773461948748b6e0194b109d4f2" member_type: VOTER last_known_addr { host: "127.31.254.1" port: 40175 } } peers { permanent_uuid: "b372fcbb4ea14a82979488d9f774f6bc" member_type: VOTER last_known_addr { host: "127.31.254.2" port: 39697 } attrs { replace: true } } peers { permanent_uuid: "afdafd35a71747fe896576ee44353794" member_type: VOTER last_known_addr { host: "127.31.254.3" port: 44299 } } peers { permanent_uuid: "c0d96cf9119648809caaff0a23a3fd0b" member_type: NON_VOTER last_known_addr { host: "127.31.254.4" port: 34069 } attrs { promote: true } } }
