I20260713 09:10:47.981523 32723 catalog_manager.cc:5697] T 809f56225e52440c8629977b8c11514e P 0460fcc157a441719c81780631b59bb8 reported cstate change: term changed from 1 to 2, leader changed from 1de49ecf082c46b0b3fbb8f2cf8a7222 (127.31.237.67) to 0460fcc157a441719c81780631b59bb8 (127.31.237.65). New cstate: current_term: 2 leader_uuid: "0460fcc157a441719c81780631b59bb8" committed_config { opid_index: -1 OBSOLETE_local: false peers { permanent_uuid: "0460fcc157a441719c81780631b59bb8" member_type: VOTER last_known_addr { host: "127.31.237.65" port: 39625 } health_report { overall_health: HEALTHY } } peers { permanent_uuid: "bac10304b29c4fd199a4cae4991f9cdb" member_type: VOTER last_known_addr { host: "127.31.237.66" port: 37331 } health_report { overall_health: UNKNOWN } } peers { permanent_uuid: "1de49ecf082c46b0b3fbb8f2cf8a7222" member_type: VOTER last_known_addr { host: "127.31.237.67" port: 34583 } health_report { overall_health: UNKNOWN } } }
I20260713 09:10:47.983453   563 raft_consensus.cc:1081] T 5c405f99eb974d608b620c7181024f9e P bac10304b29c4fd199a4cae4991f9cdb [term 1 LEADER]: Signalling peer 0460fcc157a441719c81780631b59bb8 to start an election
I20260713 09:10:47.974843   510 tablet_service.cc:1917] Received RequestConsensusVote() RPC: tablet_id: "14f799894579437784bb477cfe83821d" candidate_uuid: "bac10304b29c4fd199a4cae4991f9cdb" candidate_term: 2 candidate_status { last_received { term: 1 index: 1 } } ignore_live_leader: true dest_uuid: "1de49ecf082c46b0b3fbb8f2cf8a7222"
I20260713 09:10:47.984356   510 raft_consensus.cc:3060] T 14f799894579437784bb477cfe83821d P 1de49ecf082c46b0b3fbb8f2cf8a7222 [term 1 FOLLOWER]: Advancing to term 2
I20260713 09:10:47.991974   509 raft_consensus.cc:2468] T 62b2dcb93fbc4ebabf9a927cf7442bf7 P 1de49ecf082c46b0b3fbb8f2cf8a7222 [term 2 FOLLOWER]: Leader election vote request: Granting yes vote for candidate 0460fcc157a441719c81780631b59bb8 in term 2.
I20260713 09:10:47.989245   358 tablet_service.cc:2044] Received Run Leader Election RPC: tablet_id: "5c405f99eb974d608b620c7181024f9e"
dest_uuid: "0460fcc157a441719c81780631b59bb8"
 from {username='slave'} at 127.0.0.1:35452
I20260713 09:10:47.992913   358 raft_consensus.cc:493] T 5c405f99eb974d608b620c7181024f9e P 0460fcc157a441719c81780631b59bb8 [term 1 FOLLOWER]: Starting forced leader election (received explicit request)
I20260713 09:10:47.993332   358 raft_consensus.cc:3060] T 5c405f99eb974d608b620c7181024f9e P 0460fcc157a441719c81780631b59bb8 [term 1 FOLLOWER]: Advancing to term 2
I20260713 09:10:47.995857   510 raft_consensus.cc:2468] T 14f799894579437784bb477cfe83821d P 1de49ecf082c46b0b3fbb8f2cf8a7222 [term 2 FOLLOWER]: Leader election vote request: Granting yes vote for candidate bac10304b29c4fd199a4cae4991f9cdb in term 2.
I20260713 09:10:47.995278 32724 catalog_manager.cc:5697] T 62b2dcb93fbc4ebabf9a927cf7442bf7 P 0460fcc157a441719c81780631b59bb8 reported cstate change: term changed from 1 to 2, leader changed from bac10304b29c4fd199a4cae4991f9cdb (127.31.237.66) to 0460fcc157a441719c81780631b59bb8 (127.31.237.65). New cstate: current_term: 2 leader_uuid: "0460fcc157a441719c81780631b59bb8" committed_config { opid_index: -1 OBSOLETE_local: false peers { permanent_uuid: "0460fcc157a441719c81780631b59bb8" member_type: VOTER last_known_addr { host: "127.31.237.65" port: 39625 } health_report { overall_health: HEALTHY } } peers { permanent_uuid: "bac10304b29c4fd199a4cae4991f9cdb" member_type: VOTER last_known_addr { host: "127.31.237.66" port: 37331 } health_report { overall_health: UNKNOWN } } peers { permanent_uuid: "1de49ecf082c46b0b3fbb8f2cf8a7222" member_type: VOTER last_known_addr { host: "127.31.237.67" port: 34583 } health_report { overall_health: UNKNOWN } } }
I20260713 09:10:47.997037   399 leader_election.cc:304] T 14f799894579437784bb477cfe83821d P bac10304b29c4fd199a4cae4991f9cdb [CANDIDATE]: Term 2 election: Election decided. Result: candidate won. Election summary: received 2 responses out of 3 voters: 2 yes votes; 0 no votes. yes voters: 1de49ecf082c46b0b3fbb8f2cf8a7222, bac10304b29c4fd199a4cae4991f9cdb; no voters: 
I20260713 09:10:47.997917   563 raft_consensus.cc:2804] T 14f799894579437784bb477cfe83821d P bac10304b29c4fd199a4cae4991f9cdb [term 2 FOLLOWER]: Leader election won for term 2
I20260713 09:10:47.998394   563 raft_consensus.cc:697] T 14f799894579437784bb477cfe83821d P bac10304b29c4fd199a4cae4991f9cdb [term 2 LEADER]: Becoming Leader. State: Replica: bac10304b29c4fd199a4cae4991f9cdb, State: Running, Role: LEADER
I20260713 09:10:47.999166   563 consensus_queue.cc:237] T 14f799894579437784bb477cfe83821d P bac10304b29c4fd199a4cae4991f9cdb [LEADER]: Queue going to LEADER mode. State: All replicated index: 0, Majority replicated index: 1, Committed index: 1, Last appended: 1.1, Last appended by leader: 1, Current term: 2, Majority size: 2, State: 0, Mode: LEADER, active raft config: opid_index: -1 OBSOLETE_local: false peers { permanent_uuid: "0460fcc157a441719c81780631b59bb8" member_type: VOTER last_known_addr { host: "127.31.237.65" port: 39625 } } peers { permanent_uuid: "bac10304b29c4fd199a4cae4991f9cdb" member_type: VOTER last_known_addr { host: "127.31.237.66" port: 37331 } } peers { permanent_uuid: "1de49ecf082c46b0b3fbb8f2cf8a7222" member_type: VOTER last_known_addr { host: "127.31.237.67" port: 34583 } }
I20260713 09:10:48.000732   358 raft_consensus.cc:515] T 5c405f99eb974d608b620c7181024f9e P 0460fcc157a441719c81780631b59bb8 [term 2 FOLLOWER]: Starting forced leader election with config: opid_index: -1 OBSOLETE_local: false peers { permanent_uuid: "0460fcc157a441719c81780631b59bb8" member_type: VOTER last_known_addr { host: "127.31.237.65" port: 39625 } } peers { permanent_uuid: "bac10304b29c4fd199a4cae4991f9cdb" member_type: VOTER last_known_addr { host: "127.31.237.66" port: 37331 } } peers { permanent_uuid: "1de49ecf082c46b0b3fbb8f2cf8a7222" member_type: VOTER last_known_addr { host: "127.31.237.67" port: 34583 } }
I20260713 09:10:48.003482   434 tablet_service.cc:1917] Received RequestConsensusVote() RPC: tablet_id: "5c405f99eb974d608b620c7181024f9e" candidate_uuid: "0460fcc157a441719c81780631b59bb8" candidate_term: 2 candidate_status { last_received { term: 1 index: 1 } } ignore_live_leader: true dest_uuid: "bac10304b29c4fd199a4cae4991f9cdb"
I20260713 09:10:48.004066   434 raft_consensus.cc:3055] T 5c405f99eb974d608b620c7181024f9e P bac10304b29c4fd199a4cae4991f9cdb [term 1 LEADER]: Stepping down as leader of term 1
I20260713 09:10:48.004403   434 raft_consensus.cc:740] T 5c405f99eb974d608b620c7181024f9e P bac10304b29c4fd199a4cae4991f9cdb [term 1 LEADER]: Becoming Follower/Learner. State: Replica: bac10304b29c4fd199a4cae4991f9cdb, State: Running, Role: LEADER
I20260713 09:10:48.005342   434 consensus_queue.cc:260] T 5c405f99eb974d608b620c7181024f9e P bac10304b29c4fd199a4cae4991f9cdb [NON_LEADER]: Queue going to NON_LEADER mode. State: All replicated index: 0, Majority replicated index: 1, Committed index: 1, Last appended: 1.1, Last appended by leader: 1, Current term: 1, Majority size: -1, State: 0, Mode: NON_LEADER, active raft config: opid_index: -1 OBSOLETE_local: false peers { permanent_uuid: "0460fcc157a441719c81780631b59bb8" member_type: VOTER last_known_addr { host: "127.31.237.65" port: 39625 } } peers { permanent_uuid: "bac10304b29c4fd199a4cae4991f9cdb" member_type: VOTER last_known_addr { host: "127.31.237.66" port: 37331 } } peers { permanent_uuid: "1de49ecf082c46b0b3fbb8f2cf8a7222" member_type: VOTER last_known_addr { host: "127.31.237.67" port: 34583 } }
I20260713 09:10:47.979135   359 raft_consensus.cc:2468] T 14f799894579437784bb477cfe83821d P 0460fcc157a441719c81780631b59bb8 [term 2 FOLLOWER]: Leader election vote request: Granting yes vote for candidate bac10304b29c4fd199a4cae4991f9cdb in term 2.
I20260713 09:10:48.006438   434 raft_consensus.cc:3060] T 5c405f99eb974d608b620c7181024f9e P bac10304b29c4fd199a4cae4991f9cdb [term 1 FOLLOWER]: Advancing to term 2
I20260713 09:10:48.008481 32722 catalog_manager.cc:5697] T 14f799894579437784bb477cfe83821d P bac10304b29c4fd199a4cae4991f9cdb reported cstate change: term changed from 1 to 2, leader changed from 0460fcc157a441719c81780631b59bb8 (127.31.237.65) to bac10304b29c4fd199a4cae4991f9cdb (127.31.237.66). New cstate: current_term: 2 leader_uuid: "bac10304b29c4fd199a4cae4991f9cdb" committed_config { opid_index: -1 OBSOLETE_local: false peers { permanent_uuid: "0460fcc157a441719c81780631b59bb8" member_type: VOTER last_known_addr { host: "127.31.237.65" port: 39625 } health_report { overall_health: UNKNOWN } } peers { permanent_uuid: "bac10304b29c4fd199a4cae4991f9cdb" member_type: VOTER last_known_addr { host: "127.31.237.66" port: 37331 } health_report { overall_health: HEALTHY } } peers { permanent_uuid: "1de49ecf082c46b0b3fbb8f2cf8a7222" member_type: VOTER last_known_addr { host: "127.31.237.67" port: 34583 } health_report { overall_health: UNKNOWN } } }
I20260713 09:10:48.011132   510 tablet_service.cc:1917] Received RequestConsensusVote() RPC: tablet_id: "5c405f99eb974d608b620c7181024f9e" candidate_uuid: "0460fcc157a441719c81780631b59bb8" candidate_term: 2 candidate_status { last_received { term: 1 index: 1 } } ignore_live_leader: true dest_uuid: "1de49ecf082c46b0b3fbb8f2cf8a7222"
I20260713 09:10:48.011778   358 leader_election.cc:290] T 5c405f99eb974d608b620c7181024f9e P 0460fcc157a441719c81780631b59bb8 [CANDIDATE]: Term 2 election: Requested vote from peers bac10304b29c4fd199a4cae4991f9cdb (127.31.237.66:37331), 1de49ecf082c46b0b3fbb8f2cf8a7222 (127.31.237.67:34583)
I20260713 09:10:48.013134   510 raft_consensus.cc:3060] T 5c405f99eb974d608b620c7181024f9e P 1de49ecf082c46b0b3fbb8f2cf8a7222 [term 1 FOLLOWER]: Advancing to term 2
I20260713 09:10:48.013099   434 raft_consensus.cc:2468] T 5c405f99eb974d608b620c7181024f9e P bac10304b29c4fd199a4cae4991f9cdb [term 2 FOLLOWER]: Leader election vote request: Granting yes vote for candidate 0460fcc157a441719c81780631b59bb8 in term 2.
I20260713 09:10:48.014499   326 leader_election.cc:304] T 5c405f99eb974d608b620c7181024f9e P 0460fcc157a441719c81780631b59bb8 [CANDIDATE]: Term 2 election: Election decided. Result: candidate won. Election summary: received 2 responses out of 3 voters: 2 yes votes; 0 no votes. yes voters: 0460fcc157a441719c81780631b59bb8, bac10304b29c4fd199a4cae4991f9cdb; no voters: 
I20260713 09:10:48.015333   564 raft_consensus.cc:2804] T 5c405f99eb974d608b620c7181024f9e P 0460fcc157a441719c81780631b59bb8 [term 2 FOLLOWER]: Leader election won for term 2
I20260713 09:10:48.015758   564 raft_consensus.cc:697] T 5c405f99eb974d608b620c7181024f9e P 0460fcc157a441719c81780631b59bb8 [term 2 LEADER]: Becoming Leader. State: Replica: 0460fcc157a441719c81780631b59bb8, State: Running, Role: LEADER
I20260713 09:10:48.016534   564 consensus_queue.cc:237] T 5c405f99eb974d608b620c7181024f9e P 0460fcc157a441719c81780631b59bb8 [LEADER]: Queue going to LEADER mode. State: All replicated index: 0, Majority replicated index: 1, Committed index: 1, Last appended: 1.1, Last appended by leader: 1, Current term: 2, Majority size: 2, State: 0, Mode: LEADER, active raft config: opid_index: -1 OBSOLETE_local: false peers { permanent_uuid: "0460fcc157a441719c81780631b59bb8" member_type: VOTER last_known_addr { host: "127.31.237.65" port: 39625 } } peers { permanent_uuid: "bac10304b29c4fd199a4cae4991f9cdb" member_type: VOTER last_known_addr { host: "127.31.237.66" port: 37331 } } peers { permanent_uuid: "1de49ecf082c46b0b3fbb8f2cf8a7222" member_type: VOTER last_known_addr { host: "127.31.237.67" port: 34583 } }
I20260713 09:10:48.019861   510 raft_consensus.cc:2468] T 5c405f99eb974d608b620c7181024f9e P 1de49ecf082c46b0b3fbb8f2cf8a7222 [term 2 FOLLOWER]: Leader election vote request: Granting yes vote for candidate 0460fcc157a441719c81780631b59bb8 in term 2.
I20260713 09:10:48.023036   636 consensus_queue.cc:1048] T 3e2a4fc944c34fca8ddd6332c1ec3a09 P 1de49ecf082c46b0b3fbb8f2cf8a7222 [LEADER]: Connected to new peer: Peer: permanent_uuid: "0460fcc157a441719c81780631b59bb8" member_type: VOTER last_known_addr { host: "127.31.237.65" port: 39625 }, Status: LMP_MISMATCH, Last received: 0.0, Next index: 1, Last known committed idx: 0, Time since last communication: 0.000s
I20260713 09:10:48.026168 32723 catalog_manager.cc:5697] T 5c405f99eb974d608b620c7181024f9e P 0460fcc157a441719c81780631b59bb8 reported cstate change: term changed from 1 to 2, leader changed from bac10304b29c4fd199a4cae4991f9cdb (127.31.237.66) to 0460fcc157a441719c81780631b59bb8 (127.31.237.65). New cstate: current_term: 2 leader_uuid: "0460fcc157a441719c81780631b59bb8" committed_config { opid_index: -1 OBSOLETE_local: false peers { permanent_uuid: "0460fcc157a441719c81780631b59bb8" member_type: VOTER last_known_addr { host: "127.31.237.65" port: 39625 } health_report { overall_health: HEALTHY } } peers { permanent_uuid: "bac10304b29c4fd199a4cae4991f9cdb" member_type: VOTER last_known_addr { host: "127.31.237.66" port: 37331 } health_report { overall_health: UNKNOWN } } peers { permanent_uuid: "1de49ecf082c46b0b3fbb8f2cf8a7222" member_type: VOTER last_known_addr { host: "127.31.237.67" port: 34583 } health_report { overall_health: UNKNOWN } } }
I20260713 09:10:48.036521   634 consensus_queue.cc:1048] T 3e2a4fc944c34fca8ddd6332c1ec3a09 P 1de49ecf082c46b0b3fbb8f2cf8a7222 [LEADER]: Connected to new peer: Peer: permanent_uuid: "bac10304b29c4fd199a4cae4991f9cdb" member_type: VOTER last_known_addr { host: "127.31.237.66" port: 37331 }, Status: LMP_MISMATCH, Last received: 0.0, Next index: 1, Last known committed idx: 0, Time since last communication: 0.000s
I20260713 09:10:48.302345   608 raft_consensus.cc:993] T c68398d0c81a4ba7893b2aa2e413028b P 0460fcc157a441719c81780631b59bb8: : Instructing follower bac10304b29c4fd199a4cae4991f9cdb to start an election
I20260713 09:10:48.302774   564 raft_consensus.cc:1081] T c68398d0c81a4ba7893b2aa2e413028b P 0460fcc157a441719c81780631b59bb8 [term 1 LEADER]: Signalling peer bac10304b29c4fd199a4cae4991f9cdb to start an election
I20260713 09:10:48.304148   434 tablet_service.cc:2044] Received Run Leader Election RPC: tablet_id: "c68398d0c81a4ba7893b2aa2e413028b"
dest_uuid: "bac10304b29c4fd199a4cae4991f9cdb"
 from {username='slave'} at 127.0.0.1:55194
I20260713 09:10:48.304653   434 raft_consensus.cc:493] T c68398d0c81a4ba7893b2aa2e413028b P bac10304b29c4fd199a4cae4991f9cdb [term 1 FOLLOWER]: Starting forced leader election (received explicit request)
I20260713 09:10:48.304993   434 raft_consensus.cc:3060] T c68398d0c81a4ba7893b2aa2e413028b P bac10304b29c4fd199a4cae4991f9cdb [term 1 FOLLOWER]: Advancing to term 2
I20260713 09:10:48.310237   434 raft_consensus.cc:515] T c68398d0c81a4ba7893b2aa2e413028b P bac10304b29c4fd199a4cae4991f9cdb [term 2 FOLLOWER]: Starting forced leader election with config: opid_index: -1 OBSOLETE_local: false peers { permanent_uuid: "0460fcc157a441719c81780631b59bb8" member_type: VOTER last_known_addr { host: "127.31.237.65" port: 39625 } } peers { permanent_uuid: "bac10304b29c4fd199a4cae4991f9cdb" member_type: VOTER last_known_addr { host: "127.31.237.66" port: 37331 } } peers { permanent_uuid: "1de49ecf082c46b0b3fbb8f2cf8a7222" member_type: VOTER last_known_addr { host: "127.31.237.67" port: 34583 } }
I20260713 09:10:48.311823   434 leader_election.cc:290] T c68398d0c81a4ba7893b2aa2e413028b P bac10304b29c4fd199a4cae4991f9cdb [CANDIDATE]: Term 2 election: Requested vote from peers 0460fcc157a441719c81780631b59bb8 (127.31.237.65:39625), 1de49ecf082c46b0b3fbb8f2cf8a7222 (127.31.237.67:34583)
I20260713 09:10:48.312587   358 tablet_service.cc:1917] Received RequestConsensusVote() RPC: tablet_id: "c68398d0c81a4ba7893b2aa2e413028b" candidate_uuid: "bac10304b29c4fd199a4cae4991f9cdb" candidate_term: 2 candidate_status { last_received { term: 1 index: 1 } } ignore_live_leader: true dest_uuid: "0460fcc157a441719c81780631b59bb8"
I20260713 09:10:48.313071   510 tablet_service.cc:1917] Received RequestConsensusVote() RPC: tablet_id: "c68398d0c81a4ba7893b2aa2e413028b" candidate_uuid: "bac10304b29c4fd199a4cae4991f9cdb" candidate_term: 2 candidate_status { last_received { term: 1 index: 1 } } ignore_live_leader: true dest_uuid: "1de49ecf082c46b0b3fbb8f2cf8a7222"
I20260713 09:10:48.313185   358 raft_consensus.cc:3055] T c68398d0c81a4ba7893b2aa2e413028b P 0460fcc157a441719c81780631b59bb8 [term 1 LEADER]: Stepping down as leader of term 1
I20260713 09:10:48.313608   510 raft_consensus.cc:3060] T c68398d0c81a4ba7893b2aa2e413028b P 1de49ecf082c46b0b3fbb8f2cf8a7222 [term 1 FOLLOWER]: Advancing to term 2
I20260713 09:10:48.313625   358 raft_consensus.cc:740] T c68398d0c81a4ba7893b2aa2e413028b P 0460fcc157a441719c81780631b59bb8 [term 1 LEADER]: Becoming Follower/Learner. State: Replica: 0460fcc157a441719c81780631b59bb8, State: Running, Role: LEADER
I20260713 09:10:48.314467   358 consensus_queue.cc:260] T c68398d0c81a4ba7893b2aa2e413028b P 0460fcc157a441719c81780631b59bb8 [NON_LEADER]: Queue going to NON_LEADER mode. State: All replicated index: 0, Majority replicated index: 1, Committed index: 1, Last appended: 1.1, Last appended by leader: 1, Current term: 1, Majority size: -1, State: 0, Mode: NON_LEADER, active raft config: opid_index: -1 OBSOLETE_local: false peers { permanent_uuid: "0460fcc157a441719c81780631b59bb8" member_type: VOTER last_known_addr { host: "127.31.237.65" port: 39625 } } peers { permanent_uuid: "bac10304b29c4fd199a4cae4991f9cdb" member_type: VOTER last_known_addr { host: "127.31.237.66" port: 37331 } } peers { permanent_uuid: "1de49ecf082c46b0b3fbb8f2cf8a7222" member_type: VOTER last_known_addr { host: "127.31.237.67" port: 34583 } }
I20260713 09:10:48.315325   358 raft_consensus.cc:3060] T c68398d0c81a4ba7893b2aa2e413028b P 0460fcc157a441719c81780631b59bb8 [term 1 FOLLOWER]: Advancing to term 2
I20260713 09:10:48.319358   510 raft_consensus.cc:2468] T c68398d0c81a4ba7893b2aa2e413028b P 1de49ecf082c46b0b3fbb8f2cf8a7222 [term 2 FOLLOWER]: Leader election vote request: Granting yes vote for candidate bac10304b29c4fd199a4cae4991f9cdb in term 2.
I20260713 09:10:48.319911   509 raft_consensus.cc:1275] T d07fb11bba884c87946dc9d2590fd022 P 1de49ecf082c46b0b3fbb8f2cf8a7222 [term 2 FOLLOWER]: Refusing update from remote peer 0460fcc157a441719c81780631b59bb8: Log matching property violated. Preceding OpId in replica: term: 1 index: 1. Preceding OpId from leader: term: 2 index: 2. (index mismatch)
I20260713 09:10:48.320384   399 leader_election.cc:304] T c68398d0c81a4ba7893b2aa2e413028b P bac10304b29c4fd199a4cae4991f9cdb [CANDIDATE]: Term 2 election: Election decided. Result: candidate won. Election summary: received 2 responses out of 3 voters: 2 yes votes; 0 no votes. yes voters: 1de49ecf082c46b0b3fbb8f2cf8a7222, bac10304b29c4fd199a4cae4991f9cdb; no voters: 
I20260713 09:10:48.321101   563 raft_consensus.cc:2804] T c68398d0c81a4ba7893b2aa2e413028b P bac10304b29c4fd199a4cae4991f9cdb [term 2 FOLLOWER]: Leader election won for term 2
I20260713 09:10:48.321206   358 raft_consensus.cc:2468] T c68398d0c81a4ba7893b2aa2e413028b P 0460fcc157a441719c81780631b59bb8 [term 2 FOLLOWER]: Leader election vote request: Granting yes vote for candidate bac10304b29c4fd199a4cae4991f9cdb in term 2.
I20260713 09:10:48.321161   564 consensus_queue.cc:1048] T d07fb11bba884c87946dc9d2590fd022 P 0460fcc157a441719c81780631b59bb8 [LEADER]: Connected to new peer: Peer: permanent_uuid: "1de49ecf082c46b0b3fbb8f2cf8a7222" member_type: VOTER last_known_addr { host: "127.31.237.67" port: 34583 }, Status: LMP_MISMATCH, Last received: 0.0, Next index: 2, Last known committed idx: 1, Time since last communication: 0.001s
I20260713 09:10:48.322408   563 raft_consensus.cc:697] T c68398d0c81a4ba7893b2aa2e413028b P bac10304b29c4fd199a4cae4991f9cdb [term 2 LEADER]: Becoming Leader. State: Replica: bac10304b29c4fd199a4cae4991f9cdb, State: Running, Role: LEADER
I20260713 09:10:48.323201   563 consensus_queue.cc:237] T c68398d0c81a4ba7893b2aa2e413028b P bac10304b29c4fd199a4cae4991f9cdb [LEADER]: Queue going to LEADER mode. State: All replicated index: 0, Majority replicated index: 1, Committed index: 1, Last appended: 1.1, Last appended by leader: 1, Current term: 2, Majority size: 2, State: 0, Mode: LEADER, active raft config: opid_index: -1 OBSOLETE_local: false peers { permanent_uuid: "0460fcc157a441719c81780631b59bb8" member_type: VOTER last_known_addr { host: "127.31.237.65" port: 39625 } } peers { permanent_uuid: "bac10304b29c4fd199a4cae4991f9cdb" member_type: VOTER last_known_addr { host: "127.31.237.66" port: 37331 } } peers { permanent_uuid: "1de49ecf082c46b0b3fbb8f2cf8a7222" member_type: VOTER last_known_addr { host: "127.31.237.67" port: 34583 } }
I20260713 09:10:48.332257   434 raft_consensus.cc:1275] T d07fb11bba884c87946dc9d2590fd022 P bac10304b29c4fd199a4cae4991f9cdb [term 2 FOLLOWER]: Refusing update from remote peer 0460fcc157a441719c81780631b59bb8: Log matching property violated. Preceding OpId in replica: term: 1 index: 1. Preceding OpId from leader: term: 2 index: 2. (index mismatch)
I20260713 09:10:48.335285   590 consensus_queue.cc:1048] T d07fb11bba884c87946dc9d2590fd022 P 0460fcc157a441719c81780631b59bb8 [LEADER]: Connected to new peer: Peer: permanent_uuid: "bac10304b29c4fd199a4cae4991f9cdb" member_type: VOTER last_known_addr { host: "127.31.237.66" port: 37331 }, Status: LMP_MISMATCH, Last received: 0.0, Next index: 2, Last known committed idx: 1, Time since last communication: 0.000s
I20260713 09:10:48.331350 32723 catalog_manager.cc:5697] T c68398d0c81a4ba7893b2aa2e413028b P bac10304b29c4fd199a4cae4991f9cdb reported cstate change: term changed from 1 to 2, leader changed from 0460fcc157a441719c81780631b59bb8 (127.31.237.65) to bac10304b29c4fd199a4cae4991f9cdb (127.31.237.66). New cstate: current_term: 2 leader_uuid: "bac10304b29c4fd199a4cae4991f9cdb" committed_config { opid_index: -1 OBSOLETE_local: false peers { permanent_uuid: "0460fcc157a441719c81780631b59bb8" member_type: VOTER last_known_addr { host: "127.31.237.65" port: 39625 } health_report { overall_health: UNKNOWN } } peers { permanent_uuid: "bac10304b29c4fd199a4cae4991f9cdb" member_type: VOTER last_known_addr { host: "127.31.237.66" port: 37331 } health_report { overall_health: HEALTHY } } peers { permanent_uuid: "1de49ecf082c46b0b3fbb8f2cf8a7222" member_type: VOTER last_known_addr { host: "127.31.237.67" port: 34583 } health_report { overall_health: UNKNOWN } } }
I20260713 09:10:48.410334   509 raft_consensus.cc:1275] T 809f56225e52440c8629977b8c11514e P 1de49ecf082c46b0b3fbb8f2cf8a7222 [term 2 FOLLOWER]: Refusing update from remote peer 0460fcc157a441719c81780631b59bb8: Log matching property violated. Preceding OpId in replica: term: 1 index: 1. Preceding OpId from leader: term: 2 index: 2. (index mismatch)
I20260713 09:10:48.411568   590 consensus_queue.cc:1048] T 809f56225e52440c8629977b8c11514e P 0460fcc157a441719c81780631b59bb8 [LEADER]: Connected to new peer: Peer: permanent_uuid: "1de49ecf082c46b0b3fbb8f2cf8a7222" member_type: VOTER last_known_addr { host: "127.31.237.67" port: 34583 }, Status: LMP_MISMATCH, Last received: 0.0, Next index: 2, Last known committed idx: 1, Time since last communication: 0.000s
I20260713 09:10:48.417560   434 raft_consensus.cc:1275] T 62b2dcb93fbc4ebabf9a927cf7442bf7 P bac10304b29c4fd199a4cae4991f9cdb [term 2 FOLLOWER]: Refusing update from remote peer 0460fcc157a441719c81780631b59bb8: Log matching property violated. Preceding OpId in replica: term: 1 index: 1. Preceding OpId from leader: term: 2 index: 2. (index mismatch)
I20260713 09:10:48.419327   564 consensus_queue.cc:1048] T 62b2dcb93fbc4ebabf9a927cf7442bf7 P 0460fcc157a441719c81780631b59bb8 [LEADER]: Connected to new peer: Peer: permanent_uuid: "bac10304b29c4fd199a4cae4991f9cdb" member_type: VOTER last_known_addr { host: "127.31.237.66" port: 37331 }, Status: LMP_MISMATCH, Last received: 0.0, Next index: 2, Last known committed idx: 1, Time since last communication: 0.000s
I20260713 09:10:48.420858   434 raft_consensus.cc:1275] T 809f56225e52440c8629977b8c11514e P bac10304b29c4fd199a4cae4991f9cdb [term 2 FOLLOWER]: Refusing update from remote peer 0460fcc157a441719c81780631b59bb8: Log matching property violated. Preceding OpId in replica: term: 1 index: 1. Preceding OpId from leader: term: 2 index: 2. (index mismatch)
I20260713 09:10:48.422621   608 consensus_queue.cc:1048] T 809f56225e52440c8629977b8c11514e P 0460fcc157a441719c81780631b59bb8 [LEADER]: Connected to new peer: Peer: permanent_uuid: "bac10304b29c4fd199a4cae4991f9cdb" member_type: VOTER last_known_addr { host: "127.31.237.66" port: 37331 }, Status: LMP_MISMATCH, Last received: 0.0, Next index: 2, Last known committed idx: 1, Time since last communication: 0.000s
I20260713 09:10:48.430616   509 raft_consensus.cc:1275] T 62b2dcb93fbc4ebabf9a927cf7442bf7 P 1de49ecf082c46b0b3fbb8f2cf8a7222 [term 2 FOLLOWER]: Refusing update from remote peer 0460fcc157a441719c81780631b59bb8: Log matching property violated. Preceding OpId in replica: term: 1 index: 1. Preceding OpId from leader: term: 2 index: 2. (index mismatch)
I20260713 09:10:48.432133   628 consensus_queue.cc:1048] T 62b2dcb93fbc4ebabf9a927cf7442bf7 P 0460fcc157a441719c81780631b59bb8 [LEADER]: Connected to new peer: Peer: permanent_uuid: "1de49ecf082c46b0b3fbb8f2cf8a7222" member_type: VOTER last_known_addr { host: "127.31.237.67" port: 34583 }, Status: LMP_MISMATCH, Last received: 0.0, Next index: 2, Last known committed idx: 1, Time since last communication: 0.000s
I20260713 09:10:48.435765   510 raft_consensus.cc:1275] T 14f799894579437784bb477cfe83821d P 1de49ecf082c46b0b3fbb8f2cf8a7222 [term 2 FOLLOWER]: Refusing update from remote peer bac10304b29c4fd199a4cae4991f9cdb: Log matching property violated. Preceding OpId in replica: term: 1 index: 1. Preceding OpId from leader: term: 2 index: 2. (index mismatch)
I20260713 09:10:48.437204   563 consensus_queue.cc:1048] T 14f799894579437784bb477cfe83821d P bac10304b29c4fd199a4cae4991f9cdb [LEADER]: Connected to new peer: Peer: permanent_uuid: "1de49ecf082c46b0b3fbb8f2cf8a7222" member_type: VOTER last_known_addr { host: "127.31.237.67" port: 34583 }, Status: LMP_MISMATCH, Last received: 0.0, Next index: 2, Last known committed idx: 1, Time since last communication: 0.000s
I20260713 09:10:48.447638   358 raft_consensus.cc:1275] T 14f799894579437784bb477cfe83821d P 0460fcc157a441719c81780631b59bb8 [term 2 FOLLOWER]: Refusing update from remote peer bac10304b29c4fd199a4cae4991f9cdb: Log matching property violated. Preceding OpId in replica: term: 1 index: 1. Preceding OpId from leader: term: 2 index: 2. (index mismatch)
I20260713 09:10:48.449518   593 consensus_queue.cc:1048] T 14f799894579437784bb477cfe83821d P bac10304b29c4fd199a4cae4991f9cdb [LEADER]: Connected to new peer: Peer: permanent_uuid: "0460fcc157a441719c81780631b59bb8" member_type: VOTER last_known_addr { host: "127.31.237.65" port: 39625 }, Status: LMP_MISMATCH, Last received: 0.0, Next index: 2, Last known committed idx: 1, Time since last communication: 0.000s
I20260713 09:10:48.478361   435 raft_consensus.cc:1275] T 5c405f99eb974d608b620c7181024f9e P bac10304b29c4fd199a4cae4991f9cdb [term 2 FOLLOWER]: Refusing update from remote peer 0460fcc157a441719c81780631b59bb8: Log matching property violated. Preceding OpId in replica: term: 1 index: 1. Preceding OpId from leader: term: 2 index: 2. (index mismatch)
I20260713 09:10:48.479480   628 consensus_queue.cc:1048] T 5c405f99eb974d608b620c7181024f9e P 0460fcc157a441719c81780631b59bb8 [LEADER]: Connected to new peer: Peer: permanent_uuid: "bac10304b29c4fd199a4cae4991f9cdb" member_type: VOTER last_known_addr { host: "127.31.237.66" port: 37331 }, Status: LMP_MISMATCH, Last received: 0.0, Next index: 2, Last known committed idx: 1, Time since last communication: 0.000s
I20260713 09:10:48.486150   509 raft_consensus.cc:1275] T 5c405f99eb974d608b620c7181024f9e P 1de49ecf082c46b0b3fbb8f2cf8a7222 [term 2 FOLLOWER]: Refusing update from remote peer 0460fcc157a441719c81780631b59bb8: Log matching property violated. Preceding OpId in replica: term: 1 index: 1. Preceding OpId from leader: term: 2 index: 2. (index mismatch)
I20260713 09:10:48.487703   564 consensus_queue.cc:1048] T 5c405f99eb974d608b620c7181024f9e P 0460fcc157a441719c81780631b59bb8 [LEADER]: Connected to new peer: Peer: permanent_uuid: "1de49ecf082c46b0b3fbb8f2cf8a7222" member_type: VOTER last_known_addr { host: "127.31.237.67" port: 34583 }, Status: LMP_MISMATCH, Last received: 0.0, Next index: 2, Last known committed idx: 1, Time since last communication: 0.000s
I20260713 09:10:48.751021   358 raft_consensus.cc:1275] T c68398d0c81a4ba7893b2aa2e413028b P 0460fcc157a441719c81780631b59bb8 [term 2 FOLLOWER]: Refusing update from remote peer bac10304b29c4fd199a4cae4991f9cdb: Log matching property violated. Preceding OpId in replica: term: 1 index: 1. Preceding OpId from leader: term: 2 index: 2. (index mismatch)
I20260713 09:10:48.752185   563 consensus_queue.cc:1048] T c68398d0c81a4ba7893b2aa2e413028b P bac10304b29c4fd199a4cae4991f9cdb [LEADER]: Connected to new peer: Peer: permanent_uuid: "0460fcc157a441719c81780631b59bb8" member_type: VOTER last_known_addr { host: "127.31.237.65" port: 39625 }, Status: LMP_MISMATCH, Last received: 0.0, Next index: 2, Last known committed idx: 1, Time since last communication: 0.000s
I20260713 09:10:48.759830   509 raft_consensus.cc:1275] T c68398d0c81a4ba7893b2aa2e413028b P 1de49ecf082c46b0b3fbb8f2cf8a7222 [term 2 FOLLOWER]: Refusing update from remote peer bac10304b29c4fd199a4cae4991f9cdb: Log matching property violated. Preceding OpId in replica: term: 1 index: 1. Preceding OpId from leader: term: 2 index: 2. (index mismatch)
I20260713 09:10:48.761765   563 consensus_queue.cc:1048] T c68398d0c81a4ba7893b2aa2e413028b P bac10304b29c4fd199a4cae4991f9cdb [LEADER]: Connected to new peer: Peer: permanent_uuid: "1de49ecf082c46b0b3fbb8f2cf8a7222" member_type: VOTER last_known_addr { host: "127.31.237.67" port: 34583 }, Status: LMP_MISMATCH, Last received: 0.0, Next index: 2, Last known committed idx: 1, Time since last communication: 0.000s
I20260713 09:10:51.269546 32693 auto_leader_rebalancer-test.cc:320] The leader distribution is 
I20260713 09:10:51.270808 32693 auto_leader_rebalancer.cc:141] leader rebalance for table test-workload
W20260713 09:10:51.279112   399 outbound_call.cc:321] RPC callback for RPC call kudu.consensus.ConsensusService.UpdateConsensus -> {remote=127.31.237.67:34583, user_credentials={real_user=slave}} blocked reactor thread for 132892us
I20260713 09:10:51.301821   358 tablet_service.cc:2072] Received LeaderStepDown RPC: tablet_id: "5c405f99eb974d608b620c7181024f9e"
dest_uuid: "0460fcc157a441719c81780631b59bb8"
mode: GRACEFUL
new_leader_uuid: "1de49ecf082c46b0b3fbb8f2cf8a7222"
 from {username='slave'} at 127.0.0.1:35478
I20260713 09:10:51.302366   358 raft_consensus.cc:606] T 5c405f99eb974d608b620c7181024f9e P 0460fcc157a441719c81780631b59bb8 [term 2 LEADER]: Received request to transfer leadership to TS 1de49ecf082c46b0b3fbb8f2cf8a7222
I20260713 09:10:51.312779   435 tablet_service.cc:2072] Received LeaderStepDown RPC: tablet_id: "9513d0968962489bb059f762f0d74504"
dest_uuid: "bac10304b29c4fd199a4cae4991f9cdb"
mode: GRACEFUL
new_leader_uuid: "1de49ecf082c46b0b3fbb8f2cf8a7222"
 from {username='slave'} at 127.0.0.1:55214
I20260713 09:10:51.313263   435 raft_consensus.cc:606] T 9513d0968962489bb059f762f0d74504 P bac10304b29c4fd199a4cae4991f9cdb [term 1 LEADER]: Received request to transfer leadership to TS 1de49ecf082c46b0b3fbb8f2cf8a7222
I20260713 09:10:51.314275 32693 auto_leader_rebalancer.cc:479] table: test-workload, leader rebalance finish, leader transfer count: 2
I20260713 09:10:51.314663 32693 auto_leader_rebalancer.cc:554] All tables' leader rebalancing finished this round
I20260713 09:10:51.562734   651 raft_consensus.cc:993] T 9513d0968962489bb059f762f0d74504 P bac10304b29c4fd199a4cae4991f9cdb: : Instructing follower 1de49ecf082c46b0b3fbb8f2cf8a7222 to start an election
I20260713 09:10:51.563256   653 raft_consensus.cc:1081] T 9513d0968962489bb059f762f0d74504 P bac10304b29c4fd199a4cae4991f9cdb [term 1 LEADER]: Signalling peer 1de49ecf082c46b0b3fbb8f2cf8a7222 to start an election
I20260713 09:10:51.564886   508 tablet_service.cc:2044] Received Run Leader Election RPC: tablet_id: "9513d0968962489bb059f762f0d74504"
dest_uuid: "1de49ecf082c46b0b3fbb8f2cf8a7222"
 from {username='slave'} at 127.0.0.1:35416
I20260713 09:10:51.565444   508 raft_consensus.cc:493] T 9513d0968962489bb059f762f0d74504 P 1de49ecf082c46b0b3fbb8f2cf8a7222 [term 1 FOLLOWER]: Starting forced leader election (received explicit request)
I20260713 09:10:51.565793   508 raft_consensus.cc:3060] T 9513d0968962489bb059f762f0d74504 P 1de49ecf082c46b0b3fbb8f2cf8a7222 [term 1 FOLLOWER]: Advancing to term 2
I20260713 09:10:51.571097   508 raft_consensus.cc:515] T 9513d0968962489bb059f762f0d74504 P 1de49ecf082c46b0b3fbb8f2cf8a7222 [term 2 FOLLOWER]: Starting forced leader election with config: opid_index: -1 OBSOLETE_local: false peers { permanent_uuid: "0460fcc157a441719c81780631b59bb8" member_type: VOTER last_known_addr { host: "127.31.237.65" port: 39625 } } peers { permanent_uuid: "bac10304b29c4fd199a4cae4991f9cdb" member_type: VOTER last_known_addr { host: "127.31.237.66" port: 37331 } } peers { permanent_uuid: "1de49ecf082c46b0b3fbb8f2cf8a7222" member_type: VOTER last_known_addr { host: "127.31.237.67" port: 34583 } }
I20260713 09:10:51.572616   508 leader_election.cc:290] T 9513d0968962489bb059f762f0d74504 P 1de49ecf082c46b0b3fbb8f2cf8a7222 [CANDIDATE]: Term 2 election: Requested vote from peers 0460fcc157a441719c81780631b59bb8 (127.31.237.65:39625), bac10304b29c4fd199a4cae4991f9cdb (127.31.237.66:37331)
I20260713 09:10:51.573164   358 tablet_service.cc:1917] Received RequestConsensusVote() RPC: tablet_id: "9513d0968962489bb059f762f0d74504" candidate_uuid: "1de49ecf082c46b0b3fbb8f2cf8a7222" candidate_term: 2 candidate_status { last_received { term: 1 index: 1 } } ignore_live_leader: true dest_uuid: "0460fcc157a441719c81780631b59bb8"
I20260713 09:10:51.573770   358 raft_consensus.cc:3060] T 9513d0968962489bb059f762f0d74504 P 0460fcc157a441719c81780631b59bb8 [term 1 FOLLOWER]: Advancing to term 2
I20260713 09:10:51.573683   435 tablet_service.cc:1917] Received RequestConsensusVote() RPC: tablet_id: "9513d0968962489bb059f762f0d74504" candidate_uuid: "1de49ecf082c46b0b3fbb8f2cf8a7222" candidate_term: 2 candidate_status { last_received { term: 1 index: 1 } } ignore_live_leader: true dest_uuid: "bac10304b29c4fd199a4cae4991f9cdb"
I20260713 09:10:51.574162   435 raft_consensus.cc:3055] T 9513d0968962489bb059f762f0d74504 P bac10304b29c4fd199a4cae4991f9cdb [term 1 LEADER]: Stepping down as leader of term 1
I20260713 09:10:51.574448   435 raft_consensus.cc:740] T 9513d0968962489bb059f762f0d74504 P bac10304b29c4fd199a4cae4991f9cdb [term 1 LEADER]: Becoming Follower/Learner. State: Replica: bac10304b29c4fd199a4cae4991f9cdb, State: Running, Role: LEADER
I20260713 09:10:51.575052   435 consensus_queue.cc:260] T 9513d0968962489bb059f762f0d74504 P bac10304b29c4fd199a4cae4991f9cdb [NON_LEADER]: Queue going to NON_LEADER mode. State: All replicated index: 0, Majority replicated index: 1, Committed index: 1, Last appended: 1.1, Last appended by leader: 1, Current term: 1, Majority size: -1, State: 0, Mode: NON_LEADER, active raft config: opid_index: -1 OBSOLETE_local: false peers { permanent_uuid: "0460fcc157a441719c81780631b59bb8" member_type: VOTER last_known_addr { host: "127.31.237.65" port: 39625 } } peers { permanent_uuid: "bac10304b29c4fd199a4cae4991f9cdb" member_type: VOTER last_known_addr { host: "127.31.237.66" port: 37331 } } peers { permanent_uuid: "1de49ecf082c46b0b3fbb8f2cf8a7222" member_type: VOTER last_known_addr { host: "127.31.237.67" port: 34583 } }
I20260713 09:10:51.575884   435 raft_consensus.cc:3060] T 9513d0968962489bb059f762f0d74504 P bac10304b29c4fd199a4cae4991f9cdb [term 1 FOLLOWER]: Advancing to term 2
I20260713 09:10:51.578150   358 raft_consensus.cc:2468] T 9513d0968962489bb059f762f0d74504 P 0460fcc157a441719c81780631b59bb8 [term 2 FOLLOWER]: Leader election vote request: Granting yes vote for candidate 1de49ecf082c46b0b3fbb8f2cf8a7222 in term 2.
I20260713 09:10:51.579205   476 leader_election.cc:304] T 9513d0968962489bb059f762f0d74504 P 1de49ecf082c46b0b3fbb8f2cf8a7222 [CANDIDATE]: Term 2 election: Election decided. Result: candidate won. Election summary: received 2 responses out of 3 voters: 2 yes votes; 0 no votes. yes voters: 0460fcc157a441719c81780631b59bb8, 1de49ecf082c46b0b3fbb8f2cf8a7222; no voters: 
I20260713 09:10:51.579936   644 raft_consensus.cc:2804] T 9513d0968962489bb059f762f0d74504 P 1de49ecf082c46b0b3fbb8f2cf8a7222 [term 2 FOLLOWER]: Leader election won for term 2
I20260713 09:10:51.580492   435 raft_consensus.cc:2468] T 9513d0968962489bb059f762f0d74504 P bac10304b29c4fd199a4cae4991f9cdb [term 2 FOLLOWER]: Leader election vote request: Granting yes vote for candidate 1de49ecf082c46b0b3fbb8f2cf8a7222 in term 2.
I20260713 09:10:51.581471   644 raft_consensus.cc:697] T 9513d0968962489bb059f762f0d74504 P 1de49ecf082c46b0b3fbb8f2cf8a7222 [term 2 LEADER]: Becoming Leader. State: Replica: 1de49ecf082c46b0b3fbb8f2cf8a7222, State: Running, Role: LEADER
I20260713 09:10:51.582219   644 consensus_queue.cc:237] T 9513d0968962489bb059f762f0d74504 P 1de49ecf082c46b0b3fbb8f2cf8a7222 [LEADER]: Queue going to LEADER mode. State: All replicated index: 0, Majority replicated index: 1, Committed index: 1, Last appended: 1.1, Last appended by leader: 1, Current term: 2, Majority size: 2, State: 0, Mode: LEADER, active raft config: opid_index: -1 OBSOLETE_local: false peers { permanent_uuid: "0460fcc157a441719c81780631b59bb8" member_type: VOTER last_known_addr { host: "127.31.237.65" port: 39625 } } peers { permanent_uuid: "bac10304b29c4fd199a4cae4991f9cdb" member_type: VOTER last_known_addr { host: "127.31.237.66" port: 37331 } } peers { permanent_uuid: "1de49ecf082c46b0b3fbb8f2cf8a7222" member_type: VOTER last_known_addr { host: "127.31.237.67" port: 34583 } }
I20260713 09:10:51.591023 32724 catalog_manager.cc:5697] T 9513d0968962489bb059f762f0d74504 P 1de49ecf082c46b0b3fbb8f2cf8a7222 reported cstate change: term changed from 1 to 2, leader changed from bac10304b29c4fd199a4cae4991f9cdb (127.31.237.66) to 1de49ecf082c46b0b3fbb8f2cf8a7222 (127.31.237.67). New cstate: current_term: 2 leader_uuid: "1de49ecf082c46b0b3fbb8f2cf8a7222" committed_config { opid_index: -1 OBSOLETE_local: false peers { permanent_uuid: "0460fcc157a441719c81780631b59bb8" member_type: VOTER last_known_addr { host: "127.31.237.65" port: 39625 } health_report { overall_health: UNKNOWN } } peers { permanent_uuid: "bac10304b29c4fd199a4cae4991f9cdb" member_type: VOTER last_known_addr { host: "127.31.237.66" port: 37331 } health_report { overall_health: UNKNOWN } } peers { permanent_uuid: "1de49ecf082c46b0b3fbb8f2cf8a7222" member_type: VOTER last_known_addr { host: "127.31.237.67" port: 34583 } health_report { overall_health: HEALTHY } } }
I20260713 09:10:51.635398   647 raft_consensus.cc:993] T 5c405f99eb974d608b620c7181024f9e P 0460fcc157a441719c81780631b59bb8: : Instructing follower 1de49ecf082c46b0b3fbb8f2cf8a7222 to start an election
I20260713 09:10:51.635844   646 raft_consensus.cc:1081] T 5c405f99eb974d608b620c7181024f9e P 0460fcc157a441719c81780631b59bb8 [term 2 LEADER]: Signalling peer 1de49ecf082c46b0b3fbb8f2cf8a7222 to start an election
I20260713 09:10:51.637423   508 tablet_service.cc:2044] Received Run Leader Election RPC: tablet_id: "5c405f99eb974d608b620c7181024f9e"
dest_uuid: "1de49ecf082c46b0b3fbb8f2cf8a7222"
 from {username='slave'} at 127.0.0.1:35418
I20260713 09:10:51.638021   508 raft_consensus.cc:493] T 5c405f99eb974d608b620c7181024f9e P 1de49ecf082c46b0b3fbb8f2cf8a7222 [term 2 FOLLOWER]: Starting forced leader election (received explicit request)
I20260713 09:10:51.638337   508 raft_consensus.cc:3060] T 5c405f99eb974d608b620c7181024f9e P 1de49ecf082c46b0b3fbb8f2cf8a7222 [term 2 FOLLOWER]: Advancing to term 3
I20260713 09:10:51.642655   508 raft_consensus.cc:515] T 5c405f99eb974d608b620c7181024f9e P 1de49ecf082c46b0b3fbb8f2cf8a7222 [term 3 FOLLOWER]: Starting forced leader election with config: opid_index: -1 OBSOLETE_local: false peers { permanent_uuid: "0460fcc157a441719c81780631b59bb8" member_type: VOTER last_known_addr { host: "127.31.237.65" port: 39625 } } peers { permanent_uuid: "bac10304b29c4fd199a4cae4991f9cdb" member_type: VOTER last_known_addr { host: "127.31.237.66" port: 37331 } } peers { permanent_uuid: "1de49ecf082c46b0b3fbb8f2cf8a7222" member_type: VOTER last_known_addr { host: "127.31.237.67" port: 34583 } }
I20260713 09:10:51.644106   508 leader_election.cc:290] T 5c405f99eb974d608b620c7181024f9e P 1de49ecf082c46b0b3fbb8f2cf8a7222 [CANDIDATE]: Term 3 election: Requested vote from peers 0460fcc157a441719c81780631b59bb8 (127.31.237.65:39625), bac10304b29c4fd199a4cae4991f9cdb (127.31.237.66:37331)
I20260713 09:10:51.644833   358 tablet_service.cc:1917] Received RequestConsensusVote() RPC: tablet_id: "5c405f99eb974d608b620c7181024f9e" candidate_uuid: "1de49ecf082c46b0b3fbb8f2cf8a7222" candidate_term: 3 candidate_status { last_received { term: 2 index: 2 } } ignore_live_leader: true dest_uuid: "0460fcc157a441719c81780631b59bb8"
I20260713 09:10:51.645179   434 tablet_service.cc:1917] Received RequestConsensusVote() RPC: tablet_id: "5c405f99eb974d608b620c7181024f9e" candidate_uuid: "1de49ecf082c46b0b3fbb8f2cf8a7222" candidate_term: 3 candidate_status { last_received { term: 2 index: 2 } } ignore_live_leader: true dest_uuid: "bac10304b29c4fd199a4cae4991f9cdb"
I20260713 09:10:51.645387   358 raft_consensus.cc:3055] T 5c405f99eb974d608b620c7181024f9e P 0460fcc157a441719c81780631b59bb8 [term 2 LEADER]: Stepping down as leader of term 2
I20260713 09:10:51.645741   434 raft_consensus.cc:3060] T 5c405f99eb974d608b620c7181024f9e P bac10304b29c4fd199a4cae4991f9cdb [term 2 FOLLOWER]: Advancing to term 3
I20260713 09:10:51.645745   358 raft_consensus.cc:740] T 5c405f99eb974d608b620c7181024f9e P 0460fcc157a441719c81780631b59bb8 [term 2 LEADER]: Becoming Follower/Learner. State: Replica: 0460fcc157a441719c81780631b59bb8, State: Running, Role: LEADER
I20260713 09:10:51.646708   358 consensus_queue.cc:260] T 5c405f99eb974d608b620c7181024f9e P 0460fcc157a441719c81780631b59bb8 [NON_LEADER]: Queue going to NON_LEADER mode. State: All replicated index: 0, Majority replicated index: 2, Committed index: 2, Last appended: 2.2, Last appended by leader: 2, Current term: 2, Majority size: -1, State: 0, Mode: NON_LEADER, active raft config: opid_index: -1 OBSOLETE_local: false peers { permanent_uuid: "0460fcc157a441719c81780631b59bb8" member_type: VOTER last_known_addr { host: "127.31.237.65" port: 39625 } } peers { permanent_uuid: "bac10304b29c4fd199a4cae4991f9cdb" member_type: VOTER last_known_addr { host: "127.31.237.66" port: 37331 } } peers { permanent_uuid: "1de49ecf082c46b0b3fbb8f2cf8a7222" member_type: VOTER last_known_addr { host: "127.31.237.67" port: 34583 } }
I20260713 09:10:51.647847   358 raft_consensus.cc:3060] T 5c405f99eb974d608b620c7181024f9e P 0460fcc157a441719c81780631b59bb8 [term 2 FOLLOWER]: Advancing to term 3
I20260713 09:10:51.652222   434 raft_consensus.cc:2468] T 5c405f99eb974d608b620c7181024f9e P bac10304b29c4fd199a4cae4991f9cdb [term 3 FOLLOWER]: Leader election vote request: Granting yes vote for candidate 1de49ecf082c46b0b3fbb8f2cf8a7222 in term 3.
I20260713 09:10:51.653252   476 leader_election.cc:304] T 5c405f99eb974d608b620c7181024f9e P 1de49ecf082c46b0b3fbb8f2cf8a7222 [CANDIDATE]: Term 3 election: Election decided. Result: candidate won. Election summary: received 2 responses out of 3 voters: 2 yes votes; 0 no votes. yes voters: 1de49ecf082c46b0b3fbb8f2cf8a7222, bac10304b29c4fd199a4cae4991f9cdb; no voters: 
I20260713 09:10:51.654016   644 raft_consensus.cc:2804] T 5c405f99eb974d608b620c7181024f9e P 1de49ecf082c46b0b3fbb8f2cf8a7222 [term 3 FOLLOWER]: Leader election won for term 3
I20260713 09:10:51.654150   358 raft_consensus.cc:2468] T 5c405f99eb974d608b620c7181024f9e P 0460fcc157a441719c81780631b59bb8 [term 3 FOLLOWER]: Leader election vote request: Granting yes vote for candidate 1de49ecf082c46b0b3fbb8f2cf8a7222 in term 3.
I20260713 09:10:51.654554   644 raft_consensus.cc:697] T 5c405f99eb974d608b620c7181024f9e P 1de49ecf082c46b0b3fbb8f2cf8a7222 [term 3 LEADER]: Becoming Leader. State: Replica: 1de49ecf082c46b0b3fbb8f2cf8a7222, State: Running, Role: LEADER
I20260713 09:10:51.655625   644 consensus_queue.cc:237] T 5c405f99eb974d608b620c7181024f9e P 1de49ecf082c46b0b3fbb8f2cf8a7222 [LEADER]: Queue going to LEADER mode. State: All replicated index: 0, Majority replicated index: 2, Committed index: 2, Last appended: 2.2, Last appended by leader: 2, Current term: 3, Majority size: 2, State: 0, Mode: LEADER, active raft config: opid_index: -1 OBSOLETE_local: false peers { permanent_uuid: "0460fcc157a441719c81780631b59bb8" member_type: VOTER last_known_addr { host: "127.31.237.65" port: 39625 } } peers { permanent_uuid: "bac10304b29c4fd199a4cae4991f9cdb" member_type: VOTER last_known_addr { host: "127.31.237.66" port: 37331 } } peers { permanent_uuid: "1de49ecf082c46b0b3fbb8f2cf8a7222" member_type: VOTER last_known_addr { host: "127.31.237.67" port: 34583 } }
I20260713 09:10:51.663277 32724 catalog_manager.cc:5697] T 5c405f99eb974d608b620c7181024f9e P 1de49ecf082c46b0b3fbb8f2cf8a7222 reported cstate change: term changed from 2 to 3, leader changed from 0460fcc157a441719c81780631b59bb8 (127.31.237.65) to 1de49ecf082c46b0b3fbb8f2cf8a7222 (127.31.237.67). New cstate: current_term: 3 leader_uuid: "1de49ecf082c46b0b3fbb8f2cf8a7222" committed_config { opid_index: -1 OBSOLETE_local: false peers { permanent_uuid: "0460fcc157a441719c81780631b59bb8" member_type: VOTER last_known_addr { host: "127.31.237.65" port: 39625 } health_report { overall_health: UNKNOWN } } peers { permanent_uuid: "bac10304b29c4fd199a4cae4991f9cdb" member_type: VOTER last_known_addr { host: "127.31.237.66" port: 37331 } health_report { overall_health: UNKNOWN } } peers { permanent_uuid: "1de49ecf082c46b0b3fbb8f2cf8a7222" member_type: VOTER last_known_addr { host: "127.31.237.67" port: 34583 } health_report { overall_health: HEALTHY } } }
I20260713 09:10:52.034253   358 raft_consensus.cc:1275] T 9513d0968962489bb059f762f0d74504 P 0460fcc157a441719c81780631b59bb8 [term 2 FOLLOWER]: Refusing update from remote peer 1de49ecf082c46b0b3fbb8f2cf8a7222: Log matching property violated. Preceding OpId in replica: term: 1 index: 1. Preceding OpId from leader: term: 2 index: 2. (index mismatch)
I20260713 09:10:52.035458   644 consensus_queue.cc:1048] T 9513d0968962489bb059f762f0d74504 P 1de49ecf082c46b0b3fbb8f2cf8a7222 [LEADER]: Connected to new peer: Peer: permanent_uuid: "0460fcc157a441719c81780631b59bb8" member_type: VOTER last_known_addr { host: "127.31.237.65" port: 39625 }, Status: LMP_MISMATCH, Last received: 0.0, Next index: 2, Last known committed idx: 1, Time since last communication: 0.000s
I20260713 09:10:52.045902   434 raft_consensus.cc:1275] T 9513d0968962489bb059f762f0d74504 P bac10304b29c4fd199a4cae4991f9cdb [term 2 FOLLOWER]: Refusing update from remote peer 1de49ecf082c46b0b3fbb8f2cf8a7222: Log matching property violated. Preceding OpId in replica: term: 1 index: 1. Preceding OpId from leader: term: 2 index: 2. (index mismatch)
I20260713 09:10:52.048491   666 consensus_queue.cc:1048] T 9513d0968962489bb059f762f0d74504 P 1de49ecf082c46b0b3fbb8f2cf8a7222 [LEADER]: Connected to new peer: Peer: permanent_uuid: "bac10304b29c4fd199a4cae4991f9cdb" member_type: VOTER last_known_addr { host: "127.31.237.66" port: 37331 }, Status: LMP_MISMATCH, Last received: 0.0, Next index: 2, Last known committed idx: 1, Time since last communication: 0.000s
I20260713 09:10:52.109651   358 raft_consensus.cc:1275] T 5c405f99eb974d608b620c7181024f9e P 0460fcc157a441719c81780631b59bb8 [term 3 FOLLOWER]: Refusing update from remote peer 1de49ecf082c46b0b3fbb8f2cf8a7222: Log matching property violated. Preceding OpId in replica: term: 2 index: 2. Preceding OpId from leader: term: 3 index: 3. (index mismatch)
I20260713 09:10:52.110910   666 consensus_queue.cc:1048] T 5c405f99eb974d608b620c7181024f9e P 1de49ecf082c46b0b3fbb8f2cf8a7222 [LEADER]: Connected to new peer: Peer: permanent_uuid: "0460fcc157a441719c81780631b59bb8" member_type: VOTER last_known_addr { host: "127.31.237.65" port: 39625 }, Status: LMP_MISMATCH, Last received: 0.0, Next index: 3, Last known committed idx: 2, Time since last communication: 0.000s
I20260713 09:10:52.121066   434 raft_consensus.cc:1275] T 5c405f99eb974d608b620c7181024f9e P bac10304b29c4fd199a4cae4991f9cdb [term 3 FOLLOWER]: Refusing update from remote peer 1de49ecf082c46b0b3fbb8f2cf8a7222: Log matching property violated. Preceding OpId in replica: term: 2 index: 2. Preceding OpId from leader: term: 3 index: 3. (index mismatch)
I20260713 09:10:52.123122   666 consensus_queue.cc:1048] T 5c405f99eb974d608b620c7181024f9e P 1de49ecf082c46b0b3fbb8f2cf8a7222 [LEADER]: Connected to new peer: Peer: permanent_uuid: "bac10304b29c4fd199a4cae4991f9cdb" member_type: VOTER last_known_addr { host: "127.31.237.66" port: 37331 }, Status: LMP_MISMATCH, Last received: 0.0, Next index: 3, Last known committed idx: 2, Time since last communication: 0.000s
W20260713 09:10:52.150786   457 debug-util.cc:398] Leaking SignalData structure 0x7b0800085180 after lost signal to thread 32696
W20260713 09:10:52.151454   457 debug-util.cc:398] Leaking SignalData structure 0x7b0800084b60 after lost signal to thread 32759
W20260713 09:10:52.152902   457 debug-util.cc:398] Leaking SignalData structure 0x7b08001f2a20 after lost signal to thread 534
I20260713 09:10:52.315546 32693 auto_leader_rebalancer.cc:141] leader rebalance for table test-workload
I20260713 09:10:52.329018   358 tablet_service.cc:2072] Received LeaderStepDown RPC: tablet_id: "d07fb11bba884c87946dc9d2590fd022"
dest_uuid: "0460fcc157a441719c81780631b59bb8"
mode: GRACEFUL
