I20260713 09:10:52.559916 32619 tablet_service.cc:1917] Received RequestConsensusVote() RPC: tablet_id: "fd3cb5ccfec6484ab1356847aafb183f" candidate_uuid: "f903bac84eb94dcaa214332ab1c2a80a" candidate_term: 2 candidate_status { last_received { term: 1 index: 1 } } ignore_live_leader: true dest_uuid: "ef74da14fcf14a798dfa88dee247e8e4"
I20260713 09:10:52.560263 32695 tablet_service.cc:1917] Received RequestConsensusVote() RPC: tablet_id: "fd3cb5ccfec6484ab1356847aafb183f" candidate_uuid: "f903bac84eb94dcaa214332ab1c2a80a" candidate_term: 2 candidate_status { last_received { term: 1 index: 1 } } ignore_live_leader: true dest_uuid: "4e0c0663d7a34651b1313ff44a1bd925"
I20260713 09:10:52.560408 32619 raft_consensus.cc:3060] T fd3cb5ccfec6484ab1356847aafb183f P ef74da14fcf14a798dfa88dee247e8e4 [term 1 FOLLOWER]: Advancing to term 2
I20260713 09:10:52.560815 32695 raft_consensus.cc:3055] T fd3cb5ccfec6484ab1356847aafb183f P 4e0c0663d7a34651b1313ff44a1bd925 [term 1 LEADER]: Stepping down as leader of term 1
I20260713 09:10:52.561116 32695 raft_consensus.cc:740] T fd3cb5ccfec6484ab1356847aafb183f P 4e0c0663d7a34651b1313ff44a1bd925 [term 1 LEADER]: Becoming Follower/Learner. State: Replica: 4e0c0663d7a34651b1313ff44a1bd925, State: Running, Role: LEADER
I20260713 09:10:52.561795 32695 consensus_queue.cc:260] T fd3cb5ccfec6484ab1356847aafb183f P 4e0c0663d7a34651b1313ff44a1bd925 [NON_LEADER]: Queue going to NON_LEADER mode. State: All replicated index: 0, Majority replicated index: 1, Committed index: 1, Last appended: 1.1, Last appended by leader: 1, Current term: 1, Majority size: -1, State: 0, Mode: NON_LEADER, active raft config: opid_index: -1 OBSOLETE_local: false peers { permanent_uuid: "ef74da14fcf14a798dfa88dee247e8e4" member_type: VOTER last_known_addr { host: "127.31.185.65" port: 33181 } } peers { permanent_uuid: "4e0c0663d7a34651b1313ff44a1bd925" member_type: VOTER last_known_addr { host: "127.31.185.66" port: 44537 } } peers { permanent_uuid: "f903bac84eb94dcaa214332ab1c2a80a" member_type: VOTER last_known_addr { host: "127.31.185.67" port: 44877 } }
I20260713 09:10:52.562556 32695 raft_consensus.cc:3060] T fd3cb5ccfec6484ab1356847aafb183f P 4e0c0663d7a34651b1313ff44a1bd925 [term 1 FOLLOWER]: Advancing to term 2
I20260713 09:10:52.564344 32619 raft_consensus.cc:2468] T fd3cb5ccfec6484ab1356847aafb183f P ef74da14fcf14a798dfa88dee247e8e4 [term 2 FOLLOWER]: Leader election vote request: Granting yes vote for candidate f903bac84eb94dcaa214332ab1c2a80a in term 2.
I20260713 09:10:52.565161 32734 leader_election.cc:304] T fd3cb5ccfec6484ab1356847aafb183f P f903bac84eb94dcaa214332ab1c2a80a [CANDIDATE]: Term 2 election: Election decided. Result: candidate won. Election summary: received 2 responses out of 3 voters: 2 yes votes; 0 no votes. yes voters: ef74da14fcf14a798dfa88dee247e8e4, f903bac84eb94dcaa214332ab1c2a80a; no voters: 
I20260713 09:10:52.565855   466 raft_consensus.cc:2804] T fd3cb5ccfec6484ab1356847aafb183f P f903bac84eb94dcaa214332ab1c2a80a [term 2 FOLLOWER]: Leader election won for term 2
I20260713 09:10:52.566200   466 raft_consensus.cc:697] T fd3cb5ccfec6484ab1356847aafb183f P f903bac84eb94dcaa214332ab1c2a80a [term 2 LEADER]: Becoming Leader. State: Replica: f903bac84eb94dcaa214332ab1c2a80a, State: Running, Role: LEADER
I20260713 09:10:52.566598 32695 raft_consensus.cc:2468] T fd3cb5ccfec6484ab1356847aafb183f P 4e0c0663d7a34651b1313ff44a1bd925 [term 2 FOLLOWER]: Leader election vote request: Granting yes vote for candidate f903bac84eb94dcaa214332ab1c2a80a in term 2.
I20260713 09:10:52.566931   466 consensus_queue.cc:237] T fd3cb5ccfec6484ab1356847aafb183f P f903bac84eb94dcaa214332ab1c2a80a [LEADER]: Queue going to LEADER mode. State: All replicated index: 0, Majority replicated index: 1, Committed index: 1, Last appended: 1.1, Last appended by leader: 1, Current term: 2, Majority size: 2, State: 0, Mode: LEADER, active raft config: opid_index: -1 OBSOLETE_local: false peers { permanent_uuid: "ef74da14fcf14a798dfa88dee247e8e4" member_type: VOTER last_known_addr { host: "127.31.185.65" port: 33181 } } peers { permanent_uuid: "4e0c0663d7a34651b1313ff44a1bd925" member_type: VOTER last_known_addr { host: "127.31.185.66" port: 44537 } } peers { permanent_uuid: "f903bac84eb94dcaa214332ab1c2a80a" member_type: VOTER last_known_addr { host: "127.31.185.67" port: 44877 } }
I20260713 09:10:52.573467 32515 catalog_manager.cc:5697] T fd3cb5ccfec6484ab1356847aafb183f P f903bac84eb94dcaa214332ab1c2a80a reported cstate change: term changed from 1 to 2, leader changed from 4e0c0663d7a34651b1313ff44a1bd925 (127.31.185.66) to f903bac84eb94dcaa214332ab1c2a80a (127.31.185.67). New cstate: current_term: 2 leader_uuid: "f903bac84eb94dcaa214332ab1c2a80a" committed_config { opid_index: -1 OBSOLETE_local: false peers { permanent_uuid: "ef74da14fcf14a798dfa88dee247e8e4" member_type: VOTER last_known_addr { host: "127.31.185.65" port: 33181 } health_report { overall_health: UNKNOWN } } peers { permanent_uuid: "4e0c0663d7a34651b1313ff44a1bd925" member_type: VOTER last_known_addr { host: "127.31.185.66" port: 44537 } health_report { overall_health: UNKNOWN } } peers { permanent_uuid: "f903bac84eb94dcaa214332ab1c2a80a" member_type: VOTER last_known_addr { host: "127.31.185.67" port: 44877 } health_report { overall_health: HEALTHY } } }
I20260713 09:10:52.576766   497 raft_consensus.cc:993] T 2e3c963b36b34e92bc94bb673a1ff848 P 4e0c0663d7a34651b1313ff44a1bd925: : Instructing follower ef74da14fcf14a798dfa88dee247e8e4 to start an election
I20260713 09:10:52.577200   481 raft_consensus.cc:1081] T 2e3c963b36b34e92bc94bb673a1ff848 P 4e0c0663d7a34651b1313ff44a1bd925 [term 3 LEADER]: Signalling peer ef74da14fcf14a798dfa88dee247e8e4 to start an election
I20260713 09:10:52.578725 32619 tablet_service.cc:2044] Received Run Leader Election RPC: tablet_id: "2e3c963b36b34e92bc94bb673a1ff848"
dest_uuid: "ef74da14fcf14a798dfa88dee247e8e4"
 from {username='slave'} at 127.0.0.1:51136
I20260713 09:10:52.579087 32619 raft_consensus.cc:493] T 2e3c963b36b34e92bc94bb673a1ff848 P ef74da14fcf14a798dfa88dee247e8e4 [term 3 FOLLOWER]: Starting forced leader election (received explicit request)
I20260713 09:10:52.579322 32619 raft_consensus.cc:3060] T 2e3c963b36b34e92bc94bb673a1ff848 P ef74da14fcf14a798dfa88dee247e8e4 [term 3 FOLLOWER]: Advancing to term 4
I20260713 09:10:52.583014 32619 raft_consensus.cc:515] T 2e3c963b36b34e92bc94bb673a1ff848 P ef74da14fcf14a798dfa88dee247e8e4 [term 4 FOLLOWER]: Starting forced leader election with config: opid_index: -1 OBSOLETE_local: false peers { permanent_uuid: "ef74da14fcf14a798dfa88dee247e8e4" member_type: VOTER last_known_addr { host: "127.31.185.65" port: 33181 } } peers { permanent_uuid: "4e0c0663d7a34651b1313ff44a1bd925" member_type: VOTER last_known_addr { host: "127.31.185.66" port: 44537 } } peers { permanent_uuid: "f903bac84eb94dcaa214332ab1c2a80a" member_type: VOTER last_known_addr { host: "127.31.185.67" port: 44877 } }
I20260713 09:10:52.584295 32619 leader_election.cc:290] T 2e3c963b36b34e92bc94bb673a1ff848 P ef74da14fcf14a798dfa88dee247e8e4 [CANDIDATE]: Term 4 election: Requested vote from peers 4e0c0663d7a34651b1313ff44a1bd925 (127.31.185.66:44537), f903bac84eb94dcaa214332ab1c2a80a (127.31.185.67:44877)
I20260713 09:10:52.585199 32695 tablet_service.cc:1917] Received RequestConsensusVote() RPC: tablet_id: "2e3c963b36b34e92bc94bb673a1ff848" candidate_uuid: "ef74da14fcf14a798dfa88dee247e8e4" candidate_term: 4 candidate_status { last_received { term: 3 index: 3 } } ignore_live_leader: true dest_uuid: "4e0c0663d7a34651b1313ff44a1bd925"
I20260713 09:10:52.585326 32767 tablet_service.cc:1917] Received RequestConsensusVote() RPC: tablet_id: "2e3c963b36b34e92bc94bb673a1ff848" candidate_uuid: "ef74da14fcf14a798dfa88dee247e8e4" candidate_term: 4 candidate_status { last_received { term: 3 index: 3 } } ignore_live_leader: true dest_uuid: "f903bac84eb94dcaa214332ab1c2a80a"
I20260713 09:10:52.585569 32695 raft_consensus.cc:3055] T 2e3c963b36b34e92bc94bb673a1ff848 P 4e0c0663d7a34651b1313ff44a1bd925 [term 3 LEADER]: Stepping down as leader of term 3
I20260713 09:10:52.585741 32767 raft_consensus.cc:3060] T 2e3c963b36b34e92bc94bb673a1ff848 P f903bac84eb94dcaa214332ab1c2a80a [term 3 FOLLOWER]: Advancing to term 4
I20260713 09:10:52.585836 32695 raft_consensus.cc:740] T 2e3c963b36b34e92bc94bb673a1ff848 P 4e0c0663d7a34651b1313ff44a1bd925 [term 3 LEADER]: Becoming Follower/Learner. State: Replica: 4e0c0663d7a34651b1313ff44a1bd925, State: Running, Role: LEADER
I20260713 09:10:52.586501 32695 consensus_queue.cc:260] T 2e3c963b36b34e92bc94bb673a1ff848 P 4e0c0663d7a34651b1313ff44a1bd925 [NON_LEADER]: Queue going to NON_LEADER mode. State: All replicated index: 0, Majority replicated index: 3, Committed index: 3, Last appended: 3.3, Last appended by leader: 3, Current term: 3, Majority size: -1, State: 0, Mode: NON_LEADER, active raft config: opid_index: -1 OBSOLETE_local: false peers { permanent_uuid: "ef74da14fcf14a798dfa88dee247e8e4" member_type: VOTER last_known_addr { host: "127.31.185.65" port: 33181 } } peers { permanent_uuid: "4e0c0663d7a34651b1313ff44a1bd925" member_type: VOTER last_known_addr { host: "127.31.185.66" port: 44537 } } peers { permanent_uuid: "f903bac84eb94dcaa214332ab1c2a80a" member_type: VOTER last_known_addr { host: "127.31.185.67" port: 44877 } }
I20260713 09:10:52.587513 32695 raft_consensus.cc:3060] T 2e3c963b36b34e92bc94bb673a1ff848 P 4e0c0663d7a34651b1313ff44a1bd925 [term 3 FOLLOWER]: Advancing to term 4
I20260713 09:10:52.589509 32767 raft_consensus.cc:2468] T 2e3c963b36b34e92bc94bb673a1ff848 P f903bac84eb94dcaa214332ab1c2a80a [term 4 FOLLOWER]: Leader election vote request: Granting yes vote for candidate ef74da14fcf14a798dfa88dee247e8e4 in term 4.
I20260713 09:10:52.590453 32586 leader_election.cc:304] T 2e3c963b36b34e92bc94bb673a1ff848 P ef74da14fcf14a798dfa88dee247e8e4 [CANDIDATE]: Term 4 election: Election decided. Result: candidate won. Election summary: received 2 responses out of 3 voters: 2 yes votes; 0 no votes. yes voters: ef74da14fcf14a798dfa88dee247e8e4, f903bac84eb94dcaa214332ab1c2a80a; no voters: 
I20260713 09:10:52.592015 32695 raft_consensus.cc:2468] T 2e3c963b36b34e92bc94bb673a1ff848 P 4e0c0663d7a34651b1313ff44a1bd925 [term 4 FOLLOWER]: Leader election vote request: Granting yes vote for candidate ef74da14fcf14a798dfa88dee247e8e4 in term 4.
I20260713 09:10:52.592078   505 raft_consensus.cc:2804] T 2e3c963b36b34e92bc94bb673a1ff848 P ef74da14fcf14a798dfa88dee247e8e4 [term 4 FOLLOWER]: Leader election won for term 4
I20260713 09:10:52.593397   505 raft_consensus.cc:697] T 2e3c963b36b34e92bc94bb673a1ff848 P ef74da14fcf14a798dfa88dee247e8e4 [term 4 LEADER]: Becoming Leader. State: Replica: ef74da14fcf14a798dfa88dee247e8e4, State: Running, Role: LEADER
I20260713 09:10:52.594094   505 consensus_queue.cc:237] T 2e3c963b36b34e92bc94bb673a1ff848 P ef74da14fcf14a798dfa88dee247e8e4 [LEADER]: Queue going to LEADER mode. State: All replicated index: 0, Majority replicated index: 3, Committed index: 3, Last appended: 3.3, Last appended by leader: 3, Current term: 4, Majority size: 2, State: 0, Mode: LEADER, active raft config: opid_index: -1 OBSOLETE_local: false peers { permanent_uuid: "ef74da14fcf14a798dfa88dee247e8e4" member_type: VOTER last_known_addr { host: "127.31.185.65" port: 33181 } } peers { permanent_uuid: "4e0c0663d7a34651b1313ff44a1bd925" member_type: VOTER last_known_addr { host: "127.31.185.66" port: 44537 } } peers { permanent_uuid: "f903bac84eb94dcaa214332ab1c2a80a" member_type: VOTER last_known_addr { host: "127.31.185.67" port: 44877 } }
I20260713 09:10:52.600894 32515 catalog_manager.cc:5697] T 2e3c963b36b34e92bc94bb673a1ff848 P ef74da14fcf14a798dfa88dee247e8e4 reported cstate change: term changed from 3 to 4, leader changed from 4e0c0663d7a34651b1313ff44a1bd925 (127.31.185.66) to ef74da14fcf14a798dfa88dee247e8e4 (127.31.185.65). New cstate: current_term: 4 leader_uuid: "ef74da14fcf14a798dfa88dee247e8e4" committed_config { opid_index: -1 OBSOLETE_local: false peers { permanent_uuid: "ef74da14fcf14a798dfa88dee247e8e4" member_type: VOTER last_known_addr { host: "127.31.185.65" port: 33181 } health_report { overall_health: HEALTHY } } peers { permanent_uuid: "4e0c0663d7a34651b1313ff44a1bd925" member_type: VOTER last_known_addr { host: "127.31.185.66" port: 44537 } health_report { overall_health: UNKNOWN } } peers { permanent_uuid: "f903bac84eb94dcaa214332ab1c2a80a" member_type: VOTER last_known_addr { host: "127.31.185.67" port: 44877 } health_report { overall_health: UNKNOWN } } }
I20260713 09:10:52.611363   497 raft_consensus.cc:993] T 084d0120eb6643fbbc5b9bf00c05a357 P 4e0c0663d7a34651b1313ff44a1bd925: : Instructing follower ef74da14fcf14a798dfa88dee247e8e4 to start an election
I20260713 09:10:52.611732   497 raft_consensus.cc:1081] T 084d0120eb6643fbbc5b9bf00c05a357 P 4e0c0663d7a34651b1313ff44a1bd925 [term 2 LEADER]: Signalling peer ef74da14fcf14a798dfa88dee247e8e4 to start an election
I20260713 09:10:52.613094 32619 tablet_service.cc:2044] Received Run Leader Election RPC: tablet_id: "084d0120eb6643fbbc5b9bf00c05a357"
dest_uuid: "ef74da14fcf14a798dfa88dee247e8e4"
 from {username='slave'} at 127.0.0.1:51136
I20260713 09:10:52.613466 32619 raft_consensus.cc:493] T 084d0120eb6643fbbc5b9bf00c05a357 P ef74da14fcf14a798dfa88dee247e8e4 [term 2 FOLLOWER]: Starting forced leader election (received explicit request)
I20260713 09:10:52.613721 32619 raft_consensus.cc:3060] T 084d0120eb6643fbbc5b9bf00c05a357 P ef74da14fcf14a798dfa88dee247e8e4 [term 2 FOLLOWER]: Advancing to term 3
I20260713 09:10:52.615231   497 raft_consensus.cc:993] T 684d814a1ff044b884d75107c3eec5f2 P 4e0c0663d7a34651b1313ff44a1bd925: : Instructing follower ef74da14fcf14a798dfa88dee247e8e4 to start an election
I20260713 09:10:52.615610   481 raft_consensus.cc:1081] T 684d814a1ff044b884d75107c3eec5f2 P 4e0c0663d7a34651b1313ff44a1bd925 [term 3 LEADER]: Signalling peer ef74da14fcf14a798dfa88dee247e8e4 to start an election
I20260713 09:10:52.617074 32620 tablet_service.cc:2044] Received Run Leader Election RPC: tablet_id: "684d814a1ff044b884d75107c3eec5f2"
dest_uuid: "ef74da14fcf14a798dfa88dee247e8e4"
 from {username='slave'} at 127.0.0.1:51136
I20260713 09:10:52.617477 32620 raft_consensus.cc:493] T 684d814a1ff044b884d75107c3eec5f2 P ef74da14fcf14a798dfa88dee247e8e4 [term 3 FOLLOWER]: Starting forced leader election (received explicit request)
I20260713 09:10:52.617731 32620 raft_consensus.cc:3060] T 684d814a1ff044b884d75107c3eec5f2 P ef74da14fcf14a798dfa88dee247e8e4 [term 3 FOLLOWER]: Advancing to term 4
I20260713 09:10:52.618269 32619 raft_consensus.cc:515] T 084d0120eb6643fbbc5b9bf00c05a357 P ef74da14fcf14a798dfa88dee247e8e4 [term 3 FOLLOWER]: Starting forced leader election with config: opid_index: -1 OBSOLETE_local: false peers { permanent_uuid: "ef74da14fcf14a798dfa88dee247e8e4" member_type: VOTER last_known_addr { host: "127.31.185.65" port: 33181 } } peers { permanent_uuid: "4e0c0663d7a34651b1313ff44a1bd925" member_type: VOTER last_known_addr { host: "127.31.185.66" port: 44537 } } peers { permanent_uuid: "f903bac84eb94dcaa214332ab1c2a80a" member_type: VOTER last_known_addr { host: "127.31.185.67" port: 44877 } }
I20260713 09:10:52.619586 32619 leader_election.cc:290] T 084d0120eb6643fbbc5b9bf00c05a357 P ef74da14fcf14a798dfa88dee247e8e4 [CANDIDATE]: Term 3 election: Requested vote from peers 4e0c0663d7a34651b1313ff44a1bd925 (127.31.185.66:44537), f903bac84eb94dcaa214332ab1c2a80a (127.31.185.67:44877)
I20260713 09:10:52.620329 32695 tablet_service.cc:1917] Received RequestConsensusVote() RPC: tablet_id: "084d0120eb6643fbbc5b9bf00c05a357" candidate_uuid: "ef74da14fcf14a798dfa88dee247e8e4" candidate_term: 3 candidate_status { last_received { term: 2 index: 2 } } ignore_live_leader: true dest_uuid: "4e0c0663d7a34651b1313ff44a1bd925"
I20260713 09:10:52.620761 32695 raft_consensus.cc:3055] T 084d0120eb6643fbbc5b9bf00c05a357 P 4e0c0663d7a34651b1313ff44a1bd925 [term 2 LEADER]: Stepping down as leader of term 2
I20260713 09:10:52.620597 32767 tablet_service.cc:1917] Received RequestConsensusVote() RPC: tablet_id: "084d0120eb6643fbbc5b9bf00c05a357" candidate_uuid: "ef74da14fcf14a798dfa88dee247e8e4" candidate_term: 3 candidate_status { last_received { term: 2 index: 2 } } ignore_live_leader: true dest_uuid: "f903bac84eb94dcaa214332ab1c2a80a"
I20260713 09:10:52.620990 32695 raft_consensus.cc:740] T 084d0120eb6643fbbc5b9bf00c05a357 P 4e0c0663d7a34651b1313ff44a1bd925 [term 2 LEADER]: Becoming Follower/Learner. State: Replica: 4e0c0663d7a34651b1313ff44a1bd925, State: Running, Role: LEADER
I20260713 09:10:52.621202 32767 raft_consensus.cc:3060] T 084d0120eb6643fbbc5b9bf00c05a357 P f903bac84eb94dcaa214332ab1c2a80a [term 2 FOLLOWER]: Advancing to term 3
I20260713 09:10:52.621624 32695 consensus_queue.cc:260] T 084d0120eb6643fbbc5b9bf00c05a357 P 4e0c0663d7a34651b1313ff44a1bd925 [NON_LEADER]: Queue going to NON_LEADER mode. State: All replicated index: 0, Majority replicated index: 2, Committed index: 2, Last appended: 2.2, Last appended by leader: 2, Current term: 2, Majority size: -1, State: 0, Mode: NON_LEADER, active raft config: opid_index: -1 OBSOLETE_local: false peers { permanent_uuid: "ef74da14fcf14a798dfa88dee247e8e4" member_type: VOTER last_known_addr { host: "127.31.185.65" port: 33181 } } peers { permanent_uuid: "4e0c0663d7a34651b1313ff44a1bd925" member_type: VOTER last_known_addr { host: "127.31.185.66" port: 44537 } } peers { permanent_uuid: "f903bac84eb94dcaa214332ab1c2a80a" member_type: VOTER last_known_addr { host: "127.31.185.67" port: 44877 } }
I20260713 09:10:52.622334 32695 raft_consensus.cc:3060] T 084d0120eb6643fbbc5b9bf00c05a357 P 4e0c0663d7a34651b1313ff44a1bd925 [term 2 FOLLOWER]: Advancing to term 3
I20260713 09:10:52.623236 32620 raft_consensus.cc:515] T 684d814a1ff044b884d75107c3eec5f2 P ef74da14fcf14a798dfa88dee247e8e4 [term 4 FOLLOWER]: Starting forced leader election with config: opid_index: -1 OBSOLETE_local: false peers { permanent_uuid: "4e0c0663d7a34651b1313ff44a1bd925" member_type: VOTER last_known_addr { host: "127.31.185.66" port: 44537 } } peers { permanent_uuid: "f903bac84eb94dcaa214332ab1c2a80a" member_type: VOTER last_known_addr { host: "127.31.185.67" port: 44877 } } peers { permanent_uuid: "ef74da14fcf14a798dfa88dee247e8e4" member_type: VOTER last_known_addr { host: "127.31.185.65" port: 33181 } }
I20260713 09:10:52.625183 32620 leader_election.cc:290] T 684d814a1ff044b884d75107c3eec5f2 P ef74da14fcf14a798dfa88dee247e8e4 [CANDIDATE]: Term 4 election: Requested vote from peers 4e0c0663d7a34651b1313ff44a1bd925 (127.31.185.66:44537), f903bac84eb94dcaa214332ab1c2a80a (127.31.185.67:44877)
I20260713 09:10:52.625875 32694 tablet_service.cc:1917] Received RequestConsensusVote() RPC: tablet_id: "684d814a1ff044b884d75107c3eec5f2" candidate_uuid: "ef74da14fcf14a798dfa88dee247e8e4" candidate_term: 4 candidate_status { last_received { term: 3 index: 3 } } ignore_live_leader: true dest_uuid: "4e0c0663d7a34651b1313ff44a1bd925"
I20260713 09:10:52.626391 32694 raft_consensus.cc:3055] T 684d814a1ff044b884d75107c3eec5f2 P 4e0c0663d7a34651b1313ff44a1bd925 [term 3 LEADER]: Stepping down as leader of term 3
I20260713 09:10:52.626467 32767 raft_consensus.cc:2468] T 084d0120eb6643fbbc5b9bf00c05a357 P f903bac84eb94dcaa214332ab1c2a80a [term 3 FOLLOWER]: Leader election vote request: Granting yes vote for candidate ef74da14fcf14a798dfa88dee247e8e4 in term 3.
I20260713 09:10:52.626694 32695 raft_consensus.cc:2468] T 084d0120eb6643fbbc5b9bf00c05a357 P 4e0c0663d7a34651b1313ff44a1bd925 [term 3 FOLLOWER]: Leader election vote request: Granting yes vote for candidate ef74da14fcf14a798dfa88dee247e8e4 in term 3.
I20260713 09:10:52.626770 32694 raft_consensus.cc:740] T 684d814a1ff044b884d75107c3eec5f2 P 4e0c0663d7a34651b1313ff44a1bd925 [term 3 LEADER]: Becoming Follower/Learner. State: Replica: 4e0c0663d7a34651b1313ff44a1bd925, State: Running, Role: LEADER
I20260713 09:10:52.627621 32694 consensus_queue.cc:260] T 684d814a1ff044b884d75107c3eec5f2 P 4e0c0663d7a34651b1313ff44a1bd925 [NON_LEADER]: Queue going to NON_LEADER mode. State: All replicated index: 0, Majority replicated index: 3, Committed index: 3, Last appended: 3.3, Last appended by leader: 3, Current term: 3, Majority size: -1, State: 0, Mode: NON_LEADER, active raft config: opid_index: -1 OBSOLETE_local: false peers { permanent_uuid: "4e0c0663d7a34651b1313ff44a1bd925" member_type: VOTER last_known_addr { host: "127.31.185.66" port: 44537 } } peers { permanent_uuid: "f903bac84eb94dcaa214332ab1c2a80a" member_type: VOTER last_known_addr { host: "127.31.185.67" port: 44877 } } peers { permanent_uuid: "ef74da14fcf14a798dfa88dee247e8e4" member_type: VOTER last_known_addr { host: "127.31.185.65" port: 33181 } }
I20260713 09:10:52.627930 32584 leader_election.cc:304] T 084d0120eb6643fbbc5b9bf00c05a357 P ef74da14fcf14a798dfa88dee247e8e4 [CANDIDATE]: Term 3 election: Election decided. Result: candidate won. Election summary: received 2 responses out of 3 voters: 2 yes votes; 0 no votes. yes voters: 4e0c0663d7a34651b1313ff44a1bd925, ef74da14fcf14a798dfa88dee247e8e4; no voters: 
I20260713 09:10:52.628907 32694 raft_consensus.cc:3060] T 684d814a1ff044b884d75107c3eec5f2 P 4e0c0663d7a34651b1313ff44a1bd925 [term 3 FOLLOWER]: Advancing to term 4
I20260713 09:10:52.629650   505 raft_consensus.cc:2804] T 084d0120eb6643fbbc5b9bf00c05a357 P ef74da14fcf14a798dfa88dee247e8e4 [term 3 FOLLOWER]: Leader election won for term 3
I20260713 09:10:52.630528   505 raft_consensus.cc:697] T 084d0120eb6643fbbc5b9bf00c05a357 P ef74da14fcf14a798dfa88dee247e8e4 [term 3 LEADER]: Becoming Leader. State: Replica: ef74da14fcf14a798dfa88dee247e8e4, State: Running, Role: LEADER
I20260713 09:10:52.631049 32767 tablet_service.cc:1917] Received RequestConsensusVote() RPC: tablet_id: "684d814a1ff044b884d75107c3eec5f2" candidate_uuid: "ef74da14fcf14a798dfa88dee247e8e4" candidate_term: 4 candidate_status { last_received { term: 3 index: 3 } } ignore_live_leader: true dest_uuid: "f903bac84eb94dcaa214332ab1c2a80a"
I20260713 09:10:52.631516 32767 raft_consensus.cc:3060] T 684d814a1ff044b884d75107c3eec5f2 P f903bac84eb94dcaa214332ab1c2a80a [term 3 FOLLOWER]: Advancing to term 4
I20260713 09:10:52.631767   505 consensus_queue.cc:237] T 084d0120eb6643fbbc5b9bf00c05a357 P ef74da14fcf14a798dfa88dee247e8e4 [LEADER]: Queue going to LEADER mode. State: All replicated index: 0, Majority replicated index: 2, Committed index: 2, Last appended: 2.2, Last appended by leader: 2, Current term: 3, Majority size: 2, State: 0, Mode: LEADER, active raft config: opid_index: -1 OBSOLETE_local: false peers { permanent_uuid: "ef74da14fcf14a798dfa88dee247e8e4" member_type: VOTER last_known_addr { host: "127.31.185.65" port: 33181 } } peers { permanent_uuid: "4e0c0663d7a34651b1313ff44a1bd925" member_type: VOTER last_known_addr { host: "127.31.185.66" port: 44537 } } peers { permanent_uuid: "f903bac84eb94dcaa214332ab1c2a80a" member_type: VOTER last_known_addr { host: "127.31.185.67" port: 44877 } }
I20260713 09:10:52.636229 32694 raft_consensus.cc:2468] T 684d814a1ff044b884d75107c3eec5f2 P 4e0c0663d7a34651b1313ff44a1bd925 [term 4 FOLLOWER]: Leader election vote request: Granting yes vote for candidate ef74da14fcf14a798dfa88dee247e8e4 in term 4.
I20260713 09:10:52.637135 32767 raft_consensus.cc:2468] T 684d814a1ff044b884d75107c3eec5f2 P f903bac84eb94dcaa214332ab1c2a80a [term 4 FOLLOWER]: Leader election vote request: Granting yes vote for candidate ef74da14fcf14a798dfa88dee247e8e4 in term 4.
I20260713 09:10:52.637182 32584 leader_election.cc:304] T 684d814a1ff044b884d75107c3eec5f2 P ef74da14fcf14a798dfa88dee247e8e4 [CANDIDATE]: Term 4 election: Election decided. Result: candidate won. Election summary: received 2 responses out of 3 voters: 2 yes votes; 0 no votes. yes voters: 4e0c0663d7a34651b1313ff44a1bd925, ef74da14fcf14a798dfa88dee247e8e4; no voters: 
I20260713 09:10:52.637989   505 raft_consensus.cc:2804] T 684d814a1ff044b884d75107c3eec5f2 P ef74da14fcf14a798dfa88dee247e8e4 [term 4 FOLLOWER]: Leader election won for term 4
I20260713 09:10:52.638420   505 raft_consensus.cc:697] T 684d814a1ff044b884d75107c3eec5f2 P ef74da14fcf14a798dfa88dee247e8e4 [term 4 LEADER]: Becoming Leader. State: Replica: ef74da14fcf14a798dfa88dee247e8e4, State: Running, Role: LEADER
I20260713 09:10:52.639137   505 consensus_queue.cc:237] T 684d814a1ff044b884d75107c3eec5f2 P ef74da14fcf14a798dfa88dee247e8e4 [LEADER]: Queue going to LEADER mode. State: All replicated index: 0, Majority replicated index: 3, Committed index: 3, Last appended: 3.3, Last appended by leader: 3, Current term: 4, Majority size: 2, State: 0, Mode: LEADER, active raft config: opid_index: -1 OBSOLETE_local: false peers { permanent_uuid: "4e0c0663d7a34651b1313ff44a1bd925" member_type: VOTER last_known_addr { host: "127.31.185.66" port: 44537 } } peers { permanent_uuid: "f903bac84eb94dcaa214332ab1c2a80a" member_type: VOTER last_known_addr { host: "127.31.185.67" port: 44877 } } peers { permanent_uuid: "ef74da14fcf14a798dfa88dee247e8e4" member_type: VOTER last_known_addr { host: "127.31.185.65" port: 33181 } }
I20260713 09:10:52.640957 32515 catalog_manager.cc:5697] T 084d0120eb6643fbbc5b9bf00c05a357 P ef74da14fcf14a798dfa88dee247e8e4 reported cstate change: term changed from 2 to 3, leader changed from 4e0c0663d7a34651b1313ff44a1bd925 (127.31.185.66) to ef74da14fcf14a798dfa88dee247e8e4 (127.31.185.65). New cstate: current_term: 3 leader_uuid: "ef74da14fcf14a798dfa88dee247e8e4" committed_config { opid_index: -1 OBSOLETE_local: false peers { permanent_uuid: "ef74da14fcf14a798dfa88dee247e8e4" member_type: VOTER last_known_addr { host: "127.31.185.65" port: 33181 } health_report { overall_health: HEALTHY } } peers { permanent_uuid: "4e0c0663d7a34651b1313ff44a1bd925" member_type: VOTER last_known_addr { host: "127.31.185.66" port: 44537 } health_report { overall_health: UNKNOWN } } peers { permanent_uuid: "f903bac84eb94dcaa214332ab1c2a80a" member_type: VOTER last_known_addr { host: "127.31.185.67" port: 44877 } health_report { overall_health: UNKNOWN } } }
I20260713 09:10:52.650797 32515 catalog_manager.cc:5697] T 684d814a1ff044b884d75107c3eec5f2 P ef74da14fcf14a798dfa88dee247e8e4 reported cstate change: term changed from 3 to 4, leader changed from 4e0c0663d7a34651b1313ff44a1bd925 (127.31.185.66) to ef74da14fcf14a798dfa88dee247e8e4 (127.31.185.65). New cstate: current_term: 4 leader_uuid: "ef74da14fcf14a798dfa88dee247e8e4" committed_config { opid_index: -1 OBSOLETE_local: false peers { permanent_uuid: "4e0c0663d7a34651b1313ff44a1bd925" member_type: VOTER last_known_addr { host: "127.31.185.66" port: 44537 } health_report { overall_health: UNKNOWN } } peers { permanent_uuid: "f903bac84eb94dcaa214332ab1c2a80a" member_type: VOTER last_known_addr { host: "127.31.185.67" port: 44877 } health_report { overall_health: UNKNOWN } } peers { permanent_uuid: "ef74da14fcf14a798dfa88dee247e8e4" member_type: VOTER last_known_addr { host: "127.31.185.65" port: 33181 } health_report { overall_health: HEALTHY } } }
I20260713 09:10:52.885564 32620 raft_consensus.cc:1275] T c57d0d5a7d91424187ca1e2e35cd031c P ef74da14fcf14a798dfa88dee247e8e4 [term 2 FOLLOWER]: Refusing update from remote peer f903bac84eb94dcaa214332ab1c2a80a: Log matching property violated. Preceding OpId in replica: term: 1 index: 1. Preceding OpId from leader: term: 2 index: 2. (index mismatch)
I20260713 09:10:52.886612   466 consensus_queue.cc:1048] T c57d0d5a7d91424187ca1e2e35cd031c P f903bac84eb94dcaa214332ab1c2a80a [LEADER]: Connected to new peer: Peer: permanent_uuid: "ef74da14fcf14a798dfa88dee247e8e4" member_type: VOTER last_known_addr { host: "127.31.185.65" port: 33181 }, Status: LMP_MISMATCH, Last received: 0.0, Next index: 2, Last known committed idx: 1, Time since last communication: 0.000s
I20260713 09:10:52.896338 32694 raft_consensus.cc:1275] T c57d0d5a7d91424187ca1e2e35cd031c P 4e0c0663d7a34651b1313ff44a1bd925 [term 2 FOLLOWER]: Refusing update from remote peer f903bac84eb94dcaa214332ab1c2a80a: Log matching property violated. Preceding OpId in replica: term: 1 index: 1. Preceding OpId from leader: term: 2 index: 2. (index mismatch)
I20260713 09:10:52.898284   466 consensus_queue.cc:1048] T c57d0d5a7d91424187ca1e2e35cd031c P f903bac84eb94dcaa214332ab1c2a80a [LEADER]: Connected to new peer: Peer: permanent_uuid: "4e0c0663d7a34651b1313ff44a1bd925" member_type: VOTER last_known_addr { host: "127.31.185.66" port: 44537 }, Status: LMP_MISMATCH, Last received: 0.0, Next index: 2, Last known committed idx: 1, Time since last communication: 0.000s
I20260713 09:10:52.988994 32620 raft_consensus.cc:1275] T fd3cb5ccfec6484ab1356847aafb183f P ef74da14fcf14a798dfa88dee247e8e4 [term 2 FOLLOWER]: Refusing update from remote peer f903bac84eb94dcaa214332ab1c2a80a: Log matching property violated. Preceding OpId in replica: term: 1 index: 1. Preceding OpId from leader: term: 2 index: 2. (index mismatch)
I20260713 09:10:52.990080   466 consensus_queue.cc:1048] T fd3cb5ccfec6484ab1356847aafb183f P f903bac84eb94dcaa214332ab1c2a80a [LEADER]: Connected to new peer: Peer: permanent_uuid: "ef74da14fcf14a798dfa88dee247e8e4" member_type: VOTER last_known_addr { host: "127.31.185.65" port: 33181 }, Status: LMP_MISMATCH, Last received: 0.0, Next index: 2, Last known committed idx: 1, Time since last communication: 0.000s
I20260713 09:10:52.997959 32695 raft_consensus.cc:1275] T fd3cb5ccfec6484ab1356847aafb183f P 4e0c0663d7a34651b1313ff44a1bd925 [term 2 FOLLOWER]: Refusing update from remote peer f903bac84eb94dcaa214332ab1c2a80a: Log matching property violated. Preceding OpId in replica: term: 1 index: 1. Preceding OpId from leader: term: 2 index: 2. (index mismatch)
I20260713 09:10:52.999424   466 consensus_queue.cc:1048] T fd3cb5ccfec6484ab1356847aafb183f P f903bac84eb94dcaa214332ab1c2a80a [LEADER]: Connected to new peer: Peer: permanent_uuid: "4e0c0663d7a34651b1313ff44a1bd925" member_type: VOTER last_known_addr { host: "127.31.185.66" port: 44537 }, Status: LMP_MISMATCH, Last received: 0.0, Next index: 2, Last known committed idx: 1, Time since last communication: 0.001s
I20260713 09:10:53.000617 32694 raft_consensus.cc:1275] T 2e3c963b36b34e92bc94bb673a1ff848 P 4e0c0663d7a34651b1313ff44a1bd925 [term 4 FOLLOWER]: Refusing update from remote peer ef74da14fcf14a798dfa88dee247e8e4: Log matching property violated. Preceding OpId in replica: term: 3 index: 3. Preceding OpId from leader: term: 4 index: 4. (index mismatch)
I20260713 09:10:53.002312   505 consensus_queue.cc:1048] T 2e3c963b36b34e92bc94bb673a1ff848 P ef74da14fcf14a798dfa88dee247e8e4 [LEADER]: Connected to new peer: Peer: permanent_uuid: "4e0c0663d7a34651b1313ff44a1bd925" member_type: VOTER last_known_addr { host: "127.31.185.66" port: 44537 }, Status: LMP_MISMATCH, Last received: 0.0, Next index: 4, Last known committed idx: 3, Time since last communication: 0.000s
I20260713 09:10:53.012375 32767 raft_consensus.cc:1275] T 2e3c963b36b34e92bc94bb673a1ff848 P f903bac84eb94dcaa214332ab1c2a80a [term 4 FOLLOWER]: Refusing update from remote peer ef74da14fcf14a798dfa88dee247e8e4: Log matching property violated. Preceding OpId in replica: term: 3 index: 3. Preceding OpId from leader: term: 4 index: 4. (index mismatch)
I20260713 09:10:53.014197   519 consensus_queue.cc:1048] T 2e3c963b36b34e92bc94bb673a1ff848 P ef74da14fcf14a798dfa88dee247e8e4 [LEADER]: Connected to new peer: Peer: permanent_uuid: "f903bac84eb94dcaa214332ab1c2a80a" member_type: VOTER last_known_addr { host: "127.31.185.67" port: 44877 }, Status: LMP_MISMATCH, Last received: 0.0, Next index: 4, Last known committed idx: 3, Time since last communication: 0.001s
I20260713 09:10:53.065088 32767 raft_consensus.cc:1275] T 084d0120eb6643fbbc5b9bf00c05a357 P f903bac84eb94dcaa214332ab1c2a80a [term 3 FOLLOWER]: Refusing update from remote peer ef74da14fcf14a798dfa88dee247e8e4: Log matching property violated. Preceding OpId in replica: term: 2 index: 2. Preceding OpId from leader: term: 3 index: 3. (index mismatch)
I20260713 09:10:53.066188   519 consensus_queue.cc:1048] T 084d0120eb6643fbbc5b9bf00c05a357 P ef74da14fcf14a798dfa88dee247e8e4 [LEADER]: Connected to new peer: Peer: permanent_uuid: "f903bac84eb94dcaa214332ab1c2a80a" member_type: VOTER last_known_addr { host: "127.31.185.67" port: 44877 }, Status: LMP_MISMATCH, Last received: 0.0, Next index: 3, Last known committed idx: 2, Time since last communication: 0.000s
I20260713 09:10:53.073854 32694 raft_consensus.cc:1275] T 084d0120eb6643fbbc5b9bf00c05a357 P 4e0c0663d7a34651b1313ff44a1bd925 [term 3 FOLLOWER]: Refusing update from remote peer ef74da14fcf14a798dfa88dee247e8e4: Log matching property violated. Preceding OpId in replica: term: 2 index: 2. Preceding OpId from leader: term: 3 index: 3. (index mismatch)
I20260713 09:10:53.075284   505 consensus_queue.cc:1048] T 084d0120eb6643fbbc5b9bf00c05a357 P ef74da14fcf14a798dfa88dee247e8e4 [LEADER]: Connected to new peer: Peer: permanent_uuid: "4e0c0663d7a34651b1313ff44a1bd925" member_type: VOTER last_known_addr { host: "127.31.185.66" port: 44537 }, Status: LMP_MISMATCH, Last received: 0.0, Next index: 3, Last known committed idx: 2, Time since last communication: 0.000s
I20260713 09:10:53.159130 32767 raft_consensus.cc:1275] T 684d814a1ff044b884d75107c3eec5f2 P f903bac84eb94dcaa214332ab1c2a80a [term 4 FOLLOWER]: Refusing update from remote peer ef74da14fcf14a798dfa88dee247e8e4: Log matching property violated. Preceding OpId in replica: term: 3 index: 3. Preceding OpId from leader: term: 4 index: 4. (index mismatch)
I20260713 09:10:53.160234   505 consensus_queue.cc:1048] T 684d814a1ff044b884d75107c3eec5f2 P ef74da14fcf14a798dfa88dee247e8e4 [LEADER]: Connected to new peer: Peer: permanent_uuid: "f903bac84eb94dcaa214332ab1c2a80a" member_type: VOTER last_known_addr { host: "127.31.185.67" port: 44877 }, Status: LMP_MISMATCH, Last received: 0.0, Next index: 4, Last known committed idx: 3, Time since last communication: 0.000s
I20260713 09:10:53.167872 32694 raft_consensus.cc:1275] T 684d814a1ff044b884d75107c3eec5f2 P 4e0c0663d7a34651b1313ff44a1bd925 [term 4 FOLLOWER]: Refusing update from remote peer ef74da14fcf14a798dfa88dee247e8e4: Log matching property violated. Preceding OpId in replica: term: 3 index: 3. Preceding OpId from leader: term: 4 index: 4. (index mismatch)
I20260713 09:10:53.169767   524 consensus_queue.cc:1048] T 684d814a1ff044b884d75107c3eec5f2 P ef74da14fcf14a798dfa88dee247e8e4 [LEADER]: Connected to new peer: Peer: permanent_uuid: "4e0c0663d7a34651b1313ff44a1bd925" member_type: VOTER last_known_addr { host: "127.31.185.66" port: 44537 }, Status: LMP_MISMATCH, Last received: 0.0, Next index: 4, Last known committed idx: 3, Time since last communication: 0.001s
I20260713 09:10:53.420351 32485 auto_leader_rebalancer.cc:141] leader rebalance for table test-workload
I20260713 09:10:53.425468 32485 tablet_server.cc:179] TabletServer@127.31.185.65:0 shutting down...
I20260713 09:10:53.446296 32485 ts_tablet_manager.cc:1507] Shutting down tablet manager...
I20260713 09:10:53.446926 32485 tablet_replica.cc:333] T 9e574a53120649a8a8e9d7853f673ef7 P ef74da14fcf14a798dfa88dee247e8e4: stopping tablet replica
I20260713 09:10:53.447482 32485 raft_consensus.cc:2243] T 9e574a53120649a8a8e9d7853f673ef7 P ef74da14fcf14a798dfa88dee247e8e4 [term 2 FOLLOWER]: Raft consensus shutting down.
I20260713 09:10:53.447907 32485 raft_consensus.cc:2272] T 9e574a53120649a8a8e9d7853f673ef7 P ef74da14fcf14a798dfa88dee247e8e4 [term 2 FOLLOWER]: Raft consensus is shut down!
I20260713 09:10:53.449899 32485 tablet_replica.cc:333] T fd3cb5ccfec6484ab1356847aafb183f P ef74da14fcf14a798dfa88dee247e8e4: stopping tablet replica
I20260713 09:10:53.450336 32485 raft_consensus.cc:2243] T fd3cb5ccfec6484ab1356847aafb183f P ef74da14fcf14a798dfa88dee247e8e4 [term 2 FOLLOWER]: Raft consensus shutting down.
I20260713 09:10:53.450664 32485 raft_consensus.cc:2272] T fd3cb5ccfec6484ab1356847aafb183f P ef74da14fcf14a798dfa88dee247e8e4 [term 2 FOLLOWER]: Raft consensus is shut down!
I20260713 09:10:53.452670 32485 tablet_replica.cc:333] T e29c39a5cea84be7844e370c95fd0436 P ef74da14fcf14a798dfa88dee247e8e4: stopping tablet replica
I20260713 09:10:53.453162 32485 raft_consensus.cc:2243] T e29c39a5cea84be7844e370c95fd0436 P ef74da14fcf14a798dfa88dee247e8e4 [term 4 FOLLOWER]: Raft consensus shutting down.
I20260713 09:10:53.453514 32485 raft_consensus.cc:2272] T e29c39a5cea84be7844e370c95fd0436 P ef74da14fcf14a798dfa88dee247e8e4 [term 4 FOLLOWER]: Raft consensus is shut down!
I20260713 09:10:53.454876 32485 tablet_replica.cc:333] T 684d814a1ff044b884d75107c3eec5f2 P ef74da14fcf14a798dfa88dee247e8e4: stopping tablet replica
I20260713 09:10:53.455276 32485 raft_consensus.cc:2243] T 684d814a1ff044b884d75107c3eec5f2 P ef74da14fcf14a798dfa88dee247e8e4 [term 4 LEADER]: Raft consensus shutting down.
I20260713 09:10:53.455883 32485 raft_consensus.cc:2272] T 684d814a1ff044b884d75107c3eec5f2 P ef74da14fcf14a798dfa88dee247e8e4 [term 4 FOLLOWER]: Raft consensus is shut down!
I20260713 09:10:53.457890 32485 tablet_replica.cc:333] T c57d0d5a7d91424187ca1e2e35cd031c P ef74da14fcf14a798dfa88dee247e8e4: stopping tablet replica
I20260713 09:10:53.458292 32485 raft_consensus.cc:2243] T c57d0d5a7d91424187ca1e2e35cd031c P ef74da14fcf14a798dfa88dee247e8e4 [term 2 FOLLOWER]: Raft consensus shutting down.
I20260713 09:10:53.458624 32485 raft_consensus.cc:2272] T c57d0d5a7d91424187ca1e2e35cd031c P ef74da14fcf14a798dfa88dee247e8e4 [term 2 FOLLOWER]: Raft consensus is shut down!
I20260713 09:10:53.460289 32485 tablet_replica.cc:333] T 084d0120eb6643fbbc5b9bf00c05a357 P ef74da14fcf14a798dfa88dee247e8e4: stopping tablet replica
I20260713 09:10:53.460747 32485 raft_consensus.cc:2243] T 084d0120eb6643fbbc5b9bf00c05a357 P ef74da14fcf14a798dfa88dee247e8e4 [term 3 LEADER]: Raft consensus shutting down.
I20260713 09:10:53.461511 32485 raft_consensus.cc:2272] T 084d0120eb6643fbbc5b9bf00c05a357 P ef74da14fcf14a798dfa88dee247e8e4 [term 3 FOLLOWER]: Raft consensus is shut down!
I20260713 09:10:53.463666 32485 tablet_replica.cc:333] T e8b185440b7e42e28c9bafec7b9118b0 P ef74da14fcf14a798dfa88dee247e8e4: stopping tablet replica
I20260713 09:10:53.464097 32485 raft_consensus.cc:2243] T e8b185440b7e42e28c9bafec7b9118b0 P ef74da14fcf14a798dfa88dee247e8e4 [term 4 FOLLOWER]: Raft consensus shutting down.
I20260713 09:10:53.464457 32485 raft_consensus.cc:2272] T e8b185440b7e42e28c9bafec7b9118b0 P ef74da14fcf14a798dfa88dee247e8e4 [term 4 FOLLOWER]: Raft consensus is shut down!
I20260713 09:10:53.465936 32485 tablet_replica.cc:333] T 2e3c963b36b34e92bc94bb673a1ff848 P ef74da14fcf14a798dfa88dee247e8e4: stopping tablet replica
I20260713 09:10:53.466440 32485 raft_consensus.cc:2243] T 2e3c963b36b34e92bc94bb673a1ff848 P ef74da14fcf14a798dfa88dee247e8e4 [term 4 LEADER]: Raft consensus shutting down.
I20260713 09:10:53.467080 32485 raft_consensus.cc:2272] T 2e3c963b36b34e92bc94bb673a1ff848 P ef74da14fcf14a798dfa88dee247e8e4 [term 4 FOLLOWER]: Raft consensus is shut down!
W20260713 09:10:53.468381 32734 proxy.cc:239] Call had error, refreshing address and retrying: Remote error: Service unavailable: service kudu.consensus.ConsensusService not registered on TabletServer
I20260713 09:10:53.469170 32485 tablet_replica.cc:333] T 6d5d63ff63154e37b7363e8198359a33 P ef74da14fcf14a798dfa88dee247e8e4: stopping tablet replica
I20260713 09:10:53.469713 32485 raft_consensus.cc:2243] T 6d5d63ff63154e37b7363e8198359a33 P ef74da14fcf14a798dfa88dee247e8e4 [term 2 FOLLOWER]: Raft consensus shutting down.
I20260713 09:10:53.470096 32485 raft_consensus.cc:2272] T 6d5d63ff63154e37b7363e8198359a33 P ef74da14fcf14a798dfa88dee247e8e4 [term 2 FOLLOWER]: Raft consensus is shut down!
W20260713 09:10:53.471048 32734 consensus_peers.cc:597] T c57d0d5a7d91424187ca1e2e35cd031c P f903bac84eb94dcaa214332ab1c2a80a -> Peer ef74da14fcf14a798dfa88dee247e8e4 (127.31.185.65:33181): Couldn't send request to peer ef74da14fcf14a798dfa88dee247e8e4. Status: Remote error: Service unavailable: service kudu.consensus.ConsensusService not registered on TabletServer. This is attempt 1: this message will repeat every 5th retry.
I20260713 09:10:53.555732 32485 tablet_server.cc:196] TabletServer@127.31.185.65:0 shutdown complete.
I20260713 09:10:53.572184 32485 tablet_server.cc:179] TabletServer@127.31.185.66:0 shutting down...
I20260713 09:10:53.590739 32485 ts_tablet_manager.cc:1507] Shutting down tablet manager...
I20260713 09:10:53.591303 32485 tablet_replica.cc:333] T 9e574a53120649a8a8e9d7853f673ef7 P 4e0c0663d7a34651b1313ff44a1bd925: stopping tablet replica
I20260713 09:10:53.591807 32485 raft_consensus.cc:2243] T 9e574a53120649a8a8e9d7853f673ef7 P 4e0c0663d7a34651b1313ff44a1bd925 [term 2 FOLLOWER]: Raft consensus shutting down.
I20260713 09:10:53.592240 32485 raft_consensus.cc:2272] T 9e574a53120649a8a8e9d7853f673ef7 P 4e0c0663d7a34651b1313ff44a1bd925 [term 2 FOLLOWER]: Raft consensus is shut down!
I20260713 09:10:53.593875 32485 tablet_replica.cc:333] T c57d0d5a7d91424187ca1e2e35cd031c P 4e0c0663d7a34651b1313ff44a1bd925: stopping tablet replica
I20260713 09:10:53.594344 32485 raft_consensus.cc:2243] T c57d0d5a7d91424187ca1e2e35cd031c P 4e0c0663d7a34651b1313ff44a1bd925 [term 2 FOLLOWER]: Raft consensus shutting down.
I20260713 09:10:53.594722 32485 raft_consensus.cc:2272] T c57d0d5a7d91424187ca1e2e35cd031c P 4e0c0663d7a34651b1313ff44a1bd925 [term 2 FOLLOWER]: Raft consensus is shut down!
I20260713 09:10:53.596920 32485 tablet_replica.cc:333] T 2e3c963b36b34e92bc94bb673a1ff848 P 4e0c0663d7a34651b1313ff44a1bd925: stopping tablet replica
I20260713 09:10:53.597383 32485 raft_consensus.cc:2243] T 2e3c963b36b34e92bc94bb673a1ff848 P 4e0c0663d7a34651b1313ff44a1bd925 [term 4 FOLLOWER]: Raft consensus shutting down.
I20260713 09:10:53.597726 32485 raft_consensus.cc:2272] T 2e3c963b36b34e92bc94bb673a1ff848 P 4e0c0663d7a34651b1313ff44a1bd925 [term 4 FOLLOWER]: Raft consensus is shut down!
I20260713 09:10:53.599895 32485 tablet_replica.cc:333] T 084d0120eb6643fbbc5b9bf00c05a357 P 4e0c0663d7a34651b1313ff44a1bd925: stopping tablet replica
I20260713 09:10:53.600335 32485 raft_consensus.cc:2243] T 084d0120eb6643fbbc5b9bf00c05a357 P 4e0c0663d7a34651b1313ff44a1bd925 [term 3 FOLLOWER]: Raft consensus shutting down.
I20260713 09:10:53.600710 32485 raft_consensus.cc:2272] T 084d0120eb6643fbbc5b9bf00c05a357 P 4e0c0663d7a34651b1313ff44a1bd925 [term 3 FOLLOWER]: Raft consensus is shut down!
I20260713 09:10:53.602452 32485 tablet_replica.cc:333] T e8b185440b7e42e28c9bafec7b9118b0 P 4e0c0663d7a34651b1313ff44a1bd925: stopping tablet replica
I20260713 09:10:53.602878 32485 raft_consensus.cc:2243] T e8b185440b7e42e28c9bafec7b9118b0 P 4e0c0663d7a34651b1313ff44a1bd925 [term 4 LEADER]: Raft consensus shutting down.
I20260713 09:10:53.603514 32485 raft_consensus.cc:2272] T e8b185440b7e42e28c9bafec7b9118b0 P 4e0c0663d7a34651b1313ff44a1bd925 [term 4 FOLLOWER]: Raft consensus is shut down!
I20260713 09:10:53.605036 32485 tablet_replica.cc:333] T 6d5d63ff63154e37b7363e8198359a33 P 4e0c0663d7a34651b1313ff44a1bd925: stopping tablet replica
I20260713 09:10:53.605434 32485 raft_consensus.cc:2243] T 6d5d63ff63154e37b7363e8198359a33 P 4e0c0663d7a34651b1313ff44a1bd925 [term 2 LEADER]: Raft consensus shutting down.
I20260713 09:10:53.606010 32485 raft_consensus.cc:2272] T 6d5d63ff63154e37b7363e8198359a33 P 4e0c0663d7a34651b1313ff44a1bd925 [term 2 FOLLOWER]: Raft consensus is shut down!
I20260713 09:10:53.607412 32485 tablet_replica.cc:333] T fd3cb5ccfec6484ab1356847aafb183f P 4e0c0663d7a34651b1313ff44a1bd925: stopping tablet replica
I20260713 09:10:53.607810 32485 raft_consensus.cc:2243] T fd3cb5ccfec6484ab1356847aafb183f P 4e0c0663d7a34651b1313ff44a1bd925 [term 2 FOLLOWER]: Raft consensus shutting down.
I20260713 09:10:53.608140 32485 raft_consensus.cc:2272] T fd3cb5ccfec6484ab1356847aafb183f P 4e0c0663d7a34651b1313ff44a1bd925 [term 2 FOLLOWER]: Raft consensus is shut down!
I20260713 09:10:53.609760 32485 tablet_replica.cc:333] T e29c39a5cea84be7844e370c95fd0436 P 4e0c0663d7a34651b1313ff44a1bd925: stopping tablet replica
I20260713 09:10:53.610179 32485 raft_consensus.cc:2243] T e29c39a5cea84be7844e370c95fd0436 P 4e0c0663d7a34651b1313ff44a1bd925 [term 4 LEADER]: Raft consensus shutting down.
I20260713 09:10:53.610790 32485 raft_consensus.cc:2272] T e29c39a5cea84be7844e370c95fd0436 P 4e0c0663d7a34651b1313ff44a1bd925 [term 4 FOLLOWER]: Raft consensus is shut down!
I20260713 09:10:53.612174 32485 tablet_replica.cc:333] T 684d814a1ff044b884d75107c3eec5f2 P 4e0c0663d7a34651b1313ff44a1bd925: stopping tablet replica
I20260713 09:10:53.612576 32485 raft_consensus.cc:2243] T 684d814a1ff044b884d75107c3eec5f2 P 4e0c0663d7a34651b1313ff44a1bd925 [term 4 FOLLOWER]: Raft consensus shutting down.
I20260713 09:10:53.612908 32485 raft_consensus.cc:2272] T 684d814a1ff044b884d75107c3eec5f2 P 4e0c0663d7a34651b1313ff44a1bd925 [term 4 FOLLOWER]: Raft consensus is shut down!
I20260713 09:10:53.637632 32485 tablet_server.cc:196] TabletServer@127.31.185.66:0 shutdown complete.
W20260713 09:10:53.647889 32734 consensus_peers.cc:597] T 9e574a53120649a8a8e9d7853f673ef7 P f903bac84eb94dcaa214332ab1c2a80a -> Peer ef74da14fcf14a798dfa88dee247e8e4 (127.31.185.65:33181): Couldn't send request to peer ef74da14fcf14a798dfa88dee247e8e4. Status: Network error: Client connection negotiation failed: client connection to 127.31.185.65:33181: connect: Connection refused (error 111). This is attempt 1: this message will repeat every 5th retry.
I20260713 09:10:53.653962 32485 tablet_server.cc:179] TabletServer@127.31.185.67:0 shutting down...
I20260713 09:10:53.674994 32485 ts_tablet_manager.cc:1507] Shutting down tablet manager...
I20260713 09:10:53.675527 32485 tablet_replica.cc:333] T 9e574a53120649a8a8e9d7853f673ef7 P f903bac84eb94dcaa214332ab1c2a80a: stopping tablet replica
I20260713 09:10:53.676075 32485 raft_consensus.cc:2243] T 9e574a53120649a8a8e9d7853f673ef7 P f903bac84eb94dcaa214332ab1c2a80a [term 2 LEADER]: Raft consensus shutting down.
I20260713 09:10:53.676849 32485 raft_consensus.cc:2272] T 9e574a53120649a8a8e9d7853f673ef7 P f903bac84eb94dcaa214332ab1c2a80a [term 2 FOLLOWER]: Raft consensus is shut down!
I20260713 09:10:53.678438 32485 tablet_replica.cc:333] T 2e3c963b36b34e92bc94bb673a1ff848 P f903bac84eb94dcaa214332ab1c2a80a: stopping tablet replica
I20260713 09:10:53.678951 32485 raft_consensus.cc:2243] T 2e3c963b36b34e92bc94bb673a1ff848 P f903bac84eb94dcaa214332ab1c2a80a [term 4 FOLLOWER]: Raft consensus shutting down.
I20260713 09:10:53.679313 32485 raft_consensus.cc:2272] T 2e3c963b36b34e92bc94bb673a1ff848 P f903bac84eb94dcaa214332ab1c2a80a [term 4 FOLLOWER]: Raft consensus is shut down!
I20260713 09:10:53.681226 32485 tablet_replica.cc:333] T c57d0d5a7d91424187ca1e2e35cd031c P f903bac84eb94dcaa214332ab1c2a80a: stopping tablet replica
I20260713 09:10:53.681655 32485 raft_consensus.cc:2243] T c57d0d5a7d91424187ca1e2e35cd031c P f903bac84eb94dcaa214332ab1c2a80a [term 2 LEADER]: Raft consensus shutting down.
I20260713 09:10:53.682255 32485 raft_consensus.cc:2272] T c57d0d5a7d91424187ca1e2e35cd031c P f903bac84eb94dcaa214332ab1c2a80a [term 2 FOLLOWER]: Raft consensus is shut down!
I20260713 09:10:53.683851 32485 tablet_replica.cc:333] T 084d0120eb6643fbbc5b9bf00c05a357 P f903bac84eb94dcaa214332ab1c2a80a: stopping tablet replica
I20260713 09:10:53.684298 32485 raft_consensus.cc:2243] T 084d0120eb6643fbbc5b9bf00c05a357 P f903bac84eb94dcaa214332ab1c2a80a [term 3 FOLLOWER]: Raft consensus shutting down.
I20260713 09:10:53.684684 32485 raft_consensus.cc:2272] T 084d0120eb6643fbbc5b9bf00c05a357 P f903bac84eb94dcaa214332ab1c2a80a [term 3 FOLLOWER]: Raft consensus is shut down!
I20260713 09:10:53.686393 32485 tablet_replica.cc:333] T e8b185440b7e42e28c9bafec7b9118b0 P f903bac84eb94dcaa214332ab1c2a80a: stopping tablet replica
I20260713 09:10:53.686811 32485 raft_consensus.cc:2243] T e8b185440b7e42e28c9bafec7b9118b0 P f903bac84eb94dcaa214332ab1c2a80a [term 4 FOLLOWER]: Raft consensus shutting down.
I20260713 09:10:53.687196 32485 raft_consensus.cc:2272] T e8b185440b7e42e28c9bafec7b9118b0 P f903bac84eb94dcaa214332ab1c2a80a [term 4 FOLLOWER]: Raft consensus is shut down!
I20260713 09:10:53.688619 32485 tablet_replica.cc:333] T 6d5d63ff63154e37b7363e8198359a33 P f903bac84eb94dcaa214332ab1c2a80a: stopping tablet replica
I20260713 09:10:53.689033 32485 raft_consensus.cc:2243] T 6d5d63ff63154e37b7363e8198359a33 P f903bac84eb94dcaa214332ab1c2a80a [term 2 FOLLOWER]: Raft consensus shutting down.
I20260713 09:10:53.689360 32485 raft_consensus.cc:2272] T 6d5d63ff63154e37b7363e8198359a33 P f903bac84eb94dcaa214332ab1c2a80a [term 2 FOLLOWER]: Raft consensus is shut down!
I20260713 09:10:53.690776 32485 tablet_replica.cc:333] T fd3cb5ccfec6484ab1356847aafb183f P f903bac84eb94dcaa214332ab1c2a80a: stopping tablet replica
I20260713 09:10:53.691184 32485 raft_consensus.cc:2243] T fd3cb5ccfec6484ab1356847aafb183f P f903bac84eb94dcaa214332ab1c2a80a [term 2 LEADER]: Raft consensus shutting down.
I20260713 09:10:53.691759 32485 raft_consensus.cc:2272] T fd3cb5ccfec6484ab1356847aafb183f P f903bac84eb94dcaa214332ab1c2a80a [term 2 FOLLOWER]: Raft consensus is shut down!
I20260713 09:10:53.693442 32485 tablet_replica.cc:333] T e29c39a5cea84be7844e370c95fd0436 P f903bac84eb94dcaa214332ab1c2a80a: stopping tablet replica
I20260713 09:10:53.693840 32485 raft_consensus.cc:2243] T e29c39a5cea84be7844e370c95fd0436 P f903bac84eb94dcaa214332ab1c2a80a [term 4 FOLLOWER]: Raft consensus shutting down.
I20260713 09:10:53.694190 32485 raft_consensus.cc:2272] T e29c39a5cea84be7844e370c95fd0436 P f903bac84eb94dcaa214332ab1c2a80a [term 4 FOLLOWER]: Raft consensus is shut down!
I20260713 09:10:53.695525 32485 tablet_replica.cc:333] T 684d814a1ff044b884d75107c3eec5f2 P f903bac84eb94dcaa214332ab1c2a80a: stopping tablet replica
I20260713 09:10:53.695894 32485 raft_consensus.cc:2243] T 684d814a1ff044b884d75107c3eec5f2 P f903bac84eb94dcaa214332ab1c2a80a [term 4 FOLLOWER]: Raft consensus shutting down.
