W20260713 09:11:00.020357 23285 leader_election.cc:343] T 8915beb86c6a4f0fa767aa96337e429e P a4b4fa6774004092aca5e33375adda78 [CANDIDATE]: Term 1 pre-election: Tablet error from VoteRequest() call to peer 71d341b3e5a642d28b5b445313350505 (127.21.174.131:45495): Illegal state: must be running to vote when last-logged opid is not known
I20260713 09:11:00.021929 23510 raft_consensus.cc:359] T 8915beb86c6a4f0fa767aa96337e429e P b70ceda8f4014b659bcd1dd98956e0cf [term 0 FOLLOWER]: Replica starting. Triggering 0 pending ops. Active config: opid_index: -1 OBSOLETE_local: false peers { permanent_uuid: "a4b4fa6774004092aca5e33375adda78" member_type: VOTER last_known_addr { host: "127.21.174.129" port: 33173 } } peers { permanent_uuid: "b70ceda8f4014b659bcd1dd98956e0cf" member_type: VOTER last_known_addr { host: "127.21.174.130" port: 40735 } } peers { permanent_uuid: "71d341b3e5a642d28b5b445313350505" member_type: VOTER last_known_addr { host: "127.21.174.131" port: 45495 } }
I20260713 09:11:00.022190 23285 leader_election.cc:304] T 8915beb86c6a4f0fa767aa96337e429e P a4b4fa6774004092aca5e33375adda78 [CANDIDATE]: Term 1 pre-election: Election decided. Result: candidate lost. Election summary: received 3 responses out of 3 voters: 1 yes votes; 2 no votes. yes voters: a4b4fa6774004092aca5e33375adda78; no voters: 71d341b3e5a642d28b5b445313350505, b70ceda8f4014b659bcd1dd98956e0cf
I20260713 09:11:00.022675 23510 raft_consensus.cc:385] T 8915beb86c6a4f0fa767aa96337e429e P b70ceda8f4014b659bcd1dd98956e0cf [term 0 FOLLOWER]: Consensus starting up: Expiring failure detector timer to make a prompt election more likely
I20260713 09:11:00.023113 23510 raft_consensus.cc:740] T 8915beb86c6a4f0fa767aa96337e429e P b70ceda8f4014b659bcd1dd98956e0cf [term 0 FOLLOWER]: Becoming Follower/Learner. State: Replica: b70ceda8f4014b659bcd1dd98956e0cf, State: Initialized, Role: FOLLOWER
I20260713 09:11:00.022928 23511 tablet_bootstrap.cc:654] T 4980d29e827c46699864ad1b1ce3d046 P a4b4fa6774004092aca5e33375adda78: Neither blocks nor log segments found. Creating new log.
I20260713 09:11:00.023938 23510 consensus_queue.cc:260] T 8915beb86c6a4f0fa767aa96337e429e P b70ceda8f4014b659bcd1dd98956e0cf [NON_LEADER]: Queue going to NON_LEADER mode. State: All replicated index: 0, Majority replicated index: 0, Committed index: 0, Last appended: 0.0, Last appended by leader: 0, Current term: 0, Majority size: -1, State: 0, Mode: NON_LEADER, active raft config: opid_index: -1 OBSOLETE_local: false peers { permanent_uuid: "a4b4fa6774004092aca5e33375adda78" member_type: VOTER last_known_addr { host: "127.21.174.129" port: 33173 } } peers { permanent_uuid: "b70ceda8f4014b659bcd1dd98956e0cf" member_type: VOTER last_known_addr { host: "127.21.174.130" port: 40735 } } peers { permanent_uuid: "71d341b3e5a642d28b5b445313350505" member_type: VOTER last_known_addr { host: "127.21.174.131" port: 45495 } }
I20260713 09:11:00.026412 23636 consensus_queue.cc:1048] T 29be3ddf6bb24932a0f592e2c12e4cf8 P a4b4fa6774004092aca5e33375adda78 [LEADER]: Connected to new peer: Peer: permanent_uuid: "71d341b3e5a642d28b5b445313350505" member_type: VOTER last_known_addr { host: "127.21.174.131" port: 45495 }, Status: LMP_MISMATCH, Last received: 0.0, Next index: 1, Last known committed idx: 0, Time since last communication: 0.001s
I20260713 09:11:00.033515 23510 ts_tablet_manager.cc:1434] T 8915beb86c6a4f0fa767aa96337e429e P b70ceda8f4014b659bcd1dd98956e0cf: Time spent starting tablet: real 0.014s	user 0.006s	sys 0.001s
I20260713 09:11:00.034940 23510 tablet_bootstrap.cc:492] T aa76cbd029d443aeacd08a5abef285a5 P b70ceda8f4014b659bcd1dd98956e0cf: Bootstrap starting.
I20260713 09:11:00.036679 23635 raft_consensus.cc:2749] T 8915beb86c6a4f0fa767aa96337e429e P a4b4fa6774004092aca5e33375adda78 [term 0 FOLLOWER]: Leader pre-election lost for term 1. Reason: could not achieve majority
I20260713 09:11:00.042253 23636 consensus_queue.cc:1048] T 29be3ddf6bb24932a0f592e2c12e4cf8 P a4b4fa6774004092aca5e33375adda78 [LEADER]: Connected to new peer: Peer: permanent_uuid: "b70ceda8f4014b659bcd1dd98956e0cf" member_type: VOTER last_known_addr { host: "127.21.174.130" port: 40735 }, Status: LMP_MISMATCH, Last received: 0.0, Next index: 1, Last known committed idx: 0, Time since last communication: 0.000s
I20260713 09:11:00.022289 23514 raft_consensus.cc:515] T 4de577f04076402597916b11855dfa6e P b70ceda8f4014b659bcd1dd98956e0cf [term 1 FOLLOWER]: Starting leader election with config: opid_index: -1 OBSOLETE_local: false peers { permanent_uuid: "a4b4fa6774004092aca5e33375adda78" member_type: VOTER last_known_addr { host: "127.21.174.129" port: 33173 } } peers { permanent_uuid: "b70ceda8f4014b659bcd1dd98956e0cf" member_type: VOTER last_known_addr { host: "127.21.174.130" port: 40735 } } peers { permanent_uuid: "71d341b3e5a642d28b5b445313350505" member_type: VOTER last_known_addr { host: "127.21.174.131" port: 45495 } }
I20260713 09:11:00.061844 23514 leader_election.cc:290] T 4de577f04076402597916b11855dfa6e P b70ceda8f4014b659bcd1dd98956e0cf [CANDIDATE]: Term 1 election: Requested vote from peers a4b4fa6774004092aca5e33375adda78 (127.21.174.129:33173), 71d341b3e5a642d28b5b445313350505 (127.21.174.131:45495)
I20260713 09:11:00.063135 23317 tablet_service.cc:1917] Received RequestConsensusVote() RPC: tablet_id: "4de577f04076402597916b11855dfa6e" candidate_uuid: "b70ceda8f4014b659bcd1dd98956e0cf" candidate_term: 1 candidate_status { last_received { term: 0 index: 0 } } ignore_live_leader: false dest_uuid: "a4b4fa6774004092aca5e33375adda78"
I20260713 09:11:00.064817 23317 raft_consensus.cc:3060] T 4de577f04076402597916b11855dfa6e P a4b4fa6774004092aca5e33375adda78 [term 0 FOLLOWER]: Advancing to term 1
I20260713 09:11:00.065858 23467 tablet_service.cc:1917] Received RequestConsensusVote() RPC: tablet_id: "4de577f04076402597916b11855dfa6e" candidate_uuid: "b70ceda8f4014b659bcd1dd98956e0cf" candidate_term: 1 candidate_status { last_received { term: 0 index: 0 } } ignore_live_leader: false dest_uuid: "71d341b3e5a642d28b5b445313350505"
W20260713 09:11:00.070950 23360 leader_election.cc:343] T 4de577f04076402597916b11855dfa6e P b70ceda8f4014b659bcd1dd98956e0cf [CANDIDATE]: Term 1 election: Tablet error from VoteRequest() call to peer 71d341b3e5a642d28b5b445313350505 (127.21.174.131:45495): Illegal state: must be running to vote when last-logged opid is not known
I20260713 09:11:00.071979 23586 consensus_queue.cc:1048] T 6b12b38bc6f74d55a933b1cc331a48f0 P a4b4fa6774004092aca5e33375adda78 [LEADER]: Connected to new peer: Peer: permanent_uuid: "71d341b3e5a642d28b5b445313350505" member_type: VOTER last_known_addr { host: "127.21.174.131" port: 45495 }, Status: LMP_MISMATCH, Last received: 0.0, Next index: 1, Last known committed idx: 0, Time since last communication: 0.007s
I20260713 09:11:00.079993 23317 raft_consensus.cc:2468] T 4de577f04076402597916b11855dfa6e P a4b4fa6774004092aca5e33375adda78 [term 1 FOLLOWER]: Leader election vote request: Granting yes vote for candidate b70ceda8f4014b659bcd1dd98956e0cf in term 1.
I20260713 09:11:00.080789 23511 tablet_bootstrap.cc:492] T 4980d29e827c46699864ad1b1ce3d046 P a4b4fa6774004092aca5e33375adda78: No bootstrap required, opened a new log
I20260713 09:11:00.083680 23512 tablet_bootstrap.cc:492] T 4de577f04076402597916b11855dfa6e P 71d341b3e5a642d28b5b445313350505: No bootstrap required, opened a new log
I20260713 09:11:00.085971 23511 ts_tablet_manager.cc:1403] T 4980d29e827c46699864ad1b1ce3d046 P a4b4fa6774004092aca5e33375adda78: Time spent bootstrapping tablet: real 0.147s	user 0.015s	sys 0.002s
I20260713 09:11:00.086383 23512 ts_tablet_manager.cc:1403] T 4de577f04076402597916b11855dfa6e P 71d341b3e5a642d28b5b445313350505: Time spent bootstrapping tablet: real 0.206s	user 0.006s	sys 0.025s
I20260713 09:11:00.088774 23511 raft_consensus.cc:359] T 4980d29e827c46699864ad1b1ce3d046 P a4b4fa6774004092aca5e33375adda78 [term 0 FOLLOWER]: Replica starting. Triggering 0 pending ops. Active config: opid_index: -1 OBSOLETE_local: false peers { permanent_uuid: "a4b4fa6774004092aca5e33375adda78" member_type: VOTER last_known_addr { host: "127.21.174.129" port: 33173 } } peers { permanent_uuid: "b70ceda8f4014b659bcd1dd98956e0cf" member_type: VOTER last_known_addr { host: "127.21.174.130" port: 40735 } } peers { permanent_uuid: "71d341b3e5a642d28b5b445313350505" member_type: VOTER last_known_addr { host: "127.21.174.131" port: 45495 } }
I20260713 09:11:00.088900 23512 raft_consensus.cc:359] T 4de577f04076402597916b11855dfa6e P 71d341b3e5a642d28b5b445313350505 [term 0 FOLLOWER]: Replica starting. Triggering 0 pending ops. Active config: opid_index: -1 OBSOLETE_local: false peers { permanent_uuid: "a4b4fa6774004092aca5e33375adda78" member_type: VOTER last_known_addr { host: "127.21.174.129" port: 33173 } } peers { permanent_uuid: "b70ceda8f4014b659bcd1dd98956e0cf" member_type: VOTER last_known_addr { host: "127.21.174.130" port: 40735 } } peers { permanent_uuid: "71d341b3e5a642d28b5b445313350505" member_type: VOTER last_known_addr { host: "127.21.174.131" port: 45495 } }
I20260713 09:11:00.089620 23512 raft_consensus.cc:385] T 4de577f04076402597916b11855dfa6e P 71d341b3e5a642d28b5b445313350505 [term 0 FOLLOWER]: Consensus starting up: Expiring failure detector timer to make a prompt election more likely
I20260713 09:11:00.090009 23512 raft_consensus.cc:740] T 4de577f04076402597916b11855dfa6e P 71d341b3e5a642d28b5b445313350505 [term 0 FOLLOWER]: Becoming Follower/Learner. State: Replica: 71d341b3e5a642d28b5b445313350505, State: Initialized, Role: FOLLOWER
I20260713 09:11:00.085587 23216 catalog_manager.cc:5697] T 1ff2cb20d74e46c985bacf93c70e857f P a4b4fa6774004092aca5e33375adda78 reported cstate change: term changed from 0 to 1, leader changed from <none> to a4b4fa6774004092aca5e33375adda78 (127.21.174.129). New cstate: current_term: 1 leader_uuid: "a4b4fa6774004092aca5e33375adda78" committed_config { opid_index: -1 OBSOLETE_local: false peers { permanent_uuid: "a4b4fa6774004092aca5e33375adda78" member_type: VOTER last_known_addr { host: "127.21.174.129" port: 33173 } health_report { overall_health: HEALTHY } } peers { permanent_uuid: "b70ceda8f4014b659bcd1dd98956e0cf" member_type: VOTER last_known_addr { host: "127.21.174.130" port: 40735 } health_report { overall_health: UNKNOWN } } peers { permanent_uuid: "71d341b3e5a642d28b5b445313350505" member_type: VOTER last_known_addr { host: "127.21.174.131" port: 45495 } health_report { overall_health: UNKNOWN } } }
I20260713 09:11:00.090966 23512 consensus_queue.cc:260] T 4de577f04076402597916b11855dfa6e P 71d341b3e5a642d28b5b445313350505 [NON_LEADER]: Queue going to NON_LEADER mode. State: All replicated index: 0, Majority replicated index: 0, Committed index: 0, Last appended: 0.0, Last appended by leader: 0, Current term: 0, Majority size: -1, State: 0, Mode: NON_LEADER, active raft config: opid_index: -1 OBSOLETE_local: false peers { permanent_uuid: "a4b4fa6774004092aca5e33375adda78" member_type: VOTER last_known_addr { host: "127.21.174.129" port: 33173 } } peers { permanent_uuid: "b70ceda8f4014b659bcd1dd98956e0cf" member_type: VOTER last_known_addr { host: "127.21.174.130" port: 40735 } } peers { permanent_uuid: "71d341b3e5a642d28b5b445313350505" member_type: VOTER last_known_addr { host: "127.21.174.131" port: 45495 } }
I20260713 09:11:00.089488 23511 raft_consensus.cc:385] T 4980d29e827c46699864ad1b1ce3d046 P a4b4fa6774004092aca5e33375adda78 [term 0 FOLLOWER]: Consensus starting up: Expiring failure detector timer to make a prompt election more likely
I20260713 09:11:00.092954 23511 raft_consensus.cc:740] T 4980d29e827c46699864ad1b1ce3d046 P a4b4fa6774004092aca5e33375adda78 [term 0 FOLLOWER]: Becoming Follower/Learner. State: Replica: a4b4fa6774004092aca5e33375adda78, State: Initialized, Role: FOLLOWER
I20260713 09:11:00.093736 23512 ts_tablet_manager.cc:1434] T 4de577f04076402597916b11855dfa6e P 71d341b3e5a642d28b5b445313350505: Time spent starting tablet: real 0.007s	user 0.006s	sys 0.000s
I20260713 09:11:00.093629 23511 consensus_queue.cc:260] T 4980d29e827c46699864ad1b1ce3d046 P a4b4fa6774004092aca5e33375adda78 [NON_LEADER]: Queue going to NON_LEADER mode. State: All replicated index: 0, Majority replicated index: 0, Committed index: 0, Last appended: 0.0, Last appended by leader: 0, Current term: 0, Majority size: -1, State: 0, Mode: NON_LEADER, active raft config: opid_index: -1 OBSOLETE_local: false peers { permanent_uuid: "a4b4fa6774004092aca5e33375adda78" member_type: VOTER last_known_addr { host: "127.21.174.129" port: 33173 } } peers { permanent_uuid: "b70ceda8f4014b659bcd1dd98956e0cf" member_type: VOTER last_known_addr { host: "127.21.174.130" port: 40735 } } peers { permanent_uuid: "71d341b3e5a642d28b5b445313350505" member_type: VOTER last_known_addr { host: "127.21.174.131" port: 45495 } }
I20260713 09:11:00.095323 23511 ts_tablet_manager.cc:1434] T 4980d29e827c46699864ad1b1ce3d046 P a4b4fa6774004092aca5e33375adda78: Time spent starting tablet: real 0.009s	user 0.004s	sys 0.000s
I20260713 09:11:00.096067 23511 tablet_bootstrap.cc:492] T 8bceafc67c384f5ca6494fba1cde63ec P a4b4fa6774004092aca5e33375adda78: Bootstrap starting.
I20260713 09:11:00.099462 23512 tablet_bootstrap.cc:492] T 8915beb86c6a4f0fa767aa96337e429e P 71d341b3e5a642d28b5b445313350505: Bootstrap starting.
I20260713 09:11:00.099294 23362 leader_election.cc:304] T 4de577f04076402597916b11855dfa6e P b70ceda8f4014b659bcd1dd98956e0cf [CANDIDATE]: Term 1 election: Election decided. Result: candidate won. Election summary: received 3 responses out of 3 voters: 2 yes votes; 1 no votes. yes voters: a4b4fa6774004092aca5e33375adda78, b70ceda8f4014b659bcd1dd98956e0cf; no voters: 71d341b3e5a642d28b5b445313350505
I20260713 09:11:00.109838 23590 raft_consensus.cc:2804] T 4de577f04076402597916b11855dfa6e P b70ceda8f4014b659bcd1dd98956e0cf [term 1 FOLLOWER]: Leader election won for term 1
I20260713 09:11:00.110404 23590 raft_consensus.cc:697] T 4de577f04076402597916b11855dfa6e P b70ceda8f4014b659bcd1dd98956e0cf [term 1 LEADER]: Becoming Leader. State: Replica: b70ceda8f4014b659bcd1dd98956e0cf, State: Running, Role: LEADER
I20260713 09:11:00.111510 23590 consensus_queue.cc:237] T 4de577f04076402597916b11855dfa6e P b70ceda8f4014b659bcd1dd98956e0cf [LEADER]: Queue going to LEADER mode. State: All replicated index: 0, Majority replicated index: 0, Committed index: 0, Last appended: 0.0, Last appended by leader: 0, Current term: 1, Majority size: 2, State: 0, Mode: LEADER, active raft config: opid_index: -1 OBSOLETE_local: false peers { permanent_uuid: "a4b4fa6774004092aca5e33375adda78" member_type: VOTER last_known_addr { host: "127.21.174.129" port: 33173 } } peers { permanent_uuid: "b70ceda8f4014b659bcd1dd98956e0cf" member_type: VOTER last_known_addr { host: "127.21.174.130" port: 40735 } } peers { permanent_uuid: "71d341b3e5a642d28b5b445313350505" member_type: VOTER last_known_addr { host: "127.21.174.131" port: 45495 } }
I20260713 09:11:00.115135 23512 tablet_bootstrap.cc:654] T 8915beb86c6a4f0fa767aa96337e429e P 71d341b3e5a642d28b5b445313350505: Neither blocks nor log segments found. Creating new log.
I20260713 09:11:00.121197 23549 consensus_queue.cc:1048] T f550b58c6d2f4c83b5c7640c7fb37ee9 P b70ceda8f4014b659bcd1dd98956e0cf [LEADER]: Connected to new peer: Peer: permanent_uuid: "a4b4fa6774004092aca5e33375adda78" member_type: VOTER last_known_addr { host: "127.21.174.129" port: 33173 }, Status: LMP_MISMATCH, Last received: 0.0, Next index: 1, Last known committed idx: 0, Time since last communication: 0.000s
I20260713 09:11:00.139271 23510 tablet_bootstrap.cc:654] T aa76cbd029d443aeacd08a5abef285a5 P b70ceda8f4014b659bcd1dd98956e0cf: Neither blocks nor log segments found. Creating new log.
W20260713 09:11:00.146740 23360 consensus_peers.cc:597] T f550b58c6d2f4c83b5c7640c7fb37ee9 P b70ceda8f4014b659bcd1dd98956e0cf -> Peer 71d341b3e5a642d28b5b445313350505 (127.21.174.131:45495): Couldn't send request to peer 71d341b3e5a642d28b5b445313350505. Error code: TABLET_NOT_RUNNING (12). Status: Illegal state: Tablet not RUNNING: INITIALIZED. This is attempt 1: this message will repeat every 5th retry.
I20260713 09:11:00.153935 23511 tablet_bootstrap.cc:654] T 8bceafc67c384f5ca6494fba1cde63ec P a4b4fa6774004092aca5e33375adda78: Neither blocks nor log segments found. Creating new log.
I20260713 09:11:00.158178 23218 catalog_manager.cc:5697] T 4de577f04076402597916b11855dfa6e P b70ceda8f4014b659bcd1dd98956e0cf reported cstate change: term changed from 0 to 1, leader changed from <none> to b70ceda8f4014b659bcd1dd98956e0cf (127.21.174.130). New cstate: current_term: 1 leader_uuid: "b70ceda8f4014b659bcd1dd98956e0cf" committed_config { opid_index: -1 OBSOLETE_local: false peers { permanent_uuid: "a4b4fa6774004092aca5e33375adda78" member_type: VOTER last_known_addr { host: "127.21.174.129" port: 33173 } health_report { overall_health: UNKNOWN } } peers { permanent_uuid: "b70ceda8f4014b659bcd1dd98956e0cf" member_type: VOTER last_known_addr { host: "127.21.174.130" port: 40735 } health_report { overall_health: HEALTHY } } peers { permanent_uuid: "71d341b3e5a642d28b5b445313350505" member_type: VOTER last_known_addr { host: "127.21.174.131" port: 45495 } health_report { overall_health: UNKNOWN } } }
I20260713 09:11:00.185228 23511 tablet_bootstrap.cc:492] T 8bceafc67c384f5ca6494fba1cde63ec P a4b4fa6774004092aca5e33375adda78: No bootstrap required, opened a new log
I20260713 09:11:00.185719 23511 ts_tablet_manager.cc:1403] T 8bceafc67c384f5ca6494fba1cde63ec P a4b4fa6774004092aca5e33375adda78: Time spent bootstrapping tablet: real 0.090s	user 0.018s	sys 0.007s
I20260713 09:11:00.188740 23512 tablet_bootstrap.cc:492] T 8915beb86c6a4f0fa767aa96337e429e P 71d341b3e5a642d28b5b445313350505: No bootstrap required, opened a new log
I20260713 09:11:00.189344 23512 ts_tablet_manager.cc:1403] T 8915beb86c6a4f0fa767aa96337e429e P 71d341b3e5a642d28b5b445313350505: Time spent bootstrapping tablet: real 0.090s	user 0.012s	sys 0.008s
I20260713 09:11:00.192152 23511 raft_consensus.cc:359] T 8bceafc67c384f5ca6494fba1cde63ec P a4b4fa6774004092aca5e33375adda78 [term 0 FOLLOWER]: Replica starting. Triggering 0 pending ops. Active config: opid_index: -1 OBSOLETE_local: false peers { permanent_uuid: "a4b4fa6774004092aca5e33375adda78" member_type: VOTER last_known_addr { host: "127.21.174.129" port: 33173 } } peers { permanent_uuid: "b70ceda8f4014b659bcd1dd98956e0cf" member_type: VOTER last_known_addr { host: "127.21.174.130" port: 40735 } } peers { permanent_uuid: "71d341b3e5a642d28b5b445313350505" member_type: VOTER last_known_addr { host: "127.21.174.131" port: 45495 } }
I20260713 09:11:00.192981 23511 raft_consensus.cc:385] T 8bceafc67c384f5ca6494fba1cde63ec P a4b4fa6774004092aca5e33375adda78 [term 0 FOLLOWER]: Consensus starting up: Expiring failure detector timer to make a prompt election more likely
I20260713 09:11:00.193243 23511 raft_consensus.cc:740] T 8bceafc67c384f5ca6494fba1cde63ec P a4b4fa6774004092aca5e33375adda78 [term 0 FOLLOWER]: Becoming Follower/Learner. State: Replica: a4b4fa6774004092aca5e33375adda78, State: Initialized, Role: FOLLOWER
I20260713 09:11:00.193874 23511 consensus_queue.cc:260] T 8bceafc67c384f5ca6494fba1cde63ec P a4b4fa6774004092aca5e33375adda78 [NON_LEADER]: Queue going to NON_LEADER mode. State: All replicated index: 0, Majority replicated index: 0, Committed index: 0, Last appended: 0.0, Last appended by leader: 0, Current term: 0, Majority size: -1, State: 0, Mode: NON_LEADER, active raft config: opid_index: -1 OBSOLETE_local: false peers { permanent_uuid: "a4b4fa6774004092aca5e33375adda78" member_type: VOTER last_known_addr { host: "127.21.174.129" port: 33173 } } peers { permanent_uuid: "b70ceda8f4014b659bcd1dd98956e0cf" member_type: VOTER last_known_addr { host: "127.21.174.130" port: 40735 } } peers { permanent_uuid: "71d341b3e5a642d28b5b445313350505" member_type: VOTER last_known_addr { host: "127.21.174.131" port: 45495 } }
I20260713 09:11:00.193892 23512 raft_consensus.cc:359] T 8915beb86c6a4f0fa767aa96337e429e P 71d341b3e5a642d28b5b445313350505 [term 0 FOLLOWER]: Replica starting. Triggering 0 pending ops. Active config: opid_index: -1 OBSOLETE_local: false peers { permanent_uuid: "a4b4fa6774004092aca5e33375adda78" member_type: VOTER last_known_addr { host: "127.21.174.129" port: 33173 } } peers { permanent_uuid: "b70ceda8f4014b659bcd1dd98956e0cf" member_type: VOTER last_known_addr { host: "127.21.174.130" port: 40735 } } peers { permanent_uuid: "71d341b3e5a642d28b5b445313350505" member_type: VOTER last_known_addr { host: "127.21.174.131" port: 45495 } }
I20260713 09:11:00.195305 23512 raft_consensus.cc:385] T 8915beb86c6a4f0fa767aa96337e429e P 71d341b3e5a642d28b5b445313350505 [term 0 FOLLOWER]: Consensus starting up: Expiring failure detector timer to make a prompt election more likely
I20260713 09:11:00.195607 23512 raft_consensus.cc:740] T 8915beb86c6a4f0fa767aa96337e429e P 71d341b3e5a642d28b5b445313350505 [term 0 FOLLOWER]: Becoming Follower/Learner. State: Replica: 71d341b3e5a642d28b5b445313350505, State: Initialized, Role: FOLLOWER
I20260713 09:11:00.196105 23511 ts_tablet_manager.cc:1434] T 8bceafc67c384f5ca6494fba1cde63ec P a4b4fa6774004092aca5e33375adda78: Time spent starting tablet: real 0.010s	user 0.007s	sys 0.000s
I20260713 09:11:00.196480 23512 consensus_queue.cc:260] T 8915beb86c6a4f0fa767aa96337e429e P 71d341b3e5a642d28b5b445313350505 [NON_LEADER]: Queue going to NON_LEADER mode. State: All replicated index: 0, Majority replicated index: 0, Committed index: 0, Last appended: 0.0, Last appended by leader: 0, Current term: 0, Majority size: -1, State: 0, Mode: NON_LEADER, active raft config: opid_index: -1 OBSOLETE_local: false peers { permanent_uuid: "a4b4fa6774004092aca5e33375adda78" member_type: VOTER last_known_addr { host: "127.21.174.129" port: 33173 } } peers { permanent_uuid: "b70ceda8f4014b659bcd1dd98956e0cf" member_type: VOTER last_known_addr { host: "127.21.174.130" port: 40735 } } peers { permanent_uuid: "71d341b3e5a642d28b5b445313350505" member_type: VOTER last_known_addr { host: "127.21.174.131" port: 45495 } }
I20260713 09:11:00.197016 23511 tablet_bootstrap.cc:492] T aa76cbd029d443aeacd08a5abef285a5 P a4b4fa6774004092aca5e33375adda78: Bootstrap starting.
I20260713 09:11:00.202342 23510 tablet_bootstrap.cc:492] T aa76cbd029d443aeacd08a5abef285a5 P b70ceda8f4014b659bcd1dd98956e0cf: No bootstrap required, opened a new log
I20260713 09:11:00.202812 23510 ts_tablet_manager.cc:1403] T aa76cbd029d443aeacd08a5abef285a5 P b70ceda8f4014b659bcd1dd98956e0cf: Time spent bootstrapping tablet: real 0.168s	user 0.009s	sys 0.012s
I20260713 09:11:00.204399 23512 ts_tablet_manager.cc:1434] T 8915beb86c6a4f0fa767aa96337e429e P 71d341b3e5a642d28b5b445313350505: Time spent starting tablet: real 0.015s	user 0.005s	sys 0.000s
I20260713 09:11:00.205334 23510 raft_consensus.cc:359] T aa76cbd029d443aeacd08a5abef285a5 P b70ceda8f4014b659bcd1dd98956e0cf [term 0 FOLLOWER]: Replica starting. Triggering 0 pending ops. Active config: opid_index: -1 OBSOLETE_local: false peers { permanent_uuid: "a4b4fa6774004092aca5e33375adda78" member_type: VOTER last_known_addr { host: "127.21.174.129" port: 33173 } } peers { permanent_uuid: "b70ceda8f4014b659bcd1dd98956e0cf" member_type: VOTER last_known_addr { host: "127.21.174.130" port: 40735 } } peers { permanent_uuid: "71d341b3e5a642d28b5b445313350505" member_type: VOTER last_known_addr { host: "127.21.174.131" port: 45495 } }
I20260713 09:11:00.206029 23510 raft_consensus.cc:385] T aa76cbd029d443aeacd08a5abef285a5 P b70ceda8f4014b659bcd1dd98956e0cf [term 0 FOLLOWER]: Consensus starting up: Expiring failure detector timer to make a prompt election more likely
I20260713 09:11:00.206300 23510 raft_consensus.cc:740] T aa76cbd029d443aeacd08a5abef285a5 P b70ceda8f4014b659bcd1dd98956e0cf [term 0 FOLLOWER]: Becoming Follower/Learner. State: Replica: b70ceda8f4014b659bcd1dd98956e0cf, State: Initialized, Role: FOLLOWER
I20260713 09:11:00.207427 23510 consensus_queue.cc:260] T aa76cbd029d443aeacd08a5abef285a5 P b70ceda8f4014b659bcd1dd98956e0cf [NON_LEADER]: Queue going to NON_LEADER mode. State: All replicated index: 0, Majority replicated index: 0, Committed index: 0, Last appended: 0.0, Last appended by leader: 0, Current term: 0, Majority size: -1, State: 0, Mode: NON_LEADER, active raft config: opid_index: -1 OBSOLETE_local: false peers { permanent_uuid: "a4b4fa6774004092aca5e33375adda78" member_type: VOTER last_known_addr { host: "127.21.174.129" port: 33173 } } peers { permanent_uuid: "b70ceda8f4014b659bcd1dd98956e0cf" member_type: VOTER last_known_addr { host: "127.21.174.130" port: 40735 } } peers { permanent_uuid: "71d341b3e5a642d28b5b445313350505" member_type: VOTER last_known_addr { host: "127.21.174.131" port: 45495 } }
I20260713 09:11:00.209791 23510 ts_tablet_manager.cc:1434] T aa76cbd029d443aeacd08a5abef285a5 P b70ceda8f4014b659bcd1dd98956e0cf: Time spent starting tablet: real 0.007s	user 0.006s	sys 0.001s
I20260713 09:11:00.205358 23512 tablet_bootstrap.cc:492] T aa76cbd029d443aeacd08a5abef285a5 P 71d341b3e5a642d28b5b445313350505: Bootstrap starting.
I20260713 09:11:00.210678 23510 tablet_bootstrap.cc:492] T 8bceafc67c384f5ca6494fba1cde63ec P b70ceda8f4014b659bcd1dd98956e0cf: Bootstrap starting.
I20260713 09:11:00.214557 23511 tablet_bootstrap.cc:654] T aa76cbd029d443aeacd08a5abef285a5 P a4b4fa6774004092aca5e33375adda78: Neither blocks nor log segments found. Creating new log.
I20260713 09:11:00.216089 23651 raft_consensus.cc:493] T 71e5791ab456457bb4a90938d281203a P b70ceda8f4014b659bcd1dd98956e0cf [term 1 FOLLOWER]: Starting pre-election (no leader contacted us within the election timeout)
I20260713 09:11:00.216619 23651 raft_consensus.cc:515] T 71e5791ab456457bb4a90938d281203a P b70ceda8f4014b659bcd1dd98956e0cf [term 1 FOLLOWER]: Starting pre-election with config: opid_index: -1 OBSOLETE_local: false peers { permanent_uuid: "a4b4fa6774004092aca5e33375adda78" member_type: VOTER last_known_addr { host: "127.21.174.129" port: 33173 } } peers { permanent_uuid: "b70ceda8f4014b659bcd1dd98956e0cf" member_type: VOTER last_known_addr { host: "127.21.174.130" port: 40735 } } peers { permanent_uuid: "71d341b3e5a642d28b5b445313350505" member_type: VOTER last_known_addr { host: "127.21.174.131" port: 45495 } }
I20260713 09:11:00.220038 23651 leader_election.cc:290] T 71e5791ab456457bb4a90938d281203a P b70ceda8f4014b659bcd1dd98956e0cf [CANDIDATE]: Term 2 pre-election: Requested pre-vote from peers a4b4fa6774004092aca5e33375adda78 (127.21.174.129:33173), 71d341b3e5a642d28b5b445313350505 (127.21.174.131:45495)
I20260713 09:11:00.224714 23510 tablet_bootstrap.cc:654] T 8bceafc67c384f5ca6494fba1cde63ec P b70ceda8f4014b659bcd1dd98956e0cf: Neither blocks nor log segments found. Creating new log.
I20260713 09:11:00.225751 23319 tablet_service.cc:1917] Received RequestConsensusVote() RPC: tablet_id: "71e5791ab456457bb4a90938d281203a" candidate_uuid: "b70ceda8f4014b659bcd1dd98956e0cf" candidate_term: 2 candidate_status { last_received { term: 0 index: 0 } } ignore_live_leader: false dest_uuid: "a4b4fa6774004092aca5e33375adda78" is_pre_election: true
I20260713 09:11:00.225872 23467 tablet_service.cc:1917] Received RequestConsensusVote() RPC: tablet_id: "71e5791ab456457bb4a90938d281203a" candidate_uuid: "b70ceda8f4014b659bcd1dd98956e0cf" candidate_term: 2 candidate_status { last_received { term: 0 index: 0 } } ignore_live_leader: false dest_uuid: "71d341b3e5a642d28b5b445313350505" is_pre_election: true
I20260713 09:11:00.226503 23319 raft_consensus.cc:2468] T 71e5791ab456457bb4a90938d281203a P a4b4fa6774004092aca5e33375adda78 [term 1 FOLLOWER]: Leader pre-election vote request: Granting yes vote for candidate b70ceda8f4014b659bcd1dd98956e0cf in term 1.
I20260713 09:11:00.226737 23467 raft_consensus.cc:2468] T 71e5791ab456457bb4a90938d281203a P 71d341b3e5a642d28b5b445313350505 [term 1 FOLLOWER]: Leader pre-election vote request: Granting yes vote for candidate b70ceda8f4014b659bcd1dd98956e0cf in term 1.
I20260713 09:11:00.227707 23362 leader_election.cc:304] T 71e5791ab456457bb4a90938d281203a P b70ceda8f4014b659bcd1dd98956e0cf [CANDIDATE]: Term 2 pre-election: Election decided. Result: candidate won. Election summary: received 2 responses out of 3 voters: 2 yes votes; 0 no votes. yes voters: a4b4fa6774004092aca5e33375adda78, b70ceda8f4014b659bcd1dd98956e0cf; no voters: 
I20260713 09:11:00.228931 23651 raft_consensus.cc:2804] T 71e5791ab456457bb4a90938d281203a P b70ceda8f4014b659bcd1dd98956e0cf [term 1 FOLLOWER]: Leader pre-election won for term 2
I20260713 09:11:00.229408 23651 raft_consensus.cc:493] T 71e5791ab456457bb4a90938d281203a P b70ceda8f4014b659bcd1dd98956e0cf [term 1 FOLLOWER]: Starting leader election (no leader contacted us within the election timeout)
I20260713 09:11:00.229831 23651 raft_consensus.cc:3060] T 71e5791ab456457bb4a90938d281203a P b70ceda8f4014b659bcd1dd98956e0cf [term 1 FOLLOWER]: Advancing to term 2
I20260713 09:11:00.238746 23512 tablet_bootstrap.cc:654] T aa76cbd029d443aeacd08a5abef285a5 P 71d341b3e5a642d28b5b445313350505: Neither blocks nor log segments found. Creating new log.
I20260713 09:11:00.240844 23511 tablet_bootstrap.cc:492] T aa76cbd029d443aeacd08a5abef285a5 P a4b4fa6774004092aca5e33375adda78: No bootstrap required, opened a new log
I20260713 09:11:00.242848 23511 ts_tablet_manager.cc:1403] T aa76cbd029d443aeacd08a5abef285a5 P a4b4fa6774004092aca5e33375adda78: Time spent bootstrapping tablet: real 0.046s	user 0.009s	sys 0.016s
I20260713 09:11:00.241719 23651 raft_consensus.cc:515] T 71e5791ab456457bb4a90938d281203a P b70ceda8f4014b659bcd1dd98956e0cf [term 2 FOLLOWER]: Starting leader election with config: opid_index: -1 OBSOLETE_local: false peers { permanent_uuid: "a4b4fa6774004092aca5e33375adda78" member_type: VOTER last_known_addr { host: "127.21.174.129" port: 33173 } } peers { permanent_uuid: "b70ceda8f4014b659bcd1dd98956e0cf" member_type: VOTER last_known_addr { host: "127.21.174.130" port: 40735 } } peers { permanent_uuid: "71d341b3e5a642d28b5b445313350505" member_type: VOTER last_known_addr { host: "127.21.174.131" port: 45495 } }
I20260713 09:11:00.247519 23319 tablet_service.cc:1917] Received RequestConsensusVote() RPC: tablet_id: "71e5791ab456457bb4a90938d281203a" candidate_uuid: "b70ceda8f4014b659bcd1dd98956e0cf" candidate_term: 2 candidate_status { last_received { term: 0 index: 0 } } ignore_live_leader: false dest_uuid: "a4b4fa6774004092aca5e33375adda78"
I20260713 09:11:00.248227 23319 raft_consensus.cc:3060] T 71e5791ab456457bb4a90938d281203a P a4b4fa6774004092aca5e33375adda78 [term 1 FOLLOWER]: Advancing to term 2
I20260713 09:11:00.248507 23467 tablet_service.cc:1917] Received RequestConsensusVote() RPC: tablet_id: "71e5791ab456457bb4a90938d281203a" candidate_uuid: "b70ceda8f4014b659bcd1dd98956e0cf" candidate_term: 2 candidate_status { last_received { term: 0 index: 0 } } ignore_live_leader: false dest_uuid: "71d341b3e5a642d28b5b445313350505"
I20260713 09:11:00.248373 23651 leader_election.cc:290] T 71e5791ab456457bb4a90938d281203a P b70ceda8f4014b659bcd1dd98956e0cf [CANDIDATE]: Term 2 election: Requested vote from peers a4b4fa6774004092aca5e33375adda78 (127.21.174.129:33173), 71d341b3e5a642d28b5b445313350505 (127.21.174.131:45495)
I20260713 09:11:00.249076 23467 raft_consensus.cc:3060] T 71e5791ab456457bb4a90938d281203a P 71d341b3e5a642d28b5b445313350505 [term 1 FOLLOWER]: Advancing to term 2
I20260713 09:11:00.250602 23511 raft_consensus.cc:359] T aa76cbd029d443aeacd08a5abef285a5 P a4b4fa6774004092aca5e33375adda78 [term 0 FOLLOWER]: Replica starting. Triggering 0 pending ops. Active config: opid_index: -1 OBSOLETE_local: false peers { permanent_uuid: "a4b4fa6774004092aca5e33375adda78" member_type: VOTER last_known_addr { host: "127.21.174.129" port: 33173 } } peers { permanent_uuid: "b70ceda8f4014b659bcd1dd98956e0cf" member_type: VOTER last_known_addr { host: "127.21.174.130" port: 40735 } } peers { permanent_uuid: "71d341b3e5a642d28b5b445313350505" member_type: VOTER last_known_addr { host: "127.21.174.131" port: 45495 } }
I20260713 09:11:00.251394 23511 raft_consensus.cc:385] T aa76cbd029d443aeacd08a5abef285a5 P a4b4fa6774004092aca5e33375adda78 [term 0 FOLLOWER]: Consensus starting up: Expiring failure detector timer to make a prompt election more likely
I20260713 09:11:00.251729 23511 raft_consensus.cc:740] T aa76cbd029d443aeacd08a5abef285a5 P a4b4fa6774004092aca5e33375adda78 [term 0 FOLLOWER]: Becoming Follower/Learner. State: Replica: a4b4fa6774004092aca5e33375adda78, State: Initialized, Role: FOLLOWER
I20260713 09:11:00.252539 23511 consensus_queue.cc:260] T aa76cbd029d443aeacd08a5abef285a5 P a4b4fa6774004092aca5e33375adda78 [NON_LEADER]: Queue going to NON_LEADER mode. State: All replicated index: 0, Majority replicated index: 0, Committed index: 0, Last appended: 0.0, Last appended by leader: 0, Current term: 0, Majority size: -1, State: 0, Mode: NON_LEADER, active raft config: opid_index: -1 OBSOLETE_local: false peers { permanent_uuid: "a4b4fa6774004092aca5e33375adda78" member_type: VOTER last_known_addr { host: "127.21.174.129" port: 33173 } } peers { permanent_uuid: "b70ceda8f4014b659bcd1dd98956e0cf" member_type: VOTER last_known_addr { host: "127.21.174.130" port: 40735 } } peers { permanent_uuid: "71d341b3e5a642d28b5b445313350505" member_type: VOTER last_known_addr { host: "127.21.174.131" port: 45495 } }
I20260713 09:11:00.255010 23511 ts_tablet_manager.cc:1434] T aa76cbd029d443aeacd08a5abef285a5 P a4b4fa6774004092aca5e33375adda78: Time spent starting tablet: real 0.012s	user 0.005s	sys 0.000s
I20260713 09:11:00.255589 23467 raft_consensus.cc:2468] T 71e5791ab456457bb4a90938d281203a P 71d341b3e5a642d28b5b445313350505 [term 2 FOLLOWER]: Leader election vote request: Granting yes vote for candidate b70ceda8f4014b659bcd1dd98956e0cf in term 2.
I20260713 09:11:00.256248 23511 tablet_bootstrap.cc:492] T b4ced77563244c41890d115f5106f6ce P a4b4fa6774004092aca5e33375adda78: Bootstrap starting.
I20260713 09:11:00.256819 23360 leader_election.cc:304] T 71e5791ab456457bb4a90938d281203a P b70ceda8f4014b659bcd1dd98956e0cf [CANDIDATE]: Term 2 election: Election decided. Result: candidate won. Election summary: received 2 responses out of 3 voters: 2 yes votes; 0 no votes. yes voters: 71d341b3e5a642d28b5b445313350505, b70ceda8f4014b659bcd1dd98956e0cf; no voters: 
I20260713 09:11:00.257561 23651 raft_consensus.cc:2804] T 71e5791ab456457bb4a90938d281203a P b70ceda8f4014b659bcd1dd98956e0cf [term 2 FOLLOWER]: Leader election won for term 2
I20260713 09:11:00.258062 23651 raft_consensus.cc:697] T 71e5791ab456457bb4a90938d281203a P b70ceda8f4014b659bcd1dd98956e0cf [term 2 LEADER]: Becoming Leader. State: Replica: b70ceda8f4014b659bcd1dd98956e0cf, State: Running, Role: LEADER
I20260713 09:11:00.258833 23651 consensus_queue.cc:237] T 71e5791ab456457bb4a90938d281203a P b70ceda8f4014b659bcd1dd98956e0cf [LEADER]: Queue going to LEADER mode. State: All replicated index: 0, Majority replicated index: 0, Committed index: 0, Last appended: 0.0, Last appended by leader: 0, Current term: 2, Majority size: 2, State: 0, Mode: LEADER, active raft config: opid_index: -1 OBSOLETE_local: false peers { permanent_uuid: "a4b4fa6774004092aca5e33375adda78" member_type: VOTER last_known_addr { host: "127.21.174.129" port: 33173 } } peers { permanent_uuid: "b70ceda8f4014b659bcd1dd98956e0cf" member_type: VOTER last_known_addr { host: "127.21.174.130" port: 40735 } } peers { permanent_uuid: "71d341b3e5a642d28b5b445313350505" member_type: VOTER last_known_addr { host: "127.21.174.131" port: 45495 } }
I20260713 09:11:00.272063 23319 raft_consensus.cc:2468] T 71e5791ab456457bb4a90938d281203a P a4b4fa6774004092aca5e33375adda78 [term 2 FOLLOWER]: Leader election vote request: Granting yes vote for candidate b70ceda8f4014b659bcd1dd98956e0cf in term 2.
I20260713 09:11:00.274027 23511 tablet_bootstrap.cc:654] T b4ced77563244c41890d115f5106f6ce P a4b4fa6774004092aca5e33375adda78: Neither blocks nor log segments found. Creating new log.
I20260713 09:11:00.276274 23510 tablet_bootstrap.cc:492] T 8bceafc67c384f5ca6494fba1cde63ec P b70ceda8f4014b659bcd1dd98956e0cf: No bootstrap required, opened a new log
I20260713 09:11:00.277359 23510 ts_tablet_manager.cc:1403] T 8bceafc67c384f5ca6494fba1cde63ec P b70ceda8f4014b659bcd1dd98956e0cf: Time spent bootstrapping tablet: real 0.067s	user 0.015s	sys 0.004s
I20260713 09:11:00.282629 23510 raft_consensus.cc:359] T 8bceafc67c384f5ca6494fba1cde63ec P b70ceda8f4014b659bcd1dd98956e0cf [term 0 FOLLOWER]: Replica starting. Triggering 0 pending ops. Active config: opid_index: -1 OBSOLETE_local: false peers { permanent_uuid: "a4b4fa6774004092aca5e33375adda78" member_type: VOTER last_known_addr { host: "127.21.174.129" port: 33173 } } peers { permanent_uuid: "b70ceda8f4014b659bcd1dd98956e0cf" member_type: VOTER last_known_addr { host: "127.21.174.130" port: 40735 } } peers { permanent_uuid: "71d341b3e5a642d28b5b445313350505" member_type: VOTER last_known_addr { host: "127.21.174.131" port: 45495 } }
I20260713 09:11:00.284511 23510 raft_consensus.cc:385] T 8bceafc67c384f5ca6494fba1cde63ec P b70ceda8f4014b659bcd1dd98956e0cf [term 0 FOLLOWER]: Consensus starting up: Expiring failure detector timer to make a prompt election more likely
I20260713 09:11:00.284579 23218 catalog_manager.cc:5697] T 71e5791ab456457bb4a90938d281203a P b70ceda8f4014b659bcd1dd98956e0cf reported cstate change: term changed from 0 to 2, leader changed from <none> to b70ceda8f4014b659bcd1dd98956e0cf (127.21.174.130). New cstate: current_term: 2 leader_uuid: "b70ceda8f4014b659bcd1dd98956e0cf" committed_config { opid_index: -1 OBSOLETE_local: false peers { permanent_uuid: "a4b4fa6774004092aca5e33375adda78" member_type: VOTER last_known_addr { host: "127.21.174.129" port: 33173 } health_report { overall_health: UNKNOWN } } peers { permanent_uuid: "b70ceda8f4014b659bcd1dd98956e0cf" member_type: VOTER last_known_addr { host: "127.21.174.130" port: 40735 } health_report { overall_health: HEALTHY } } peers { permanent_uuid: "71d341b3e5a642d28b5b445313350505" member_type: VOTER last_known_addr { host: "127.21.174.131" port: 45495 } health_report { overall_health: UNKNOWN } } }
I20260713 09:11:00.287830 23510 raft_consensus.cc:740] T 8bceafc67c384f5ca6494fba1cde63ec P b70ceda8f4014b659bcd1dd98956e0cf [term 0 FOLLOWER]: Becoming Follower/Learner. State: Replica: b70ceda8f4014b659bcd1dd98956e0cf, State: Initialized, Role: FOLLOWER
I20260713 09:11:00.288576 23510 consensus_queue.cc:260] T 8bceafc67c384f5ca6494fba1cde63ec P b70ceda8f4014b659bcd1dd98956e0cf [NON_LEADER]: Queue going to NON_LEADER mode. State: All replicated index: 0, Majority replicated index: 0, Committed index: 0, Last appended: 0.0, Last appended by leader: 0, Current term: 0, Majority size: -1, State: 0, Mode: NON_LEADER, active raft config: opid_index: -1 OBSOLETE_local: false peers { permanent_uuid: "a4b4fa6774004092aca5e33375adda78" member_type: VOTER last_known_addr { host: "127.21.174.129" port: 33173 } } peers { permanent_uuid: "b70ceda8f4014b659bcd1dd98956e0cf" member_type: VOTER last_known_addr { host: "127.21.174.130" port: 40735 } } peers { permanent_uuid: "71d341b3e5a642d28b5b445313350505" member_type: VOTER last_known_addr { host: "127.21.174.131" port: 45495 } }
I20260713 09:11:00.289561 23511 tablet_bootstrap.cc:492] T b4ced77563244c41890d115f5106f6ce P a4b4fa6774004092aca5e33375adda78: No bootstrap required, opened a new log
I20260713 09:11:00.290094 23511 ts_tablet_manager.cc:1403] T b4ced77563244c41890d115f5106f6ce P a4b4fa6774004092aca5e33375adda78: Time spent bootstrapping tablet: real 0.034s	user 0.018s	sys 0.001s
I20260713 09:11:00.290704 23510 ts_tablet_manager.cc:1434] T 8bceafc67c384f5ca6494fba1cde63ec P b70ceda8f4014b659bcd1dd98956e0cf: Time spent starting tablet: real 0.013s	user 0.006s	sys 0.000s
I20260713 09:11:00.291850 23510 tablet_bootstrap.cc:492] T 4980d29e827c46699864ad1b1ce3d046 P b70ceda8f4014b659bcd1dd98956e0cf: Bootstrap starting.
I20260713 09:11:00.286898 23512 tablet_bootstrap.cc:492] T aa76cbd029d443aeacd08a5abef285a5 P 71d341b3e5a642d28b5b445313350505: No bootstrap required, opened a new log
I20260713 09:11:00.293046 23511 raft_consensus.cc:359] T b4ced77563244c41890d115f5106f6ce P a4b4fa6774004092aca5e33375adda78 [term 0 FOLLOWER]: Replica starting. Triggering 0 pending ops. Active config: opid_index: -1 OBSOLETE_local: false peers { permanent_uuid: "a4b4fa6774004092aca5e33375adda78" member_type: VOTER last_known_addr { host: "127.21.174.129" port: 33173 } } peers { permanent_uuid: "b70ceda8f4014b659bcd1dd98956e0cf" member_type: VOTER last_known_addr { host: "127.21.174.130" port: 40735 } } peers { permanent_uuid: "71d341b3e5a642d28b5b445313350505" member_type: VOTER last_known_addr { host: "127.21.174.131" port: 45495 } }
I20260713 09:11:00.293785 23511 raft_consensus.cc:385] T b4ced77563244c41890d115f5106f6ce P a4b4fa6774004092aca5e33375adda78 [term 0 FOLLOWER]: Consensus starting up: Expiring failure detector timer to make a prompt election more likely
I20260713 09:11:00.293905 23512 ts_tablet_manager.cc:1403] T aa76cbd029d443aeacd08a5abef285a5 P 71d341b3e5a642d28b5b445313350505: Time spent bootstrapping tablet: real 0.089s	user 0.030s	sys 0.000s
I20260713 09:11:00.294059 23511 raft_consensus.cc:740] T b4ced77563244c41890d115f5106f6ce P a4b4fa6774004092aca5e33375adda78 [term 0 FOLLOWER]: Becoming Follower/Learner. State: Replica: a4b4fa6774004092aca5e33375adda78, State: Initialized, Role: FOLLOWER
I20260713 09:11:00.294893 23511 consensus_queue.cc:260] T b4ced77563244c41890d115f5106f6ce P a4b4fa6774004092aca5e33375adda78 [NON_LEADER]: Queue going to NON_LEADER mode. State: All replicated index: 0, Majority replicated index: 0, Committed index: 0, Last appended: 0.0, Last appended by leader: 0, Current term: 0, Majority size: -1, State: 0, Mode: NON_LEADER, active raft config: opid_index: -1 OBSOLETE_local: false peers { permanent_uuid: "a4b4fa6774004092aca5e33375adda78" member_type: VOTER last_known_addr { host: "127.21.174.129" port: 33173 } } peers { permanent_uuid: "b70ceda8f4014b659bcd1dd98956e0cf" member_type: VOTER last_known_addr { host: "127.21.174.130" port: 40735 } } peers { permanent_uuid: "71d341b3e5a642d28b5b445313350505" member_type: VOTER last_known_addr { host: "127.21.174.131" port: 45495 } }
I20260713 09:11:00.297184 23511 ts_tablet_manager.cc:1434] T b4ced77563244c41890d115f5106f6ce P a4b4fa6774004092aca5e33375adda78: Time spent starting tablet: real 0.007s	user 0.008s	sys 0.000s
I20260713 09:11:00.297741 23512 raft_consensus.cc:359] T aa76cbd029d443aeacd08a5abef285a5 P 71d341b3e5a642d28b5b445313350505 [term 0 FOLLOWER]: Replica starting. Triggering 0 pending ops. Active config: opid_index: -1 OBSOLETE_local: false peers { permanent_uuid: "a4b4fa6774004092aca5e33375adda78" member_type: VOTER last_known_addr { host: "127.21.174.129" port: 33173 } } peers { permanent_uuid: "b70ceda8f4014b659bcd1dd98956e0cf" member_type: VOTER last_known_addr { host: "127.21.174.130" port: 40735 } } peers { permanent_uuid: "71d341b3e5a642d28b5b445313350505" member_type: VOTER last_known_addr { host: "127.21.174.131" port: 45495 } }
I20260713 09:11:00.298512 23512 raft_consensus.cc:385] T aa76cbd029d443aeacd08a5abef285a5 P 71d341b3e5a642d28b5b445313350505 [term 0 FOLLOWER]: Consensus starting up: Expiring failure detector timer to make a prompt election more likely
I20260713 09:11:00.298807 23510 tablet_bootstrap.cc:654] T 4980d29e827c46699864ad1b1ce3d046 P b70ceda8f4014b659bcd1dd98956e0cf: Neither blocks nor log segments found. Creating new log.
I20260713 09:11:00.298916 23512 raft_consensus.cc:740] T aa76cbd029d443aeacd08a5abef285a5 P 71d341b3e5a642d28b5b445313350505 [term 0 FOLLOWER]: Becoming Follower/Learner. State: Replica: 71d341b3e5a642d28b5b445313350505, State: Initialized, Role: FOLLOWER
I20260713 09:11:00.299923 23512 consensus_queue.cc:260] T aa76cbd029d443aeacd08a5abef285a5 P 71d341b3e5a642d28b5b445313350505 [NON_LEADER]: Queue going to NON_LEADER mode. State: All replicated index: 0, Majority replicated index: 0, Committed index: 0, Last appended: 0.0, Last appended by leader: 0, Current term: 0, Majority size: -1, State: 0, Mode: NON_LEADER, active raft config: opid_index: -1 OBSOLETE_local: false peers { permanent_uuid: "a4b4fa6774004092aca5e33375adda78" member_type: VOTER last_known_addr { host: "127.21.174.129" port: 33173 } } peers { permanent_uuid: "b70ceda8f4014b659bcd1dd98956e0cf" member_type: VOTER last_known_addr { host: "127.21.174.130" port: 40735 } } peers { permanent_uuid: "71d341b3e5a642d28b5b445313350505" member_type: VOTER last_known_addr { host: "127.21.174.131" port: 45495 } }
I20260713 09:11:00.298255 23511 tablet_bootstrap.cc:492] T f258f7a456b94287a20b0d5cf6f9d0ec P a4b4fa6774004092aca5e33375adda78: Bootstrap starting.
I20260713 09:11:00.302209 23512 ts_tablet_manager.cc:1434] T aa76cbd029d443aeacd08a5abef285a5 P 71d341b3e5a642d28b5b445313350505: Time spent starting tablet: real 0.008s	user 0.006s	sys 0.000s
I20260713 09:11:00.303930 23512 tablet_bootstrap.cc:492] T f550b58c6d2f4c83b5c7640c7fb37ee9 P 71d341b3e5a642d28b5b445313350505: Bootstrap starting.
I20260713 09:11:00.308048 23511 tablet_bootstrap.cc:654] T f258f7a456b94287a20b0d5cf6f9d0ec P a4b4fa6774004092aca5e33375adda78: Neither blocks nor log segments found. Creating new log.
I20260713 09:11:00.311383 23512 tablet_bootstrap.cc:654] T f550b58c6d2f4c83b5c7640c7fb37ee9 P 71d341b3e5a642d28b5b445313350505: Neither blocks nor log segments found. Creating new log.
I20260713 09:11:00.315366 23586 raft_consensus.cc:493] T b4ced77563244c41890d115f5106f6ce P a4b4fa6774004092aca5e33375adda78 [term 0 FOLLOWER]: Starting pre-election (no leader contacted us within the election timeout)
I20260713 09:11:00.316071 23586 raft_consensus.cc:515] T b4ced77563244c41890d115f5106f6ce P a4b4fa6774004092aca5e33375adda78 [term 0 FOLLOWER]: Starting pre-election with config: opid_index: -1 OBSOLETE_local: false peers { permanent_uuid: "a4b4fa6774004092aca5e33375adda78" member_type: VOTER last_known_addr { host: "127.21.174.129" port: 33173 } } peers { permanent_uuid: "b70ceda8f4014b659bcd1dd98956e0cf" member_type: VOTER last_known_addr { host: "127.21.174.130" port: 40735 } } peers { permanent_uuid: "71d341b3e5a642d28b5b445313350505" member_type: VOTER last_known_addr { host: "127.21.174.131" port: 45495 } }
I20260713 09:11:00.319790 23391 tablet_service.cc:1917] Received RequestConsensusVote() RPC: tablet_id: "b4ced77563244c41890d115f5106f6ce" candidate_uuid: "a4b4fa6774004092aca5e33375adda78" candidate_term: 1 candidate_status { last_received { term: 0 index: 0 } } ignore_live_leader: false dest_uuid: "b70ceda8f4014b659bcd1dd98956e0cf" is_pre_election: true
I20260713 09:11:00.320349 23510 tablet_bootstrap.cc:492] T 4980d29e827c46699864ad1b1ce3d046 P b70ceda8f4014b659bcd1dd98956e0cf: No bootstrap required, opened a new log
I20260713 09:11:00.320688 23511 tablet_bootstrap.cc:492] T f258f7a456b94287a20b0d5cf6f9d0ec P a4b4fa6774004092aca5e33375adda78: No bootstrap required, opened a new log
I20260713 09:11:00.320837 23510 ts_tablet_manager.cc:1403] T 4980d29e827c46699864ad1b1ce3d046 P b70ceda8f4014b659bcd1dd98956e0cf: Time spent bootstrapping tablet: real 0.029s	user 0.013s	sys 0.000s
I20260713 09:11:00.321120 23511 ts_tablet_manager.cc:1403] T f258f7a456b94287a20b0d5cf6f9d0ec P a4b4fa6774004092aca5e33375adda78: Time spent bootstrapping tablet: real 0.023s	user 0.014s	sys 0.005s
W20260713 09:11:00.321336 23286 leader_election.cc:343] T b4ced77563244c41890d115f5106f6ce P a4b4fa6774004092aca5e33375adda78 [CANDIDATE]: Term 1 pre-election: Tablet error from VoteRequest() call to peer b70ceda8f4014b659bcd1dd98956e0cf (127.21.174.130:40735): Illegal state: must be running to vote when last-logged opid is not known
I20260713 09:11:00.323773 23511 raft_consensus.cc:359] T f258f7a456b94287a20b0d5cf6f9d0ec P a4b4fa6774004092aca5e33375adda78 [term 0 FOLLOWER]: Replica starting. Triggering 0 pending ops. Active config: opid_index: -1 OBSOLETE_local: false peers { permanent_uuid: "a4b4fa6774004092aca5e33375adda78" member_type: VOTER last_known_addr { host: "127.21.174.129" port: 33173 } } peers { permanent_uuid: "b70ceda8f4014b659bcd1dd98956e0cf" member_type: VOTER last_known_addr { host: "127.21.174.130" port: 40735 } } peers { permanent_uuid: "71d341b3e5a642d28b5b445313350505" member_type: VOTER last_known_addr { host: "127.21.174.131" port: 45495 } }
I20260713 09:11:00.324410 23511 raft_consensus.cc:385] T f258f7a456b94287a20b0d5cf6f9d0ec P a4b4fa6774004092aca5e33375adda78 [term 0 FOLLOWER]: Consensus starting up: Expiring failure detector timer to make a prompt election more likely
I20260713 09:11:00.324236 23467 tablet_service.cc:1917] Received RequestConsensusVote() RPC: tablet_id: "b4ced77563244c41890d115f5106f6ce" candidate_uuid: "a4b4fa6774004092aca5e33375adda78" candidate_term: 1 candidate_status { last_received { term: 0 index: 0 } } ignore_live_leader: false dest_uuid: "71d341b3e5a642d28b5b445313350505" is_pre_election: true
I20260713 09:11:00.324692 23511 raft_consensus.cc:740] T f258f7a456b94287a20b0d5cf6f9d0ec P a4b4fa6774004092aca5e33375adda78 [term 0 FOLLOWER]: Becoming Follower/Learner. State: Replica: a4b4fa6774004092aca5e33375adda78, State: Initialized, Role: FOLLOWER
