[==========] Running 8 tests from 2 test suites.
[----------] Global test environment set-up.
[----------] 6 tests from LeaderRebalancerTest
[ RUN      ] LeaderRebalancerTest.FunctionalTestForDivided
WARNING: Logging before InitGoogleLogging() is written to STDERR
I20260713 09:10:33.340651 32497 internal_mini_cluster.cc:156] Creating distributed mini masters. Addrs: 127.31.188.126:38469
I20260713 09:10:33.342214 32497 env_posix.cc:2285] Not raising this process' open files per process limit of 1048576; it is already as high as it can go
I20260713 09:10:33.343369 32497 file_cache.cc:504] Constructed file cache file cache with capacity 419430
W20260713 09:10:33.359802 32503 instance_detector.cc:116] could not retrieve AWS instance metadata: Network error: curl error: HTTP response code said error: The requested URL returned error: 404
W20260713 09:10:33.359838 32504 instance_detector.cc:116] could not retrieve Azure instance metadata: Network error: curl error: HTTP response code said error: The requested URL returned error: 404
I20260713 09:10:33.361548 32497 server_base.cc:1061] running on GCE node
W20260713 09:10:33.359980 32506 instance_detector.cc:116] could not retrieve OpenStack instance metadata: Network error: curl error: HTTP response code said error: The requested URL returned error: 404
I20260713 09:10:34.581338 32497 hybrid_clock.cc:584] initializing the hybrid clock with 'system_unsync' time source
W20260713 09:10:34.581645 32497 system_unsync_time.cc:38] NTP support is disabled. Clock error bounds will not be accurate. This configuration is not suitable for distributed clusters.
I20260713 09:10:34.581807 32497 hybrid_clock.cc:648] HybridClock initialized: now 1783933834581792 us; error 0 us; skew 500 ppm
I20260713 09:10:34.582589 32497 server_base.cc:861] Flag tcmalloc_max_total_thread_cache_bytes is not working since tcmalloc is not enabled.
I20260713 09:10:34.588845 32497 webserver.cc:533] Webserver started at http://127.31.188.126:34725/ using document root <none> and password file <none>
I20260713 09:10:34.589707 32497 fs_manager.cc:362] Metadata directory not provided
I20260713 09:10:34.589903 32497 fs_manager.cc:368] Using write-ahead log directory (fs_wal_dir) as metadata directory
I20260713 09:10:34.590291 32497 server_base.cc:909] This appears to be a new deployment of Kudu; creating new FS layout
I20260713 09:10:34.595916 32497 fs_manager.cc:1068] Generated new instance metadata in path /tmp/dist-test-task907Z9R/test-tmp/auto_leader_rebalancer-test.0.LeaderRebalancerTest.FunctionalTestForDivided.1783933833173938-32497-0/minicluster-data/master-0-root/instance:
uuid: "6db82e1d9c03419495c8980f210cfc1f"
format_stamp: "Formatted at 2026-07-13 09:10:34 on dist-test-slave-1kql"
I20260713 09:10:34.603606 32497 fs_manager.cc:696] Time spent creating directory manager: real 0.007s	user 0.001s	sys 0.008s
I20260713 09:10:34.608538 32512 log_block_manager.cc:4127] Time spent loading block containers with low live blocks: real 0.000s	user 0.000s	sys 0.000s
I20260713 09:10:34.609689 32497 fs_manager.cc:730] Time spent opening block manager: real 0.003s	user 0.003s	sys 0.000s
I20260713 09:10:34.610038 32497 fs_manager.cc:647] Opened local filesystem: /tmp/dist-test-task907Z9R/test-tmp/auto_leader_rebalancer-test.0.LeaderRebalancerTest.FunctionalTestForDivided.1783933833173938-32497-0/minicluster-data/master-0-root
uuid: "6db82e1d9c03419495c8980f210cfc1f"
format_stamp: "Formatted at 2026-07-13 09:10:34 on dist-test-slave-1kql"
I20260713 09:10:34.610352 32497 fs_report.cc:389] FS layout report
--------------------
wal directory: /tmp/dist-test-task907Z9R/test-tmp/auto_leader_rebalancer-test.0.LeaderRebalancerTest.FunctionalTestForDivided.1783933833173938-32497-0/minicluster-data/master-0-root
metadata directory: /tmp/dist-test-task907Z9R/test-tmp/auto_leader_rebalancer-test.0.LeaderRebalancerTest.FunctionalTestForDivided.1783933833173938-32497-0/minicluster-data/master-0-root
1 data directories: /tmp/dist-test-task907Z9R/test-tmp/auto_leader_rebalancer-test.0.LeaderRebalancerTest.FunctionalTestForDivided.1783933833173938-32497-0/minicluster-data/master-0-root/data
Total live blocks: 0
Total live bytes: 0
Total live bytes (after alignment): 0
Total number of LBM containers: 0 (0 full)
Did not check for missing blocks
Did not check for orphaned blocks
Total full LBM containers with extra space: 0 (0 repaired)
Total full LBM container extra space in bytes: 0 (0 repaired)
Total incomplete LBM containers: 0 (0 repaired)
Total LBM partial records: 0 (0 repaired)
Total corrupted LBM metadata records in RocksDB: 0 (0 repaired)
I20260713 09:10:34.674678 32497 rpc_server.cc:225] running with OpenSSL 1.1.1  11 Sep 2018
I20260713 09:10:34.676201 32497 env_posix.cc:2285] Not raising this process' running threads per effective uid limit of 18446744073709551615; it is already as high as it can go
I20260713 09:10:34.676616 32497 kserver.cc:163] Server-wide thread pool size limit: 3276
I20260713 09:10:34.747243 32497 rpc_server.cc:307] RPC server started. Bound to: 127.31.188.126:38469
I20260713 09:10:34.747305 32563 acceptor_pool.cc:272] collecting diagnostics on the listening RPC socket 127.31.188.126:38469 every 8 connection(s)
I20260713 09:10:34.755236 32564 data_dirs.cc:400] Could only allocate 1 dirs of requested 3 for tablet 00000000000000000000000000000000. 1 dirs total, 0 dirs full, 0 dirs failed
I20260713 09:10:34.776333 32564 tablet_bootstrap.cc:492] T 00000000000000000000000000000000 P 6db82e1d9c03419495c8980f210cfc1f: Bootstrap starting.
I20260713 09:10:34.782411 32564 tablet_bootstrap.cc:654] T 00000000000000000000000000000000 P 6db82e1d9c03419495c8980f210cfc1f: Neither blocks nor log segments found. Creating new log.
I20260713 09:10:34.784252 32564 log.cc:826] T 00000000000000000000000000000000 P 6db82e1d9c03419495c8980f210cfc1f: Log is configured to *not* fsync() on all Append() calls
I20260713 09:10:34.788700 32564 tablet_bootstrap.cc:492] T 00000000000000000000000000000000 P 6db82e1d9c03419495c8980f210cfc1f: No bootstrap required, opened a new log
I20260713 09:10:34.808876 32564 raft_consensus.cc:359] T 00000000000000000000000000000000 P 6db82e1d9c03419495c8980f210cfc1f [term 0 FOLLOWER]: Replica starting. Triggering 0 pending ops. Active config: opid_index: -1 OBSOLETE_local: true peers { permanent_uuid: "6db82e1d9c03419495c8980f210cfc1f" member_type: VOTER }
I20260713 09:10:34.809420 32564 raft_consensus.cc:385] T 00000000000000000000000000000000 P 6db82e1d9c03419495c8980f210cfc1f [term 0 FOLLOWER]: Consensus starting up: Expiring failure detector timer to make a prompt election more likely
I20260713 09:10:34.809747 32564 raft_consensus.cc:740] T 00000000000000000000000000000000 P 6db82e1d9c03419495c8980f210cfc1f [term 0 FOLLOWER]: Becoming Follower/Learner. State: Replica: 6db82e1d9c03419495c8980f210cfc1f, State: Initialized, Role: FOLLOWER
I20260713 09:10:34.810690 32564 consensus_queue.cc:260] T 00000000000000000000000000000000 P 6db82e1d9c03419495c8980f210cfc1f [NON_LEADER]: Queue going to NON_LEADER mode. State: All replicated index: 0, Majority replicated index: 0, Committed index: 0, Last appended: 0.0, Last appended by leader: 0, Current term: 0, Majority size: -1, State: 0, Mode: NON_LEADER, active raft config: opid_index: -1 OBSOLETE_local: true peers { permanent_uuid: "6db82e1d9c03419495c8980f210cfc1f" member_type: VOTER }
I20260713 09:10:34.811211 32564 raft_consensus.cc:399] T 00000000000000000000000000000000 P 6db82e1d9c03419495c8980f210cfc1f [term 0 FOLLOWER]: Only one voter in the Raft config. Triggering election immediately
I20260713 09:10:34.811510 32564 raft_consensus.cc:493] T 00000000000000000000000000000000 P 6db82e1d9c03419495c8980f210cfc1f [term 0 FOLLOWER]: Starting leader election (initial election of a single-replica configuration)
I20260713 09:10:34.811856 32564 raft_consensus.cc:3060] T 00000000000000000000000000000000 P 6db82e1d9c03419495c8980f210cfc1f [term 0 FOLLOWER]: Advancing to term 1
I20260713 09:10:34.816037 32564 raft_consensus.cc:515] T 00000000000000000000000000000000 P 6db82e1d9c03419495c8980f210cfc1f [term 1 FOLLOWER]: Starting leader election with config: opid_index: -1 OBSOLETE_local: true peers { permanent_uuid: "6db82e1d9c03419495c8980f210cfc1f" member_type: VOTER }
I20260713 09:10:34.816753 32564 leader_election.cc:304] T 00000000000000000000000000000000 P 6db82e1d9c03419495c8980f210cfc1f [CANDIDATE]: Term 1 election: Election decided. Result: candidate won. Election summary: received 1 responses out of 1 voters: 1 yes votes; 0 no votes. yes voters: 6db82e1d9c03419495c8980f210cfc1f; no voters: 
I20260713 09:10:34.818491 32564 leader_election.cc:290] T 00000000000000000000000000000000 P 6db82e1d9c03419495c8980f210cfc1f [CANDIDATE]: Term 1 election: Requested vote from peers 
I20260713 09:10:34.818939 32567 raft_consensus.cc:2804] T 00000000000000000000000000000000 P 6db82e1d9c03419495c8980f210cfc1f [term 1 FOLLOWER]: Leader election won for term 1
I20260713 09:10:34.821460 32567 raft_consensus.cc:697] T 00000000000000000000000000000000 P 6db82e1d9c03419495c8980f210cfc1f [term 1 LEADER]: Becoming Leader. State: Replica: 6db82e1d9c03419495c8980f210cfc1f, State: Running, Role: LEADER
I20260713 09:10:34.822441 32567 consensus_queue.cc:237] T 00000000000000000000000000000000 P 6db82e1d9c03419495c8980f210cfc1f [LEADER]: Queue going to LEADER mode. State: All replicated index: 0, Majority replicated index: 0, Committed index: 0, Last appended: 0.0, Last appended by leader: 0, Current term: 1, Majority size: 1, State: 0, Mode: LEADER, active raft config: opid_index: -1 OBSOLETE_local: true peers { permanent_uuid: "6db82e1d9c03419495c8980f210cfc1f" member_type: VOTER }
I20260713 09:10:34.823766 32564 sys_catalog.cc:565] T 00000000000000000000000000000000 P 6db82e1d9c03419495c8980f210cfc1f [sys.catalog]: configured and running, proceeding with master startup.
I20260713 09:10:34.834420 32569 sys_catalog.cc:455] T 00000000000000000000000000000000 P 6db82e1d9c03419495c8980f210cfc1f [sys.catalog]: SysCatalogTable state changed. Reason: New leader 6db82e1d9c03419495c8980f210cfc1f. Latest consensus state: current_term: 1 leader_uuid: "6db82e1d9c03419495c8980f210cfc1f" committed_config { opid_index: -1 OBSOLETE_local: true peers { permanent_uuid: "6db82e1d9c03419495c8980f210cfc1f" member_type: VOTER } }
I20260713 09:10:34.834532 32568 sys_catalog.cc:455] T 00000000000000000000000000000000 P 6db82e1d9c03419495c8980f210cfc1f [sys.catalog]: SysCatalogTable state changed. Reason: RaftConsensus started. Latest consensus state: current_term: 1 leader_uuid: "6db82e1d9c03419495c8980f210cfc1f" committed_config { opid_index: -1 OBSOLETE_local: true peers { permanent_uuid: "6db82e1d9c03419495c8980f210cfc1f" member_type: VOTER } }
I20260713 09:10:34.835287 32568 sys_catalog.cc:458] T 00000000000000000000000000000000 P 6db82e1d9c03419495c8980f210cfc1f [sys.catalog]: This master's current role is: LEADER
I20260713 09:10:34.835261 32569 sys_catalog.cc:458] T 00000000000000000000000000000000 P 6db82e1d9c03419495c8980f210cfc1f [sys.catalog]: This master's current role is: LEADER
I20260713 09:10:34.837882 32577 catalog_manager.cc:1511] Loading table and tablet metadata into memory...
I20260713 09:10:34.849980 32577 catalog_manager.cc:1520] Initializing Kudu cluster ID...
I20260713 09:10:34.854296 32497 internal_mini_cluster.cc:184] Waiting to initialize catalog manager on master 0
I20260713 09:10:34.867403 32577 catalog_manager.cc:1383] Generated new cluster ID: 47cd29b4fe984bbab27341d4eabe84f9
I20260713 09:10:34.867676 32577 catalog_manager.cc:1531] Initializing Kudu internal certificate authority...
I20260713 09:10:34.880187 32577 catalog_manager.cc:1406] Generated new certificate authority record
I20260713 09:10:34.881708 32577 catalog_manager.cc:1540] Loading token signing keys...
I20260713 09:10:34.894584 32577 catalog_manager.cc:6070] T 00000000000000000000000000000000 P 6db82e1d9c03419495c8980f210cfc1f: Generated new TSK 0
I20260713 09:10:34.895524 32577 catalog_manager.cc:1550] Initializing in-progress tserver states...
I20260713 09:10:34.924432 32497 file_cache.cc:504] Constructed file cache file cache with capacity 419430
W20260713 09:10:34.932842 32586 instance_detector.cc:116] could not retrieve AWS instance metadata: Network error: curl error: HTTP response code said error: The requested URL returned error: 404
W20260713 09:10:34.935000 32587 instance_detector.cc:116] could not retrieve Azure instance metadata: Network error: curl error: HTTP response code said error: The requested URL returned error: 404
I20260713 09:10:34.938963 32497 server_base.cc:1061] running on GCE node
W20260713 09:10:34.939504 32589 instance_detector.cc:116] could not retrieve OpenStack instance metadata: Network error: curl error: HTTP response code said error: The requested URL returned error: 404
I20260713 09:10:34.940407 32497 hybrid_clock.cc:584] initializing the hybrid clock with 'system_unsync' time source
W20260713 09:10:34.940639 32497 system_unsync_time.cc:38] NTP support is disabled. Clock error bounds will not be accurate. This configuration is not suitable for distributed clusters.
I20260713 09:10:34.940824 32497 hybrid_clock.cc:648] HybridClock initialized: now 1783933834940807 us; error 0 us; skew 500 ppm
I20260713 09:10:34.941422 32497 server_base.cc:861] Flag tcmalloc_max_total_thread_cache_bytes is not working since tcmalloc is not enabled.
I20260713 09:10:34.945904 32497 webserver.cc:533] Webserver started at http://127.31.188.65:37495/ using document root <none> and password file <none>
I20260713 09:10:34.946573 32497 fs_manager.cc:362] Metadata directory not provided
I20260713 09:10:34.946802 32497 fs_manager.cc:368] Using write-ahead log directory (fs_wal_dir) as metadata directory
I20260713 09:10:34.947085 32497 server_base.cc:909] This appears to be a new deployment of Kudu; creating new FS layout
I20260713 09:10:34.948202 32497 fs_manager.cc:1068] Generated new instance metadata in path /tmp/dist-test-task907Z9R/test-tmp/auto_leader_rebalancer-test.0.LeaderRebalancerTest.FunctionalTestForDivided.1783933833173938-32497-0/minicluster-data/ts-0-root/instance:
uuid: "9053cfc9fc864fb7b279173abe65aee0"
format_stamp: "Formatted at 2026-07-13 09:10:34 on dist-test-slave-1kql"
I20260713 09:10:34.954159 32497 fs_manager.cc:696] Time spent creating directory manager: real 0.005s	user 0.005s	sys 0.002s
I20260713 09:10:34.958514 32594 log_block_manager.cc:4127] Time spent loading block containers with low live blocks: real 0.000s	user 0.000s	sys 0.000s
I20260713 09:10:34.959358 32497 fs_manager.cc:730] Time spent opening block manager: real 0.003s	user 0.002s	sys 0.003s
I20260713 09:10:34.959666 32497 fs_manager.cc:647] Opened local filesystem: /tmp/dist-test-task907Z9R/test-tmp/auto_leader_rebalancer-test.0.LeaderRebalancerTest.FunctionalTestForDivided.1783933833173938-32497-0/minicluster-data/ts-0-root
uuid: "9053cfc9fc864fb7b279173abe65aee0"
format_stamp: "Formatted at 2026-07-13 09:10:34 on dist-test-slave-1kql"
I20260713 09:10:34.960014 32497 fs_report.cc:389] FS layout report
--------------------
wal directory: /tmp/dist-test-task907Z9R/test-tmp/auto_leader_rebalancer-test.0.LeaderRebalancerTest.FunctionalTestForDivided.1783933833173938-32497-0/minicluster-data/ts-0-root
metadata directory: /tmp/dist-test-task907Z9R/test-tmp/auto_leader_rebalancer-test.0.LeaderRebalancerTest.FunctionalTestForDivided.1783933833173938-32497-0/minicluster-data/ts-0-root
1 data directories: /tmp/dist-test-task907Z9R/test-tmp/auto_leader_rebalancer-test.0.LeaderRebalancerTest.FunctionalTestForDivided.1783933833173938-32497-0/minicluster-data/ts-0-root/data
Total live blocks: 0
Total live bytes: 0
Total live bytes (after alignment): 0
Total number of LBM containers: 0 (0 full)
Did not check for missing blocks
Did not check for orphaned blocks
Total full LBM containers with extra space: 0 (0 repaired)
Total full LBM container extra space in bytes: 0 (0 repaired)
Total incomplete LBM containers: 0 (0 repaired)
Total LBM partial records: 0 (0 repaired)
Total corrupted LBM metadata records in RocksDB: 0 (0 repaired)
I20260713 09:10:34.996172 32497 rpc_server.cc:225] running with OpenSSL 1.1.1  11 Sep 2018
I20260713 09:10:34.997627 32497 kserver.cc:163] Server-wide thread pool size limit: 3276
I20260713 09:10:35.000506 32497 txn_system_client.cc:432] TxnSystemClient initialization is disabled...
I20260713 09:10:35.004676 32497 ts_tablet_manager.cc:585] Loaded tablet metadata (0 total tablets, 0 live tablets)
I20260713 09:10:35.004922 32497 ts_tablet_manager.cc:531] Time spent load tablet metadata: real 0.000s	user 0.000s	sys 0.000s
I20260713 09:10:35.005376 32497 ts_tablet_manager.cc:616] Registered 0 tablets
I20260713 09:10:35.005636 32497 ts_tablet_manager.cc:595] Time spent register tablets: real 0.000s	user 0.001s	sys 0.000s
I20260713 09:10:35.103286 32497 rpc_server.cc:307] RPC server started. Bound to: 127.31.188.65:40353
I20260713 09:10:35.103363 32656 acceptor_pool.cc:272] collecting diagnostics on the listening RPC socket 127.31.188.65:40353 every 8 connection(s)
I20260713 09:10:35.109927 32497 file_cache.cc:504] Constructed file cache file cache with capacity 419430
W20260713 09:10:35.127655 32662 instance_detector.cc:116] could not retrieve Azure instance metadata: Network error: curl error: HTTP response code said error: The requested URL returned error: 404
W20260713 09:10:35.130250 32661 instance_detector.cc:116] could not retrieve AWS instance metadata: Network error: curl error: HTTP response code said error: The requested URL returned error: 404
W20260713 09:10:35.139894 32664 instance_detector.cc:116] could not retrieve OpenStack instance metadata: Network error: curl error: HTTP response code said error: The requested URL returned error: 404
I20260713 09:10:35.147202 32497 server_base.cc:1061] running on GCE node
I20260713 09:10:35.147260 32657 heartbeater.cc:344] Connected to a master server at 127.31.188.126:38469
I20260713 09:10:35.147790 32657 heartbeater.cc:461] Registering TS with master...
I20260713 09:10:35.148324 32497 hybrid_clock.cc:584] initializing the hybrid clock with 'system_unsync' time source
W20260713 09:10:35.148598 32497 system_unsync_time.cc:38] NTP support is disabled. Clock error bounds will not be accurate. This configuration is not suitable for distributed clusters.
I20260713 09:10:35.148810 32497 hybrid_clock.cc:648] HybridClock initialized: now 1783933835148786 us; error 0 us; skew 500 ppm
I20260713 09:10:35.148952 32657 heartbeater.cc:507] Master 127.31.188.126:38469 requested a full tablet report, sending...
I20260713 09:10:35.149672 32497 server_base.cc:861] Flag tcmalloc_max_total_thread_cache_bytes is not working since tcmalloc is not enabled.
I20260713 09:10:35.152544 32529 ts_manager.cc:194] Registered new tserver with Master: 9053cfc9fc864fb7b279173abe65aee0 (127.31.188.65:40353)
I20260713 09:10:35.153319 32497 webserver.cc:533] Webserver started at http://127.31.188.66:43931/ using document root <none> and password file <none>
I20260713 09:10:35.154067 32497 fs_manager.cc:362] Metadata directory not provided
I20260713 09:10:35.154321 32497 fs_manager.cc:368] Using write-ahead log directory (fs_wal_dir) as metadata directory
I20260713 09:10:35.154670 32497 server_base.cc:909] This appears to be a new deployment of Kudu; creating new FS layout
I20260713 09:10:35.155622 32529 master_service.cc:502] Signed X509 certificate for tserver {username='slave'} at 127.0.0.1:56666
I20260713 09:10:35.156113 32497 fs_manager.cc:1068] Generated new instance metadata in path /tmp/dist-test-task907Z9R/test-tmp/auto_leader_rebalancer-test.0.LeaderRebalancerTest.FunctionalTestForDivided.1783933833173938-32497-0/minicluster-data/ts-1-root/instance:
uuid: "8c9d53d675a54776830f50feea23764b"
format_stamp: "Formatted at 2026-07-13 09:10:35 on dist-test-slave-1kql"
I20260713 09:10:35.162148 32497 fs_manager.cc:696] Time spent creating directory manager: real 0.005s	user 0.001s	sys 0.007s
I20260713 09:10:35.166244 32669 log_block_manager.cc:4127] Time spent loading block containers with low live blocks: real 0.000s	user 0.000s	sys 0.000s
I20260713 09:10:35.167114 32497 fs_manager.cc:730] Time spent opening block manager: real 0.003s	user 0.001s	sys 0.002s
I20260713 09:10:35.167438 32497 fs_manager.cc:647] Opened local filesystem: /tmp/dist-test-task907Z9R/test-tmp/auto_leader_rebalancer-test.0.LeaderRebalancerTest.FunctionalTestForDivided.1783933833173938-32497-0/minicluster-data/ts-1-root
uuid: "8c9d53d675a54776830f50feea23764b"
format_stamp: "Formatted at 2026-07-13 09:10:35 on dist-test-slave-1kql"
I20260713 09:10:35.167749 32497 fs_report.cc:389] FS layout report
--------------------
wal directory: /tmp/dist-test-task907Z9R/test-tmp/auto_leader_rebalancer-test.0.LeaderRebalancerTest.FunctionalTestForDivided.1783933833173938-32497-0/minicluster-data/ts-1-root
metadata directory: /tmp/dist-test-task907Z9R/test-tmp/auto_leader_rebalancer-test.0.LeaderRebalancerTest.FunctionalTestForDivided.1783933833173938-32497-0/minicluster-data/ts-1-root
1 data directories: /tmp/dist-test-task907Z9R/test-tmp/auto_leader_rebalancer-test.0.LeaderRebalancerTest.FunctionalTestForDivided.1783933833173938-32497-0/minicluster-data/ts-1-root/data
Total live blocks: 0
Total live bytes: 0
Total live bytes (after alignment): 0
Total number of LBM containers: 0 (0 full)
Did not check for missing blocks
Did not check for orphaned blocks
Total full LBM containers with extra space: 0 (0 repaired)
Total full LBM container extra space in bytes: 0 (0 repaired)
Total incomplete LBM containers: 0 (0 repaired)
Total LBM partial records: 0 (0 repaired)
Total corrupted LBM metadata records in RocksDB: 0 (0 repaired)
I20260713 09:10:35.191200 32497 rpc_server.cc:225] running with OpenSSL 1.1.1  11 Sep 2018
I20260713 09:10:35.192497 32497 kserver.cc:163] Server-wide thread pool size limit: 3276
I20260713 09:10:35.194656 32497 txn_system_client.cc:432] TxnSystemClient initialization is disabled...
I20260713 09:10:35.197448 32497 ts_tablet_manager.cc:585] Loaded tablet metadata (0 total tablets, 0 live tablets)
I20260713 09:10:35.197738 32497 ts_tablet_manager.cc:531] Time spent load tablet metadata: real 0.000s	user 0.000s	sys 0.000s
I20260713 09:10:35.197997 32497 ts_tablet_manager.cc:616] Registered 0 tablets
I20260713 09:10:35.198185 32497 ts_tablet_manager.cc:595] Time spent register tablets: real 0.000s	user 0.000s	sys 0.000s
I20260713 09:10:35.301537 32497 rpc_server.cc:307] RPC server started. Bound to: 127.31.188.66:45469
I20260713 09:10:35.301685 32731 acceptor_pool.cc:272] collecting diagnostics on the listening RPC socket 127.31.188.66:45469 every 8 connection(s)
I20260713 09:10:35.308300 32497 file_cache.cc:504] Constructed file cache file cache with capacity 419430
W20260713 09:10:35.318099 32735 instance_detector.cc:116] could not retrieve AWS instance metadata: Network error: curl error: HTTP response code said error: The requested URL returned error: 404
W20260713 09:10:35.320472 32736 instance_detector.cc:116] could not retrieve Azure instance metadata: Network error: curl error: HTTP response code said error: The requested URL returned error: 404
I20260713 09:10:35.324326 32732 heartbeater.cc:344] Connected to a master server at 127.31.188.126:38469
I20260713 09:10:35.324733 32732 heartbeater.cc:461] Registering TS with master...
I20260713 09:10:35.325724 32732 heartbeater.cc:507] Master 127.31.188.126:38469 requested a full tablet report, sending...
W20260713 09:10:35.326139 32738 instance_detector.cc:116] could not retrieve OpenStack instance metadata: Network error: curl error: HTTP response code said error: The requested URL returned error: 404
I20260713 09:10:35.328001 32497 server_base.cc:1061] running on GCE node
I20260713 09:10:35.327947 32529 ts_manager.cc:194] Registered new tserver with Master: 8c9d53d675a54776830f50feea23764b (127.31.188.66:45469)
I20260713 09:10:35.329149 32497 hybrid_clock.cc:584] initializing the hybrid clock with 'system_unsync' time source
W20260713 09:10:35.329420 32497 system_unsync_time.cc:38] NTP support is disabled. Clock error bounds will not be accurate. This configuration is not suitable for distributed clusters.
I20260713 09:10:35.329667 32497 hybrid_clock.cc:648] HybridClock initialized: now 1783933835329648 us; error 0 us; skew 500 ppm
I20260713 09:10:35.329918 32529 master_service.cc:502] Signed X509 certificate for tserver {username='slave'} at 127.0.0.1:56680
I20260713 09:10:35.330415 32497 server_base.cc:861] Flag tcmalloc_max_total_thread_cache_bytes is not working since tcmalloc is not enabled.
I20260713 09:10:35.333323 32497 webserver.cc:533] Webserver started at http://127.31.188.67:44207/ using document root <none> and password file <none>
I20260713 09:10:35.333925 32497 fs_manager.cc:362] Metadata directory not provided
I20260713 09:10:35.334249 32497 fs_manager.cc:368] Using write-ahead log directory (fs_wal_dir) as metadata directory
I20260713 09:10:35.334484 32497 server_base.cc:909] This appears to be a new deployment of Kudu; creating new FS layout
I20260713 09:10:35.335569 32497 fs_manager.cc:1068] Generated new instance metadata in path /tmp/dist-test-task907Z9R/test-tmp/auto_leader_rebalancer-test.0.LeaderRebalancerTest.FunctionalTestForDivided.1783933833173938-32497-0/minicluster-data/ts-2-root/instance:
uuid: "dfd9364718f5470591115b70b0325615"
format_stamp: "Formatted at 2026-07-13 09:10:35 on dist-test-slave-1kql"
I20260713 09:10:35.340454 32497 fs_manager.cc:696] Time spent creating directory manager: real 0.004s	user 0.006s	sys 0.000s
I20260713 09:10:35.343694 32743 log_block_manager.cc:4127] Time spent loading block containers with low live blocks: real 0.000s	user 0.000s	sys 0.000s
I20260713 09:10:35.344518 32497 fs_manager.cc:730] Time spent opening block manager: real 0.002s	user 0.000s	sys 0.002s
I20260713 09:10:35.344787 32497 fs_manager.cc:647] Opened local filesystem: /tmp/dist-test-task907Z9R/test-tmp/auto_leader_rebalancer-test.0.LeaderRebalancerTest.FunctionalTestForDivided.1783933833173938-32497-0/minicluster-data/ts-2-root
uuid: "dfd9364718f5470591115b70b0325615"
format_stamp: "Formatted at 2026-07-13 09:10:35 on dist-test-slave-1kql"
I20260713 09:10:35.345082 32497 fs_report.cc:389] FS layout report
--------------------
wal directory: /tmp/dist-test-task907Z9R/test-tmp/auto_leader_rebalancer-test.0.LeaderRebalancerTest.FunctionalTestForDivided.1783933833173938-32497-0/minicluster-data/ts-2-root
metadata directory: /tmp/dist-test-task907Z9R/test-tmp/auto_leader_rebalancer-test.0.LeaderRebalancerTest.FunctionalTestForDivided.1783933833173938-32497-0/minicluster-data/ts-2-root
1 data directories: /tmp/dist-test-task907Z9R/test-tmp/auto_leader_rebalancer-test.0.LeaderRebalancerTest.FunctionalTestForDivided.1783933833173938-32497-0/minicluster-data/ts-2-root/data
Total live blocks: 0
Total live bytes: 0
Total live bytes (after alignment): 0
Total number of LBM containers: 0 (0 full)
Did not check for missing blocks
Did not check for orphaned blocks
Total full LBM containers with extra space: 0 (0 repaired)
Total full LBM container extra space in bytes: 0 (0 repaired)
Total incomplete LBM containers: 0 (0 repaired)
Total LBM partial records: 0 (0 repaired)
Total corrupted LBM metadata records in RocksDB: 0 (0 repaired)
I20260713 09:10:35.368543 32497 rpc_server.cc:225] running with OpenSSL 1.1.1  11 Sep 2018
I20260713 09:10:35.369903 32497 kserver.cc:163] Server-wide thread pool size limit: 3276
I20260713 09:10:35.371376 32497 txn_system_client.cc:432] TxnSystemClient initialization is disabled...
I20260713 09:10:35.374782 32497 ts_tablet_manager.cc:585] Loaded tablet metadata (0 total tablets, 0 live tablets)
I20260713 09:10:35.375053 32497 ts_tablet_manager.cc:531] Time spent load tablet metadata: real 0.000s	user 0.000s	sys 0.000s
I20260713 09:10:35.375355 32497 ts_tablet_manager.cc:616] Registered 0 tablets
I20260713 09:10:35.375495 32497 ts_tablet_manager.cc:595] Time spent register tablets: real 0.000s	user 0.000s	sys 0.000s
I20260713 09:10:35.470700 32497 rpc_server.cc:307] RPC server started. Bound to: 127.31.188.67:46201
I20260713 09:10:35.470901   337 acceptor_pool.cc:272] collecting diagnostics on the listening RPC socket 127.31.188.67:46201 every 8 connection(s)
I20260713 09:10:35.487977   338 heartbeater.cc:344] Connected to a master server at 127.31.188.126:38469
I20260713 09:10:35.488360   338 heartbeater.cc:461] Registering TS with master...
I20260713 09:10:35.489096   338 heartbeater.cc:507] Master 127.31.188.126:38469 requested a full tablet report, sending...
I20260713 09:10:35.491039 32529 ts_manager.cc:194] Registered new tserver with Master: dfd9364718f5470591115b70b0325615 (127.31.188.67:46201)
I20260713 09:10:35.491709 32497 internal_mini_cluster.cc:371] 3 TS(s) registered with all masters after 0.016046226s
I20260713 09:10:35.492372 32529 master_service.cc:502] Signed X509 certificate for tserver {username='slave'} at 127.0.0.1:56684
I20260713 09:10:35.543753 32529 catalog_manager.cc:2283] Servicing CreateTable request from {username='slave'} at 127.0.0.1:56696:
name: "test-workload"
schema {
  columns {
    name: "key"
    type: INT32
    is_key: true
    is_nullable: false
    encoding: AUTO_ENCODING
    compression: DEFAULT_COMPRESSION
    cfile_block_size: 0
    immutable: false
  }
  columns {
    name: "int_val"
    type: INT32
    is_key: false
    is_nullable: false
    encoding: AUTO_ENCODING
    compression: DEFAULT_COMPRESSION
    cfile_block_size: 0
    immutable: false
  }
  columns {
    name: "string_val"
    type: STRING
    is_key: false
    is_nullable: true
    encoding: AUTO_ENCODING
    compression: DEFAULT_COMPRESSION
    cfile_block_size: 0
    immutable: false
  }
}
num_replicas: 3
split_rows_range_bounds {
  rows: "\004\001\000\216\3438\016\004\001\000\034\307q\034\004\001\000\252\252\252*\004\001\0008\216\3438\004\001\000\306q\034G\004\001\000TUUU\004\001\000\3428\216c\004\001\000p\034\307q""\004\001\000\216\3438\016\004\001\000\034\307q\034\004\001\000\252\252\252*\004\001\0008\216\3438\004\001\000\306q\034G\004\001\000TUUU\004\001\000\3428\216c\004\001\000p\034\307q"
  indirect_data: """"
}
partition_schema {
  range_schema {
    columns {
      name: "key"
    }
  }
}
W20260713 09:10:35.547816 32529 catalog_manager.cc:7077] The number of live tablet servers is not enough to re-replicate a tablet replica of the newly created table test-workload in case of a server failure: 4 tablet servers would be needed, 3 are available. Consider bringing up more tablet servers.
I20260713 09:10:35.650560 32696 tablet_service.cc:1511] Processing CreateTablet for tablet d90afe5abbcc4df596be021fd880ead2 (DEFAULT_TABLE table=test-workload [id=67336143c53d42d290f88a2f392269b6]), partition=RANGE (key) PARTITION 238609294 <= VALUES < 477218588
I20260713 09:10:35.651269 32697 tablet_service.cc:1511] Processing CreateTablet for tablet 0d068736c38d4087998e1116feb788cf (DEFAULT_TABLE table=test-workload [id=67336143c53d42d290f88a2f392269b6]), partition=RANGE (key) PARTITION VALUES < 238609294
I20260713 09:10:35.652303 32696 data_dirs.cc:400] Could only allocate 1 dirs of requested 3 for tablet d90afe5abbcc4df596be021fd880ead2. 1 dirs total, 0 dirs full, 0 dirs failed
I20260713 09:10:35.654109 32697 data_dirs.cc:400] Could only allocate 1 dirs of requested 3 for tablet 0d068736c38d4087998e1116feb788cf. 1 dirs total, 0 dirs full, 0 dirs failed
I20260713 09:10:35.656968 32695 tablet_service.cc:1511] Processing CreateTablet for tablet 071e586daffd4f30a99fcea4807c9d74 (DEFAULT_TABLE table=test-workload [id=67336143c53d42d290f88a2f392269b6]), partition=RANGE (key) PARTITION 477218588 <= VALUES < 715827882
I20260713 09:10:35.658442 32695 data_dirs.cc:400] Could only allocate 1 dirs of requested 3 for tablet 071e586daffd4f30a99fcea4807c9d74. 1 dirs total, 0 dirs full, 0 dirs failed
I20260713 09:10:35.660610 32694 tablet_service.cc:1511] Processing CreateTablet for tablet ae7a4fbdad874687913911e87615d1fd (DEFAULT_TABLE table=test-workload [id=67336143c53d42d290f88a2f392269b6]), partition=RANGE (key) PARTITION 715827882 <= VALUES < 954437176
I20260713 09:10:35.662521 32694 data_dirs.cc:400] Could only allocate 1 dirs of requested 3 for tablet ae7a4fbdad874687913911e87615d1fd. 1 dirs total, 0 dirs full, 0 dirs failed
I20260713 09:10:35.666152 32693 tablet_service.cc:1511] Processing CreateTablet for tablet 07fa831975d347d9b8a86d787d4bfbc8 (DEFAULT_TABLE table=test-workload [id=67336143c53d42d290f88a2f392269b6]), partition=RANGE (key) PARTITION 954437176 <= VALUES < 1193046470
I20260713 09:10:35.669759 32693 data_dirs.cc:400] Could only allocate 1 dirs of requested 3 for tablet 07fa831975d347d9b8a86d787d4bfbc8. 1 dirs total, 0 dirs full, 0 dirs failed
I20260713 09:10:35.687260 32692 tablet_service.cc:1511] Processing CreateTablet for tablet f1bb204b98864112bcc71e2822ae6cf5 (DEFAULT_TABLE table=test-workload [id=67336143c53d42d290f88a2f392269b6]), partition=RANGE (key) PARTITION 1193046470 <= VALUES < 1431655764
I20260713 09:10:35.689033 32692 data_dirs.cc:400] Could only allocate 1 dirs of requested 3 for tablet f1bb204b98864112bcc71e2822ae6cf5. 1 dirs total, 0 dirs full, 0 dirs failed
I20260713 09:10:35.702445   303 tablet_service.cc:1511] Processing CreateTablet for tablet 0d068736c38d4087998e1116feb788cf (DEFAULT_TABLE table=test-workload [id=67336143c53d42d290f88a2f392269b6]), partition=RANGE (key) PARTITION VALUES < 238609294
I20260713 09:10:35.704227   303 data_dirs.cc:400] Could only allocate 1 dirs of requested 3 for tablet 0d068736c38d4087998e1116feb788cf. 1 dirs total, 0 dirs full, 0 dirs failed
I20260713 09:10:35.711536   302 tablet_service.cc:1511] Processing CreateTablet for tablet d90afe5abbcc4df596be021fd880ead2 (DEFAULT_TABLE table=test-workload [id=67336143c53d42d290f88a2f392269b6]), partition=RANGE (key) PARTITION 238609294 <= VALUES < 477218588
I20260713 09:10:35.709496   300 tablet_service.cc:1511] Processing CreateTablet for tablet ae7a4fbdad874687913911e87615d1fd (DEFAULT_TABLE table=test-workload [id=67336143c53d42d290f88a2f392269b6]), partition=RANGE (key) PARTITION 715827882 <= VALUES < 954437176
I20260713 09:10:35.711613   301 tablet_service.cc:1511] Processing CreateTablet for tablet 071e586daffd4f30a99fcea4807c9d74 (DEFAULT_TABLE table=test-workload [id=67336143c53d42d290f88a2f392269b6]), partition=RANGE (key) PARTITION 477218588 <= VALUES < 715827882
I20260713 09:10:35.725723 32767 tablet_service.cc:1511] Processing CreateTablet for tablet 07fa831975d347d9b8a86d787d4bfbc8 (DEFAULT_TABLE table=test-workload [id=67336143c53d42d290f88a2f392269b6]), partition=RANGE (key) PARTITION 954437176 <= VALUES < 1193046470
I20260713 09:10:35.730551   302 data_dirs.cc:400] Could only allocate 1 dirs of requested 3 for tablet d90afe5abbcc4df596be021fd880ead2. 1 dirs total, 0 dirs full, 0 dirs failed
I20260713 09:10:35.726552 32622 tablet_service.cc:1511] Processing CreateTablet for tablet 0d068736c38d4087998e1116feb788cf (DEFAULT_TABLE table=test-workload [id=67336143c53d42d290f88a2f392269b6]), partition=RANGE (key) PARTITION VALUES < 238609294
I20260713 09:10:35.746479   300 data_dirs.cc:400] Could only allocate 1 dirs of requested 3 for tablet ae7a4fbdad874687913911e87615d1fd. 1 dirs total, 0 dirs full, 0 dirs failed
I20260713 09:10:35.737720 32618 tablet_service.cc:1511] Processing CreateTablet for tablet 07fa831975d347d9b8a86d787d4bfbc8 (DEFAULT_TABLE table=test-workload [id=67336143c53d42d290f88a2f392269b6]), partition=RANGE (key) PARTITION 954437176 <= VALUES < 1193046470
I20260713 09:10:35.730593 32766 tablet_service.cc:1511] Processing CreateTablet for tablet f1bb204b98864112bcc71e2822ae6cf5 (DEFAULT_TABLE table=test-workload [id=67336143c53d42d290f88a2f392269b6]), partition=RANGE (key) PARTITION 1193046470 <= VALUES < 1431655764
I20260713 09:10:35.744059 32765 tablet_service.cc:1511] Processing CreateTablet for tablet 218526c2cee44208b5e4a575cda8c466 (DEFAULT_TABLE table=test-workload [id=67336143c53d42d290f88a2f392269b6]), partition=RANGE (key) PARTITION 1431655764 <= VALUES < 1670265058
I20260713 09:10:35.747085 32691 tablet_service.cc:1511] Processing CreateTablet for tablet 218526c2cee44208b5e4a575cda8c466 (DEFAULT_TABLE table=test-workload [id=67336143c53d42d290f88a2f392269b6]), partition=RANGE (key) PARTITION 1431655764 <= VALUES < 1670265058
I20260713 09:10:35.751494 32621 tablet_service.cc:1511] Processing CreateTablet for tablet d90afe5abbcc4df596be021fd880ead2 (DEFAULT_TABLE table=test-workload [id=67336143c53d42d290f88a2f392269b6]), partition=RANGE (key) PARTITION 238609294 <= VALUES < 477218588
I20260713 09:10:35.754319 32691 data_dirs.cc:400] Could only allocate 1 dirs of requested 3 for tablet 218526c2cee44208b5e4a575cda8c466. 1 dirs total, 0 dirs full, 0 dirs failed
I20260713 09:10:35.755446 32620 tablet_service.cc:1511] Processing CreateTablet for tablet 071e586daffd4f30a99fcea4807c9d74 (DEFAULT_TABLE table=test-workload [id=67336143c53d42d290f88a2f392269b6]), partition=RANGE (key) PARTITION 477218588 <= VALUES < 715827882
I20260713 09:10:35.747570 32617 tablet_service.cc:1511] Processing CreateTablet for tablet f1bb204b98864112bcc71e2822ae6cf5 (DEFAULT_TABLE table=test-workload [id=67336143c53d42d290f88a2f392269b6]), partition=RANGE (key) PARTITION 1193046470 <= VALUES < 1431655764
I20260713 09:10:35.752768 32619 tablet_service.cc:1511] Processing CreateTablet for tablet ae7a4fbdad874687913911e87615d1fd (DEFAULT_TABLE table=test-workload [id=67336143c53d42d290f88a2f392269b6]), partition=RANGE (key) PARTITION 715827882 <= VALUES < 954437176
I20260713 09:10:35.758131 32766 data_dirs.cc:400] Could only allocate 1 dirs of requested 3 for tablet f1bb204b98864112bcc71e2822ae6cf5. 1 dirs total, 0 dirs full, 0 dirs failed
I20260713 09:10:35.758862 32616 tablet_service.cc:1511] Processing CreateTablet for tablet 218526c2cee44208b5e4a575cda8c466 (DEFAULT_TABLE table=test-workload [id=67336143c53d42d290f88a2f392269b6]), partition=RANGE (key) PARTITION 1431655764 <= VALUES < 1670265058
I20260713 09:10:35.770138 32622 data_dirs.cc:400] Could only allocate 1 dirs of requested 3 for tablet 0d068736c38d4087998e1116feb788cf. 1 dirs total, 0 dirs full, 0 dirs failed
I20260713 09:10:35.779326 32690 tablet_service.cc:1511] Processing CreateTablet for tablet 23ee72f9ebc34f708c4fc3020bbbfadb (DEFAULT_TABLE table=test-workload [id=67336143c53d42d290f88a2f392269b6]), partition=RANGE (key) PARTITION 1670265058 <= VALUES < 1908874352
I20260713 09:10:35.780802 32690 data_dirs.cc:400] Could only allocate 1 dirs of requested 3 for tablet 23ee72f9ebc34f708c4fc3020bbbfadb. 1 dirs total, 0 dirs full, 0 dirs failed
I20260713 09:10:35.783252 32620 data_dirs.cc:400] Could only allocate 1 dirs of requested 3 for tablet 071e586daffd4f30a99fcea4807c9d74. 1 dirs total, 0 dirs full, 0 dirs failed
I20260713 09:10:35.783713 32615 tablet_service.cc:1511] Processing CreateTablet for tablet 23ee72f9ebc34f708c4fc3020bbbfadb (DEFAULT_TABLE table=test-workload [id=67336143c53d42d290f88a2f392269b6]), partition=RANGE (key) PARTITION 1670265058 <= VALUES < 1908874352
I20260713 09:10:35.788030 32767 data_dirs.cc:400] Could only allocate 1 dirs of requested 3 for tablet 07fa831975d347d9b8a86d787d4bfbc8. 1 dirs total, 0 dirs full, 0 dirs failed
I20260713 09:10:35.792758   356 tablet_bootstrap.cc:492] T ae7a4fbdad874687913911e87615d1fd P 8c9d53d675a54776830f50feea23764b: Bootstrap starting.
I20260713 09:10:35.792984 32617 data_dirs.cc:400] Could only allocate 1 dirs of requested 3 for tablet f1bb204b98864112bcc71e2822ae6cf5. 1 dirs total, 0 dirs full, 0 dirs failed
I20260713 09:10:35.798383 32765 data_dirs.cc:400] Could only allocate 1 dirs of requested 3 for tablet 218526c2cee44208b5e4a575cda8c466. 1 dirs total, 0 dirs full, 0 dirs failed
I20260713 09:10:35.796271 32764 tablet_service.cc:1511] Processing CreateTablet for tablet 23ee72f9ebc34f708c4fc3020bbbfadb (DEFAULT_TABLE table=test-workload [id=67336143c53d42d290f88a2f392269b6]), partition=RANGE (key) PARTITION 1670265058 <= VALUES < 1908874352
I20260713 09:10:35.799728   301 data_dirs.cc:400] Could only allocate 1 dirs of requested 3 for tablet 071e586daffd4f30a99fcea4807c9d74. 1 dirs total, 0 dirs full, 0 dirs failed
I20260713 09:10:35.804958 32616 data_dirs.cc:400] Could only allocate 1 dirs of requested 3 for tablet 218526c2cee44208b5e4a575cda8c466. 1 dirs total, 0 dirs full, 0 dirs failed
I20260713 09:10:35.806875 32615 data_dirs.cc:400] Could only allocate 1 dirs of requested 3 for tablet 23ee72f9ebc34f708c4fc3020bbbfadb. 1 dirs total, 0 dirs full, 0 dirs failed
I20260713 09:10:35.814165 32764 data_dirs.cc:400] Could only allocate 1 dirs of requested 3 for tablet 23ee72f9ebc34f708c4fc3020bbbfadb. 1 dirs total, 0 dirs full, 0 dirs failed
I20260713 09:10:35.817590 32614 tablet_service.cc:1511] Processing CreateTablet for tablet 36956cb2ffb747eb8f008a91e64bae0f (DEFAULT_TABLE table=test-workload [id=67336143c53d42d290f88a2f392269b6]), partition=RANGE (key) PARTITION 1908874352 <= VALUES
I20260713 09:10:35.830389 32763 tablet_service.cc:1511] Processing CreateTablet for tablet 36956cb2ffb747eb8f008a91e64bae0f (DEFAULT_TABLE table=test-workload [id=67336143c53d42d290f88a2f392269b6]), partition=RANGE (key) PARTITION 1908874352 <= VALUES
I20260713 09:10:35.825851 32619 data_dirs.cc:400] Could only allocate 1 dirs of requested 3 for tablet ae7a4fbdad874687913911e87615d1fd. 1 dirs total, 0 dirs full, 0 dirs failed
W20260713 09:10:35.848505 32576 auto_rebalancer.cc:288] Could not retrieve cluster info: Service unavailable: Tablet not running
I20260713 09:10:35.845959 32763 data_dirs.cc:400] Could only allocate 1 dirs of requested 3 for tablet 36956cb2ffb747eb8f008a91e64bae0f. 1 dirs total, 0 dirs full, 0 dirs failed
I20260713 09:10:35.864939 32696 tablet_service.cc:1511] Processing CreateTablet for tablet 36956cb2ffb747eb8f008a91e64bae0f (DEFAULT_TABLE table=test-workload [id=67336143c53d42d290f88a2f392269b6]), partition=RANGE (key) PARTITION 1908874352 <= VALUES
I20260713 09:10:35.864382 32621 data_dirs.cc:400] Could only allocate 1 dirs of requested 3 for tablet d90afe5abbcc4df596be021fd880ead2. 1 dirs total, 0 dirs full, 0 dirs failed
I20260713 09:10:35.868709 32696 data_dirs.cc:400] Could only allocate 1 dirs of requested 3 for tablet 36956cb2ffb747eb8f008a91e64bae0f. 1 dirs total, 0 dirs full, 0 dirs failed
I20260713 09:10:35.900395 32618 data_dirs.cc:400] Could only allocate 1 dirs of requested 3 for tablet 07fa831975d347d9b8a86d787d4bfbc8. 1 dirs total, 0 dirs full, 0 dirs failed
I20260713 09:10:35.904981 32614 data_dirs.cc:400] Could only allocate 1 dirs of requested 3 for tablet 36956cb2ffb747eb8f008a91e64bae0f. 1 dirs total, 0 dirs full, 0 dirs failed
I20260713 09:10:35.920750   356 tablet_bootstrap.cc:654] T ae7a4fbdad874687913911e87615d1fd P 8c9d53d675a54776830f50feea23764b: Neither blocks nor log segments found. Creating new log.
I20260713 09:10:35.922812   358 tablet_bootstrap.cc:492] T 36956cb2ffb747eb8f008a91e64bae0f P dfd9364718f5470591115b70b0325615: Bootstrap starting.
I20260713 09:10:35.933789   357 tablet_bootstrap.cc:492] T 0d068736c38d4087998e1116feb788cf P 9053cfc9fc864fb7b279173abe65aee0: Bootstrap starting.
I20260713 09:10:35.977375   357 tablet_bootstrap.cc:654] T 0d068736c38d4087998e1116feb788cf P 9053cfc9fc864fb7b279173abe65aee0: Neither blocks nor log segments found. Creating new log.
I20260713 09:10:35.978338   358 tablet_bootstrap.cc:654] T 36956cb2ffb747eb8f008a91e64bae0f P dfd9364718f5470591115b70b0325615: Neither blocks nor log segments found. Creating new log.
I20260713 09:10:35.979396   356 tablet_bootstrap.cc:492] T ae7a4fbdad874687913911e87615d1fd P 8c9d53d675a54776830f50feea23764b: No bootstrap required, opened a new log
I20260713 09:10:35.980027   356 ts_tablet_manager.cc:1403] T ae7a4fbdad874687913911e87615d1fd P 8c9d53d675a54776830f50feea23764b: Time spent bootstrapping tablet: real 0.195s	user 0.006s	sys 0.014s
I20260713 09:10:35.983446   356 raft_consensus.cc:359] T ae7a4fbdad874687913911e87615d1fd P 8c9d53d675a54776830f50feea23764b [term 0 FOLLOWER]: Replica starting. Triggering 0 pending ops. Active config: opid_index: -1 OBSOLETE_local: false peers { permanent_uuid: "9053cfc9fc864fb7b279173abe65aee0" member_type: VOTER last_known_addr { host: "127.31.188.65" port: 40353 } } peers { permanent_uuid: "8c9d53d675a54776830f50feea23764b" member_type: VOTER last_known_addr { host: "127.31.188.66" port: 45469 } } peers { permanent_uuid: "dfd9364718f5470591115b70b0325615" member_type: VOTER last_known_addr { host: "127.31.188.67" port: 46201 } }
I20260713 09:10:35.985680   356 raft_consensus.cc:385] T ae7a4fbdad874687913911e87615d1fd P 8c9d53d675a54776830f50feea23764b [term 0 FOLLOWER]: Consensus starting up: Expiring failure detector timer to make a prompt election more likely
I20260713 09:10:35.986639   356 raft_consensus.cc:740] T ae7a4fbdad874687913911e87615d1fd P 8c9d53d675a54776830f50feea23764b [term 0 FOLLOWER]: Becoming Follower/Learner. State: Replica: 8c9d53d675a54776830f50feea23764b, State: Initialized, Role: FOLLOWER
I20260713 09:10:35.989580   356 consensus_queue.cc:260] T ae7a4fbdad874687913911e87615d1fd P 8c9d53d675a54776830f50feea23764b [NON_LEADER]: Queue going to NON_LEADER mode. State: All replicated index: 0, Majority replicated index: 0, Committed index: 0, Last appended: 0.0, Last appended by leader: 0, Current term: 0, Majority size: -1, State: 0, Mode: NON_LEADER, active raft config: opid_index: -1 OBSOLETE_local: false peers { permanent_uuid: "9053cfc9fc864fb7b279173abe65aee0" member_type: VOTER last_known_addr { host: "127.31.188.65" port: 40353 } } peers { permanent_uuid: "8c9d53d675a54776830f50feea23764b" member_type: VOTER last_known_addr { host: "127.31.188.66" port: 45469 } } peers { permanent_uuid: "dfd9364718f5470591115b70b0325615" member_type: VOTER last_known_addr { host: "127.31.188.67" port: 46201 } }
I20260713 09:10:35.993557   357 tablet_bootstrap.cc:492] T 0d068736c38d4087998e1116feb788cf P 9053cfc9fc864fb7b279173abe65aee0: No bootstrap required, opened a new log
I20260713 09:10:35.994170   357 ts_tablet_manager.cc:1403] T 0d068736c38d4087998e1116feb788cf P 9053cfc9fc864fb7b279173abe65aee0: Time spent bootstrapping tablet: real 0.072s	user 0.010s	sys 0.009s
I20260713 09:10:35.997610   357 raft_consensus.cc:359] T 0d068736c38d4087998e1116feb788cf P 9053cfc9fc864fb7b279173abe65aee0 [term 0 FOLLOWER]: Replica starting. Triggering 0 pending ops. Active config: opid_index: -1 OBSOLETE_local: false peers { permanent_uuid: "8c9d53d675a54776830f50feea23764b" member_type: VOTER last_known_addr { host: "127.31.188.66" port: 45469 } } peers { permanent_uuid: "dfd9364718f5470591115b70b0325615" member_type: VOTER last_known_addr { host: "127.31.188.67" port: 46201 } } peers { permanent_uuid: "9053cfc9fc864fb7b279173abe65aee0" member_type: VOTER last_known_addr { host: "127.31.188.65" port: 40353 } }
I20260713 09:10:35.998313   357 raft_consensus.cc:385] T 0d068736c38d4087998e1116feb788cf P 9053cfc9fc864fb7b279173abe65aee0 [term 0 FOLLOWER]: Consensus starting up: Expiring failure detector timer to make a prompt election more likely
I20260713 09:10:35.998594   357 raft_consensus.cc:740] T 0d068736c38d4087998e1116feb788cf P 9053cfc9fc864fb7b279173abe65aee0 [term 0 FOLLOWER]: Becoming Follower/Learner. State: Replica: 9053cfc9fc864fb7b279173abe65aee0, State: Initialized, Role: FOLLOWER
I20260713 09:10:35.999219   358 tablet_bootstrap.cc:492] T 36956cb2ffb747eb8f008a91e64bae0f P dfd9364718f5470591115b70b0325615: No bootstrap required, opened a new log
I20260713 09:10:35.999675   358 ts_tablet_manager.cc:1403] T 36956cb2ffb747eb8f008a91e64bae0f P dfd9364718f5470591115b70b0325615: Time spent bootstrapping tablet: real 0.085s	user 0.011s	sys 0.010s
I20260713 09:10:35.999398   357 consensus_queue.cc:260] T 0d068736c38d4087998e1116feb788cf P 9053cfc9fc864fb7b279173abe65aee0 [NON_LEADER]: Queue going to NON_LEADER mode. State: All replicated index: 0, Majority replicated index: 0, Committed index: 0, Last appended: 0.0, Last appended by leader: 0, Current term: 0, Majority size: -1, State: 0, Mode: NON_LEADER, active raft config: opid_index: -1 OBSOLETE_local: false peers { permanent_uuid: "8c9d53d675a54776830f50feea23764b" member_type: VOTER last_known_addr { host: "127.31.188.66" port: 45469 } } peers { permanent_uuid: "dfd9364718f5470591115b70b0325615" member_type: VOTER last_known_addr { host: "127.31.188.67" port: 46201 } } peers { permanent_uuid: "9053cfc9fc864fb7b279173abe65aee0" member_type: VOTER last_known_addr { host: "127.31.188.65" port: 40353 } }
I20260713 09:10:36.002674 32732 heartbeater.cc:499] Master 127.31.188.126:38469 was elected leader, sending a full tablet report...
I20260713 09:10:36.003006   356 ts_tablet_manager.cc:1434] T ae7a4fbdad874687913911e87615d1fd P 8c9d53d675a54776830f50feea23764b: Time spent starting tablet: real 0.023s	user 0.004s	sys 0.009s
I20260713 09:10:36.004029   356 tablet_bootstrap.cc:492] T d90afe5abbcc4df596be021fd880ead2 P 8c9d53d675a54776830f50feea23764b: Bootstrap starting.
I20260713 09:10:36.005832   358 raft_consensus.cc:359] T 36956cb2ffb747eb8f008a91e64bae0f P dfd9364718f5470591115b70b0325615 [term 0 FOLLOWER]: Replica starting. Triggering 0 pending ops. Active config: opid_index: -1 OBSOLETE_local: false peers { permanent_uuid: "9053cfc9fc864fb7b279173abe65aee0" member_type: VOTER last_known_addr { host: "127.31.188.65" port: 40353 } } peers { permanent_uuid: "8c9d53d675a54776830f50feea23764b" member_type: VOTER last_known_addr { host: "127.31.188.66" port: 45469 } } peers { permanent_uuid: "dfd9364718f5470591115b70b0325615" member_type: VOTER last_known_addr { host: "127.31.188.67" port: 46201 } }
I20260713 09:10:36.006582   358 raft_consensus.cc:385] T 36956cb2ffb747eb8f008a91e64bae0f P dfd9364718f5470591115b70b0325615 [term 0 FOLLOWER]: Consensus starting up: Expiring failure detector timer to make a prompt election more likely
