I20260713 09:10:55.869026 28685 consensus_queue.cc:1048] T 61ea16d6d04d4d129079751befc1fe35 P 2b2fc6c58ec44faf88b01585ac3d7941 [LEADER]: Connected to new peer: Peer: permanent_uuid: "632989624f6b42b3872d1335859697fd" member_type: VOTER last_known_addr { host: "127.26.170.65" port: 42319 }, Status: LMP_MISMATCH, Last received: 0.0, Next index: 1, Last known committed idx: 0, Time since last communication: 0.000s
I20260713 09:10:55.963881 28623 consensus_queue.cc:1048] T 1a1d423dd9c842a78fb2bf65a6d590aa P 6b65add78d7f44a0b93cc0f2ba584867 [LEADER]: Connected to new peer: Peer: permanent_uuid: "632989624f6b42b3872d1335859697fd" member_type: VOTER last_known_addr { host: "127.26.170.65" port: 42319 }, Status: LMP_MISMATCH, Last received: 0.0, Next index: 1, Last known committed idx: 0, Time since last communication: 0.000s
I20260713 09:10:55.973519 28741 consensus_queue.cc:1048] T 1a1d423dd9c842a78fb2bf65a6d590aa P 6b65add78d7f44a0b93cc0f2ba584867 [LEADER]: Connected to new peer: Peer: permanent_uuid: "2b2fc6c58ec44faf88b01585ac3d7941" member_type: VOTER last_known_addr { host: "127.26.170.66" port: 44033 }, Status: LMP_MISMATCH, Last received: 0.0, Next index: 1, Last known committed idx: 0, Time since last communication: 0.000s
I20260713 09:10:55.996156 28741 consensus_queue.cc:1048] T 139394907faa46069e8389dbb38cd5b0 P 6b65add78d7f44a0b93cc0f2ba584867 [LEADER]: Connected to new peer: Peer: permanent_uuid: "632989624f6b42b3872d1335859697fd" member_type: VOTER last_known_addr { host: "127.26.170.65" port: 42319 }, Status: LMP_MISMATCH, Last received: 0.0, Next index: 1, Last known committed idx: 0, Time since last communication: 0.000s
I20260713 09:10:56.005419 28741 consensus_queue.cc:1048] T 139394907faa46069e8389dbb38cd5b0 P 6b65add78d7f44a0b93cc0f2ba584867 [LEADER]: Connected to new peer: Peer: permanent_uuid: "2b2fc6c58ec44faf88b01585ac3d7941" member_type: VOTER last_known_addr { host: "127.26.170.66" port: 44033 }, Status: LMP_MISMATCH, Last received: 0.0, Next index: 1, Last known committed idx: 0, Time since last communication: 0.000s
W20260713 09:10:56.330284 28375 auto_rebalancer.cc:288] Could not retrieve cluster info: Service unavailable: Tablet not running
I20260713 09:10:56.855232 28798 raft_consensus.cc:493] T 089ff5e82aea49c89996247c1d493208 P 2b2fc6c58ec44faf88b01585ac3d7941 [term 1 FOLLOWER]: Starting pre-election (no leader contacted us within the election timeout)
I20260713 09:10:56.855726 28798 raft_consensus.cc:515] T 089ff5e82aea49c89996247c1d493208 P 2b2fc6c58ec44faf88b01585ac3d7941 [term 1 FOLLOWER]: Starting pre-election with config: opid_index: -1 OBSOLETE_local: false peers { permanent_uuid: "632989624f6b42b3872d1335859697fd" member_type: VOTER last_known_addr { host: "127.26.170.65" port: 42319 } } peers { permanent_uuid: "2b2fc6c58ec44faf88b01585ac3d7941" member_type: VOTER last_known_addr { host: "127.26.170.66" port: 44033 } } peers { permanent_uuid: "6b65add78d7f44a0b93cc0f2ba584867" member_type: VOTER last_known_addr { host: "127.26.170.67" port: 35871 } }
I20260713 09:10:56.857458 28798 leader_election.cc:290] T 089ff5e82aea49c89996247c1d493208 P 2b2fc6c58ec44faf88b01585ac3d7941 [CANDIDATE]: Term 2 pre-election: Requested pre-vote from peers 632989624f6b42b3872d1335859697fd (127.26.170.65:42319), 6b65add78d7f44a0b93cc0f2ba584867 (127.26.170.67:35871)
I20260713 09:10:56.858290 28427 tablet_service.cc:1917] Received RequestConsensusVote() RPC: tablet_id: "089ff5e82aea49c89996247c1d493208" candidate_uuid: "2b2fc6c58ec44faf88b01585ac3d7941" candidate_term: 2 candidate_status { last_received { term: 0 index: 0 } } ignore_live_leader: false dest_uuid: "632989624f6b42b3872d1335859697fd" is_pre_election: true
I20260713 09:10:56.858513 28575 tablet_service.cc:1917] Received RequestConsensusVote() RPC: tablet_id: "089ff5e82aea49c89996247c1d493208" candidate_uuid: "2b2fc6c58ec44faf88b01585ac3d7941" candidate_term: 2 candidate_status { last_received { term: 0 index: 0 } } ignore_live_leader: false dest_uuid: "6b65add78d7f44a0b93cc0f2ba584867" is_pre_election: true
I20260713 09:10:56.858839 28427 raft_consensus.cc:2468] T 089ff5e82aea49c89996247c1d493208 P 632989624f6b42b3872d1335859697fd [term 1 FOLLOWER]: Leader pre-election vote request: Granting yes vote for candidate 2b2fc6c58ec44faf88b01585ac3d7941 in term 1.
I20260713 09:10:56.859059 28575 raft_consensus.cc:2468] T 089ff5e82aea49c89996247c1d493208 P 6b65add78d7f44a0b93cc0f2ba584867 [term 1 FOLLOWER]: Leader pre-election vote request: Granting yes vote for candidate 2b2fc6c58ec44faf88b01585ac3d7941 in term 1.
I20260713 09:10:56.859970 28467 leader_election.cc:304] T 089ff5e82aea49c89996247c1d493208 P 2b2fc6c58ec44faf88b01585ac3d7941 [CANDIDATE]: Term 2 pre-election: Election decided. Result: candidate won. Election summary: received 2 responses out of 3 voters: 2 yes votes; 0 no votes. yes voters: 2b2fc6c58ec44faf88b01585ac3d7941, 632989624f6b42b3872d1335859697fd; no voters: 
I20260713 09:10:56.860613 28798 raft_consensus.cc:2804] T 089ff5e82aea49c89996247c1d493208 P 2b2fc6c58ec44faf88b01585ac3d7941 [term 1 FOLLOWER]: Leader pre-election won for term 2
I20260713 09:10:56.860893 28798 raft_consensus.cc:493] T 089ff5e82aea49c89996247c1d493208 P 2b2fc6c58ec44faf88b01585ac3d7941 [term 1 FOLLOWER]: Starting leader election (no leader contacted us within the election timeout)
I20260713 09:10:56.861159 28798 raft_consensus.cc:3060] T 089ff5e82aea49c89996247c1d493208 P 2b2fc6c58ec44faf88b01585ac3d7941 [term 1 FOLLOWER]: Advancing to term 2
I20260713 09:10:56.865806 28798 raft_consensus.cc:515] T 089ff5e82aea49c89996247c1d493208 P 2b2fc6c58ec44faf88b01585ac3d7941 [term 2 FOLLOWER]: Starting leader election with config: opid_index: -1 OBSOLETE_local: false peers { permanent_uuid: "632989624f6b42b3872d1335859697fd" member_type: VOTER last_known_addr { host: "127.26.170.65" port: 42319 } } peers { permanent_uuid: "2b2fc6c58ec44faf88b01585ac3d7941" member_type: VOTER last_known_addr { host: "127.26.170.66" port: 44033 } } peers { permanent_uuid: "6b65add78d7f44a0b93cc0f2ba584867" member_type: VOTER last_known_addr { host: "127.26.170.67" port: 35871 } }
I20260713 09:10:56.867338 28798 leader_election.cc:290] T 089ff5e82aea49c89996247c1d493208 P 2b2fc6c58ec44faf88b01585ac3d7941 [CANDIDATE]: Term 2 election: Requested vote from peers 632989624f6b42b3872d1335859697fd (127.26.170.65:42319), 6b65add78d7f44a0b93cc0f2ba584867 (127.26.170.67:35871)
I20260713 09:10:56.868276 28427 tablet_service.cc:1917] Received RequestConsensusVote() RPC: tablet_id: "089ff5e82aea49c89996247c1d493208" candidate_uuid: "2b2fc6c58ec44faf88b01585ac3d7941" candidate_term: 2 candidate_status { last_received { term: 0 index: 0 } } ignore_live_leader: false dest_uuid: "632989624f6b42b3872d1335859697fd"
I20260713 09:10:56.868507 28575 tablet_service.cc:1917] Received RequestConsensusVote() RPC: tablet_id: "089ff5e82aea49c89996247c1d493208" candidate_uuid: "2b2fc6c58ec44faf88b01585ac3d7941" candidate_term: 2 candidate_status { last_received { term: 0 index: 0 } } ignore_live_leader: false dest_uuid: "6b65add78d7f44a0b93cc0f2ba584867"
I20260713 09:10:56.868884 28427 raft_consensus.cc:3060] T 089ff5e82aea49c89996247c1d493208 P 632989624f6b42b3872d1335859697fd [term 1 FOLLOWER]: Advancing to term 2
I20260713 09:10:56.869228 28575 raft_consensus.cc:3060] T 089ff5e82aea49c89996247c1d493208 P 6b65add78d7f44a0b93cc0f2ba584867 [term 1 FOLLOWER]: Advancing to term 2
I20260713 09:10:56.873816 28575 raft_consensus.cc:2468] T 089ff5e82aea49c89996247c1d493208 P 6b65add78d7f44a0b93cc0f2ba584867 [term 2 FOLLOWER]: Leader election vote request: Granting yes vote for candidate 2b2fc6c58ec44faf88b01585ac3d7941 in term 2.
I20260713 09:10:56.873867 28427 raft_consensus.cc:2468] T 089ff5e82aea49c89996247c1d493208 P 632989624f6b42b3872d1335859697fd [term 2 FOLLOWER]: Leader election vote request: Granting yes vote for candidate 2b2fc6c58ec44faf88b01585ac3d7941 in term 2.
I20260713 09:10:56.874990 28467 leader_election.cc:304] T 089ff5e82aea49c89996247c1d493208 P 2b2fc6c58ec44faf88b01585ac3d7941 [CANDIDATE]: Term 2 election: Election decided. Result: candidate won. Election summary: received 2 responses out of 3 voters: 2 yes votes; 0 no votes. yes voters: 2b2fc6c58ec44faf88b01585ac3d7941, 632989624f6b42b3872d1335859697fd; no voters: 
I20260713 09:10:56.876000 28798 raft_consensus.cc:2804] T 089ff5e82aea49c89996247c1d493208 P 2b2fc6c58ec44faf88b01585ac3d7941 [term 2 FOLLOWER]: Leader election won for term 2
I20260713 09:10:56.877451 28798 raft_consensus.cc:697] T 089ff5e82aea49c89996247c1d493208 P 2b2fc6c58ec44faf88b01585ac3d7941 [term 2 LEADER]: Becoming Leader. State: Replica: 2b2fc6c58ec44faf88b01585ac3d7941, State: Running, Role: LEADER
I20260713 09:10:56.878294 28798 consensus_queue.cc:237] T 089ff5e82aea49c89996247c1d493208 P 2b2fc6c58ec44faf88b01585ac3d7941 [LEADER]: Queue going to LEADER mode. State: All replicated index: 0, Majority replicated index: 0, Committed index: 0, Last appended: 0.0, Last appended by leader: 0, Current term: 2, Majority size: 2, State: 0, Mode: LEADER, active raft config: opid_index: -1 OBSOLETE_local: false peers { permanent_uuid: "632989624f6b42b3872d1335859697fd" member_type: VOTER last_known_addr { host: "127.26.170.65" port: 42319 } } peers { permanent_uuid: "2b2fc6c58ec44faf88b01585ac3d7941" member_type: VOTER last_known_addr { host: "127.26.170.66" port: 44033 } } peers { permanent_uuid: "6b65add78d7f44a0b93cc0f2ba584867" member_type: VOTER last_known_addr { host: "127.26.170.67" port: 35871 } }
I20260713 09:10:56.888687 28325 catalog_manager.cc:5697] T 089ff5e82aea49c89996247c1d493208 P 2b2fc6c58ec44faf88b01585ac3d7941 reported cstate change: term changed from 0 to 2, leader changed from <none> to 2b2fc6c58ec44faf88b01585ac3d7941 (127.26.170.66). New cstate: current_term: 2 leader_uuid: "2b2fc6c58ec44faf88b01585ac3d7941" committed_config { opid_index: -1 OBSOLETE_local: false peers { permanent_uuid: "632989624f6b42b3872d1335859697fd" member_type: VOTER last_known_addr { host: "127.26.170.65" port: 42319 } health_report { overall_health: UNKNOWN } } peers { permanent_uuid: "2b2fc6c58ec44faf88b01585ac3d7941" member_type: VOTER last_known_addr { host: "127.26.170.66" port: 44033 } health_report { overall_health: HEALTHY } } peers { permanent_uuid: "6b65add78d7f44a0b93cc0f2ba584867" member_type: VOTER last_known_addr { host: "127.26.170.67" port: 35871 } health_report { overall_health: UNKNOWN } } }
I20260713 09:10:56.910678 27305 file_cache.cc:504] Constructed file cache file cache with capacity 419430
W20260713 09:10:56.918152 28807 instance_detector.cc:116] could not retrieve Azure instance metadata: Network error: curl error: HTTP response code said error: The requested URL returned error: 404
W20260713 09:10:56.921159 28806 instance_detector.cc:116] could not retrieve AWS instance metadata: Network error: curl error: HTTP response code said error: The requested URL returned error: 404
W20260713 09:10:56.921195 28809 instance_detector.cc:116] could not retrieve OpenStack instance metadata: Network error: curl error: HTTP response code said error: The requested URL returned error: 404
I20260713 09:10:56.922293 27305 server_base.cc:1061] running on GCE node
I20260713 09:10:56.923137 27305 hybrid_clock.cc:584] initializing the hybrid clock with 'system_unsync' time source
W20260713 09:10:56.923367 27305 system_unsync_time.cc:38] NTP support is disabled. Clock error bounds will not be accurate. This configuration is not suitable for distributed clusters.
I20260713 09:10:56.923540 27305 hybrid_clock.cc:648] HybridClock initialized: now 1783933856923528 us; error 0 us; skew 500 ppm
I20260713 09:10:56.924111 27305 server_base.cc:861] Flag tcmalloc_max_total_thread_cache_bytes is not working since tcmalloc is not enabled.
I20260713 09:10:56.926750 27305 webserver.cc:533] Webserver started at http://127.26.170.68:33983/ using document root <none> and password file <none>
I20260713 09:10:56.927366 27305 fs_manager.cc:362] Metadata directory not provided
I20260713 09:10:56.927597 27305 fs_manager.cc:368] Using write-ahead log directory (fs_wal_dir) as metadata directory
I20260713 09:10:56.927969 27305 server_base.cc:909] This appears to be a new deployment of Kudu; creating new FS layout
I20260713 09:10:56.929136 27305 fs_manager.cc:1068] Generated new instance metadata in path /tmp/dist-test-taskRGKqxx/test-tmp/auto_leader_rebalancer-test.0.LeaderRebalancerTest.AddTserver.1783933828394671-27305-0/minicluster-data/ts-3-root/instance:
uuid: "3694cae202e84a17a5d307e530fafbc9"
format_stamp: "Formatted at 2026-07-13 09:10:56 on dist-test-slave-ttxq"
I20260713 09:10:56.934322 27305 fs_manager.cc:696] Time spent creating directory manager: real 0.005s	user 0.005s	sys 0.001s
I20260713 09:10:56.938037 28814 log_block_manager.cc:4127] Time spent loading block containers with low live blocks: real 0.000s	user 0.000s	sys 0.000s
I20260713 09:10:56.938860 27305 fs_manager.cc:730] Time spent opening block manager: real 0.002s	user 0.002s	sys 0.000s
I20260713 09:10:56.939110 27305 fs_manager.cc:647] Opened local filesystem: /tmp/dist-test-taskRGKqxx/test-tmp/auto_leader_rebalancer-test.0.LeaderRebalancerTest.AddTserver.1783933828394671-27305-0/minicluster-data/ts-3-root
uuid: "3694cae202e84a17a5d307e530fafbc9"
format_stamp: "Formatted at 2026-07-13 09:10:56 on dist-test-slave-ttxq"
I20260713 09:10:56.939352 27305 fs_report.cc:389] FS layout report
--------------------
wal directory: /tmp/dist-test-taskRGKqxx/test-tmp/auto_leader_rebalancer-test.0.LeaderRebalancerTest.AddTserver.1783933828394671-27305-0/minicluster-data/ts-3-root
metadata directory: /tmp/dist-test-taskRGKqxx/test-tmp/auto_leader_rebalancer-test.0.LeaderRebalancerTest.AddTserver.1783933828394671-27305-0/minicluster-data/ts-3-root
1 data directories: /tmp/dist-test-taskRGKqxx/test-tmp/auto_leader_rebalancer-test.0.LeaderRebalancerTest.AddTserver.1783933828394671-27305-0/minicluster-data/ts-3-root/data
Total live blocks: 0
Total live bytes: 0
Total live bytes (after alignment): 0
Total number of LBM containers: 0 (0 full)
Did not check for missing blocks
Did not check for orphaned blocks
Total full LBM containers with extra space: 0 (0 repaired)
Total full LBM container extra space in bytes: 0 (0 repaired)
Total incomplete LBM containers: 0 (0 repaired)
Total LBM partial records: 0 (0 repaired)
Total corrupted LBM metadata records in RocksDB: 0 (0 repaired)
I20260713 09:10:56.959227 27305 rpc_server.cc:225] running with OpenSSL 1.1.1  11 Sep 2018
I20260713 09:10:56.960584 27305 kserver.cc:163] Server-wide thread pool size limit: 3276
I20260713 09:10:56.962349 27305 txn_system_client.cc:432] TxnSystemClient initialization is disabled...
I20260713 09:10:56.964602 27305 ts_tablet_manager.cc:585] Loaded tablet metadata (0 total tablets, 0 live tablets)
I20260713 09:10:56.964784 27305 ts_tablet_manager.cc:531] Time spent load tablet metadata: real 0.000s	user 0.000s	sys 0.000s
I20260713 09:10:56.965085 27305 ts_tablet_manager.cc:616] Registered 0 tablets
I20260713 09:10:56.965242 27305 ts_tablet_manager.cc:595] Time spent register tablets: real 0.000s	user 0.000s	sys 0.000s
I20260713 09:10:57.014139 27305 rpc_server.cc:307] RPC server started. Bound to: 127.26.170.68:36711
I20260713 09:10:57.014230 28876 acceptor_pool.cc:272] collecting diagnostics on the listening RPC socket 127.26.170.68:36711 every 8 connection(s)
I20260713 09:10:57.017655 27305 auto_leader_rebalancer-test.cc:392] add a tserver: 3694cae202e84a17a5d307e530fafbc9
I20260713 09:10:57.034382 28877 heartbeater.cc:344] Connected to a master server at 127.26.170.126:41695
I20260713 09:10:57.034747 28877 heartbeater.cc:461] Registering TS with master...
I20260713 09:10:57.035380 28877 heartbeater.cc:507] Master 127.26.170.126:41695 requested a full tablet report, sending...
I20260713 09:10:57.037130 28325 ts_manager.cc:194] Registered new tserver with Master: 3694cae202e84a17a5d307e530fafbc9 (127.26.170.68:36711)
I20260713 09:10:57.038271 28325 master_service.cc:502] Signed X509 certificate for tserver {username='slave'} at 127.0.0.1:41482
I20260713 09:10:57.379727 28503 consensus_queue.cc:237] T fef93ecfc6cc47a299fb17d3a23f9cc6 P 2b2fc6c58ec44faf88b01585ac3d7941 [LEADER]: Queue going to LEADER mode. State: All replicated index: 0, Majority replicated index: 1, Committed index: 1, Last appended: 1.1, Last appended by leader: 0, Current term: 1, Majority size: 2, State: 0, Mode: LEADER, active raft config: opid_index: 2 OBSOLETE_local: false peers { permanent_uuid: "632989624f6b42b3872d1335859697fd" member_type: VOTER last_known_addr { host: "127.26.170.65" port: 42319 } } peers { permanent_uuid: "2b2fc6c58ec44faf88b01585ac3d7941" member_type: VOTER last_known_addr { host: "127.26.170.66" port: 44033 } } peers { permanent_uuid: "6b65add78d7f44a0b93cc0f2ba584867" member_type: VOTER last_known_addr { host: "127.26.170.67" port: 35871 } attrs { replace: true } } peers { permanent_uuid: "3694cae202e84a17a5d307e530fafbc9" member_type: NON_VOTER last_known_addr { host: "127.26.170.68" port: 36711 } attrs { promote: true } }
I20260713 09:10:57.387220 28575 raft_consensus.cc:1275] T fef93ecfc6cc47a299fb17d3a23f9cc6 P 6b65add78d7f44a0b93cc0f2ba584867 [term 1 FOLLOWER]: Refusing update from remote peer 2b2fc6c58ec44faf88b01585ac3d7941: Log matching property violated. Preceding OpId in replica: term: 1 index: 1. Preceding OpId from leader: term: 1 index: 2. (index mismatch)
I20260713 09:10:57.390196 28429 raft_consensus.cc:1275] T fef93ecfc6cc47a299fb17d3a23f9cc6 P 632989624f6b42b3872d1335859697fd [term 1 FOLLOWER]: Refusing update from remote peer 2b2fc6c58ec44faf88b01585ac3d7941: Log matching property violated. Preceding OpId in replica: term: 1 index: 1. Preceding OpId from leader: term: 1 index: 2. (index mismatch)
I20260713 09:10:57.390173 28798 consensus_queue.cc:1048] T fef93ecfc6cc47a299fb17d3a23f9cc6 P 2b2fc6c58ec44faf88b01585ac3d7941 [LEADER]: Connected to new peer: Peer: permanent_uuid: "6b65add78d7f44a0b93cc0f2ba584867" member_type: VOTER last_known_addr { host: "127.26.170.67" port: 35871 } attrs { replace: true }, Status: LMP_MISMATCH, Last received: 0.0, Next index: 2, Last known committed idx: 1, Time since last communication: 0.001s
I20260713 09:10:57.391698 28800 consensus_queue.cc:1048] T fef93ecfc6cc47a299fb17d3a23f9cc6 P 2b2fc6c58ec44faf88b01585ac3d7941 [LEADER]: Connected to new peer: Peer: permanent_uuid: "632989624f6b42b3872d1335859697fd" member_type: VOTER last_known_addr { host: "127.26.170.65" port: 42319 }, Status: LMP_MISMATCH, Last received: 0.0, Next index: 2, Last known committed idx: 1, Time since last communication: 0.000s
W20260713 09:10:57.405781 28468 consensus_peers.cc:597] T fef93ecfc6cc47a299fb17d3a23f9cc6 P 2b2fc6c58ec44faf88b01585ac3d7941 -> Peer 3694cae202e84a17a5d307e530fafbc9 (127.26.170.68:36711): Couldn't send request to peer 3694cae202e84a17a5d307e530fafbc9. Error code: TABLET_NOT_FOUND (6). Status: Not found: Tablet not found: fef93ecfc6cc47a299fb17d3a23f9cc6. This is attempt 1: this message will repeat every 5th retry.
I20260713 09:10:57.408986 28800 raft_consensus.cc:2955] T fef93ecfc6cc47a299fb17d3a23f9cc6 P 2b2fc6c58ec44faf88b01585ac3d7941 [term 1 LEADER]: Committing config change with OpId 1.2: config changed from index -1 to 2, NON_VOTER 3694cae202e84a17a5d307e530fafbc9 (127.26.170.68) added. New config: { opid_index: 2 OBSOLETE_local: false peers { permanent_uuid: "632989624f6b42b3872d1335859697fd" member_type: VOTER last_known_addr { host: "127.26.170.65" port: 42319 } } peers { permanent_uuid: "2b2fc6c58ec44faf88b01585ac3d7941" member_type: VOTER last_known_addr { host: "127.26.170.66" port: 44033 } } peers { permanent_uuid: "6b65add78d7f44a0b93cc0f2ba584867" member_type: VOTER last_known_addr { host: "127.26.170.67" port: 35871 } attrs { replace: true } } peers { permanent_uuid: "3694cae202e84a17a5d307e530fafbc9" member_type: NON_VOTER last_known_addr { host: "127.26.170.68" port: 36711 } attrs { promote: true } } }
I20260713 09:10:57.410009 28428 raft_consensus.cc:2955] T fef93ecfc6cc47a299fb17d3a23f9cc6 P 632989624f6b42b3872d1335859697fd [term 1 FOLLOWER]: Committing config change with OpId 1.2: config changed from index -1 to 2, NON_VOTER 3694cae202e84a17a5d307e530fafbc9 (127.26.170.68) added. New config: { opid_index: 2 OBSOLETE_local: false peers { permanent_uuid: "632989624f6b42b3872d1335859697fd" member_type: VOTER last_known_addr { host: "127.26.170.65" port: 42319 } } peers { permanent_uuid: "2b2fc6c58ec44faf88b01585ac3d7941" member_type: VOTER last_known_addr { host: "127.26.170.66" port: 44033 } } peers { permanent_uuid: "6b65add78d7f44a0b93cc0f2ba584867" member_type: VOTER last_known_addr { host: "127.26.170.67" port: 35871 } attrs { replace: true } } peers { permanent_uuid: "3694cae202e84a17a5d307e530fafbc9" member_type: NON_VOTER last_known_addr { host: "127.26.170.68" port: 36711 } attrs { promote: true } } }
I20260713 09:10:57.418401 28575 raft_consensus.cc:2955] T fef93ecfc6cc47a299fb17d3a23f9cc6 P 6b65add78d7f44a0b93cc0f2ba584867 [term 1 FOLLOWER]: Committing config change with OpId 1.2: config changed from index -1 to 2, NON_VOTER 3694cae202e84a17a5d307e530fafbc9 (127.26.170.68) added. New config: { opid_index: 2 OBSOLETE_local: false peers { permanent_uuid: "632989624f6b42b3872d1335859697fd" member_type: VOTER last_known_addr { host: "127.26.170.65" port: 42319 } } peers { permanent_uuid: "2b2fc6c58ec44faf88b01585ac3d7941" member_type: VOTER last_known_addr { host: "127.26.170.66" port: 44033 } } peers { permanent_uuid: "6b65add78d7f44a0b93cc0f2ba584867" member_type: VOTER last_known_addr { host: "127.26.170.67" port: 35871 } attrs { replace: true } } peers { permanent_uuid: "3694cae202e84a17a5d307e530fafbc9" member_type: NON_VOTER last_known_addr { host: "127.26.170.68" port: 36711 } attrs { promote: true } } }
I20260713 09:10:57.425904 28325 catalog_manager.cc:5697] T fef93ecfc6cc47a299fb17d3a23f9cc6 P 632989624f6b42b3872d1335859697fd reported cstate change: config changed from index -1 to 2, NON_VOTER 3694cae202e84a17a5d307e530fafbc9 (127.26.170.68) added. New cstate: current_term: 1 leader_uuid: "2b2fc6c58ec44faf88b01585ac3d7941" committed_config { opid_index: 2 OBSOLETE_local: false peers { permanent_uuid: "632989624f6b42b3872d1335859697fd" member_type: VOTER last_known_addr { host: "127.26.170.65" port: 42319 } } peers { permanent_uuid: "2b2fc6c58ec44faf88b01585ac3d7941" member_type: VOTER last_known_addr { host: "127.26.170.66" port: 44033 } } peers { permanent_uuid: "6b65add78d7f44a0b93cc0f2ba584867" member_type: VOTER last_known_addr { host: "127.26.170.67" port: 35871 } attrs { replace: true } } peers { permanent_uuid: "3694cae202e84a17a5d307e530fafbc9" member_type: NON_VOTER last_known_addr { host: "127.26.170.68" port: 36711 } attrs { promote: true } } }
I20260713 09:10:57.439695 28575 raft_consensus.cc:1275] T 089ff5e82aea49c89996247c1d493208 P 6b65add78d7f44a0b93cc0f2ba584867 [term 2 FOLLOWER]: Refusing update from remote peer 2b2fc6c58ec44faf88b01585ac3d7941: Log matching property violated. Preceding OpId in replica: term: 0 index: 0. Preceding OpId from leader: term: 2 index: 1. (index mismatch)
I20260713 09:10:57.441368 28800 consensus_queue.cc:1048] T 089ff5e82aea49c89996247c1d493208 P 2b2fc6c58ec44faf88b01585ac3d7941 [LEADER]: Connected to new peer: Peer: permanent_uuid: "6b65add78d7f44a0b93cc0f2ba584867" member_type: VOTER last_known_addr { host: "127.26.170.67" port: 35871 }, Status: LMP_MISMATCH, Last received: 0.0, Next index: 1, Last known committed idx: 0, Time since last communication: 0.000s
I20260713 09:10:57.456513 28429 consensus_queue.cc:237] T cf80d5508c3d48a7a910cfbef85d5ae0 P 632989624f6b42b3872d1335859697fd [LEADER]: Queue going to LEADER mode. State: All replicated index: 0, Majority replicated index: 1, Committed index: 1, Last appended: 1.1, Last appended by leader: 0, Current term: 1, Majority size: 2, State: 0, Mode: LEADER, active raft config: opid_index: 2 OBSOLETE_local: false peers { permanent_uuid: "632989624f6b42b3872d1335859697fd" member_type: VOTER last_known_addr { host: "127.26.170.65" port: 42319 } } peers { permanent_uuid: "2b2fc6c58ec44faf88b01585ac3d7941" member_type: VOTER last_known_addr { host: "127.26.170.66" port: 44033 } attrs { replace: true } } peers { permanent_uuid: "6b65add78d7f44a0b93cc0f2ba584867" member_type: VOTER last_known_addr { host: "127.26.170.67" port: 35871 } } peers { permanent_uuid: "3694cae202e84a17a5d307e530fafbc9" member_type: NON_VOTER last_known_addr { host: "127.26.170.68" port: 36711 } attrs { promote: true } }
I20260713 09:10:57.467252 28575 raft_consensus.cc:1275] T cf80d5508c3d48a7a910cfbef85d5ae0 P 6b65add78d7f44a0b93cc0f2ba584867 [term 1 FOLLOWER]: Refusing update from remote peer 632989624f6b42b3872d1335859697fd: Log matching property violated. Preceding OpId in replica: term: 1 index: 1. Preceding OpId from leader: term: 1 index: 2. (index mismatch)
I20260713 09:10:57.471180 28503 raft_consensus.cc:1275] T cf80d5508c3d48a7a910cfbef85d5ae0 P 2b2fc6c58ec44faf88b01585ac3d7941 [term 1 FOLLOWER]: Refusing update from remote peer 632989624f6b42b3872d1335859697fd: Log matching property violated. Preceding OpId in replica: term: 1 index: 1. Preceding OpId from leader: term: 1 index: 2. (index mismatch)
I20260713 09:10:57.472914 28624 consensus_queue.cc:1048] T cf80d5508c3d48a7a910cfbef85d5ae0 P 632989624f6b42b3872d1335859697fd [LEADER]: Connected to new peer: Peer: permanent_uuid: "2b2fc6c58ec44faf88b01585ac3d7941" member_type: VOTER last_known_addr { host: "127.26.170.66" port: 44033 } attrs { replace: true }, Status: LMP_MISMATCH, Last received: 0.0, Next index: 2, Last known committed idx: 1, Time since last communication: 0.000s
I20260713 09:10:57.482532 28624 consensus_queue.cc:1048] T cf80d5508c3d48a7a910cfbef85d5ae0 P 632989624f6b42b3872d1335859697fd [LEADER]: Connected to new peer: Peer: permanent_uuid: "6b65add78d7f44a0b93cc0f2ba584867" member_type: VOTER last_known_addr { host: "127.26.170.67" port: 35871 }, Status: LMP_MISMATCH, Last received: 0.0, Next index: 2, Last known committed idx: 1, Time since last communication: 0.000s
I20260713 09:10:57.508910 28888 raft_consensus.cc:2955] T cf80d5508c3d48a7a910cfbef85d5ae0 P 632989624f6b42b3872d1335859697fd [term 1 LEADER]: Committing config change with OpId 1.2: config changed from index -1 to 2, NON_VOTER 3694cae202e84a17a5d307e530fafbc9 (127.26.170.68) added. New config: { opid_index: 2 OBSOLETE_local: false peers { permanent_uuid: "632989624f6b42b3872d1335859697fd" member_type: VOTER last_known_addr { host: "127.26.170.65" port: 42319 } } peers { permanent_uuid: "2b2fc6c58ec44faf88b01585ac3d7941" member_type: VOTER last_known_addr { host: "127.26.170.66" port: 44033 } attrs { replace: true } } peers { permanent_uuid: "6b65add78d7f44a0b93cc0f2ba584867" member_type: VOTER last_known_addr { host: "127.26.170.67" port: 35871 } } peers { permanent_uuid: "3694cae202e84a17a5d307e530fafbc9" member_type: NON_VOTER last_known_addr { host: "127.26.170.68" port: 36711 } attrs { promote: true } } }
I20260713 09:10:57.516168 28503 raft_consensus.cc:2955] T cf80d5508c3d48a7a910cfbef85d5ae0 P 2b2fc6c58ec44faf88b01585ac3d7941 [term 1 FOLLOWER]: Committing config change with OpId 1.2: config changed from index -1 to 2, NON_VOTER 3694cae202e84a17a5d307e530fafbc9 (127.26.170.68) added. New config: { opid_index: 2 OBSOLETE_local: false peers { permanent_uuid: "632989624f6b42b3872d1335859697fd" member_type: VOTER last_known_addr { host: "127.26.170.65" port: 42319 } } peers { permanent_uuid: "2b2fc6c58ec44faf88b01585ac3d7941" member_type: VOTER last_known_addr { host: "127.26.170.66" port: 44033 } attrs { replace: true } } peers { permanent_uuid: "6b65add78d7f44a0b93cc0f2ba584867" member_type: VOTER last_known_addr { host: "127.26.170.67" port: 35871 } } peers { permanent_uuid: "3694cae202e84a17a5d307e530fafbc9" member_type: NON_VOTER last_known_addr { host: "127.26.170.68" port: 36711 } attrs { promote: true } } }
I20260713 09:10:57.518002 28574 raft_consensus.cc:2955] T cf80d5508c3d48a7a910cfbef85d5ae0 P 6b65add78d7f44a0b93cc0f2ba584867 [term 1 FOLLOWER]: Committing config change with OpId 1.2: config changed from index -1 to 2, NON_VOTER 3694cae202e84a17a5d307e530fafbc9 (127.26.170.68) added. New config: { opid_index: 2 OBSOLETE_local: false peers { permanent_uuid: "632989624f6b42b3872d1335859697fd" member_type: VOTER last_known_addr { host: "127.26.170.65" port: 42319 } } peers { permanent_uuid: "2b2fc6c58ec44faf88b01585ac3d7941" member_type: VOTER last_known_addr { host: "127.26.170.66" port: 44033 } attrs { replace: true } } peers { permanent_uuid: "6b65add78d7f44a0b93cc0f2ba584867" member_type: VOTER last_known_addr { host: "127.26.170.67" port: 35871 } } peers { permanent_uuid: "3694cae202e84a17a5d307e530fafbc9" member_type: NON_VOTER last_known_addr { host: "127.26.170.68" port: 36711 } attrs { promote: true } } }
W20260713 09:10:57.519033 28393 consensus_peers.cc:597] T cf80d5508c3d48a7a910cfbef85d5ae0 P 632989624f6b42b3872d1335859697fd -> Peer 3694cae202e84a17a5d307e530fafbc9 (127.26.170.68:36711): Couldn't send request to peer 3694cae202e84a17a5d307e530fafbc9. Error code: TABLET_NOT_FOUND (6). Status: Not found: Tablet not found: cf80d5508c3d48a7a910cfbef85d5ae0. This is attempt 1: this message will repeat every 5th retry.
W20260713 09:10:57.521797 28467 outbound_call.cc:321] RPC callback for RPC call kudu.consensus.ConsensusService.UpdateConsensus -> {remote=127.26.170.65:42319, user_credentials={real_user=slave}} blocked reactor thread for 46142us
I20260713 09:10:57.523644 28429 raft_consensus.cc:1275] T 089ff5e82aea49c89996247c1d493208 P 632989624f6b42b3872d1335859697fd [term 2 FOLLOWER]: Refusing update from remote peer 2b2fc6c58ec44faf88b01585ac3d7941: Log matching property violated. Preceding OpId in replica: term: 0 index: 0. Preceding OpId from leader: term: 2 index: 1. (index mismatch)
I20260713 09:10:57.525218 28798 consensus_queue.cc:1048] T 089ff5e82aea49c89996247c1d493208 P 2b2fc6c58ec44faf88b01585ac3d7941 [LEADER]: Connected to new peer: Peer: permanent_uuid: "632989624f6b42b3872d1335859697fd" member_type: VOTER last_known_addr { host: "127.26.170.65" port: 42319 }, Status: LMP_MISMATCH, Last received: 0.0, Next index: 1, Last known committed idx: 0, Time since last communication: 0.000s
I20260713 09:10:57.529333 28502 consensus_queue.cc:237] T 49c1a62f449942e9a9f279ed32d6887a P 2b2fc6c58ec44faf88b01585ac3d7941 [LEADER]: Queue going to LEADER mode. State: All replicated index: 0, Majority replicated index: 1, Committed index: 1, Last appended: 1.1, Last appended by leader: 0, Current term: 1, Majority size: 2, State: 0, Mode: LEADER, active raft config: opid_index: 2 OBSOLETE_local: false peers { permanent_uuid: "632989624f6b42b3872d1335859697fd" member_type: VOTER last_known_addr { host: "127.26.170.65" port: 42319 } attrs { replace: true } } peers { permanent_uuid: "2b2fc6c58ec44faf88b01585ac3d7941" member_type: VOTER last_known_addr { host: "127.26.170.66" port: 44033 } } peers { permanent_uuid: "6b65add78d7f44a0b93cc0f2ba584867" member_type: VOTER last_known_addr { host: "127.26.170.67" port: 35871 } } peers { permanent_uuid: "3694cae202e84a17a5d307e530fafbc9" member_type: NON_VOTER last_known_addr { host: "127.26.170.68" port: 36711 } attrs { promote: true } }
I20260713 09:10:57.538365 28324 catalog_manager.cc:5697] T cf80d5508c3d48a7a910cfbef85d5ae0 P 6b65add78d7f44a0b93cc0f2ba584867 reported cstate change: config changed from index -1 to 2, NON_VOTER 3694cae202e84a17a5d307e530fafbc9 (127.26.170.68) added. New cstate: current_term: 1 leader_uuid: "632989624f6b42b3872d1335859697fd" committed_config { opid_index: 2 OBSOLETE_local: false peers { permanent_uuid: "632989624f6b42b3872d1335859697fd" member_type: VOTER last_known_addr { host: "127.26.170.65" port: 42319 } } peers { permanent_uuid: "2b2fc6c58ec44faf88b01585ac3d7941" member_type: VOTER last_known_addr { host: "127.26.170.66" port: 44033 } attrs { replace: true } } peers { permanent_uuid: "6b65add78d7f44a0b93cc0f2ba584867" member_type: VOTER last_known_addr { host: "127.26.170.67" port: 35871 } } peers { permanent_uuid: "3694cae202e84a17a5d307e530fafbc9" member_type: NON_VOTER last_known_addr { host: "127.26.170.68" port: 36711 } attrs { promote: true } } }
I20260713 09:10:57.555094 28429 raft_consensus.cc:1275] T 49c1a62f449942e9a9f279ed32d6887a P 632989624f6b42b3872d1335859697fd [term 1 FOLLOWER]: Refusing update from remote peer 2b2fc6c58ec44faf88b01585ac3d7941: Log matching property violated. Preceding OpId in replica: term: 1 index: 1. Preceding OpId from leader: term: 1 index: 2. (index mismatch)
W20260713 09:10:57.555306 28468 consensus_peers.cc:597] T 49c1a62f449942e9a9f279ed32d6887a P 2b2fc6c58ec44faf88b01585ac3d7941 -> Peer 3694cae202e84a17a5d307e530fafbc9 (127.26.170.68:36711): Couldn't send request to peer 3694cae202e84a17a5d307e530fafbc9. Error code: TABLET_NOT_FOUND (6). Status: Not found: Tablet not found: 49c1a62f449942e9a9f279ed32d6887a. This is attempt 1: this message will repeat every 5th retry.
I20260713 09:10:57.556629 28899 consensus_queue.cc:1048] T 49c1a62f449942e9a9f279ed32d6887a P 2b2fc6c58ec44faf88b01585ac3d7941 [LEADER]: Connected to new peer: Peer: permanent_uuid: "632989624f6b42b3872d1335859697fd" member_type: VOTER last_known_addr { host: "127.26.170.65" port: 42319 } attrs { replace: true }, Status: LMP_MISMATCH, Last received: 0.0, Next index: 2, Last known committed idx: 1, Time since last communication: 0.000s
I20260713 09:10:57.557184 28574 raft_consensus.cc:1275] T 49c1a62f449942e9a9f279ed32d6887a P 6b65add78d7f44a0b93cc0f2ba584867 [term 1 FOLLOWER]: Refusing update from remote peer 2b2fc6c58ec44faf88b01585ac3d7941: Log matching property violated. Preceding OpId in replica: term: 1 index: 1. Preceding OpId from leader: term: 1 index: 2. (index mismatch)
I20260713 09:10:57.558779 28899 consensus_queue.cc:1048] T 49c1a62f449942e9a9f279ed32d6887a P 2b2fc6c58ec44faf88b01585ac3d7941 [LEADER]: Connected to new peer: Peer: permanent_uuid: "6b65add78d7f44a0b93cc0f2ba584867" member_type: VOTER last_known_addr { host: "127.26.170.67" port: 35871 }, Status: LMP_MISMATCH, Last received: 0.0, Next index: 2, Last known committed idx: 1, Time since last communication: 0.000s
I20260713 09:10:57.580302 28800 raft_consensus.cc:2955] T 49c1a62f449942e9a9f279ed32d6887a P 2b2fc6c58ec44faf88b01585ac3d7941 [term 1 LEADER]: Committing config change with OpId 1.2: config changed from index -1 to 2, NON_VOTER 3694cae202e84a17a5d307e530fafbc9 (127.26.170.68) added. New config: { opid_index: 2 OBSOLETE_local: false peers { permanent_uuid: "632989624f6b42b3872d1335859697fd" member_type: VOTER last_known_addr { host: "127.26.170.65" port: 42319 } attrs { replace: true } } peers { permanent_uuid: "2b2fc6c58ec44faf88b01585ac3d7941" member_type: VOTER last_known_addr { host: "127.26.170.66" port: 44033 } } peers { permanent_uuid: "6b65add78d7f44a0b93cc0f2ba584867" member_type: VOTER last_known_addr { host: "127.26.170.67" port: 35871 } } peers { permanent_uuid: "3694cae202e84a17a5d307e530fafbc9" member_type: NON_VOTER last_known_addr { host: "127.26.170.68" port: 36711 } attrs { promote: true } } }
I20260713 09:10:57.582177 28429 raft_consensus.cc:2955] T 49c1a62f449942e9a9f279ed32d6887a P 632989624f6b42b3872d1335859697fd [term 1 FOLLOWER]: Committing config change with OpId 1.2: config changed from index -1 to 2, NON_VOTER 3694cae202e84a17a5d307e530fafbc9 (127.26.170.68) added. New config: { opid_index: 2 OBSOLETE_local: false peers { permanent_uuid: "632989624f6b42b3872d1335859697fd" member_type: VOTER last_known_addr { host: "127.26.170.65" port: 42319 } attrs { replace: true } } peers { permanent_uuid: "2b2fc6c58ec44faf88b01585ac3d7941" member_type: VOTER last_known_addr { host: "127.26.170.66" port: 44033 } } peers { permanent_uuid: "6b65add78d7f44a0b93cc0f2ba584867" member_type: VOTER last_known_addr { host: "127.26.170.67" port: 35871 } } peers { permanent_uuid: "3694cae202e84a17a5d307e530fafbc9" member_type: NON_VOTER last_known_addr { host: "127.26.170.68" port: 36711 } attrs { promote: true } } }
I20260713 09:10:57.585350 28574 raft_consensus.cc:2955] T 49c1a62f449942e9a9f279ed32d6887a P 6b65add78d7f44a0b93cc0f2ba584867 [term 1 FOLLOWER]: Committing config change with OpId 1.2: config changed from index -1 to 2, NON_VOTER 3694cae202e84a17a5d307e530fafbc9 (127.26.170.68) added. New config: { opid_index: 2 OBSOLETE_local: false peers { permanent_uuid: "632989624f6b42b3872d1335859697fd" member_type: VOTER last_known_addr { host: "127.26.170.65" port: 42319 } attrs { replace: true } } peers { permanent_uuid: "2b2fc6c58ec44faf88b01585ac3d7941" member_type: VOTER last_known_addr { host: "127.26.170.66" port: 44033 } } peers { permanent_uuid: "6b65add78d7f44a0b93cc0f2ba584867" member_type: VOTER last_known_addr { host: "127.26.170.67" port: 35871 } } peers { permanent_uuid: "3694cae202e84a17a5d307e530fafbc9" member_type: NON_VOTER last_known_addr { host: "127.26.170.68" port: 36711 } attrs { promote: true } } }
I20260713 09:10:57.593379 28429 consensus_queue.cc:237] T 3bce97c01cfe4288b54c3986b3cf38e9 P 632989624f6b42b3872d1335859697fd [LEADER]: Queue going to LEADER mode. State: All replicated index: 0, Majority replicated index: 1, Committed index: 1, Last appended: 1.1, Last appended by leader: 0, Current term: 1, Majority size: 2, State: 0, Mode: LEADER, active raft config: opid_index: 2 OBSOLETE_local: false peers { permanent_uuid: "632989624f6b42b3872d1335859697fd" member_type: VOTER last_known_addr { host: "127.26.170.65" port: 42319 } } peers { permanent_uuid: "2b2fc6c58ec44faf88b01585ac3d7941" member_type: VOTER last_known_addr { host: "127.26.170.66" port: 44033 } attrs { replace: true } } peers { permanent_uuid: "6b65add78d7f44a0b93cc0f2ba584867" member_type: VOTER last_known_addr { host: "127.26.170.67" port: 35871 } } peers { permanent_uuid: "3694cae202e84a17a5d307e530fafbc9" member_type: NON_VOTER last_known_addr { host: "127.26.170.68" port: 36711 } attrs { promote: true } }
I20260713 09:10:57.594214 28325 catalog_manager.cc:5697] T 49c1a62f449942e9a9f279ed32d6887a P 2b2fc6c58ec44faf88b01585ac3d7941 reported cstate change: config changed from index -1 to 2, NON_VOTER 3694cae202e84a17a5d307e530fafbc9 (127.26.170.68) added. New cstate: current_term: 1 leader_uuid: "2b2fc6c58ec44faf88b01585ac3d7941" committed_config { opid_index: 2 OBSOLETE_local: false peers { permanent_uuid: "632989624f6b42b3872d1335859697fd" member_type: VOTER last_known_addr { host: "127.26.170.65" port: 42319 } attrs { replace: true } health_report { overall_health: HEALTHY } } peers { permanent_uuid: "2b2fc6c58ec44faf88b01585ac3d7941" member_type: VOTER last_known_addr { host: "127.26.170.66" port: 44033 } health_report { overall_health: HEALTHY } } peers { permanent_uuid: "6b65add78d7f44a0b93cc0f2ba584867" member_type: VOTER last_known_addr { host: "127.26.170.67" port: 35871 } health_report { overall_health: HEALTHY } } peers { permanent_uuid: "3694cae202e84a17a5d307e530fafbc9" member_type: NON_VOTER last_known_addr { host: "127.26.170.68" port: 36711 } attrs { promote: true } health_report { overall_health: UNKNOWN } } }
I20260713 09:10:57.602146 28575 raft_consensus.cc:1275] T 3bce97c01cfe4288b54c3986b3cf38e9 P 6b65add78d7f44a0b93cc0f2ba584867 [term 1 FOLLOWER]: Refusing update from remote peer 632989624f6b42b3872d1335859697fd: Log matching property violated. Preceding OpId in replica: term: 1 index: 1. Preceding OpId from leader: term: 1 index: 2. (index mismatch)
W20260713 09:10:57.603624 28393 consensus_peers.cc:597] T 3bce97c01cfe4288b54c3986b3cf38e9 P 632989624f6b42b3872d1335859697fd -> Peer 3694cae202e84a17a5d307e530fafbc9 (127.26.170.68:36711): Couldn't send request to peer 3694cae202e84a17a5d307e530fafbc9. Error code: TABLET_NOT_FOUND (6). Status: Not found: Tablet not found: 3bce97c01cfe4288b54c3986b3cf38e9. This is attempt 1: this message will repeat every 5th retry.
I20260713 09:10:57.604434 28902 consensus_queue.cc:1048] T 3bce97c01cfe4288b54c3986b3cf38e9 P 632989624f6b42b3872d1335859697fd [LEADER]: Connected to new peer: Peer: permanent_uuid: "6b65add78d7f44a0b93cc0f2ba584867" member_type: VOTER last_known_addr { host: "127.26.170.67" port: 35871 }, Status: LMP_MISMATCH, Last received: 0.0, Next index: 2, Last known committed idx: 1, Time since last communication: 0.000s
I20260713 09:10:57.604781 28503 raft_consensus.cc:1275] T 3bce97c01cfe4288b54c3986b3cf38e9 P 2b2fc6c58ec44faf88b01585ac3d7941 [term 1 FOLLOWER]: Refusing update from remote peer 632989624f6b42b3872d1335859697fd: Log matching property violated. Preceding OpId in replica: term: 1 index: 1. Preceding OpId from leader: term: 1 index: 2. (index mismatch)
I20260713 09:10:57.606209 28624 consensus_queue.cc:1048] T 3bce97c01cfe4288b54c3986b3cf38e9 P 632989624f6b42b3872d1335859697fd [LEADER]: Connected to new peer: Peer: permanent_uuid: "2b2fc6c58ec44faf88b01585ac3d7941" member_type: VOTER last_known_addr { host: "127.26.170.66" port: 44033 } attrs { replace: true }, Status: LMP_MISMATCH, Last received: 0.0, Next index: 2, Last known committed idx: 1, Time since last communication: 0.000s
I20260713 09:10:57.618918 28902 raft_consensus.cc:2955] T 3bce97c01cfe4288b54c3986b3cf38e9 P 632989624f6b42b3872d1335859697fd [term 1 LEADER]: Committing config change with OpId 1.2: config changed from index -1 to 2, NON_VOTER 3694cae202e84a17a5d307e530fafbc9 (127.26.170.68) added. New config: { opid_index: 2 OBSOLETE_local: false peers { permanent_uuid: "632989624f6b42b3872d1335859697fd" member_type: VOTER last_known_addr { host: "127.26.170.65" port: 42319 } } peers { permanent_uuid: "2b2fc6c58ec44faf88b01585ac3d7941" member_type: VOTER last_known_addr { host: "127.26.170.66" port: 44033 } attrs { replace: true } } peers { permanent_uuid: "6b65add78d7f44a0b93cc0f2ba584867" member_type: VOTER last_known_addr { host: "127.26.170.67" port: 35871 } } peers { permanent_uuid: "3694cae202e84a17a5d307e530fafbc9" member_type: NON_VOTER last_known_addr { host: "127.26.170.68" port: 36711 } attrs { promote: true } } }
I20260713 09:10:57.620707 28502 raft_consensus.cc:2955] T 3bce97c01cfe4288b54c3986b3cf38e9 P 2b2fc6c58ec44faf88b01585ac3d7941 [term 1 FOLLOWER]: Committing config change with OpId 1.2: config changed from index -1 to 2, NON_VOTER 3694cae202e84a17a5d307e530fafbc9 (127.26.170.68) added. New config: { opid_index: 2 OBSOLETE_local: false peers { permanent_uuid: "632989624f6b42b3872d1335859697fd" member_type: VOTER last_known_addr { host: "127.26.170.65" port: 42319 } } peers { permanent_uuid: "2b2fc6c58ec44faf88b01585ac3d7941" member_type: VOTER last_known_addr { host: "127.26.170.66" port: 44033 } attrs { replace: true } } peers { permanent_uuid: "6b65add78d7f44a0b93cc0f2ba584867" member_type: VOTER last_known_addr { host: "127.26.170.67" port: 35871 } } peers { permanent_uuid: "3694cae202e84a17a5d307e530fafbc9" member_type: NON_VOTER last_known_addr { host: "127.26.170.68" port: 36711 } attrs { promote: true } } }
I20260713 09:10:57.622411 28574 raft_consensus.cc:2955] T 3bce97c01cfe4288b54c3986b3cf38e9 P 6b65add78d7f44a0b93cc0f2ba584867 [term 1 FOLLOWER]: Committing config change with OpId 1.2: config changed from index -1 to 2, NON_VOTER 3694cae202e84a17a5d307e530fafbc9 (127.26.170.68) added. New config: { opid_index: 2 OBSOLETE_local: false peers { permanent_uuid: "632989624f6b42b3872d1335859697fd" member_type: VOTER last_known_addr { host: "127.26.170.65" port: 42319 } } peers { permanent_uuid: "2b2fc6c58ec44faf88b01585ac3d7941" member_type: VOTER last_known_addr { host: "127.26.170.66" port: 44033 } attrs { replace: true } } peers { permanent_uuid: "6b65add78d7f44a0b93cc0f2ba584867" member_type: VOTER last_known_addr { host: "127.26.170.67" port: 35871 } } peers { permanent_uuid: "3694cae202e84a17a5d307e530fafbc9" member_type: NON_VOTER last_known_addr { host: "127.26.170.68" port: 36711 } attrs { promote: true } } }
I20260713 09:10:57.632184 28326 catalog_manager.cc:5697] T 3bce97c01cfe4288b54c3986b3cf38e9 P 2b2fc6c58ec44faf88b01585ac3d7941 reported cstate change: config changed from index -1 to 2, NON_VOTER 3694cae202e84a17a5d307e530fafbc9 (127.26.170.68) added. New cstate: current_term: 1 leader_uuid: "632989624f6b42b3872d1335859697fd" committed_config { opid_index: 2 OBSOLETE_local: false peers { permanent_uuid: "632989624f6b42b3872d1335859697fd" member_type: VOTER last_known_addr { host: "127.26.170.65" port: 42319 } } peers { permanent_uuid: "2b2fc6c58ec44faf88b01585ac3d7941" member_type: VOTER last_known_addr { host: "127.26.170.66" port: 44033 } attrs { replace: true } } peers { permanent_uuid: "6b65add78d7f44a0b93cc0f2ba584867" member_type: VOTER last_known_addr { host: "127.26.170.67" port: 35871 } } peers { permanent_uuid: "3694cae202e84a17a5d307e530fafbc9" member_type: NON_VOTER last_known_addr { host: "127.26.170.68" port: 36711 } attrs { promote: true } } }
I20260713 09:10:57.867374 28911 ts_tablet_manager.cc:933] T fef93ecfc6cc47a299fb17d3a23f9cc6 P 3694cae202e84a17a5d307e530fafbc9: Initiating tablet copy from peer 2b2fc6c58ec44faf88b01585ac3d7941 (127.26.170.66:44033)
I20260713 09:10:57.870532 28911 tablet_copy_client.cc:323] T fef93ecfc6cc47a299fb17d3a23f9cc6 P 3694cae202e84a17a5d307e530fafbc9: tablet copy: Beginning tablet copy session from remote peer at address 127.26.170.66:44033
I20260713 09:10:57.883091 28514 tablet_copy_service.cc:140] P 2b2fc6c58ec44faf88b01585ac3d7941: Received BeginTabletCopySession request for tablet fef93ecfc6cc47a299fb17d3a23f9cc6 from peer 3694cae202e84a17a5d307e530fafbc9 ({username='slave'} at 127.0.0.1:50172)
I20260713 09:10:57.883697 28514 tablet_copy_service.cc:161] P 2b2fc6c58ec44faf88b01585ac3d7941: Beginning new tablet copy session on tablet fef93ecfc6cc47a299fb17d3a23f9cc6 from peer 3694cae202e84a17a5d307e530fafbc9 at {username='slave'} at 127.0.0.1:50172: session id = 3694cae202e84a17a5d307e530fafbc9-fef93ecfc6cc47a299fb17d3a23f9cc6
I20260713 09:10:57.888911 28514 tablet_copy_source_session.cc:215] T fef93ecfc6cc47a299fb17d3a23f9cc6 P 2b2fc6c58ec44faf88b01585ac3d7941: Tablet Copy: opened 0 blocks and 1 log segments
I20260713 09:10:57.892323 28911 data_dirs.cc:400] Could only allocate 1 dirs of requested 3 for tablet fef93ecfc6cc47a299fb17d3a23f9cc6. 1 dirs total, 0 dirs full, 0 dirs failed
I20260713 09:10:57.907636 28911 tablet_copy_client.cc:806] T fef93ecfc6cc47a299fb17d3a23f9cc6 P 3694cae202e84a17a5d307e530fafbc9: tablet copy: Starting download of 0 data blocks...
I20260713 09:10:57.908317 28911 tablet_copy_client.cc:670] T fef93ecfc6cc47a299fb17d3a23f9cc6 P 3694cae202e84a17a5d307e530fafbc9: tablet copy: Starting download of 1 WAL segments...
I20260713 09:10:57.912326 28911 tablet_copy_client.cc:538] T fef93ecfc6cc47a299fb17d3a23f9cc6 P 3694cae202e84a17a5d307e530fafbc9: tablet copy: Tablet Copy complete. Replacing tablet superblock.
I20260713 09:10:57.921030 28911 tablet_bootstrap.cc:492] T fef93ecfc6cc47a299fb17d3a23f9cc6 P 3694cae202e84a17a5d307e530fafbc9: Bootstrap starting.
I20260713 09:10:57.942019 28911 tablet_bootstrap.cc:492] T fef93ecfc6cc47a299fb17d3a23f9cc6 P 3694cae202e84a17a5d307e530fafbc9: Bootstrap replayed 1/1 log segments. Stats: ops{read=2 overwritten=0 applied=2 ignored=0} inserts{seen=0 ignored=0} mutations{seen=0 ignored=0} orphaned_commits=0. Pending: 0 replicates
I20260713 09:10:57.942988 28911 tablet_bootstrap.cc:492] T fef93ecfc6cc47a299fb17d3a23f9cc6 P 3694cae202e84a17a5d307e530fafbc9: Bootstrap complete.
I20260713 09:10:57.943651 28911 ts_tablet_manager.cc:1403] T fef93ecfc6cc47a299fb17d3a23f9cc6 P 3694cae202e84a17a5d307e530fafbc9: Time spent bootstrapping tablet: real 0.023s	user 0.023s	sys 0.000s
I20260713 09:10:57.946841 28911 raft_consensus.cc:359] T fef93ecfc6cc47a299fb17d3a23f9cc6 P 3694cae202e84a17a5d307e530fafbc9 [term 1 LEARNER]: Replica starting. Triggering 0 pending ops. Active config: opid_index: 2 OBSOLETE_local: false peers { permanent_uuid: "632989624f6b42b3872d1335859697fd" member_type: VOTER last_known_addr { host: "127.26.170.65" port: 42319 } } peers { permanent_uuid: "2b2fc6c58ec44faf88b01585ac3d7941" member_type: VOTER last_known_addr { host: "127.26.170.66" port: 44033 } } peers { permanent_uuid: "6b65add78d7f44a0b93cc0f2ba584867" member_type: VOTER last_known_addr { host: "127.26.170.67" port: 35871 } attrs { replace: true } } peers { permanent_uuid: "3694cae202e84a17a5d307e530fafbc9" member_type: NON_VOTER last_known_addr { host: "127.26.170.68" port: 36711 } attrs { promote: true } }
I20260713 09:10:57.947880 28911 raft_consensus.cc:740] T fef93ecfc6cc47a299fb17d3a23f9cc6 P 3694cae202e84a17a5d307e530fafbc9 [term 1 LEARNER]: Becoming Follower/Learner. State: Replica: 3694cae202e84a17a5d307e530fafbc9, State: Initialized, Role: LEARNER
I20260713 09:10:57.948570 28911 consensus_queue.cc:260] T fef93ecfc6cc47a299fb17d3a23f9cc6 P 3694cae202e84a17a5d307e530fafbc9 [NON_LEADER]: Queue going to NON_LEADER mode. State: All replicated index: 0, Majority replicated index: 0, Committed index: 2, Last appended: 1.2, Last appended by leader: 2, Current term: 0, Majority size: -1, State: 0, Mode: NON_LEADER, active raft config: opid_index: 2 OBSOLETE_local: false peers { permanent_uuid: "632989624f6b42b3872d1335859697fd" member_type: VOTER last_known_addr { host: "127.26.170.65" port: 42319 } } peers { permanent_uuid: "2b2fc6c58ec44faf88b01585ac3d7941" member_type: VOTER last_known_addr { host: "127.26.170.66" port: 44033 } } peers { permanent_uuid: "6b65add78d7f44a0b93cc0f2ba584867" member_type: VOTER last_known_addr { host: "127.26.170.67" port: 35871 } attrs { replace: true } } peers { permanent_uuid: "3694cae202e84a17a5d307e530fafbc9" member_type: NON_VOTER last_known_addr { host: "127.26.170.68" port: 36711 } attrs { promote: true } }
I20260713 09:10:57.950641 28877 heartbeater.cc:499] Master 127.26.170.126:41695 was elected leader, sending a full tablet report...
