I20260713 09:10:58.264686 28965 ts_tablet_manager.cc:933] T 0d30343959f24a9c9fb467198f63d87e P 3c7ed45885584ca6a49be9f0f7a69e9d: Initiating tablet copy from peer 79b5fd66125243e082e3e211a4007c1b (127.26.156.67:37069)
I20260713 09:10:58.274503 28965 tablet_copy_client.cc:323] T 0d30343959f24a9c9fb467198f63d87e P 3c7ed45885584ca6a49be9f0f7a69e9d: tablet copy: Beginning tablet copy session from remote peer at address 127.26.156.67:37069
I20260713 09:10:58.276350 28508 tablet_copy_service.cc:140] P 79b5fd66125243e082e3e211a4007c1b: Received BeginTabletCopySession request for tablet 0d30343959f24a9c9fb467198f63d87e from peer 3c7ed45885584ca6a49be9f0f7a69e9d ({username='slave'} at 127.0.0.1:50912)
I20260713 09:10:58.276826 28508 tablet_copy_service.cc:161] P 79b5fd66125243e082e3e211a4007c1b: Beginning new tablet copy session on tablet 0d30343959f24a9c9fb467198f63d87e from peer 3c7ed45885584ca6a49be9f0f7a69e9d at {username='slave'} at 127.0.0.1:50912: session id = 3c7ed45885584ca6a49be9f0f7a69e9d-0d30343959f24a9c9fb467198f63d87e
I20260713 09:10:58.279211 28963 tablet_copy_client.cc:806] T 1d090329ac2f405b8b0cfeee98ec4aeb P 3c7ed45885584ca6a49be9f0f7a69e9d: tablet copy: Starting download of 0 data blocks...
I20260713 09:10:58.279740 28963 tablet_copy_client.cc:670] T 1d090329ac2f405b8b0cfeee98ec4aeb P 3c7ed45885584ca6a49be9f0f7a69e9d: tablet copy: Starting download of 1 WAL segments...
I20260713 09:10:58.282644 28508 tablet_copy_source_session.cc:215] T 0d30343959f24a9c9fb467198f63d87e P 79b5fd66125243e082e3e211a4007c1b: Tablet Copy: opened 0 blocks and 1 log segments
I20260713 09:10:58.283699 28963 tablet_copy_client.cc:538] T 1d090329ac2f405b8b0cfeee98ec4aeb P 3c7ed45885584ca6a49be9f0f7a69e9d: tablet copy: Tablet Copy complete. Replacing tablet superblock.
I20260713 09:10:58.285885 28965 data_dirs.cc:400] Could only allocate 1 dirs of requested 3 for tablet 0d30343959f24a9c9fb467198f63d87e. 1 dirs total, 0 dirs full, 0 dirs failed
I20260713 09:10:58.291591 28963 tablet_bootstrap.cc:492] T 1d090329ac2f405b8b0cfeee98ec4aeb P 3c7ed45885584ca6a49be9f0f7a69e9d: Bootstrap starting.
I20260713 09:10:58.304317 28965 tablet_copy_client.cc:806] T 0d30343959f24a9c9fb467198f63d87e P 3c7ed45885584ca6a49be9f0f7a69e9d: tablet copy: Starting download of 0 data blocks...
I20260713 09:10:58.304869 28965 tablet_copy_client.cc:670] T 0d30343959f24a9c9fb467198f63d87e P 3c7ed45885584ca6a49be9f0f7a69e9d: tablet copy: Starting download of 1 WAL segments...
I20260713 09:10:58.309124 28967 ts_tablet_manager.cc:933] T c7542b8a648a4bee9444d7b552a1a4b4 P 3c7ed45885584ca6a49be9f0f7a69e9d: Initiating tablet copy from peer 79b5fd66125243e082e3e211a4007c1b (127.26.156.67:37069)
I20260713 09:10:58.309391 28965 tablet_copy_client.cc:538] T 0d30343959f24a9c9fb467198f63d87e P 3c7ed45885584ca6a49be9f0f7a69e9d: tablet copy: Tablet Copy complete. Replacing tablet superblock.
I20260713 09:10:58.321208 28965 tablet_bootstrap.cc:492] T 0d30343959f24a9c9fb467198f63d87e P 3c7ed45885584ca6a49be9f0f7a69e9d: Bootstrap starting.
I20260713 09:10:58.321712 28967 tablet_copy_client.cc:323] T c7542b8a648a4bee9444d7b552a1a4b4 P 3c7ed45885584ca6a49be9f0f7a69e9d: tablet copy: Beginning tablet copy session from remote peer at address 127.26.156.67:37069
I20260713 09:10:58.323588 28508 tablet_copy_service.cc:140] P 79b5fd66125243e082e3e211a4007c1b: Received BeginTabletCopySession request for tablet c7542b8a648a4bee9444d7b552a1a4b4 from peer 3c7ed45885584ca6a49be9f0f7a69e9d ({username='slave'} at 127.0.0.1:50912)
I20260713 09:10:58.324112 28508 tablet_copy_service.cc:161] P 79b5fd66125243e082e3e211a4007c1b: Beginning new tablet copy session on tablet c7542b8a648a4bee9444d7b552a1a4b4 from peer 3c7ed45885584ca6a49be9f0f7a69e9d at {username='slave'} at 127.0.0.1:50912: session id = 3c7ed45885584ca6a49be9f0f7a69e9d-c7542b8a648a4bee9444d7b552a1a4b4
I20260713 09:10:58.332036 28508 tablet_copy_source_session.cc:215] T c7542b8a648a4bee9444d7b552a1a4b4 P 79b5fd66125243e082e3e211a4007c1b: Tablet Copy: opened 0 blocks and 1 log segments
I20260713 09:10:58.337865 28963 tablet_bootstrap.cc:492] T 1d090329ac2f405b8b0cfeee98ec4aeb P 3c7ed45885584ca6a49be9f0f7a69e9d: Bootstrap replayed 1/1 log segments. Stats: ops{read=2 overwritten=0 applied=2 ignored=0} inserts{seen=0 ignored=0} mutations{seen=0 ignored=0} orphaned_commits=0. Pending: 0 replicates
I20260713 09:10:58.339278 28963 tablet_bootstrap.cc:492] T 1d090329ac2f405b8b0cfeee98ec4aeb P 3c7ed45885584ca6a49be9f0f7a69e9d: Bootstrap complete.
I20260713 09:10:58.339918 28963 ts_tablet_manager.cc:1403] T 1d090329ac2f405b8b0cfeee98ec4aeb P 3c7ed45885584ca6a49be9f0f7a69e9d: Time spent bootstrapping tablet: real 0.049s	user 0.031s	sys 0.008s
I20260713 09:10:58.344533 28967 data_dirs.cc:400] Could only allocate 1 dirs of requested 3 for tablet c7542b8a648a4bee9444d7b552a1a4b4. 1 dirs total, 0 dirs full, 0 dirs failed
I20260713 09:10:58.342762 28963 raft_consensus.cc:359] T 1d090329ac2f405b8b0cfeee98ec4aeb P 3c7ed45885584ca6a49be9f0f7a69e9d [term 1 LEARNER]: Replica starting. Triggering 0 pending ops. Active config: opid_index: 2 OBSOLETE_local: false peers { permanent_uuid: "ac81fca1c94a4002b34bcff007af521a" member_type: VOTER last_known_addr { host: "127.26.156.65" port: 45899 } attrs { replace: true } } peers { permanent_uuid: "e7489596a7444d269d88a68471520034" member_type: VOTER last_known_addr { host: "127.26.156.66" port: 42285 } } peers { permanent_uuid: "79b5fd66125243e082e3e211a4007c1b" member_type: VOTER last_known_addr { host: "127.26.156.67" port: 37069 } } peers { permanent_uuid: "3c7ed45885584ca6a49be9f0f7a69e9d" member_type: NON_VOTER last_known_addr { host: "127.26.156.68" port: 37757 } attrs { promote: true } }
I20260713 09:10:58.350430 28963 raft_consensus.cc:740] T 1d090329ac2f405b8b0cfeee98ec4aeb P 3c7ed45885584ca6a49be9f0f7a69e9d [term 1 LEARNER]: Becoming Follower/Learner. State: Replica: 3c7ed45885584ca6a49be9f0f7a69e9d, State: Initialized, Role: LEARNER
I20260713 09:10:58.351120 28963 consensus_queue.cc:260] T 1d090329ac2f405b8b0cfeee98ec4aeb P 3c7ed45885584ca6a49be9f0f7a69e9d [NON_LEADER]: Queue going to NON_LEADER mode. State: All replicated index: 0, Majority replicated index: 0, Committed index: 2, Last appended: 1.2, Last appended by leader: 2, Current term: 0, Majority size: -1, State: 0, Mode: NON_LEADER, active raft config: opid_index: 2 OBSOLETE_local: false peers { permanent_uuid: "ac81fca1c94a4002b34bcff007af521a" member_type: VOTER last_known_addr { host: "127.26.156.65" port: 45899 } attrs { replace: true } } peers { permanent_uuid: "e7489596a7444d269d88a68471520034" member_type: VOTER last_known_addr { host: "127.26.156.66" port: 42285 } } peers { permanent_uuid: "79b5fd66125243e082e3e211a4007c1b" member_type: VOTER last_known_addr { host: "127.26.156.67" port: 37069 } } peers { permanent_uuid: "3c7ed45885584ca6a49be9f0f7a69e9d" member_type: NON_VOTER last_known_addr { host: "127.26.156.68" port: 37757 } attrs { promote: true } }
I20260713 09:10:58.356400 28963 ts_tablet_manager.cc:1434] T 1d090329ac2f405b8b0cfeee98ec4aeb P 3c7ed45885584ca6a49be9f0f7a69e9d: Time spent starting tablet: real 0.016s	user 0.008s	sys 0.000s
I20260713 09:10:58.357129 28970 ts_tablet_manager.cc:933] T 04e2056bcad5466fa6bf68fef670457a P 3c7ed45885584ca6a49be9f0f7a69e9d: Initiating tablet copy from peer ac81fca1c94a4002b34bcff007af521a (127.26.156.65:45899)
I20260713 09:10:58.363341 28965 tablet_bootstrap.cc:492] T 0d30343959f24a9c9fb467198f63d87e P 3c7ed45885584ca6a49be9f0f7a69e9d: Bootstrap replayed 1/1 log segments. Stats: ops{read=2 overwritten=0 applied=2 ignored=0} inserts{seen=0 ignored=0} mutations{seen=0 ignored=0} orphaned_commits=0. Pending: 0 replicates
I20260713 09:10:58.364221 28965 tablet_bootstrap.cc:492] T 0d30343959f24a9c9fb467198f63d87e P 3c7ed45885584ca6a49be9f0f7a69e9d: Bootstrap complete.
I20260713 09:10:58.364873 28965 ts_tablet_manager.cc:1403] T 0d30343959f24a9c9fb467198f63d87e P 3c7ed45885584ca6a49be9f0f7a69e9d: Time spent bootstrapping tablet: real 0.044s	user 0.020s	sys 0.015s
I20260713 09:10:58.368492 28965 raft_consensus.cc:359] T 0d30343959f24a9c9fb467198f63d87e P 3c7ed45885584ca6a49be9f0f7a69e9d [term 1 LEARNER]: Replica starting. Triggering 0 pending ops. Active config: opid_index: 2 OBSOLETE_local: false peers { permanent_uuid: "ac81fca1c94a4002b34bcff007af521a" member_type: VOTER last_known_addr { host: "127.26.156.65" port: 45899 } attrs { replace: true } } peers { permanent_uuid: "e7489596a7444d269d88a68471520034" member_type: VOTER last_known_addr { host: "127.26.156.66" port: 42285 } } peers { permanent_uuid: "79b5fd66125243e082e3e211a4007c1b" member_type: VOTER last_known_addr { host: "127.26.156.67" port: 37069 } } peers { permanent_uuid: "3c7ed45885584ca6a49be9f0f7a69e9d" member_type: NON_VOTER last_known_addr { host: "127.26.156.68" port: 37757 } attrs { promote: true } }
I20260713 09:10:58.369302 28965 raft_consensus.cc:740] T 0d30343959f24a9c9fb467198f63d87e P 3c7ed45885584ca6a49be9f0f7a69e9d [term 1 LEARNER]: Becoming Follower/Learner. State: Replica: 3c7ed45885584ca6a49be9f0f7a69e9d, State: Initialized, Role: LEARNER
I20260713 09:10:58.370792 28434 tablet_copy_service.cc:342] P e7489596a7444d269d88a68471520034: Request end of tablet copy session 3c7ed45885584ca6a49be9f0f7a69e9d-1d090329ac2f405b8b0cfeee98ec4aeb received from {username='slave'} at 127.0.0.1:55974
I20260713 09:10:58.371230 28434 tablet_copy_service.cc:434] P e7489596a7444d269d88a68471520034: ending tablet copy session 3c7ed45885584ca6a49be9f0f7a69e9d-1d090329ac2f405b8b0cfeee98ec4aeb on tablet 1d090329ac2f405b8b0cfeee98ec4aeb with peer 3c7ed45885584ca6a49be9f0f7a69e9d
I20260713 09:10:58.369926 28965 consensus_queue.cc:260] T 0d30343959f24a9c9fb467198f63d87e P 3c7ed45885584ca6a49be9f0f7a69e9d [NON_LEADER]: Queue going to NON_LEADER mode. State: All replicated index: 0, Majority replicated index: 0, Committed index: 2, Last appended: 1.2, Last appended by leader: 2, Current term: 0, Majority size: -1, State: 0, Mode: NON_LEADER, active raft config: opid_index: 2 OBSOLETE_local: false peers { permanent_uuid: "ac81fca1c94a4002b34bcff007af521a" member_type: VOTER last_known_addr { host: "127.26.156.65" port: 45899 } attrs { replace: true } } peers { permanent_uuid: "e7489596a7444d269d88a68471520034" member_type: VOTER last_known_addr { host: "127.26.156.66" port: 42285 } } peers { permanent_uuid: "79b5fd66125243e082e3e211a4007c1b" member_type: VOTER last_known_addr { host: "127.26.156.67" port: 37069 } } peers { permanent_uuid: "3c7ed45885584ca6a49be9f0f7a69e9d" member_type: NON_VOTER last_known_addr { host: "127.26.156.68" port: 37757 } attrs { promote: true } }
I20260713 09:10:58.374114 28965 ts_tablet_manager.cc:1434] T 0d30343959f24a9c9fb467198f63d87e P 3c7ed45885584ca6a49be9f0f7a69e9d: Time spent starting tablet: real 0.009s	user 0.006s	sys 0.002s
I20260713 09:10:58.378739 28508 tablet_copy_service.cc:342] P 79b5fd66125243e082e3e211a4007c1b: Request end of tablet copy session 3c7ed45885584ca6a49be9f0f7a69e9d-0d30343959f24a9c9fb467198f63d87e received from {username='slave'} at 127.0.0.1:50912
I20260713 09:10:58.379209 28508 tablet_copy_service.cc:434] P 79b5fd66125243e082e3e211a4007c1b: ending tablet copy session 3c7ed45885584ca6a49be9f0f7a69e9d-0d30343959f24a9c9fb467198f63d87e on tablet 0d30343959f24a9c9fb467198f63d87e with peer 3c7ed45885584ca6a49be9f0f7a69e9d
I20260713 09:10:58.380770 28967 tablet_copy_client.cc:806] T c7542b8a648a4bee9444d7b552a1a4b4 P 3c7ed45885584ca6a49be9f0f7a69e9d: tablet copy: Starting download of 0 data blocks...
I20260713 09:10:58.381325 28967 tablet_copy_client.cc:670] T c7542b8a648a4bee9444d7b552a1a4b4 P 3c7ed45885584ca6a49be9f0f7a69e9d: tablet copy: Starting download of 1 WAL segments...
I20260713 09:10:58.384524 28970 tablet_copy_client.cc:323] T 04e2056bcad5466fa6bf68fef670457a P 3c7ed45885584ca6a49be9f0f7a69e9d: tablet copy: Beginning tablet copy session from remote peer at address 127.26.156.65:45899
I20260713 09:10:58.385316 28967 tablet_copy_client.cc:538] T c7542b8a648a4bee9444d7b552a1a4b4 P 3c7ed45885584ca6a49be9f0f7a69e9d: tablet copy: Tablet Copy complete. Replacing tablet superblock.
I20260713 09:10:58.386283 28358 tablet_copy_service.cc:140] P ac81fca1c94a4002b34bcff007af521a: Received BeginTabletCopySession request for tablet 04e2056bcad5466fa6bf68fef670457a from peer 3c7ed45885584ca6a49be9f0f7a69e9d ({username='slave'} at 127.0.0.1:45582)
I20260713 09:10:58.386828 28358 tablet_copy_service.cc:161] P ac81fca1c94a4002b34bcff007af521a: Beginning new tablet copy session on tablet 04e2056bcad5466fa6bf68fef670457a from peer 3c7ed45885584ca6a49be9f0f7a69e9d at {username='slave'} at 127.0.0.1:45582: session id = 3c7ed45885584ca6a49be9f0f7a69e9d-04e2056bcad5466fa6bf68fef670457a
I20260713 09:10:58.393812 28358 tablet_copy_source_session.cc:215] T 04e2056bcad5466fa6bf68fef670457a P ac81fca1c94a4002b34bcff007af521a: Tablet Copy: opened 0 blocks and 1 log segments
I20260713 09:10:58.394172 28967 tablet_bootstrap.cc:492] T c7542b8a648a4bee9444d7b552a1a4b4 P 3c7ed45885584ca6a49be9f0f7a69e9d: Bootstrap starting.
I20260713 09:10:58.396920 28970 data_dirs.cc:400] Could only allocate 1 dirs of requested 3 for tablet 04e2056bcad5466fa6bf68fef670457a. 1 dirs total, 0 dirs full, 0 dirs failed
I20260713 09:10:58.410048 28970 tablet_copy_client.cc:806] T 04e2056bcad5466fa6bf68fef670457a P 3c7ed45885584ca6a49be9f0f7a69e9d: tablet copy: Starting download of 0 data blocks...
I20260713 09:10:58.410584 28970 tablet_copy_client.cc:670] T 04e2056bcad5466fa6bf68fef670457a P 3c7ed45885584ca6a49be9f0f7a69e9d: tablet copy: Starting download of 1 WAL segments...
I20260713 09:10:58.414498 28970 tablet_copy_client.cc:538] T 04e2056bcad5466fa6bf68fef670457a P 3c7ed45885584ca6a49be9f0f7a69e9d: tablet copy: Tablet Copy complete. Replacing tablet superblock.
I20260713 09:10:58.422351 28970 tablet_bootstrap.cc:492] T 04e2056bcad5466fa6bf68fef670457a P 3c7ed45885584ca6a49be9f0f7a69e9d: Bootstrap starting.
I20260713 09:10:58.425472 28967 tablet_bootstrap.cc:492] T c7542b8a648a4bee9444d7b552a1a4b4 P 3c7ed45885584ca6a49be9f0f7a69e9d: Bootstrap replayed 1/1 log segments. Stats: ops{read=2 overwritten=0 applied=2 ignored=0} inserts{seen=0 ignored=0} mutations{seen=0 ignored=0} orphaned_commits=0. Pending: 0 replicates
I20260713 09:10:58.426380 28967 tablet_bootstrap.cc:492] T c7542b8a648a4bee9444d7b552a1a4b4 P 3c7ed45885584ca6a49be9f0f7a69e9d: Bootstrap complete.
I20260713 09:10:58.427060 28967 ts_tablet_manager.cc:1403] T c7542b8a648a4bee9444d7b552a1a4b4 P 3c7ed45885584ca6a49be9f0f7a69e9d: Time spent bootstrapping tablet: real 0.033s	user 0.018s	sys 0.007s
I20260713 09:10:58.430091 28967 raft_consensus.cc:359] T c7542b8a648a4bee9444d7b552a1a4b4 P 3c7ed45885584ca6a49be9f0f7a69e9d [term 1 LEARNER]: Replica starting. Triggering 0 pending ops. Active config: opid_index: 2 OBSOLETE_local: false peers { permanent_uuid: "ac81fca1c94a4002b34bcff007af521a" member_type: VOTER last_known_addr { host: "127.26.156.65" port: 45899 } } peers { permanent_uuid: "e7489596a7444d269d88a68471520034" member_type: VOTER last_known_addr { host: "127.26.156.66" port: 42285 } attrs { replace: true } } peers { permanent_uuid: "79b5fd66125243e082e3e211a4007c1b" member_type: VOTER last_known_addr { host: "127.26.156.67" port: 37069 } } peers { permanent_uuid: "3c7ed45885584ca6a49be9f0f7a69e9d" member_type: NON_VOTER last_known_addr { host: "127.26.156.68" port: 37757 } attrs { promote: true } }
I20260713 09:10:58.430920 28967 raft_consensus.cc:740] T c7542b8a648a4bee9444d7b552a1a4b4 P 3c7ed45885584ca6a49be9f0f7a69e9d [term 1 LEARNER]: Becoming Follower/Learner. State: Replica: 3c7ed45885584ca6a49be9f0f7a69e9d, State: Initialized, Role: LEARNER
I20260713 09:10:58.431541 28967 consensus_queue.cc:260] T c7542b8a648a4bee9444d7b552a1a4b4 P 3c7ed45885584ca6a49be9f0f7a69e9d [NON_LEADER]: Queue going to NON_LEADER mode. State: All replicated index: 0, Majority replicated index: 0, Committed index: 2, Last appended: 1.2, Last appended by leader: 2, Current term: 0, Majority size: -1, State: 0, Mode: NON_LEADER, active raft config: opid_index: 2 OBSOLETE_local: false peers { permanent_uuid: "ac81fca1c94a4002b34bcff007af521a" member_type: VOTER last_known_addr { host: "127.26.156.65" port: 45899 } } peers { permanent_uuid: "e7489596a7444d269d88a68471520034" member_type: VOTER last_known_addr { host: "127.26.156.66" port: 42285 } attrs { replace: true } } peers { permanent_uuid: "79b5fd66125243e082e3e211a4007c1b" member_type: VOTER last_known_addr { host: "127.26.156.67" port: 37069 } } peers { permanent_uuid: "3c7ed45885584ca6a49be9f0f7a69e9d" member_type: NON_VOTER last_known_addr { host: "127.26.156.68" port: 37757 } attrs { promote: true } }
I20260713 09:10:58.437250 28967 ts_tablet_manager.cc:1434] T c7542b8a648a4bee9444d7b552a1a4b4 P 3c7ed45885584ca6a49be9f0f7a69e9d: Time spent starting tablet: real 0.010s	user 0.002s	sys 0.004s
I20260713 09:10:58.438898 28508 tablet_copy_service.cc:342] P 79b5fd66125243e082e3e211a4007c1b: Request end of tablet copy session 3c7ed45885584ca6a49be9f0f7a69e9d-c7542b8a648a4bee9444d7b552a1a4b4 received from {username='slave'} at 127.0.0.1:50912
I20260713 09:10:58.439337 28508 tablet_copy_service.cc:434] P 79b5fd66125243e082e3e211a4007c1b: ending tablet copy session 3c7ed45885584ca6a49be9f0f7a69e9d-c7542b8a648a4bee9444d7b552a1a4b4 on tablet c7542b8a648a4bee9444d7b552a1a4b4 with peer 3c7ed45885584ca6a49be9f0f7a69e9d
I20260713 09:10:58.447320 28970 tablet_bootstrap.cc:492] T 04e2056bcad5466fa6bf68fef670457a P 3c7ed45885584ca6a49be9f0f7a69e9d: Bootstrap replayed 1/1 log segments. Stats: ops{read=2 overwritten=0 applied=2 ignored=0} inserts{seen=0 ignored=0} mutations{seen=0 ignored=0} orphaned_commits=0. Pending: 0 replicates
I20260713 09:10:58.448211 28970 tablet_bootstrap.cc:492] T 04e2056bcad5466fa6bf68fef670457a P 3c7ed45885584ca6a49be9f0f7a69e9d: Bootstrap complete.
I20260713 09:10:58.448848 28970 ts_tablet_manager.cc:1403] T 04e2056bcad5466fa6bf68fef670457a P 3c7ed45885584ca6a49be9f0f7a69e9d: Time spent bootstrapping tablet: real 0.027s	user 0.017s	sys 0.005s
I20260713 09:10:58.451815 28970 raft_consensus.cc:359] T 04e2056bcad5466fa6bf68fef670457a P 3c7ed45885584ca6a49be9f0f7a69e9d [term 1 LEARNER]: Replica starting. Triggering 0 pending ops. Active config: opid_index: 2 OBSOLETE_local: false peers { permanent_uuid: "ac81fca1c94a4002b34bcff007af521a" member_type: VOTER last_known_addr { host: "127.26.156.65" port: 45899 } } peers { permanent_uuid: "e7489596a7444d269d88a68471520034" member_type: VOTER last_known_addr { host: "127.26.156.66" port: 42285 } } peers { permanent_uuid: "79b5fd66125243e082e3e211a4007c1b" member_type: VOTER last_known_addr { host: "127.26.156.67" port: 37069 } attrs { replace: true } } peers { permanent_uuid: "3c7ed45885584ca6a49be9f0f7a69e9d" member_type: NON_VOTER last_known_addr { host: "127.26.156.68" port: 37757 } attrs { promote: true } }
I20260713 09:10:58.452642 28970 raft_consensus.cc:740] T 04e2056bcad5466fa6bf68fef670457a P 3c7ed45885584ca6a49be9f0f7a69e9d [term 1 LEARNER]: Becoming Follower/Learner. State: Replica: 3c7ed45885584ca6a49be9f0f7a69e9d, State: Initialized, Role: LEARNER
I20260713 09:10:58.453253 28970 consensus_queue.cc:260] T 04e2056bcad5466fa6bf68fef670457a P 3c7ed45885584ca6a49be9f0f7a69e9d [NON_LEADER]: Queue going to NON_LEADER mode. State: All replicated index: 0, Majority replicated index: 0, Committed index: 2, Last appended: 1.2, Last appended by leader: 2, Current term: 0, Majority size: -1, State: 0, Mode: NON_LEADER, active raft config: opid_index: 2 OBSOLETE_local: false peers { permanent_uuid: "ac81fca1c94a4002b34bcff007af521a" member_type: VOTER last_known_addr { host: "127.26.156.65" port: 45899 } } peers { permanent_uuid: "e7489596a7444d269d88a68471520034" member_type: VOTER last_known_addr { host: "127.26.156.66" port: 42285 } } peers { permanent_uuid: "79b5fd66125243e082e3e211a4007c1b" member_type: VOTER last_known_addr { host: "127.26.156.67" port: 37069 } attrs { replace: true } } peers { permanent_uuid: "3c7ed45885584ca6a49be9f0f7a69e9d" member_type: NON_VOTER last_known_addr { host: "127.26.156.68" port: 37757 } attrs { promote: true } }
I20260713 09:10:58.455597 28970 ts_tablet_manager.cc:1434] T 04e2056bcad5466fa6bf68fef670457a P 3c7ed45885584ca6a49be9f0f7a69e9d: Time spent starting tablet: real 0.006s	user 0.006s	sys 0.002s
I20260713 09:10:58.457209 28358 tablet_copy_service.cc:342] P ac81fca1c94a4002b34bcff007af521a: Request end of tablet copy session 3c7ed45885584ca6a49be9f0f7a69e9d-04e2056bcad5466fa6bf68fef670457a received from {username='slave'} at 127.0.0.1:45582
I20260713 09:10:58.457607 28358 tablet_copy_service.cc:434] P ac81fca1c94a4002b34bcff007af521a: ending tablet copy session 3c7ed45885584ca6a49be9f0f7a69e9d-04e2056bcad5466fa6bf68fef670457a on tablet 04e2056bcad5466fa6bf68fef670457a with peer 3c7ed45885584ca6a49be9f0f7a69e9d
I20260713 09:10:58.693719 28770 raft_consensus.cc:1217] T c7542b8a648a4bee9444d7b552a1a4b4 P 3c7ed45885584ca6a49be9f0f7a69e9d [term 1 LEARNER]: Deduplicated request from leader. Original: 1.1->[1.2-1.2]   Dedup: 1.2->[]
I20260713 09:10:58.775058 28770 raft_consensus.cc:1217] T 1d090329ac2f405b8b0cfeee98ec4aeb P 3c7ed45885584ca6a49be9f0f7a69e9d [term 1 LEARNER]: Deduplicated request from leader. Original: 1.1->[1.2-1.2]   Dedup: 1.2->[]
I20260713 09:10:58.834262 28770 raft_consensus.cc:1217] T 0d30343959f24a9c9fb467198f63d87e P 3c7ed45885584ca6a49be9f0f7a69e9d [term 1 LEARNER]: Deduplicated request from leader. Original: 1.1->[1.2-1.2]   Dedup: 1.2->[]
I20260713 09:10:58.938716 28770 raft_consensus.cc:1217] T 04e2056bcad5466fa6bf68fef670457a P 3c7ed45885584ca6a49be9f0f7a69e9d [term 1 LEARNER]: Deduplicated request from leader. Original: 1.1->[1.2-1.2]   Dedup: 1.2->[]
I20260713 09:10:59.116837 28955 raft_consensus.cc:1064] T c7542b8a648a4bee9444d7b552a1a4b4 P 79b5fd66125243e082e3e211a4007c1b: attempting to promote NON_VOTER 3c7ed45885584ca6a49be9f0f7a69e9d to VOTER
I20260713 09:10:59.119378 28955 consensus_queue.cc:237] T c7542b8a648a4bee9444d7b552a1a4b4 P 79b5fd66125243e082e3e211a4007c1b [LEADER]: Queue going to LEADER mode. State: All replicated index: 0, Majority replicated index: 2, Committed index: 2, Last appended: 1.2, Last appended by leader: 0, Current term: 1, Majority size: 3, State: 0, Mode: LEADER, active raft config: opid_index: 3 OBSOLETE_local: false peers { permanent_uuid: "ac81fca1c94a4002b34bcff007af521a" member_type: VOTER last_known_addr { host: "127.26.156.65" port: 45899 } } peers { permanent_uuid: "e7489596a7444d269d88a68471520034" member_type: VOTER last_known_addr { host: "127.26.156.66" port: 42285 } attrs { replace: true } } peers { permanent_uuid: "79b5fd66125243e082e3e211a4007c1b" member_type: VOTER last_known_addr { host: "127.26.156.67" port: 37069 } } peers { permanent_uuid: "3c7ed45885584ca6a49be9f0f7a69e9d" member_type: VOTER last_known_addr { host: "127.26.156.68" port: 37757 } attrs { promote: false } }
I20260713 09:10:59.125887 28423 raft_consensus.cc:1275] T c7542b8a648a4bee9444d7b552a1a4b4 P e7489596a7444d269d88a68471520034 [term 1 FOLLOWER]: Refusing update from remote peer 79b5fd66125243e082e3e211a4007c1b: Log matching property violated. Preceding OpId in replica: term: 1 index: 2. Preceding OpId from leader: term: 1 index: 3. (index mismatch)
I20260713 09:10:59.125952 28770 raft_consensus.cc:1275] T c7542b8a648a4bee9444d7b552a1a4b4 P 3c7ed45885584ca6a49be9f0f7a69e9d [term 1 LEARNER]: Refusing update from remote peer 79b5fd66125243e082e3e211a4007c1b: Log matching property violated. Preceding OpId in replica: term: 1 index: 2. Preceding OpId from leader: term: 1 index: 3. (index mismatch)
I20260713 09:10:59.127135 28348 raft_consensus.cc:1275] T c7542b8a648a4bee9444d7b552a1a4b4 P ac81fca1c94a4002b34bcff007af521a [term 1 FOLLOWER]: Refusing update from remote peer 79b5fd66125243e082e3e211a4007c1b: Log matching property violated. Preceding OpId in replica: term: 1 index: 2. Preceding OpId from leader: term: 1 index: 3. (index mismatch)
I20260713 09:10:59.127583 28939 consensus_queue.cc:1048] T c7542b8a648a4bee9444d7b552a1a4b4 P 79b5fd66125243e082e3e211a4007c1b [LEADER]: Connected to new peer: Peer: permanent_uuid: "e7489596a7444d269d88a68471520034" member_type: VOTER last_known_addr { host: "127.26.156.66" port: 42285 } attrs { replace: true }, Status: LMP_MISMATCH, Last received: 0.0, Next index: 3, Last known committed idx: 2, Time since last communication: 0.000s
I20260713 09:10:59.128407 28976 consensus_queue.cc:1048] T c7542b8a648a4bee9444d7b552a1a4b4 P 79b5fd66125243e082e3e211a4007c1b [LEADER]: Connected to new peer: Peer: permanent_uuid: "ac81fca1c94a4002b34bcff007af521a" member_type: VOTER last_known_addr { host: "127.26.156.65" port: 45899 }, Status: LMP_MISMATCH, Last received: 0.0, Next index: 3, Last known committed idx: 2, Time since last communication: 0.000s
I20260713 09:10:59.130661 28955 consensus_queue.cc:1048] T c7542b8a648a4bee9444d7b552a1a4b4 P 79b5fd66125243e082e3e211a4007c1b [LEADER]: Connected to new peer: Peer: permanent_uuid: "3c7ed45885584ca6a49be9f0f7a69e9d" member_type: VOTER last_known_addr { host: "127.26.156.68" port: 37757 } attrs { promote: false }, Status: LMP_MISMATCH, Last received: 0.0, Next index: 3, Last known committed idx: 2, Time since last communication: 0.000s
I20260713 09:10:59.145869 28939 raft_consensus.cc:2955] T c7542b8a648a4bee9444d7b552a1a4b4 P 79b5fd66125243e082e3e211a4007c1b [term 1 LEADER]: Committing config change with OpId 1.3: config changed from index 2 to 3, 3c7ed45885584ca6a49be9f0f7a69e9d (127.26.156.68) changed from NON_VOTER to VOTER. New config: { opid_index: 3 OBSOLETE_local: false peers { permanent_uuid: "ac81fca1c94a4002b34bcff007af521a" member_type: VOTER last_known_addr { host: "127.26.156.65" port: 45899 } } peers { permanent_uuid: "e7489596a7444d269d88a68471520034" member_type: VOTER last_known_addr { host: "127.26.156.66" port: 42285 } attrs { replace: true } } peers { permanent_uuid: "79b5fd66125243e082e3e211a4007c1b" member_type: VOTER last_known_addr { host: "127.26.156.67" port: 37069 } } peers { permanent_uuid: "3c7ed45885584ca6a49be9f0f7a69e9d" member_type: VOTER last_known_addr { host: "127.26.156.68" port: 37757 } attrs { promote: false } } }
I20260713 09:10:59.147965 28348 raft_consensus.cc:2955] T c7542b8a648a4bee9444d7b552a1a4b4 P ac81fca1c94a4002b34bcff007af521a [term 1 FOLLOWER]: Committing config change with OpId 1.3: config changed from index 2 to 3, 3c7ed45885584ca6a49be9f0f7a69e9d (127.26.156.68) changed from NON_VOTER to VOTER. New config: { opid_index: 3 OBSOLETE_local: false peers { permanent_uuid: "ac81fca1c94a4002b34bcff007af521a" member_type: VOTER last_known_addr { host: "127.26.156.65" port: 45899 } } peers { permanent_uuid: "e7489596a7444d269d88a68471520034" member_type: VOTER last_known_addr { host: "127.26.156.66" port: 42285 } attrs { replace: true } } peers { permanent_uuid: "79b5fd66125243e082e3e211a4007c1b" member_type: VOTER last_known_addr { host: "127.26.156.67" port: 37069 } } peers { permanent_uuid: "3c7ed45885584ca6a49be9f0f7a69e9d" member_type: VOTER last_known_addr { host: "127.26.156.68" port: 37757 } attrs { promote: false } } }
I20260713 09:10:59.147965 28423 raft_consensus.cc:2955] T c7542b8a648a4bee9444d7b552a1a4b4 P e7489596a7444d269d88a68471520034 [term 1 FOLLOWER]: Committing config change with OpId 1.3: config changed from index 2 to 3, 3c7ed45885584ca6a49be9f0f7a69e9d (127.26.156.68) changed from NON_VOTER to VOTER. New config: { opid_index: 3 OBSOLETE_local: false peers { permanent_uuid: "ac81fca1c94a4002b34bcff007af521a" member_type: VOTER last_known_addr { host: "127.26.156.65" port: 45899 } } peers { permanent_uuid: "e7489596a7444d269d88a68471520034" member_type: VOTER last_known_addr { host: "127.26.156.66" port: 42285 } attrs { replace: true } } peers { permanent_uuid: "79b5fd66125243e082e3e211a4007c1b" member_type: VOTER last_known_addr { host: "127.26.156.67" port: 37069 } } peers { permanent_uuid: "3c7ed45885584ca6a49be9f0f7a69e9d" member_type: VOTER last_known_addr { host: "127.26.156.68" port: 37757 } attrs { promote: false } } }
I20260713 09:10:59.158488 28770 raft_consensus.cc:2955] T c7542b8a648a4bee9444d7b552a1a4b4 P 3c7ed45885584ca6a49be9f0f7a69e9d [term 1 FOLLOWER]: Committing config change with OpId 1.3: config changed from index 2 to 3, 3c7ed45885584ca6a49be9f0f7a69e9d (127.26.156.68) changed from NON_VOTER to VOTER. New config: { opid_index: 3 OBSOLETE_local: false peers { permanent_uuid: "ac81fca1c94a4002b34bcff007af521a" member_type: VOTER last_known_addr { host: "127.26.156.65" port: 45899 } } peers { permanent_uuid: "e7489596a7444d269d88a68471520034" member_type: VOTER last_known_addr { host: "127.26.156.66" port: 42285 } attrs { replace: true } } peers { permanent_uuid: "79b5fd66125243e082e3e211a4007c1b" member_type: VOTER last_known_addr { host: "127.26.156.67" port: 37069 } } peers { permanent_uuid: "3c7ed45885584ca6a49be9f0f7a69e9d" member_type: VOTER last_known_addr { host: "127.26.156.68" port: 37757 } attrs { promote: false } } }
I20260713 09:10:59.160548 28245 catalog_manager.cc:5697] T c7542b8a648a4bee9444d7b552a1a4b4 P 79b5fd66125243e082e3e211a4007c1b reported cstate change: config changed from index 2 to 3, 3c7ed45885584ca6a49be9f0f7a69e9d (127.26.156.68) changed from NON_VOTER to VOTER. New cstate: current_term: 1 leader_uuid: "79b5fd66125243e082e3e211a4007c1b" committed_config { opid_index: 3 OBSOLETE_local: false peers { permanent_uuid: "ac81fca1c94a4002b34bcff007af521a" member_type: VOTER last_known_addr { host: "127.26.156.65" port: 45899 } health_report { overall_health: HEALTHY } } peers { permanent_uuid: "e7489596a7444d269d88a68471520034" member_type: VOTER last_known_addr { host: "127.26.156.66" port: 42285 } attrs { replace: true } health_report { overall_health: HEALTHY } } peers { permanent_uuid: "79b5fd66125243e082e3e211a4007c1b" member_type: VOTER last_known_addr { host: "127.26.156.67" port: 37069 } health_report { overall_health: HEALTHY } } peers { permanent_uuid: "3c7ed45885584ca6a49be9f0f7a69e9d" member_type: VOTER last_known_addr { host: "127.26.156.68" port: 37757 } attrs { promote: false } health_report { overall_health: HEALTHY } } }
I20260713 09:10:59.181967 28496 consensus_queue.cc:237] T c7542b8a648a4bee9444d7b552a1a4b4 P 79b5fd66125243e082e3e211a4007c1b [LEADER]: Queue going to LEADER mode. State: All replicated index: 0, Majority replicated index: 3, Committed index: 3, Last appended: 1.3, Last appended by leader: 0, Current term: 1, Majority size: 2, State: 0, Mode: LEADER, active raft config: opid_index: 4 OBSOLETE_local: false peers { permanent_uuid: "ac81fca1c94a4002b34bcff007af521a" member_type: VOTER last_known_addr { host: "127.26.156.65" port: 45899 } } peers { permanent_uuid: "79b5fd66125243e082e3e211a4007c1b" member_type: VOTER last_known_addr { host: "127.26.156.67" port: 37069 } } peers { permanent_uuid: "3c7ed45885584ca6a49be9f0f7a69e9d" member_type: VOTER last_known_addr { host: "127.26.156.68" port: 37757 } attrs { promote: false } }
I20260713 09:10:59.187186 28770 raft_consensus.cc:1275] T c7542b8a648a4bee9444d7b552a1a4b4 P 3c7ed45885584ca6a49be9f0f7a69e9d [term 1 FOLLOWER]: Refusing update from remote peer 79b5fd66125243e082e3e211a4007c1b: Log matching property violated. Preceding OpId in replica: term: 1 index: 3. Preceding OpId from leader: term: 1 index: 4. (index mismatch)
I20260713 09:10:59.188527 28348 raft_consensus.cc:1275] T c7542b8a648a4bee9444d7b552a1a4b4 P ac81fca1c94a4002b34bcff007af521a [term 1 FOLLOWER]: Refusing update from remote peer 79b5fd66125243e082e3e211a4007c1b: Log matching property violated. Preceding OpId in replica: term: 1 index: 3. Preceding OpId from leader: term: 1 index: 4. (index mismatch)
I20260713 09:10:59.189841 28955 consensus_queue.cc:1048] T c7542b8a648a4bee9444d7b552a1a4b4 P 79b5fd66125243e082e3e211a4007c1b [LEADER]: Connected to new peer: Peer: permanent_uuid: "ac81fca1c94a4002b34bcff007af521a" member_type: VOTER last_known_addr { host: "127.26.156.65" port: 45899 }, Status: LMP_MISMATCH, Last received: 0.0, Next index: 4, Last known committed idx: 3, Time since last communication: 0.000s
I20260713 09:10:59.190647 28939 consensus_queue.cc:1048] T c7542b8a648a4bee9444d7b552a1a4b4 P 79b5fd66125243e082e3e211a4007c1b [LEADER]: Connected to new peer: Peer: permanent_uuid: "3c7ed45885584ca6a49be9f0f7a69e9d" member_type: VOTER last_known_addr { host: "127.26.156.68" port: 37757 } attrs { promote: false }, Status: LMP_MISMATCH, Last received: 0.0, Next index: 4, Last known committed idx: 3, Time since last communication: 0.000s
I20260713 09:10:59.197860 28955 raft_consensus.cc:2955] T c7542b8a648a4bee9444d7b552a1a4b4 P 79b5fd66125243e082e3e211a4007c1b [term 1 LEADER]: Committing config change with OpId 1.4: config changed from index 3 to 4, VOTER e7489596a7444d269d88a68471520034 (127.26.156.66) evicted. New config: { opid_index: 4 OBSOLETE_local: false peers { permanent_uuid: "ac81fca1c94a4002b34bcff007af521a" member_type: VOTER last_known_addr { host: "127.26.156.65" port: 45899 } } peers { permanent_uuid: "79b5fd66125243e082e3e211a4007c1b" member_type: VOTER last_known_addr { host: "127.26.156.67" port: 37069 } } peers { permanent_uuid: "3c7ed45885584ca6a49be9f0f7a69e9d" member_type: VOTER last_known_addr { host: "127.26.156.68" port: 37757 } attrs { promote: false } } }
I20260713 09:10:59.199404 28769 raft_consensus.cc:2955] T c7542b8a648a4bee9444d7b552a1a4b4 P 3c7ed45885584ca6a49be9f0f7a69e9d [term 1 FOLLOWER]: Committing config change with OpId 1.4: config changed from index 3 to 4, VOTER e7489596a7444d269d88a68471520034 (127.26.156.66) evicted. New config: { opid_index: 4 OBSOLETE_local: false peers { permanent_uuid: "ac81fca1c94a4002b34bcff007af521a" member_type: VOTER last_known_addr { host: "127.26.156.65" port: 45899 } } peers { permanent_uuid: "79b5fd66125243e082e3e211a4007c1b" member_type: VOTER last_known_addr { host: "127.26.156.67" port: 37069 } } peers { permanent_uuid: "3c7ed45885584ca6a49be9f0f7a69e9d" member_type: VOTER last_known_addr { host: "127.26.156.68" port: 37757 } attrs { promote: false } } }
I20260713 09:10:59.207362 28234 catalog_manager.cc:5210] ChangeConfig:REMOVE_PEER RPC for tablet c7542b8a648a4bee9444d7b552a1a4b4 with cas_config_opid_index 3: ChangeConfig:REMOVE_PEER succeeded (attempt 1)
I20260713 09:10:59.206847 28348 raft_consensus.cc:2955] T c7542b8a648a4bee9444d7b552a1a4b4 P ac81fca1c94a4002b34bcff007af521a [term 1 FOLLOWER]: Committing config change with OpId 1.4: config changed from index 3 to 4, VOTER e7489596a7444d269d88a68471520034 (127.26.156.66) evicted. New config: { opid_index: 4 OBSOLETE_local: false peers { permanent_uuid: "ac81fca1c94a4002b34bcff007af521a" member_type: VOTER last_known_addr { host: "127.26.156.65" port: 45899 } } peers { permanent_uuid: "79b5fd66125243e082e3e211a4007c1b" member_type: VOTER last_known_addr { host: "127.26.156.67" port: 37069 } } peers { permanent_uuid: "3c7ed45885584ca6a49be9f0f7a69e9d" member_type: VOTER last_known_addr { host: "127.26.156.68" port: 37757 } attrs { promote: false } } }
I20260713 09:10:59.212690 28243 catalog_manager.cc:5697] T c7542b8a648a4bee9444d7b552a1a4b4 P 79b5fd66125243e082e3e211a4007c1b reported cstate change: config changed from index 3 to 4, VOTER e7489596a7444d269d88a68471520034 (127.26.156.66) evicted. New cstate: current_term: 1 leader_uuid: "79b5fd66125243e082e3e211a4007c1b" committed_config { opid_index: 4 OBSOLETE_local: false peers { permanent_uuid: "ac81fca1c94a4002b34bcff007af521a" member_type: VOTER last_known_addr { host: "127.26.156.65" port: 45899 } health_report { overall_health: HEALTHY } } peers { permanent_uuid: "79b5fd66125243e082e3e211a4007c1b" member_type: VOTER last_known_addr { host: "127.26.156.67" port: 37069 } health_report { overall_health: HEALTHY } } peers { permanent_uuid: "3c7ed45885584ca6a49be9f0f7a69e9d" member_type: VOTER last_known_addr { host: "127.26.156.68" port: 37757 } attrs { promote: false } health_report { overall_health: HEALTHY } } }
I20260713 09:10:59.223027 28405 tablet_service.cc:1558] Processing DeleteTablet for tablet c7542b8a648a4bee9444d7b552a1a4b4 with delete_type TABLET_DATA_TOMBSTONED (TS e7489596a7444d269d88a68471520034 not found in new config with opid_index 4) from {username='slave'} at 127.0.0.1:55928
I20260713 09:10:59.227789 28987 tablet_replica.cc:333] T c7542b8a648a4bee9444d7b552a1a4b4 P e7489596a7444d269d88a68471520034: stopping tablet replica
I20260713 09:10:59.228830 28987 raft_consensus.cc:2243] T c7542b8a648a4bee9444d7b552a1a4b4 P e7489596a7444d269d88a68471520034 [term 1 FOLLOWER]: Raft consensus shutting down.
I20260713 09:10:59.229789 28987 raft_consensus.cc:2272] T c7542b8a648a4bee9444d7b552a1a4b4 P e7489596a7444d269d88a68471520034 [term 1 FOLLOWER]: Raft consensus is shut down!
I20260713 09:10:59.233094 28987 ts_tablet_manager.cc:1916] T c7542b8a648a4bee9444d7b552a1a4b4 P e7489596a7444d269d88a68471520034: Deleting tablet data with delete state TABLET_DATA_TOMBSTONED
I20260713 09:10:59.244084 28987 ts_tablet_manager.cc:1929] T c7542b8a648a4bee9444d7b552a1a4b4 P e7489596a7444d269d88a68471520034: tablet deleted with delete type TABLET_DATA_TOMBSTONED: last-logged OpId 1.3
I20260713 09:10:59.244505 28987 log.cc:1199] T c7542b8a648a4bee9444d7b552a1a4b4 P e7489596a7444d269d88a68471520034: Deleting WAL directory at /tmp/dist-test-taskQ3gPPH/test-tmp/auto_leader_rebalancer-test.0.LeaderRebalancerTest.AddTserver.1783933823034896-27249-0/minicluster-data/ts-1-root/wals/c7542b8a648a4bee9444d7b552a1a4b4
I20260713 09:10:59.246080 28234 catalog_manager.cc:5028] TS e7489596a7444d269d88a68471520034 (127.26.156.66:42285): tablet c7542b8a648a4bee9444d7b552a1a4b4 (table test-workload [id=723a7ecd5cfb48e3a88cda33fa8ace6e]) successfully deleted
I20260713 09:10:59.251745 28976 raft_consensus.cc:1064] T 0d30343959f24a9c9fb467198f63d87e P 79b5fd66125243e082e3e211a4007c1b: attempting to promote NON_VOTER 3c7ed45885584ca6a49be9f0f7a69e9d to VOTER
I20260713 09:10:59.253804 28976 consensus_queue.cc:237] T 0d30343959f24a9c9fb467198f63d87e P 79b5fd66125243e082e3e211a4007c1b [LEADER]: Queue going to LEADER mode. State: All replicated index: 0, Majority replicated index: 2, Committed index: 2, Last appended: 1.2, Last appended by leader: 0, Current term: 1, Majority size: 3, State: 0, Mode: LEADER, active raft config: opid_index: 3 OBSOLETE_local: false peers { permanent_uuid: "ac81fca1c94a4002b34bcff007af521a" member_type: VOTER last_known_addr { host: "127.26.156.65" port: 45899 } attrs { replace: true } } peers { permanent_uuid: "e7489596a7444d269d88a68471520034" member_type: VOTER last_known_addr { host: "127.26.156.66" port: 42285 } } peers { permanent_uuid: "79b5fd66125243e082e3e211a4007c1b" member_type: VOTER last_known_addr { host: "127.26.156.67" port: 37069 } } peers { permanent_uuid: "3c7ed45885584ca6a49be9f0f7a69e9d" member_type: VOTER last_known_addr { host: "127.26.156.68" port: 37757 } attrs { promote: false } }
I20260713 09:10:59.259203 28769 raft_consensus.cc:1275] T 0d30343959f24a9c9fb467198f63d87e P 3c7ed45885584ca6a49be9f0f7a69e9d [term 1 LEARNER]: Refusing update from remote peer 79b5fd66125243e082e3e211a4007c1b: Log matching property violated. Preceding OpId in replica: term: 1 index: 2. Preceding OpId from leader: term: 1 index: 3. (index mismatch)
I20260713 09:10:59.259831 28423 raft_consensus.cc:1275] T 0d30343959f24a9c9fb467198f63d87e P e7489596a7444d269d88a68471520034 [term 1 FOLLOWER]: Refusing update from remote peer 79b5fd66125243e082e3e211a4007c1b: Log matching property violated. Preceding OpId in replica: term: 1 index: 2. Preceding OpId from leader: term: 1 index: 3. (index mismatch)
I20260713 09:10:59.260712 28976 consensus_queue.cc:1048] T 0d30343959f24a9c9fb467198f63d87e P 79b5fd66125243e082e3e211a4007c1b [LEADER]: Connected to new peer: Peer: permanent_uuid: "3c7ed45885584ca6a49be9f0f7a69e9d" member_type: VOTER last_known_addr { host: "127.26.156.68" port: 37757 } attrs { promote: false }, Status: LMP_MISMATCH, Last received: 0.0, Next index: 3, Last known committed idx: 2, Time since last communication: 0.000s
I20260713 09:10:59.261395 28348 raft_consensus.cc:1275] T 0d30343959f24a9c9fb467198f63d87e P ac81fca1c94a4002b34bcff007af521a [term 1 FOLLOWER]: Refusing update from remote peer 79b5fd66125243e082e3e211a4007c1b: Log matching property violated. Preceding OpId in replica: term: 1 index: 2. Preceding OpId from leader: term: 1 index: 3. (index mismatch)
I20260713 09:10:59.262478 28939 consensus_queue.cc:1048] T 0d30343959f24a9c9fb467198f63d87e P 79b5fd66125243e082e3e211a4007c1b [LEADER]: Connected to new peer: Peer: permanent_uuid: "e7489596a7444d269d88a68471520034" member_type: VOTER last_known_addr { host: "127.26.156.66" port: 42285 }, Status: LMP_MISMATCH, Last received: 0.0, Next index: 3, Last known committed idx: 2, Time since last communication: 0.000s
I20260713 09:10:59.263314 28955 consensus_queue.cc:1048] T 0d30343959f24a9c9fb467198f63d87e P 79b5fd66125243e082e3e211a4007c1b [LEADER]: Connected to new peer: Peer: permanent_uuid: "ac81fca1c94a4002b34bcff007af521a" member_type: VOTER last_known_addr { host: "127.26.156.65" port: 45899 } attrs { replace: true }, Status: LMP_MISMATCH, Last received: 0.0, Next index: 3, Last known committed idx: 2, Time since last communication: 0.000s
I20260713 09:10:59.285621 28939 raft_consensus.cc:2955] T 0d30343959f24a9c9fb467198f63d87e P 79b5fd66125243e082e3e211a4007c1b [term 1 LEADER]: Committing config change with OpId 1.3: config changed from index 2 to 3, 3c7ed45885584ca6a49be9f0f7a69e9d (127.26.156.68) changed from NON_VOTER to VOTER. New config: { opid_index: 3 OBSOLETE_local: false peers { permanent_uuid: "ac81fca1c94a4002b34bcff007af521a" member_type: VOTER last_known_addr { host: "127.26.156.65" port: 45899 } attrs { replace: true } } peers { permanent_uuid: "e7489596a7444d269d88a68471520034" member_type: VOTER last_known_addr { host: "127.26.156.66" port: 42285 } } peers { permanent_uuid: "79b5fd66125243e082e3e211a4007c1b" member_type: VOTER last_known_addr { host: "127.26.156.67" port: 37069 } } peers { permanent_uuid: "3c7ed45885584ca6a49be9f0f7a69e9d" member_type: VOTER last_known_addr { host: "127.26.156.68" port: 37757 } attrs { promote: false } } }
I20260713 09:10:59.289239 28423 raft_consensus.cc:2955] T 0d30343959f24a9c9fb467198f63d87e P e7489596a7444d269d88a68471520034 [term 1 FOLLOWER]: Committing config change with OpId 1.3: config changed from index 2 to 3, 3c7ed45885584ca6a49be9f0f7a69e9d (127.26.156.68) changed from NON_VOTER to VOTER. New config: { opid_index: 3 OBSOLETE_local: false peers { permanent_uuid: "ac81fca1c94a4002b34bcff007af521a" member_type: VOTER last_known_addr { host: "127.26.156.65" port: 45899 } attrs { replace: true } } peers { permanent_uuid: "e7489596a7444d269d88a68471520034" member_type: VOTER last_known_addr { host: "127.26.156.66" port: 42285 } } peers { permanent_uuid: "79b5fd66125243e082e3e211a4007c1b" member_type: VOTER last_known_addr { host: "127.26.156.67" port: 37069 } } peers { permanent_uuid: "3c7ed45885584ca6a49be9f0f7a69e9d" member_type: VOTER last_known_addr { host: "127.26.156.68" port: 37757 } attrs { promote: false } } }
I20260713 09:10:59.295596 28348 raft_consensus.cc:2955] T 0d30343959f24a9c9fb467198f63d87e P ac81fca1c94a4002b34bcff007af521a [term 1 FOLLOWER]: Committing config change with OpId 1.3: config changed from index 2 to 3, 3c7ed45885584ca6a49be9f0f7a69e9d (127.26.156.68) changed from NON_VOTER to VOTER. New config: { opid_index: 3 OBSOLETE_local: false peers { permanent_uuid: "ac81fca1c94a4002b34bcff007af521a" member_type: VOTER last_known_addr { host: "127.26.156.65" port: 45899 } attrs { replace: true } } peers { permanent_uuid: "e7489596a7444d269d88a68471520034" member_type: VOTER last_known_addr { host: "127.26.156.66" port: 42285 } } peers { permanent_uuid: "79b5fd66125243e082e3e211a4007c1b" member_type: VOTER last_known_addr { host: "127.26.156.67" port: 37069 } } peers { permanent_uuid: "3c7ed45885584ca6a49be9f0f7a69e9d" member_type: VOTER last_known_addr { host: "127.26.156.68" port: 37757 } attrs { promote: false } } }
I20260713 09:10:59.301384 28769 raft_consensus.cc:2955] T 0d30343959f24a9c9fb467198f63d87e P 3c7ed45885584ca6a49be9f0f7a69e9d [term 1 FOLLOWER]: Committing config change with OpId 1.3: config changed from index 2 to 3, 3c7ed45885584ca6a49be9f0f7a69e9d (127.26.156.68) changed from NON_VOTER to VOTER. New config: { opid_index: 3 OBSOLETE_local: false peers { permanent_uuid: "ac81fca1c94a4002b34bcff007af521a" member_type: VOTER last_known_addr { host: "127.26.156.65" port: 45899 } attrs { replace: true } } peers { permanent_uuid: "e7489596a7444d269d88a68471520034" member_type: VOTER last_known_addr { host: "127.26.156.66" port: 42285 } } peers { permanent_uuid: "79b5fd66125243e082e3e211a4007c1b" member_type: VOTER last_known_addr { host: "127.26.156.67" port: 37069 } } peers { permanent_uuid: "3c7ed45885584ca6a49be9f0f7a69e9d" member_type: VOTER last_known_addr { host: "127.26.156.68" port: 37757 } attrs { promote: false } } }
I20260713 09:10:59.304953 28243 catalog_manager.cc:5697] T 0d30343959f24a9c9fb467198f63d87e P e7489596a7444d269d88a68471520034 reported cstate change: config changed from index 2 to 3, 3c7ed45885584ca6a49be9f0f7a69e9d (127.26.156.68) changed from NON_VOTER to VOTER. New cstate: current_term: 1 leader_uuid: "79b5fd66125243e082e3e211a4007c1b" committed_config { opid_index: 3 OBSOLETE_local: false peers { permanent_uuid: "ac81fca1c94a4002b34bcff007af521a" member_type: VOTER last_known_addr { host: "127.26.156.65" port: 45899 } attrs { replace: true } } peers { permanent_uuid: "e7489596a7444d269d88a68471520034" member_type: VOTER last_known_addr { host: "127.26.156.66" port: 42285 } } peers { permanent_uuid: "79b5fd66125243e082e3e211a4007c1b" member_type: VOTER last_known_addr { host: "127.26.156.67" port: 37069 } } peers { permanent_uuid: "3c7ed45885584ca6a49be9f0f7a69e9d" member_type: VOTER last_known_addr { host: "127.26.156.68" port: 37757 } attrs { promote: false } } }
I20260713 09:10:59.320791 28496 consensus_queue.cc:237] T 0d30343959f24a9c9fb467198f63d87e P 79b5fd66125243e082e3e211a4007c1b [LEADER]: Queue going to LEADER mode. State: All replicated index: 0, Majority replicated index: 3, Committed index: 3, Last appended: 1.3, Last appended by leader: 0, Current term: 1, Majority size: 2, State: 0, Mode: LEADER, active raft config: opid_index: 4 OBSOLETE_local: false peers { permanent_uuid: "e7489596a7444d269d88a68471520034" member_type: VOTER last_known_addr { host: "127.26.156.66" port: 42285 } } peers { permanent_uuid: "79b5fd66125243e082e3e211a4007c1b" member_type: VOTER last_known_addr { host: "127.26.156.67" port: 37069 } } peers { permanent_uuid: "3c7ed45885584ca6a49be9f0f7a69e9d" member_type: VOTER last_known_addr { host: "127.26.156.68" port: 37757 } attrs { promote: false } }
I20260713 09:10:59.325726 28423 raft_consensus.cc:1275] T 0d30343959f24a9c9fb467198f63d87e P e7489596a7444d269d88a68471520034 [term 1 FOLLOWER]: Refusing update from remote peer 79b5fd66125243e082e3e211a4007c1b: Log matching property violated. Preceding OpId in replica: term: 1 index: 3. Preceding OpId from leader: term: 1 index: 4. (index mismatch)
I20260713 09:10:59.327491 28769 raft_consensus.cc:1275] T 0d30343959f24a9c9fb467198f63d87e P 3c7ed45885584ca6a49be9f0f7a69e9d [term 1 FOLLOWER]: Refusing update from remote peer 79b5fd66125243e082e3e211a4007c1b: Log matching property violated. Preceding OpId in replica: term: 1 index: 3. Preceding OpId from leader: term: 1 index: 4. (index mismatch)
I20260713 09:10:59.328284 28939 consensus_queue.cc:1048] T 0d30343959f24a9c9fb467198f63d87e P 79b5fd66125243e082e3e211a4007c1b [LEADER]: Connected to new peer: Peer: permanent_uuid: "e7489596a7444d269d88a68471520034" member_type: VOTER last_known_addr { host: "127.26.156.66" port: 42285 }, Status: LMP_MISMATCH, Last received: 0.0, Next index: 4, Last known committed idx: 3, Time since last communication: 0.000s
I20260713 09:10:59.329444 28955 consensus_queue.cc:1048] T 0d30343959f24a9c9fb467198f63d87e P 79b5fd66125243e082e3e211a4007c1b [LEADER]: Connected to new peer: Peer: permanent_uuid: "3c7ed45885584ca6a49be9f0f7a69e9d" member_type: VOTER last_known_addr { host: "127.26.156.68" port: 37757 } attrs { promote: false }, Status: LMP_MISMATCH, Last received: 0.0, Next index: 4, Last known committed idx: 3, Time since last communication: 0.000s
I20260713 09:10:59.336108 28977 raft_consensus.cc:1064] T 1d090329ac2f405b8b0cfeee98ec4aeb P e7489596a7444d269d88a68471520034: attempting to promote NON_VOTER 3c7ed45885584ca6a49be9f0f7a69e9d to VOTER
I20260713 09:10:59.337586 28976 raft_consensus.cc:2955] T 0d30343959f24a9c9fb467198f63d87e P 79b5fd66125243e082e3e211a4007c1b [term 1 LEADER]: Committing config change with OpId 1.4: config changed from index 3 to 4, VOTER ac81fca1c94a4002b34bcff007af521a (127.26.156.65) evicted. New config: { opid_index: 4 OBSOLETE_local: false peers { permanent_uuid: "e7489596a7444d269d88a68471520034" member_type: VOTER last_known_addr { host: "127.26.156.66" port: 42285 } } peers { permanent_uuid: "79b5fd66125243e082e3e211a4007c1b" member_type: VOTER last_known_addr { host: "127.26.156.67" port: 37069 } } peers { permanent_uuid: "3c7ed45885584ca6a49be9f0f7a69e9d" member_type: VOTER last_known_addr { host: "127.26.156.68" port: 37757 } attrs { promote: false } } }
