I20260713 09:10:59.507372  1363 raft_consensus.cc:2955] T 4f84643bf51b4a00bd681bc69e1bb2e8 P 9134cc3a857546798f14ac7241a5bbda [term 1 FOLLOWER]: Committing config change with OpId 1.4: config changed from index 3 to 4, VOTER b506616b4e5d4456a708476d5a330b09 (127.31.247.195) evicted. New config: { opid_index: 4 OBSOLETE_local: false peers { permanent_uuid: "9134cc3a857546798f14ac7241a5bbda" member_type: VOTER last_known_addr { host: "127.31.247.193" port: 39983 } } peers { permanent_uuid: "ece4a115235047fb9ddaf989f6bf759d" member_type: VOTER last_known_addr { host: "127.31.247.194" port: 42915 } } peers { permanent_uuid: "b35adf07acc44e67a8d0c59b756009c5" member_type: VOTER last_known_addr { host: "127.31.247.196" port: 38641 } attrs { promote: false } } }
I20260713 09:10:59.511685  2049 raft_consensus.cc:1064] T aee37f0e711445fab2dbf73f29d24a18 P b506616b4e5d4456a708476d5a330b09: attempting to promote NON_VOTER b35adf07acc44e67a8d0c59b756009c5 to VOTER
I20260713 09:10:59.513866  1250 catalog_manager.cc:5210] ChangeConfig:REMOVE_PEER RPC for tablet 4f84643bf51b4a00bd681bc69e1bb2e8 with cas_config_opid_index 3: ChangeConfig:REMOVE_PEER succeeded (attempt 1)
I20260713 09:10:59.514173  2049 consensus_queue.cc:237] T aee37f0e711445fab2dbf73f29d24a18 P b506616b4e5d4456a708476d5a330b09 [LEADER]: Queue going to LEADER mode. State: All replicated index: 0, Majority replicated index: 2, Committed index: 2, Last appended: 1.2, Last appended by leader: 0, Current term: 1, Majority size: 3, State: 0, Mode: LEADER, active raft config: opid_index: 3 OBSOLETE_local: false peers { permanent_uuid: "9134cc3a857546798f14ac7241a5bbda" member_type: VOTER last_known_addr { host: "127.31.247.193" port: 39983 } } peers { permanent_uuid: "ece4a115235047fb9ddaf989f6bf759d" member_type: VOTER last_known_addr { host: "127.31.247.194" port: 42915 } attrs { replace: true } } peers { permanent_uuid: "b506616b4e5d4456a708476d5a330b09" member_type: VOTER last_known_addr { host: "127.31.247.195" port: 42987 } } peers { permanent_uuid: "b35adf07acc44e67a8d0c59b756009c5" member_type: VOTER last_known_addr { host: "127.31.247.196" port: 38641 } attrs { promote: false } }
I20260713 09:10:59.512784  1262 catalog_manager.cc:5697] T 4f84643bf51b4a00bd681bc69e1bb2e8 P b35adf07acc44e67a8d0c59b756009c5 reported cstate change: config changed from index 3 to 4, VOTER b506616b4e5d4456a708476d5a330b09 (127.31.247.195) evicted. New cstate: current_term: 1 leader_uuid: "ece4a115235047fb9ddaf989f6bf759d" committed_config { opid_index: 4 OBSOLETE_local: false peers { permanent_uuid: "9134cc3a857546798f14ac7241a5bbda" member_type: VOTER last_known_addr { host: "127.31.247.193" port: 39983 } } peers { permanent_uuid: "ece4a115235047fb9ddaf989f6bf759d" member_type: VOTER last_known_addr { host: "127.31.247.194" port: 42915 } } peers { permanent_uuid: "b35adf07acc44e67a8d0c59b756009c5" member_type: VOTER last_known_addr { host: "127.31.247.196" port: 38641 } attrs { promote: false } } }
I20260713 09:10:59.524547  1769 raft_consensus.cc:1275] T aee37f0e711445fab2dbf73f29d24a18 P b35adf07acc44e67a8d0c59b756009c5 [term 1 LEARNER]: Refusing update from remote peer b506616b4e5d4456a708476d5a330b09: Log matching property violated. Preceding OpId in replica: term: 1 index: 2. Preceding OpId from leader: term: 1 index: 3. (index mismatch)
I20260713 09:10:59.526154  1438 raft_consensus.cc:1275] T aee37f0e711445fab2dbf73f29d24a18 P ece4a115235047fb9ddaf989f6bf759d [term 1 FOLLOWER]: Refusing update from remote peer b506616b4e5d4456a708476d5a330b09: Log matching property violated. Preceding OpId in replica: term: 1 index: 2. Preceding OpId from leader: term: 1 index: 3. (index mismatch)
I20260713 09:10:59.526309  2031 consensus_queue.cc:1048] T aee37f0e711445fab2dbf73f29d24a18 P b506616b4e5d4456a708476d5a330b09 [LEADER]: Connected to new peer: Peer: permanent_uuid: "b35adf07acc44e67a8d0c59b756009c5" member_type: VOTER last_known_addr { host: "127.31.247.196" port: 38641 } attrs { promote: false }, Status: LMP_MISMATCH, Last received: 0.0, Next index: 3, Last known committed idx: 2, Time since last communication: 0.000s
I20260713 09:10:59.528308  2031 consensus_queue.cc:1048] T aee37f0e711445fab2dbf73f29d24a18 P b506616b4e5d4456a708476d5a330b09 [LEADER]: Connected to new peer: Peer: permanent_uuid: "ece4a115235047fb9ddaf989f6bf759d" member_type: VOTER last_known_addr { host: "127.31.247.194" port: 42915 } attrs { replace: true }, Status: LMP_MISMATCH, Last received: 0.0, Next index: 3, Last known committed idx: 2, Time since last communication: 0.000s
I20260713 09:10:59.537380  1505 tablet_service.cc:1558] Processing DeleteTablet for tablet 4f84643bf51b4a00bd681bc69e1bb2e8 with delete_type TABLET_DATA_TOMBSTONED (TS b506616b4e5d4456a708476d5a330b09 not found in new config with opid_index 4) from {username='slave'} at 127.0.0.1:53856
I20260713 09:10:59.543515  1363 raft_consensus.cc:1275] T aee37f0e711445fab2dbf73f29d24a18 P 9134cc3a857546798f14ac7241a5bbda [term 1 FOLLOWER]: Refusing update from remote peer b506616b4e5d4456a708476d5a330b09: Log matching property violated. Preceding OpId in replica: term: 1 index: 2. Preceding OpId from leader: term: 1 index: 3. (index mismatch)
I20260713 09:10:59.542531  2049 raft_consensus.cc:2955] T aee37f0e711445fab2dbf73f29d24a18 P b506616b4e5d4456a708476d5a330b09 [term 1 LEADER]: Committing config change with OpId 1.3: config changed from index 2 to 3, b35adf07acc44e67a8d0c59b756009c5 (127.31.247.196) changed from NON_VOTER to VOTER. New config: { opid_index: 3 OBSOLETE_local: false peers { permanent_uuid: "9134cc3a857546798f14ac7241a5bbda" member_type: VOTER last_known_addr { host: "127.31.247.193" port: 39983 } } peers { permanent_uuid: "ece4a115235047fb9ddaf989f6bf759d" member_type: VOTER last_known_addr { host: "127.31.247.194" port: 42915 } attrs { replace: true } } peers { permanent_uuid: "b506616b4e5d4456a708476d5a330b09" member_type: VOTER last_known_addr { host: "127.31.247.195" port: 42987 } } peers { permanent_uuid: "b35adf07acc44e67a8d0c59b756009c5" member_type: VOTER last_known_addr { host: "127.31.247.196" port: 38641 } attrs { promote: false } } }
I20260713 09:10:59.544890  2031 consensus_queue.cc:1048] T aee37f0e711445fab2dbf73f29d24a18 P b506616b4e5d4456a708476d5a330b09 [LEADER]: Connected to new peer: Peer: permanent_uuid: "9134cc3a857546798f14ac7241a5bbda" member_type: VOTER last_known_addr { host: "127.31.247.193" port: 39983 }, Status: LMP_MISMATCH, Last received: 0.0, Next index: 3, Last known committed idx: 2, Time since last communication: 0.000s
I20260713 09:10:59.549645  1438 raft_consensus.cc:2955] T aee37f0e711445fab2dbf73f29d24a18 P ece4a115235047fb9ddaf989f6bf759d [term 1 FOLLOWER]: Committing config change with OpId 1.3: config changed from index 2 to 3, b35adf07acc44e67a8d0c59b756009c5 (127.31.247.196) changed from NON_VOTER to VOTER. New config: { opid_index: 3 OBSOLETE_local: false peers { permanent_uuid: "9134cc3a857546798f14ac7241a5bbda" member_type: VOTER last_known_addr { host: "127.31.247.193" port: 39983 } } peers { permanent_uuid: "ece4a115235047fb9ddaf989f6bf759d" member_type: VOTER last_known_addr { host: "127.31.247.194" port: 42915 } attrs { replace: true } } peers { permanent_uuid: "b506616b4e5d4456a708476d5a330b09" member_type: VOTER last_known_addr { host: "127.31.247.195" port: 42987 } } peers { permanent_uuid: "b35adf07acc44e67a8d0c59b756009c5" member_type: VOTER last_known_addr { host: "127.31.247.196" port: 38641 } attrs { promote: false } } }
I20260713 09:10:59.541195  2063 tablet_replica.cc:333] T 4f84643bf51b4a00bd681bc69e1bb2e8 P b506616b4e5d4456a708476d5a330b09: stopping tablet replica
I20260713 09:10:59.559558  1771 raft_consensus.cc:2955] T aee37f0e711445fab2dbf73f29d24a18 P b35adf07acc44e67a8d0c59b756009c5 [term 1 FOLLOWER]: Committing config change with OpId 1.3: config changed from index 2 to 3, b35adf07acc44e67a8d0c59b756009c5 (127.31.247.196) changed from NON_VOTER to VOTER. New config: { opid_index: 3 OBSOLETE_local: false peers { permanent_uuid: "9134cc3a857546798f14ac7241a5bbda" member_type: VOTER last_known_addr { host: "127.31.247.193" port: 39983 } } peers { permanent_uuid: "ece4a115235047fb9ddaf989f6bf759d" member_type: VOTER last_known_addr { host: "127.31.247.194" port: 42915 } attrs { replace: true } } peers { permanent_uuid: "b506616b4e5d4456a708476d5a330b09" member_type: VOTER last_known_addr { host: "127.31.247.195" port: 42987 } } peers { permanent_uuid: "b35adf07acc44e67a8d0c59b756009c5" member_type: VOTER last_known_addr { host: "127.31.247.196" port: 38641 } attrs { promote: false } } }
I20260713 09:10:59.562554  2063 raft_consensus.cc:2243] T 4f84643bf51b4a00bd681bc69e1bb2e8 P b506616b4e5d4456a708476d5a330b09 [term 1 FOLLOWER]: Raft consensus shutting down.
I20260713 09:10:59.563464  2063 raft_consensus.cc:2272] T 4f84643bf51b4a00bd681bc69e1bb2e8 P b506616b4e5d4456a708476d5a330b09 [term 1 FOLLOWER]: Raft consensus is shut down!
I20260713 09:10:59.566816  2063 ts_tablet_manager.cc:1916] T 4f84643bf51b4a00bd681bc69e1bb2e8 P b506616b4e5d4456a708476d5a330b09: Deleting tablet data with delete state TABLET_DATA_TOMBSTONED
I20260713 09:10:59.566708  1363 raft_consensus.cc:2955] T aee37f0e711445fab2dbf73f29d24a18 P 9134cc3a857546798f14ac7241a5bbda [term 1 FOLLOWER]: Committing config change with OpId 1.3: config changed from index 2 to 3, b35adf07acc44e67a8d0c59b756009c5 (127.31.247.196) changed from NON_VOTER to VOTER. New config: { opid_index: 3 OBSOLETE_local: false peers { permanent_uuid: "9134cc3a857546798f14ac7241a5bbda" member_type: VOTER last_known_addr { host: "127.31.247.193" port: 39983 } } peers { permanent_uuid: "ece4a115235047fb9ddaf989f6bf759d" member_type: VOTER last_known_addr { host: "127.31.247.194" port: 42915 } attrs { replace: true } } peers { permanent_uuid: "b506616b4e5d4456a708476d5a330b09" member_type: VOTER last_known_addr { host: "127.31.247.195" port: 42987 } } peers { permanent_uuid: "b35adf07acc44e67a8d0c59b756009c5" member_type: VOTER last_known_addr { host: "127.31.247.196" port: 38641 } attrs { promote: false } } }
I20260713 09:10:59.580042  2059 raft_consensus.cc:1064] T e535d1e588f546e384448b9020bfdfc4 P ece4a115235047fb9ddaf989f6bf759d: attempting to promote NON_VOTER b35adf07acc44e67a8d0c59b756009c5 to VOTER
I20260713 09:10:59.580966  2063 ts_tablet_manager.cc:1929] T 4f84643bf51b4a00bd681bc69e1bb2e8 P b506616b4e5d4456a708476d5a330b09: tablet deleted with delete type TABLET_DATA_TOMBSTONED: last-logged OpId 1.3
I20260713 09:10:59.581354  2063 log.cc:1199] T 4f84643bf51b4a00bd681bc69e1bb2e8 P b506616b4e5d4456a708476d5a330b09: Deleting WAL directory at /tmp/dist-test-taskRlKknq/test-tmp/auto_leader_rebalancer-test.0.LeaderRebalancerTest.AddTserver.1783933822265791-32735-0/minicluster-data/ts-2-root/wals/4f84643bf51b4a00bd681bc69e1bb2e8
I20260713 09:10:59.582538  1251 catalog_manager.cc:5028] TS b506616b4e5d4456a708476d5a330b09 (127.31.247.195:42987): tablet 4f84643bf51b4a00bd681bc69e1bb2e8 (table test-workload [id=966e8880ad7d4dce83e88afe3ec3694d]) successfully deleted
I20260713 09:10:59.582454  2059 consensus_queue.cc:237] T e535d1e588f546e384448b9020bfdfc4 P ece4a115235047fb9ddaf989f6bf759d [LEADER]: Queue going to LEADER mode. State: All replicated index: 0, Majority replicated index: 2, Committed index: 2, Last appended: 1.2, Last appended by leader: 0, Current term: 1, Majority size: 3, State: 0, Mode: LEADER, active raft config: opid_index: 3 OBSOLETE_local: false peers { permanent_uuid: "9134cc3a857546798f14ac7241a5bbda" member_type: VOTER last_known_addr { host: "127.31.247.193" port: 39983 } attrs { replace: true } } peers { permanent_uuid: "ece4a115235047fb9ddaf989f6bf759d" member_type: VOTER last_known_addr { host: "127.31.247.194" port: 42915 } } peers { permanent_uuid: "b506616b4e5d4456a708476d5a330b09" member_type: VOTER last_known_addr { host: "127.31.247.195" port: 42987 } } peers { permanent_uuid: "b35adf07acc44e67a8d0c59b756009c5" member_type: VOTER last_known_addr { host: "127.31.247.196" port: 38641 } attrs { promote: false } }
I20260713 09:10:59.574999  1262 catalog_manager.cc:5697] T aee37f0e711445fab2dbf73f29d24a18 P b506616b4e5d4456a708476d5a330b09 reported cstate change: config changed from index 2 to 3, b35adf07acc44e67a8d0c59b756009c5 (127.31.247.196) changed from NON_VOTER to VOTER. New cstate: current_term: 1 leader_uuid: "b506616b4e5d4456a708476d5a330b09" committed_config { opid_index: 3 OBSOLETE_local: false peers { permanent_uuid: "9134cc3a857546798f14ac7241a5bbda" member_type: VOTER last_known_addr { host: "127.31.247.193" port: 39983 } health_report { overall_health: UNKNOWN } } peers { permanent_uuid: "ece4a115235047fb9ddaf989f6bf759d" member_type: VOTER last_known_addr { host: "127.31.247.194" port: 42915 } attrs { replace: true } health_report { overall_health: HEALTHY } } peers { permanent_uuid: "b506616b4e5d4456a708476d5a330b09" member_type: VOTER last_known_addr { host: "127.31.247.195" port: 42987 } health_report { overall_health: HEALTHY } } peers { permanent_uuid: "b35adf07acc44e67a8d0c59b756009c5" member_type: VOTER last_known_addr { host: "127.31.247.196" port: 38641 } attrs { promote: false } health_report { overall_health: HEALTHY } } }
I20260713 09:10:59.603649  1771 raft_consensus.cc:1275] T e535d1e588f546e384448b9020bfdfc4 P b35adf07acc44e67a8d0c59b756009c5 [term 1 LEARNER]: Refusing update from remote peer ece4a115235047fb9ddaf989f6bf759d: Log matching property violated. Preceding OpId in replica: term: 1 index: 2. Preceding OpId from leader: term: 1 index: 3. (index mismatch)
I20260713 09:10:59.605223  2048 consensus_queue.cc:1048] T e535d1e588f546e384448b9020bfdfc4 P ece4a115235047fb9ddaf989f6bf759d [LEADER]: Connected to new peer: Peer: permanent_uuid: "b35adf07acc44e67a8d0c59b756009c5" member_type: VOTER last_known_addr { host: "127.31.247.196" port: 38641 } attrs { promote: false }, Status: LMP_MISMATCH, Last received: 0.0, Next index: 3, Last known committed idx: 2, Time since last communication: 0.000s
I20260713 09:10:59.608217  1513 raft_consensus.cc:1275] T e535d1e588f546e384448b9020bfdfc4 P b506616b4e5d4456a708476d5a330b09 [term 1 FOLLOWER]: Refusing update from remote peer ece4a115235047fb9ddaf989f6bf759d: Log matching property violated. Preceding OpId in replica: term: 1 index: 2. Preceding OpId from leader: term: 1 index: 3. (index mismatch)
I20260713 09:10:59.609630  1363 raft_consensus.cc:1275] T e535d1e588f546e384448b9020bfdfc4 P 9134cc3a857546798f14ac7241a5bbda [term 1 FOLLOWER]: Refusing update from remote peer ece4a115235047fb9ddaf989f6bf759d: Log matching property violated. Preceding OpId in replica: term: 1 index: 2. Preceding OpId from leader: term: 1 index: 3. (index mismatch)
I20260713 09:10:59.609985  2048 consensus_queue.cc:1048] T e535d1e588f546e384448b9020bfdfc4 P ece4a115235047fb9ddaf989f6bf759d [LEADER]: Connected to new peer: Peer: permanent_uuid: "b506616b4e5d4456a708476d5a330b09" member_type: VOTER last_known_addr { host: "127.31.247.195" port: 42987 }, Status: LMP_MISMATCH, Last received: 0.0, Next index: 3, Last known committed idx: 2, Time since last communication: 0.001s
I20260713 09:10:59.611943  2048 consensus_queue.cc:1048] T e535d1e588f546e384448b9020bfdfc4 P ece4a115235047fb9ddaf989f6bf759d [LEADER]: Connected to new peer: Peer: permanent_uuid: "9134cc3a857546798f14ac7241a5bbda" member_type: VOTER last_known_addr { host: "127.31.247.193" port: 39983 } attrs { replace: true }, Status: LMP_MISMATCH, Last received: 0.0, Next index: 3, Last known committed idx: 2, Time since last communication: 0.000s
I20260713 09:10:59.622231  1841 raft_consensus.cc:2955] T e535d1e588f546e384448b9020bfdfc4 P ece4a115235047fb9ddaf989f6bf759d [term 1 LEADER]: Committing config change with OpId 1.3: config changed from index 2 to 3, b35adf07acc44e67a8d0c59b756009c5 (127.31.247.196) changed from NON_VOTER to VOTER. New config: { opid_index: 3 OBSOLETE_local: false peers { permanent_uuid: "9134cc3a857546798f14ac7241a5bbda" member_type: VOTER last_known_addr { host: "127.31.247.193" port: 39983 } attrs { replace: true } } peers { permanent_uuid: "ece4a115235047fb9ddaf989f6bf759d" member_type: VOTER last_known_addr { host: "127.31.247.194" port: 42915 } } peers { permanent_uuid: "b506616b4e5d4456a708476d5a330b09" member_type: VOTER last_known_addr { host: "127.31.247.195" port: 42987 } } peers { permanent_uuid: "b35adf07acc44e67a8d0c59b756009c5" member_type: VOTER last_known_addr { host: "127.31.247.196" port: 38641 } attrs { promote: false } } }
I20260713 09:10:59.626533  1771 raft_consensus.cc:2955] T e535d1e588f546e384448b9020bfdfc4 P b35adf07acc44e67a8d0c59b756009c5 [term 1 FOLLOWER]: Committing config change with OpId 1.3: config changed from index 2 to 3, b35adf07acc44e67a8d0c59b756009c5 (127.31.247.196) changed from NON_VOTER to VOTER. New config: { opid_index: 3 OBSOLETE_local: false peers { permanent_uuid: "9134cc3a857546798f14ac7241a5bbda" member_type: VOTER last_known_addr { host: "127.31.247.193" port: 39983 } attrs { replace: true } } peers { permanent_uuid: "ece4a115235047fb9ddaf989f6bf759d" member_type: VOTER last_known_addr { host: "127.31.247.194" port: 42915 } } peers { permanent_uuid: "b506616b4e5d4456a708476d5a330b09" member_type: VOTER last_known_addr { host: "127.31.247.195" port: 42987 } } peers { permanent_uuid: "b35adf07acc44e67a8d0c59b756009c5" member_type: VOTER last_known_addr { host: "127.31.247.196" port: 38641 } attrs { promote: false } } }
I20260713 09:10:59.629375  1363 raft_consensus.cc:2955] T e535d1e588f546e384448b9020bfdfc4 P 9134cc3a857546798f14ac7241a5bbda [term 1 FOLLOWER]: Committing config change with OpId 1.3: config changed from index 2 to 3, b35adf07acc44e67a8d0c59b756009c5 (127.31.247.196) changed from NON_VOTER to VOTER. New config: { opid_index: 3 OBSOLETE_local: false peers { permanent_uuid: "9134cc3a857546798f14ac7241a5bbda" member_type: VOTER last_known_addr { host: "127.31.247.193" port: 39983 } attrs { replace: true } } peers { permanent_uuid: "ece4a115235047fb9ddaf989f6bf759d" member_type: VOTER last_known_addr { host: "127.31.247.194" port: 42915 } } peers { permanent_uuid: "b506616b4e5d4456a708476d5a330b09" member_type: VOTER last_known_addr { host: "127.31.247.195" port: 42987 } } peers { permanent_uuid: "b35adf07acc44e67a8d0c59b756009c5" member_type: VOTER last_known_addr { host: "127.31.247.196" port: 38641 } attrs { promote: false } } }
I20260713 09:10:59.631453  1513 raft_consensus.cc:2955] T e535d1e588f546e384448b9020bfdfc4 P b506616b4e5d4456a708476d5a330b09 [term 1 FOLLOWER]: Committing config change with OpId 1.3: config changed from index 2 to 3, b35adf07acc44e67a8d0c59b756009c5 (127.31.247.196) changed from NON_VOTER to VOTER. New config: { opid_index: 3 OBSOLETE_local: false peers { permanent_uuid: "9134cc3a857546798f14ac7241a5bbda" member_type: VOTER last_known_addr { host: "127.31.247.193" port: 39983 } attrs { replace: true } } peers { permanent_uuid: "ece4a115235047fb9ddaf989f6bf759d" member_type: VOTER last_known_addr { host: "127.31.247.194" port: 42915 } } peers { permanent_uuid: "b506616b4e5d4456a708476d5a330b09" member_type: VOTER last_known_addr { host: "127.31.247.195" port: 42987 } } peers { permanent_uuid: "b35adf07acc44e67a8d0c59b756009c5" member_type: VOTER last_known_addr { host: "127.31.247.196" port: 38641 } attrs { promote: false } } }
I20260713 09:10:59.642336  1264 catalog_manager.cc:5697] T e535d1e588f546e384448b9020bfdfc4 P 9134cc3a857546798f14ac7241a5bbda reported cstate change: config changed from index 2 to 3, b35adf07acc44e67a8d0c59b756009c5 (127.31.247.196) changed from NON_VOTER to VOTER. New cstate: current_term: 1 leader_uuid: "ece4a115235047fb9ddaf989f6bf759d" committed_config { opid_index: 3 OBSOLETE_local: false peers { permanent_uuid: "9134cc3a857546798f14ac7241a5bbda" member_type: VOTER last_known_addr { host: "127.31.247.193" port: 39983 } attrs { replace: true } } peers { permanent_uuid: "ece4a115235047fb9ddaf989f6bf759d" member_type: VOTER last_known_addr { host: "127.31.247.194" port: 42915 } } peers { permanent_uuid: "b506616b4e5d4456a708476d5a330b09" member_type: VOTER last_known_addr { host: "127.31.247.195" port: 42987 } } peers { permanent_uuid: "b35adf07acc44e67a8d0c59b756009c5" member_type: VOTER last_known_addr { host: "127.31.247.196" port: 38641 } attrs { promote: false } } }
I20260713 09:10:59.660332  1438 consensus_queue.cc:237] T e535d1e588f546e384448b9020bfdfc4 P ece4a115235047fb9ddaf989f6bf759d [LEADER]: Queue going to LEADER mode. State: All replicated index: 0, Majority replicated index: 3, Committed index: 3, Last appended: 1.3, Last appended by leader: 0, Current term: 1, Majority size: 2, State: 0, Mode: LEADER, active raft config: opid_index: 4 OBSOLETE_local: false peers { permanent_uuid: "ece4a115235047fb9ddaf989f6bf759d" member_type: VOTER last_known_addr { host: "127.31.247.194" port: 42915 } } peers { permanent_uuid: "b506616b4e5d4456a708476d5a330b09" member_type: VOTER last_known_addr { host: "127.31.247.195" port: 42987 } } peers { permanent_uuid: "b35adf07acc44e67a8d0c59b756009c5" member_type: VOTER last_known_addr { host: "127.31.247.196" port: 38641 } attrs { promote: false } }
I20260713 09:10:59.665108  1771 raft_consensus.cc:1275] T e535d1e588f546e384448b9020bfdfc4 P b35adf07acc44e67a8d0c59b756009c5 [term 1 FOLLOWER]: Refusing update from remote peer ece4a115235047fb9ddaf989f6bf759d: Log matching property violated. Preceding OpId in replica: term: 1 index: 3. Preceding OpId from leader: term: 1 index: 4. (index mismatch)
I20260713 09:10:59.665108  1513 raft_consensus.cc:1275] T e535d1e588f546e384448b9020bfdfc4 P b506616b4e5d4456a708476d5a330b09 [term 1 FOLLOWER]: Refusing update from remote peer ece4a115235047fb9ddaf989f6bf759d: Log matching property violated. Preceding OpId in replica: term: 1 index: 3. Preceding OpId from leader: term: 1 index: 4. (index mismatch)
I20260713 09:10:59.666538  1841 consensus_queue.cc:1048] T e535d1e588f546e384448b9020bfdfc4 P ece4a115235047fb9ddaf989f6bf759d [LEADER]: Connected to new peer: Peer: permanent_uuid: "b506616b4e5d4456a708476d5a330b09" member_type: VOTER last_known_addr { host: "127.31.247.195" port: 42987 }, Status: LMP_MISMATCH, Last received: 0.0, Next index: 4, Last known committed idx: 3, Time since last communication: 0.000s
I20260713 09:10:59.667696  1841 consensus_queue.cc:1048] T e535d1e588f546e384448b9020bfdfc4 P ece4a115235047fb9ddaf989f6bf759d [LEADER]: Connected to new peer: Peer: permanent_uuid: "b35adf07acc44e67a8d0c59b756009c5" member_type: VOTER last_known_addr { host: "127.31.247.196" port: 38641 } attrs { promote: false }, Status: LMP_MISMATCH, Last received: 0.0, Next index: 4, Last known committed idx: 3, Time since last communication: 0.000s
I20260713 09:10:59.672212  2048 raft_consensus.cc:2955] T e535d1e588f546e384448b9020bfdfc4 P ece4a115235047fb9ddaf989f6bf759d [term 1 LEADER]: Committing config change with OpId 1.4: config changed from index 3 to 4, VOTER 9134cc3a857546798f14ac7241a5bbda (127.31.247.193) evicted. New config: { opid_index: 4 OBSOLETE_local: false peers { permanent_uuid: "ece4a115235047fb9ddaf989f6bf759d" member_type: VOTER last_known_addr { host: "127.31.247.194" port: 42915 } } peers { permanent_uuid: "b506616b4e5d4456a708476d5a330b09" member_type: VOTER last_known_addr { host: "127.31.247.195" port: 42987 } } peers { permanent_uuid: "b35adf07acc44e67a8d0c59b756009c5" member_type: VOTER last_known_addr { host: "127.31.247.196" port: 38641 } attrs { promote: false } } }
I20260713 09:10:59.675076  1771 raft_consensus.cc:2955] T e535d1e588f546e384448b9020bfdfc4 P b35adf07acc44e67a8d0c59b756009c5 [term 1 FOLLOWER]: Committing config change with OpId 1.4: config changed from index 3 to 4, VOTER 9134cc3a857546798f14ac7241a5bbda (127.31.247.193) evicted. New config: { opid_index: 4 OBSOLETE_local: false peers { permanent_uuid: "ece4a115235047fb9ddaf989f6bf759d" member_type: VOTER last_known_addr { host: "127.31.247.194" port: 42915 } } peers { permanent_uuid: "b506616b4e5d4456a708476d5a330b09" member_type: VOTER last_known_addr { host: "127.31.247.195" port: 42987 } } peers { permanent_uuid: "b35adf07acc44e67a8d0c59b756009c5" member_type: VOTER last_known_addr { host: "127.31.247.196" port: 38641 } attrs { promote: false } } }
I20260713 09:10:59.680996  1513 raft_consensus.cc:2955] T e535d1e588f546e384448b9020bfdfc4 P b506616b4e5d4456a708476d5a330b09 [term 1 FOLLOWER]: Committing config change with OpId 1.4: config changed from index 3 to 4, VOTER 9134cc3a857546798f14ac7241a5bbda (127.31.247.193) evicted. New config: { opid_index: 4 OBSOLETE_local: false peers { permanent_uuid: "ece4a115235047fb9ddaf989f6bf759d" member_type: VOTER last_known_addr { host: "127.31.247.194" port: 42915 } } peers { permanent_uuid: "b506616b4e5d4456a708476d5a330b09" member_type: VOTER last_known_addr { host: "127.31.247.195" port: 42987 } } peers { permanent_uuid: "b35adf07acc44e67a8d0c59b756009c5" member_type: VOTER last_known_addr { host: "127.31.247.196" port: 38641 } attrs { promote: false } } }
I20260713 09:10:59.686959  1250 catalog_manager.cc:5210] ChangeConfig:REMOVE_PEER RPC for tablet e535d1e588f546e384448b9020bfdfc4 with cas_config_opid_index 3: ChangeConfig:REMOVE_PEER succeeded (attempt 1)
I20260713 09:10:59.687883  1263 catalog_manager.cc:5697] T e535d1e588f546e384448b9020bfdfc4 P b35adf07acc44e67a8d0c59b756009c5 reported cstate change: config changed from index 3 to 4, VOTER 9134cc3a857546798f14ac7241a5bbda (127.31.247.193) evicted. New cstate: current_term: 1 leader_uuid: "ece4a115235047fb9ddaf989f6bf759d" committed_config { opid_index: 4 OBSOLETE_local: false peers { permanent_uuid: "ece4a115235047fb9ddaf989f6bf759d" member_type: VOTER last_known_addr { host: "127.31.247.194" port: 42915 } } peers { permanent_uuid: "b506616b4e5d4456a708476d5a330b09" member_type: VOTER last_known_addr { host: "127.31.247.195" port: 42987 } } peers { permanent_uuid: "b35adf07acc44e67a8d0c59b756009c5" member_type: VOTER last_known_addr { host: "127.31.247.196" port: 38641 } attrs { promote: false } } }
I20260713 09:10:59.699725  1350 tablet_service.cc:1558] Processing DeleteTablet for tablet e535d1e588f546e384448b9020bfdfc4 with delete_type TABLET_DATA_TOMBSTONED (TS 9134cc3a857546798f14ac7241a5bbda not found in new config with opid_index 4) from {username='slave'} at 127.0.0.1:32882
I20260713 09:10:59.702243  2070 tablet_replica.cc:333] T e535d1e588f546e384448b9020bfdfc4 P 9134cc3a857546798f14ac7241a5bbda: stopping tablet replica
I20260713 09:10:59.703238  2070 raft_consensus.cc:2243] T e535d1e588f546e384448b9020bfdfc4 P 9134cc3a857546798f14ac7241a5bbda [term 1 FOLLOWER]: Raft consensus shutting down.
I20260713 09:10:59.703900  2070 raft_consensus.cc:2272] T e535d1e588f546e384448b9020bfdfc4 P 9134cc3a857546798f14ac7241a5bbda [term 1 FOLLOWER]: Raft consensus is shut down!
I20260713 09:10:59.707702  2070 ts_tablet_manager.cc:1916] T e535d1e588f546e384448b9020bfdfc4 P 9134cc3a857546798f14ac7241a5bbda: Deleting tablet data with delete state TABLET_DATA_TOMBSTONED
I20260713 09:10:59.722208  2070 ts_tablet_manager.cc:1929] T e535d1e588f546e384448b9020bfdfc4 P 9134cc3a857546798f14ac7241a5bbda: tablet deleted with delete type TABLET_DATA_TOMBSTONED: last-logged OpId 1.3
I20260713 09:10:59.722577  2070 log.cc:1199] T e535d1e588f546e384448b9020bfdfc4 P 9134cc3a857546798f14ac7241a5bbda: Deleting WAL directory at /tmp/dist-test-taskRlKknq/test-tmp/auto_leader_rebalancer-test.0.LeaderRebalancerTest.AddTserver.1783933822265791-32735-0/minicluster-data/ts-0-root/wals/e535d1e588f546e384448b9020bfdfc4
I20260713 09:10:59.724335  1251 catalog_manager.cc:5028] TS 9134cc3a857546798f14ac7241a5bbda (127.31.247.193:39983): tablet e535d1e588f546e384448b9020bfdfc4 (table test-workload [id=966e8880ad7d4dce83e88afe3ec3694d]) successfully deleted
I20260713 09:10:59.776839  2059 raft_consensus.cc:1064] T a8d490935ad945ef8e874054d02c3b01 P ece4a115235047fb9ddaf989f6bf759d: attempting to promote NON_VOTER b35adf07acc44e67a8d0c59b756009c5 to VOTER
I20260713 09:10:59.779337  2059 consensus_queue.cc:237] T a8d490935ad945ef8e874054d02c3b01 P ece4a115235047fb9ddaf989f6bf759d [LEADER]: Queue going to LEADER mode. State: All replicated index: 0, Majority replicated index: 2, Committed index: 2, Last appended: 1.2, Last appended by leader: 0, Current term: 1, Majority size: 3, State: 0, Mode: LEADER, active raft config: opid_index: 3 OBSOLETE_local: false peers { permanent_uuid: "9134cc3a857546798f14ac7241a5bbda" member_type: VOTER last_known_addr { host: "127.31.247.193" port: 39983 } } peers { permanent_uuid: "ece4a115235047fb9ddaf989f6bf759d" member_type: VOTER last_known_addr { host: "127.31.247.194" port: 42915 } } peers { permanent_uuid: "b506616b4e5d4456a708476d5a330b09" member_type: VOTER last_known_addr { host: "127.31.247.195" port: 42987 } attrs { replace: true } } peers { permanent_uuid: "b35adf07acc44e67a8d0c59b756009c5" member_type: VOTER last_known_addr { host: "127.31.247.196" port: 38641 } attrs { promote: false } }
I20260713 09:10:59.785710  1513 raft_consensus.cc:1275] T a8d490935ad945ef8e874054d02c3b01 P b506616b4e5d4456a708476d5a330b09 [term 1 FOLLOWER]: Refusing update from remote peer ece4a115235047fb9ddaf989f6bf759d: Log matching property violated. Preceding OpId in replica: term: 1 index: 2. Preceding OpId from leader: term: 1 index: 3. (index mismatch)
I20260713 09:10:59.785847  1771 raft_consensus.cc:1275] T a8d490935ad945ef8e874054d02c3b01 P b35adf07acc44e67a8d0c59b756009c5 [term 1 LEARNER]: Refusing update from remote peer ece4a115235047fb9ddaf989f6bf759d: Log matching property violated. Preceding OpId in replica: term: 1 index: 2. Preceding OpId from leader: term: 1 index: 3. (index mismatch)
I20260713 09:10:59.785949  1363 raft_consensus.cc:1275] T a8d490935ad945ef8e874054d02c3b01 P 9134cc3a857546798f14ac7241a5bbda [term 1 FOLLOWER]: Refusing update from remote peer ece4a115235047fb9ddaf989f6bf759d: Log matching property violated. Preceding OpId in replica: term: 1 index: 2. Preceding OpId from leader: term: 1 index: 3. (index mismatch)
I20260713 09:10:59.787185  2048 consensus_queue.cc:1048] T a8d490935ad945ef8e874054d02c3b01 P ece4a115235047fb9ddaf989f6bf759d [LEADER]: Connected to new peer: Peer: permanent_uuid: "b35adf07acc44e67a8d0c59b756009c5" member_type: VOTER last_known_addr { host: "127.31.247.196" port: 38641 } attrs { promote: false }, Status: LMP_MISMATCH, Last received: 0.0, Next index: 3, Last known committed idx: 2, Time since last communication: 0.000s
I20260713 09:10:59.788005  2001 consensus_queue.cc:1048] T a8d490935ad945ef8e874054d02c3b01 P ece4a115235047fb9ddaf989f6bf759d [LEADER]: Connected to new peer: Peer: permanent_uuid: "b506616b4e5d4456a708476d5a330b09" member_type: VOTER last_known_addr { host: "127.31.247.195" port: 42987 } attrs { replace: true }, Status: LMP_MISMATCH, Last received: 0.0, Next index: 3, Last known committed idx: 2, Time since last communication: 0.000s
I20260713 09:10:59.788745  2059 consensus_queue.cc:1048] T a8d490935ad945ef8e874054d02c3b01 P ece4a115235047fb9ddaf989f6bf759d [LEADER]: Connected to new peer: Peer: permanent_uuid: "9134cc3a857546798f14ac7241a5bbda" member_type: VOTER last_known_addr { host: "127.31.247.193" port: 39983 }, Status: LMP_MISMATCH, Last received: 0.0, Next index: 3, Last known committed idx: 2, Time since last communication: 0.000s
I20260713 09:10:59.812840  2001 raft_consensus.cc:2955] T a8d490935ad945ef8e874054d02c3b01 P ece4a115235047fb9ddaf989f6bf759d [term 1 LEADER]: Committing config change with OpId 1.3: config changed from index 2 to 3, b35adf07acc44e67a8d0c59b756009c5 (127.31.247.196) changed from NON_VOTER to VOTER. New config: { opid_index: 3 OBSOLETE_local: false peers { permanent_uuid: "9134cc3a857546798f14ac7241a5bbda" member_type: VOTER last_known_addr { host: "127.31.247.193" port: 39983 } } peers { permanent_uuid: "ece4a115235047fb9ddaf989f6bf759d" member_type: VOTER last_known_addr { host: "127.31.247.194" port: 42915 } } peers { permanent_uuid: "b506616b4e5d4456a708476d5a330b09" member_type: VOTER last_known_addr { host: "127.31.247.195" port: 42987 } attrs { replace: true } } peers { permanent_uuid: "b35adf07acc44e67a8d0c59b756009c5" member_type: VOTER last_known_addr { host: "127.31.247.196" port: 38641 } attrs { promote: false } } }
I20260713 09:10:59.826206  1363 raft_consensus.cc:2955] T a8d490935ad945ef8e874054d02c3b01 P 9134cc3a857546798f14ac7241a5bbda [term 1 FOLLOWER]: Committing config change with OpId 1.3: config changed from index 2 to 3, b35adf07acc44e67a8d0c59b756009c5 (127.31.247.196) changed from NON_VOTER to VOTER. New config: { opid_index: 3 OBSOLETE_local: false peers { permanent_uuid: "9134cc3a857546798f14ac7241a5bbda" member_type: VOTER last_known_addr { host: "127.31.247.193" port: 39983 } } peers { permanent_uuid: "ece4a115235047fb9ddaf989f6bf759d" member_type: VOTER last_known_addr { host: "127.31.247.194" port: 42915 } } peers { permanent_uuid: "b506616b4e5d4456a708476d5a330b09" member_type: VOTER last_known_addr { host: "127.31.247.195" port: 42987 } attrs { replace: true } } peers { permanent_uuid: "b35adf07acc44e67a8d0c59b756009c5" member_type: VOTER last_known_addr { host: "127.31.247.196" port: 38641 } attrs { promote: false } } }
I20260713 09:10:59.827369  1771 raft_consensus.cc:2955] T a8d490935ad945ef8e874054d02c3b01 P b35adf07acc44e67a8d0c59b756009c5 [term 1 FOLLOWER]: Committing config change with OpId 1.3: config changed from index 2 to 3, b35adf07acc44e67a8d0c59b756009c5 (127.31.247.196) changed from NON_VOTER to VOTER. New config: { opid_index: 3 OBSOLETE_local: false peers { permanent_uuid: "9134cc3a857546798f14ac7241a5bbda" member_type: VOTER last_known_addr { host: "127.31.247.193" port: 39983 } } peers { permanent_uuid: "ece4a115235047fb9ddaf989f6bf759d" member_type: VOTER last_known_addr { host: "127.31.247.194" port: 42915 } } peers { permanent_uuid: "b506616b4e5d4456a708476d5a330b09" member_type: VOTER last_known_addr { host: "127.31.247.195" port: 42987 } attrs { replace: true } } peers { permanent_uuid: "b35adf07acc44e67a8d0c59b756009c5" member_type: VOTER last_known_addr { host: "127.31.247.196" port: 38641 } attrs { promote: false } } }
I20260713 09:10:59.827729  1262 catalog_manager.cc:5697] T a8d490935ad945ef8e874054d02c3b01 P ece4a115235047fb9ddaf989f6bf759d reported cstate change: config changed from index 2 to 3, b35adf07acc44e67a8d0c59b756009c5 (127.31.247.196) changed from NON_VOTER to VOTER. New cstate: current_term: 1 leader_uuid: "ece4a115235047fb9ddaf989f6bf759d" committed_config { opid_index: 3 OBSOLETE_local: false peers { permanent_uuid: "9134cc3a857546798f14ac7241a5bbda" member_type: VOTER last_known_addr { host: "127.31.247.193" port: 39983 } health_report { overall_health: UNKNOWN } } peers { permanent_uuid: "ece4a115235047fb9ddaf989f6bf759d" member_type: VOTER last_known_addr { host: "127.31.247.194" port: 42915 } health_report { overall_health: HEALTHY } } peers { permanent_uuid: "b506616b4e5d4456a708476d5a330b09" member_type: VOTER last_known_addr { host: "127.31.247.195" port: 42987 } attrs { replace: true } health_report { overall_health: HEALTHY } } peers { permanent_uuid: "b35adf07acc44e67a8d0c59b756009c5" member_type: VOTER last_known_addr { host: "127.31.247.196" port: 38641 } attrs { promote: false } health_report { overall_health: UNKNOWN } } }
I20260713 09:10:59.820333  1513 raft_consensus.cc:2955] T a8d490935ad945ef8e874054d02c3b01 P b506616b4e5d4456a708476d5a330b09 [term 1 FOLLOWER]: Committing config change with OpId 1.3: config changed from index 2 to 3, b35adf07acc44e67a8d0c59b756009c5 (127.31.247.196) changed from NON_VOTER to VOTER. New config: { opid_index: 3 OBSOLETE_local: false peers { permanent_uuid: "9134cc3a857546798f14ac7241a5bbda" member_type: VOTER last_known_addr { host: "127.31.247.193" port: 39983 } } peers { permanent_uuid: "ece4a115235047fb9ddaf989f6bf759d" member_type: VOTER last_known_addr { host: "127.31.247.194" port: 42915 } } peers { permanent_uuid: "b506616b4e5d4456a708476d5a330b09" member_type: VOTER last_known_addr { host: "127.31.247.195" port: 42987 } attrs { replace: true } } peers { permanent_uuid: "b35adf07acc44e67a8d0c59b756009c5" member_type: VOTER last_known_addr { host: "127.31.247.196" port: 38641 } attrs { promote: false } } }
I20260713 09:10:59.850625  1438 consensus_queue.cc:237] T a8d490935ad945ef8e874054d02c3b01 P ece4a115235047fb9ddaf989f6bf759d [LEADER]: Queue going to LEADER mode. State: All replicated index: 0, Majority replicated index: 3, Committed index: 3, Last appended: 1.3, Last appended by leader: 0, Current term: 1, Majority size: 2, State: 0, Mode: LEADER, active raft config: opid_index: 4 OBSOLETE_local: false peers { permanent_uuid: "9134cc3a857546798f14ac7241a5bbda" member_type: VOTER last_known_addr { host: "127.31.247.193" port: 39983 } } peers { permanent_uuid: "ece4a115235047fb9ddaf989f6bf759d" member_type: VOTER last_known_addr { host: "127.31.247.194" port: 42915 } } peers { permanent_uuid: "b35adf07acc44e67a8d0c59b756009c5" member_type: VOTER last_known_addr { host: "127.31.247.196" port: 38641 } attrs { promote: false } }
I20260713 09:10:59.855149  1771 raft_consensus.cc:1275] T a8d490935ad945ef8e874054d02c3b01 P b35adf07acc44e67a8d0c59b756009c5 [term 1 FOLLOWER]: Refusing update from remote peer ece4a115235047fb9ddaf989f6bf759d: Log matching property violated. Preceding OpId in replica: term: 1 index: 3. Preceding OpId from leader: term: 1 index: 4. (index mismatch)
I20260713 09:10:59.855994  1363 raft_consensus.cc:1275] T a8d490935ad945ef8e874054d02c3b01 P 9134cc3a857546798f14ac7241a5bbda [term 1 FOLLOWER]: Refusing update from remote peer ece4a115235047fb9ddaf989f6bf759d: Log matching property violated. Preceding OpId in replica: term: 1 index: 3. Preceding OpId from leader: term: 1 index: 4. (index mismatch)
I20260713 09:10:59.856527  1841 consensus_queue.cc:1048] T a8d490935ad945ef8e874054d02c3b01 P ece4a115235047fb9ddaf989f6bf759d [LEADER]: Connected to new peer: Peer: permanent_uuid: "b35adf07acc44e67a8d0c59b756009c5" member_type: VOTER last_known_addr { host: "127.31.247.196" port: 38641 } attrs { promote: false }, Status: LMP_MISMATCH, Last received: 0.0, Next index: 4, Last known committed idx: 3, Time since last communication: 0.000s
I20260713 09:10:59.857236  2001 consensus_queue.cc:1048] T a8d490935ad945ef8e874054d02c3b01 P ece4a115235047fb9ddaf989f6bf759d [LEADER]: Connected to new peer: Peer: permanent_uuid: "9134cc3a857546798f14ac7241a5bbda" member_type: VOTER last_known_addr { host: "127.31.247.193" port: 39983 }, Status: LMP_MISMATCH, Last received: 0.0, Next index: 4, Last known committed idx: 3, Time since last communication: 0.000s
I20260713 09:10:59.864120  1841 raft_consensus.cc:2955] T a8d490935ad945ef8e874054d02c3b01 P ece4a115235047fb9ddaf989f6bf759d [term 1 LEADER]: Committing config change with OpId 1.4: config changed from index 3 to 4, VOTER b506616b4e5d4456a708476d5a330b09 (127.31.247.195) evicted. New config: { opid_index: 4 OBSOLETE_local: false peers { permanent_uuid: "9134cc3a857546798f14ac7241a5bbda" member_type: VOTER last_known_addr { host: "127.31.247.193" port: 39983 } } peers { permanent_uuid: "ece4a115235047fb9ddaf989f6bf759d" member_type: VOTER last_known_addr { host: "127.31.247.194" port: 42915 } } peers { permanent_uuid: "b35adf07acc44e67a8d0c59b756009c5" member_type: VOTER last_known_addr { host: "127.31.247.196" port: 38641 } attrs { promote: false } } }
I20260713 09:10:59.866066  1771 raft_consensus.cc:2955] T a8d490935ad945ef8e874054d02c3b01 P b35adf07acc44e67a8d0c59b756009c5 [term 1 FOLLOWER]: Committing config change with OpId 1.4: config changed from index 3 to 4, VOTER b506616b4e5d4456a708476d5a330b09 (127.31.247.195) evicted. New config: { opid_index: 4 OBSOLETE_local: false peers { permanent_uuid: "9134cc3a857546798f14ac7241a5bbda" member_type: VOTER last_known_addr { host: "127.31.247.193" port: 39983 } } peers { permanent_uuid: "ece4a115235047fb9ddaf989f6bf759d" member_type: VOTER last_known_addr { host: "127.31.247.194" port: 42915 } } peers { permanent_uuid: "b35adf07acc44e67a8d0c59b756009c5" member_type: VOTER last_known_addr { host: "127.31.247.196" port: 38641 } attrs { promote: false } } }
I20260713 09:10:59.865872  1363 raft_consensus.cc:2955] T a8d490935ad945ef8e874054d02c3b01 P 9134cc3a857546798f14ac7241a5bbda [term 1 FOLLOWER]: Committing config change with OpId 1.4: config changed from index 3 to 4, VOTER b506616b4e5d4456a708476d5a330b09 (127.31.247.195) evicted. New config: { opid_index: 4 OBSOLETE_local: false peers { permanent_uuid: "9134cc3a857546798f14ac7241a5bbda" member_type: VOTER last_known_addr { host: "127.31.247.193" port: 39983 } } peers { permanent_uuid: "ece4a115235047fb9ddaf989f6bf759d" member_type: VOTER last_known_addr { host: "127.31.247.194" port: 42915 } } peers { permanent_uuid: "b35adf07acc44e67a8d0c59b756009c5" member_type: VOTER last_known_addr { host: "127.31.247.196" port: 38641 } attrs { promote: false } } }
I20260713 09:10:59.872520  1250 catalog_manager.cc:5210] ChangeConfig:REMOVE_PEER RPC for tablet a8d490935ad945ef8e874054d02c3b01 with cas_config_opid_index 3: ChangeConfig:REMOVE_PEER succeeded (attempt 1)
I20260713 09:10:59.878366  1262 catalog_manager.cc:5697] T a8d490935ad945ef8e874054d02c3b01 P ece4a115235047fb9ddaf989f6bf759d reported cstate change: config changed from index 3 to 4, VOTER b506616b4e5d4456a708476d5a330b09 (127.31.247.195) evicted. New cstate: current_term: 1 leader_uuid: "ece4a115235047fb9ddaf989f6bf759d" committed_config { opid_index: 4 OBSOLETE_local: false peers { permanent_uuid: "9134cc3a857546798f14ac7241a5bbda" member_type: VOTER last_known_addr { host: "127.31.247.193" port: 39983 } health_report { overall_health: HEALTHY } } peers { permanent_uuid: "ece4a115235047fb9ddaf989f6bf759d" member_type: VOTER last_known_addr { host: "127.31.247.194" port: 42915 } health_report { overall_health: HEALTHY } } peers { permanent_uuid: "b35adf07acc44e67a8d0c59b756009c5" member_type: VOTER last_known_addr { host: "127.31.247.196" port: 38641 } attrs { promote: false } health_report { overall_health: HEALTHY } } }
I20260713 09:10:59.888577  1505 tablet_service.cc:1558] Processing DeleteTablet for tablet a8d490935ad945ef8e874054d02c3b01 with delete_type TABLET_DATA_TOMBSTONED (TS b506616b4e5d4456a708476d5a330b09 not found in new config with opid_index 4) from {username='slave'} at 127.0.0.1:53856
I20260713 09:10:59.889370  2063 tablet_replica.cc:333] T a8d490935ad945ef8e874054d02c3b01 P b506616b4e5d4456a708476d5a330b09: stopping tablet replica
I20260713 09:10:59.890259  2063 raft_consensus.cc:2243] T a8d490935ad945ef8e874054d02c3b01 P b506616b4e5d4456a708476d5a330b09 [term 1 FOLLOWER]: Raft consensus shutting down.
I20260713 09:10:59.890973  2063 raft_consensus.cc:2272] T a8d490935ad945ef8e874054d02c3b01 P b506616b4e5d4456a708476d5a330b09 [term 1 FOLLOWER]: Raft consensus is shut down!
I20260713 09:10:59.894462  2063 ts_tablet_manager.cc:1916] T a8d490935ad945ef8e874054d02c3b01 P b506616b4e5d4456a708476d5a330b09: Deleting tablet data with delete state TABLET_DATA_TOMBSTONED
I20260713 09:10:59.908198  2063 ts_tablet_manager.cc:1929] T a8d490935ad945ef8e874054d02c3b01 P b506616b4e5d4456a708476d5a330b09: tablet deleted with delete type TABLET_DATA_TOMBSTONED: last-logged OpId 1.3
I20260713 09:10:59.908560  2063 log.cc:1199] T a8d490935ad945ef8e874054d02c3b01 P b506616b4e5d4456a708476d5a330b09: Deleting WAL directory at /tmp/dist-test-taskRlKknq/test-tmp/auto_leader_rebalancer-test.0.LeaderRebalancerTest.AddTserver.1783933822265791-32735-0/minicluster-data/ts-2-root/wals/a8d490935ad945ef8e874054d02c3b01
I20260713 09:10:59.909933  1251 catalog_manager.cc:5028] TS b506616b4e5d4456a708476d5a330b09 (127.31.247.195:42987): tablet a8d490935ad945ef8e874054d02c3b01 (table test-workload [id=966e8880ad7d4dce83e88afe3ec3694d]) successfully deleted
I20260713 09:10:59.945497  1513 consensus_queue.cc:237] T aee37f0e711445fab2dbf73f29d24a18 P b506616b4e5d4456a708476d5a330b09 [LEADER]: Queue going to LEADER mode. State: All replicated index: 0, Majority replicated index: 3, Committed index: 3, Last appended: 1.3, Last appended by leader: 0, Current term: 1, Majority size: 2, State: 0, Mode: LEADER, active raft config: opid_index: 4 OBSOLETE_local: false peers { permanent_uuid: "9134cc3a857546798f14ac7241a5bbda" member_type: VOTER last_known_addr { host: "127.31.247.193" port: 39983 } } peers { permanent_uuid: "b506616b4e5d4456a708476d5a330b09" member_type: VOTER last_known_addr { host: "127.31.247.195" port: 42987 } } peers { permanent_uuid: "b35adf07acc44e67a8d0c59b756009c5" member_type: VOTER last_known_addr { host: "127.31.247.196" port: 38641 } attrs { promote: false } }
I20260713 09:10:59.950089  1771 raft_consensus.cc:1275] T aee37f0e711445fab2dbf73f29d24a18 P b35adf07acc44e67a8d0c59b756009c5 [term 1 FOLLOWER]: Refusing update from remote peer b506616b4e5d4456a708476d5a330b09: Log matching property violated. Preceding OpId in replica: term: 1 index: 3. Preceding OpId from leader: term: 1 index: 4. (index mismatch)
I20260713 09:10:59.950089  1363 raft_consensus.cc:1275] T aee37f0e711445fab2dbf73f29d24a18 P 9134cc3a857546798f14ac7241a5bbda [term 1 FOLLOWER]: Refusing update from remote peer b506616b4e5d4456a708476d5a330b09: Log matching property violated. Preceding OpId in replica: term: 1 index: 3. Preceding OpId from leader: term: 1 index: 4. (index mismatch)
I20260713 09:10:59.951390  2064 consensus_queue.cc:1048] T aee37f0e711445fab2dbf73f29d24a18 P b506616b4e5d4456a708476d5a330b09 [LEADER]: Connected to new peer: Peer: permanent_uuid: "b35adf07acc44e67a8d0c59b756009c5" member_type: VOTER last_known_addr { host: "127.31.247.196" port: 38641 } attrs { promote: false }, Status: LMP_MISMATCH, Last received: 0.0, Next index: 4, Last known committed idx: 3, Time since last communication: 0.000s
I20260713 09:10:59.952252  2050 consensus_queue.cc:1048] T aee37f0e711445fab2dbf73f29d24a18 P b506616b4e5d4456a708476d5a330b09 [LEADER]: Connected to new peer: Peer: permanent_uuid: "9134cc3a857546798f14ac7241a5bbda" member_type: VOTER last_known_addr { host: "127.31.247.193" port: 39983 }, Status: LMP_MISMATCH, Last received: 0.0, Next index: 4, Last known committed idx: 3, Time since last communication: 0.000s
I20260713 09:10:59.958900  2031 raft_consensus.cc:2955] T aee37f0e711445fab2dbf73f29d24a18 P b506616b4e5d4456a708476d5a330b09 [term 1 LEADER]: Committing config change with OpId 1.4: config changed from index 3 to 4, VOTER ece4a115235047fb9ddaf989f6bf759d (127.31.247.194) evicted. New config: { opid_index: 4 OBSOLETE_local: false peers { permanent_uuid: "9134cc3a857546798f14ac7241a5bbda" member_type: VOTER last_known_addr { host: "127.31.247.193" port: 39983 } } peers { permanent_uuid: "b506616b4e5d4456a708476d5a330b09" member_type: VOTER last_known_addr { host: "127.31.247.195" port: 42987 } } peers { permanent_uuid: "b35adf07acc44e67a8d0c59b756009c5" member_type: VOTER last_known_addr { host: "127.31.247.196" port: 38641 } attrs { promote: false } } }
I20260713 09:10:59.961144  1771 raft_consensus.cc:2955] T aee37f0e711445fab2dbf73f29d24a18 P b35adf07acc44e67a8d0c59b756009c5 [term 1 FOLLOWER]: Committing config change with OpId 1.4: config changed from index 3 to 4, VOTER ece4a115235047fb9ddaf989f6bf759d (127.31.247.194) evicted. New config: { opid_index: 4 OBSOLETE_local: false peers { permanent_uuid: "9134cc3a857546798f14ac7241a5bbda" member_type: VOTER last_known_addr { host: "127.31.247.193" port: 39983 } } peers { permanent_uuid: "b506616b4e5d4456a708476d5a330b09" member_type: VOTER last_known_addr { host: "127.31.247.195" port: 42987 } } peers { permanent_uuid: "b35adf07acc44e67a8d0c59b756009c5" member_type: VOTER last_known_addr { host: "127.31.247.196" port: 38641 } attrs { promote: false } } }
I20260713 09:10:59.968714  1251 catalog_manager.cc:5210] ChangeConfig:REMOVE_PEER RPC for tablet aee37f0e711445fab2dbf73f29d24a18 with cas_config_opid_index 3: ChangeConfig:REMOVE_PEER succeeded (attempt 1)
I20260713 09:10:59.970741  1363 raft_consensus.cc:2955] T aee37f0e711445fab2dbf73f29d24a18 P 9134cc3a857546798f14ac7241a5bbda [term 1 FOLLOWER]: Committing config change with OpId 1.4: config changed from index 3 to 4, VOTER ece4a115235047fb9ddaf989f6bf759d (127.31.247.194) evicted. New config: { opid_index: 4 OBSOLETE_local: false peers { permanent_uuid: "9134cc3a857546798f14ac7241a5bbda" member_type: VOTER last_known_addr { host: "127.31.247.193" port: 39983 } } peers { permanent_uuid: "b506616b4e5d4456a708476d5a330b09" member_type: VOTER last_known_addr { host: "127.31.247.195" port: 42987 } } peers { permanent_uuid: "b35adf07acc44e67a8d0c59b756009c5" member_type: VOTER last_known_addr { host: "127.31.247.196" port: 38641 } attrs { promote: false } } }
I20260713 09:10:59.973484  1261 catalog_manager.cc:5697] T aee37f0e711445fab2dbf73f29d24a18 P b35adf07acc44e67a8d0c59b756009c5 reported cstate change: config changed from index 3 to 4, VOTER ece4a115235047fb9ddaf989f6bf759d (127.31.247.194) evicted. New cstate: current_term: 1 leader_uuid: "b506616b4e5d4456a708476d5a330b09" committed_config { opid_index: 4 OBSOLETE_local: false peers { permanent_uuid: "9134cc3a857546798f14ac7241a5bbda" member_type: VOTER last_known_addr { host: "127.31.247.193" port: 39983 } } peers { permanent_uuid: "b506616b4e5d4456a708476d5a330b09" member_type: VOTER last_known_addr { host: "127.31.247.195" port: 42987 } } peers { permanent_uuid: "b35adf07acc44e67a8d0c59b756009c5" member_type: VOTER last_known_addr { host: "127.31.247.196" port: 38641 } attrs { promote: false } } }
I20260713 09:10:59.985386  1423 tablet_service.cc:1558] Processing DeleteTablet for tablet aee37f0e711445fab2dbf73f29d24a18 with delete_type TABLET_DATA_TOMBSTONED (TS ece4a115235047fb9ddaf989f6bf759d not found in new config with opid_index 4) from {username='slave'} at 127.0.0.1:49464
