I20260713 09:10:39.964959   765 consensus_queue.cc:1048] T 311aa9c7ee8b49749b99359898fb0c6e P 9352081c16054f6aa9028cfc138306b2 [LEADER]: Connected to new peer: Peer: permanent_uuid: "5bfff74cf204464a8df66b62e4a00cc7" member_type: VOTER last_known_addr { host: "127.31.158.131" port: 43997 }, Status: LMP_MISMATCH, Last received: 0.0, Next index: 3, Last known committed idx: 2, Time since last communication: 0.001s
I20260713 09:10:39.976693   688 raft_consensus.cc:1275] T aca468b95bdd4462b077d924f4312cae P 5bfff74cf204464a8df66b62e4a00cc7 [term 4 FOLLOWER]: Refusing update from remote peer 9352081c16054f6aa9028cfc138306b2: Log matching property violated. Preceding OpId in replica: term: 3 index: 3. Preceding OpId from leader: term: 4 index: 4. (index mismatch)
I20260713 09:10:39.980067   765 consensus_queue.cc:1048] T aca468b95bdd4462b077d924f4312cae P 9352081c16054f6aa9028cfc138306b2 [LEADER]: Connected to new peer: Peer: permanent_uuid: "5bfff74cf204464a8df66b62e4a00cc7" member_type: VOTER last_known_addr { host: "127.31.158.131" port: 43997 }, Status: LMP_MISMATCH, Last received: 0.0, Next index: 4, Last known committed idx: 3, Time since last communication: 0.001s
I20260713 09:10:39.986052   613 raft_consensus.cc:1275] T 311aa9c7ee8b49749b99359898fb0c6e P 572bd9d6f9ab48bd8a8d420e82a6d15d [term 3 FOLLOWER]: Refusing update from remote peer 9352081c16054f6aa9028cfc138306b2: Log matching property violated. Preceding OpId in replica: term: 2 index: 2. Preceding OpId from leader: term: 3 index: 3. (index mismatch)
I20260713 09:10:39.987371   856 consensus_queue.cc:1048] T 311aa9c7ee8b49749b99359898fb0c6e P 9352081c16054f6aa9028cfc138306b2 [LEADER]: Connected to new peer: Peer: permanent_uuid: "572bd9d6f9ab48bd8a8d420e82a6d15d" member_type: VOTER last_known_addr { host: "127.31.158.130" port: 38429 }, Status: LMP_MISMATCH, Last received: 0.0, Next index: 3, Last known committed idx: 2, Time since last communication: 0.001s
I20260713 09:10:40.053155   687 raft_consensus.cc:1275] T 5e179ead4f03455a88184db834cb35e2 P 5bfff74cf204464a8df66b62e4a00cc7 [term 3 FOLLOWER]: Refusing update from remote peer 9352081c16054f6aa9028cfc138306b2: Log matching property violated. Preceding OpId in replica: term: 2 index: 2. Preceding OpId from leader: term: 3 index: 3. (index mismatch)
I20260713 09:10:40.054107   688 raft_consensus.cc:3060] T 5a2c24f171ba4825ac046729b6582338 P 5bfff74cf204464a8df66b62e4a00cc7 [term 2 FOLLOWER]: Advancing to term 3
I20260713 09:10:40.054431   856 consensus_queue.cc:1048] T 5e179ead4f03455a88184db834cb35e2 P 9352081c16054f6aa9028cfc138306b2 [LEADER]: Connected to new peer: Peer: permanent_uuid: "5bfff74cf204464a8df66b62e4a00cc7" member_type: VOTER last_known_addr { host: "127.31.158.131" port: 43997 }, Status: LMP_MISMATCH, Last received: 0.0, Next index: 3, Last known committed idx: 2, Time since last communication: 0.000s
I20260713 09:10:40.059451   688 raft_consensus.cc:1275] T 5a2c24f171ba4825ac046729b6582338 P 5bfff74cf204464a8df66b62e4a00cc7 [term 3 FOLLOWER]: Refusing update from remote peer 9352081c16054f6aa9028cfc138306b2: Log matching property violated. Preceding OpId in replica: term: 2 index: 2. Preceding OpId from leader: term: 3 index: 3. (index mismatch)
I20260713 09:10:40.061546   856 consensus_queue.cc:1048] T 5a2c24f171ba4825ac046729b6582338 P 9352081c16054f6aa9028cfc138306b2 [LEADER]: Connected to new peer: Peer: permanent_uuid: "5bfff74cf204464a8df66b62e4a00cc7" member_type: VOTER last_known_addr { host: "127.31.158.131" port: 43997 }, Status: LMP_MISMATCH, Last received: 0.0, Next index: 3, Last known committed idx: 2, Time since last communication: 0.000s
I20260713 09:10:40.066239   613 raft_consensus.cc:1275] T 5e179ead4f03455a88184db834cb35e2 P 572bd9d6f9ab48bd8a8d420e82a6d15d [term 3 FOLLOWER]: Refusing update from remote peer 9352081c16054f6aa9028cfc138306b2: Log matching property violated. Preceding OpId in replica: term: 2 index: 2. Preceding OpId from leader: term: 3 index: 3. (index mismatch)
I20260713 09:10:40.067448   856 consensus_queue.cc:1048] T 5e179ead4f03455a88184db834cb35e2 P 9352081c16054f6aa9028cfc138306b2 [LEADER]: Connected to new peer: Peer: permanent_uuid: "572bd9d6f9ab48bd8a8d420e82a6d15d" member_type: VOTER last_known_addr { host: "127.31.158.130" port: 38429 }, Status: LMP_MISMATCH, Last received: 0.0, Next index: 3, Last known committed idx: 2, Time since last communication: 0.000s
I20260713 09:10:40.075767   614 raft_consensus.cc:1275] T 5a2c24f171ba4825ac046729b6582338 P 572bd9d6f9ab48bd8a8d420e82a6d15d [term 3 FOLLOWER]: Refusing update from remote peer 9352081c16054f6aa9028cfc138306b2: Log matching property violated. Preceding OpId in replica: term: 2 index: 2. Preceding OpId from leader: term: 3 index: 3. (index mismatch)
I20260713 09:10:40.077229   765 consensus_queue.cc:1048] T 5a2c24f171ba4825ac046729b6582338 P 9352081c16054f6aa9028cfc138306b2 [LEADER]: Connected to new peer: Peer: permanent_uuid: "572bd9d6f9ab48bd8a8d420e82a6d15d" member_type: VOTER last_known_addr { host: "127.31.158.130" port: 38429 }, Status: LMP_MISMATCH, Last received: 0.0, Next index: 3, Last known committed idx: 2, Time since last communication: 0.000s
I20260713 09:10:40.286597   614 raft_consensus.cc:1275] T e8497a41068240748c150752a4cf96ae P 572bd9d6f9ab48bd8a8d420e82a6d15d [term 4 FOLLOWER]: Refusing update from remote peer 9352081c16054f6aa9028cfc138306b2: Log matching property violated. Preceding OpId in replica: term: 3 index: 3. Preceding OpId from leader: term: 4 index: 4. (index mismatch)
I20260713 09:10:40.287958   765 consensus_queue.cc:1048] T e8497a41068240748c150752a4cf96ae P 9352081c16054f6aa9028cfc138306b2 [LEADER]: Connected to new peer: Peer: permanent_uuid: "572bd9d6f9ab48bd8a8d420e82a6d15d" member_type: VOTER last_known_addr { host: "127.31.158.130" port: 38429 }, Status: LMP_MISMATCH, Last received: 0.0, Next index: 4, Last known committed idx: 3, Time since last communication: 0.000s
I20260713 09:10:40.296543   688 raft_consensus.cc:1275] T e8497a41068240748c150752a4cf96ae P 5bfff74cf204464a8df66b62e4a00cc7 [term 4 FOLLOWER]: Refusing update from remote peer 9352081c16054f6aa9028cfc138306b2: Log matching property violated. Preceding OpId in replica: term: 3 index: 3. Preceding OpId from leader: term: 4 index: 4. (index mismatch)
I20260713 09:10:40.298319   765 consensus_queue.cc:1048] T e8497a41068240748c150752a4cf96ae P 9352081c16054f6aa9028cfc138306b2 [LEADER]: Connected to new peer: Peer: permanent_uuid: "5bfff74cf204464a8df66b62e4a00cc7" member_type: VOTER last_known_addr { host: "127.31.158.131" port: 43997 }, Status: LMP_MISMATCH, Last received: 0.0, Next index: 4, Last known committed idx: 3, Time since last communication: 0.000s
I20260713 09:10:42.410069 32378 auto_leader_rebalancer.cc:141] leader rebalance for table test-workload
I20260713 09:10:42.417649   539 tablet_service.cc:2072] Received LeaderStepDown RPC: tablet_id: "311aa9c7ee8b49749b99359898fb0c6e"
dest_uuid: "9352081c16054f6aa9028cfc138306b2"
mode: GRACEFUL
new_leader_uuid: "5bfff74cf204464a8df66b62e4a00cc7"
 from {username='slave'} at 127.0.0.1:50948
I20260713 09:10:42.418322   539 raft_consensus.cc:606] T 311aa9c7ee8b49749b99359898fb0c6e P 9352081c16054f6aa9028cfc138306b2 [term 3 LEADER]: Received request to transfer leadership to TS 5bfff74cf204464a8df66b62e4a00cc7
I20260713 09:10:42.420876   539 tablet_service.cc:2072] Received LeaderStepDown RPC: tablet_id: "5a2c24f171ba4825ac046729b6582338"
dest_uuid: "9352081c16054f6aa9028cfc138306b2"
mode: GRACEFUL
new_leader_uuid: "572bd9d6f9ab48bd8a8d420e82a6d15d"
 from {username='slave'} at 127.0.0.1:50948
I20260713 09:10:42.421293   539 raft_consensus.cc:606] T 5a2c24f171ba4825ac046729b6582338 P 9352081c16054f6aa9028cfc138306b2 [term 3 LEADER]: Received request to transfer leadership to TS 572bd9d6f9ab48bd8a8d420e82a6d15d
I20260713 09:10:42.423403   539 tablet_service.cc:2072] Received LeaderStepDown RPC: tablet_id: "aca468b95bdd4462b077d924f4312cae"
dest_uuid: "9352081c16054f6aa9028cfc138306b2"
mode: GRACEFUL
new_leader_uuid: "572bd9d6f9ab48bd8a8d420e82a6d15d"
 from {username='slave'} at 127.0.0.1:50948
I20260713 09:10:42.423833   539 raft_consensus.cc:606] T aca468b95bdd4462b077d924f4312cae P 9352081c16054f6aa9028cfc138306b2 [term 4 LEADER]: Received request to transfer leadership to TS 572bd9d6f9ab48bd8a8d420e82a6d15d
I20260713 09:10:42.426407   538 tablet_service.cc:2072] Received LeaderStepDown RPC: tablet_id: "b8b031b2011540f19435479da734fe14"
dest_uuid: "9352081c16054f6aa9028cfc138306b2"
mode: GRACEFUL
new_leader_uuid: "5bfff74cf204464a8df66b62e4a00cc7"
 from {username='slave'} at 127.0.0.1:50948
I20260713 09:10:42.426983   538 raft_consensus.cc:606] T b8b031b2011540f19435479da734fe14 P 9352081c16054f6aa9028cfc138306b2 [term 1 LEADER]: Received request to transfer leadership to TS 5bfff74cf204464a8df66b62e4a00cc7
I20260713 09:10:42.428102 32378 auto_leader_rebalancer.cc:479] table: test-workload, leader rebalance finish, leader transfer count: 4
I20260713 09:10:42.428562 32378 auto_leader_rebalancer.cc:554] All tables' leader rebalancing finished this round
I20260713 09:10:42.435637   765 raft_consensus.cc:993] T 5a2c24f171ba4825ac046729b6582338 P 9352081c16054f6aa9028cfc138306b2: : Instructing follower 572bd9d6f9ab48bd8a8d420e82a6d15d to start an election
I20260713 09:10:42.436121   868 raft_consensus.cc:1081] T 5a2c24f171ba4825ac046729b6582338 P 9352081c16054f6aa9028cfc138306b2 [term 3 LEADER]: Signalling peer 572bd9d6f9ab48bd8a8d420e82a6d15d to start an election
I20260713 09:10:42.437601   613 tablet_service.cc:2044] Received Run Leader Election RPC: tablet_id: "5a2c24f171ba4825ac046729b6582338"
dest_uuid: "572bd9d6f9ab48bd8a8d420e82a6d15d"
 from {username='slave'} at 127.0.0.1:58358
I20260713 09:10:42.438028   613 raft_consensus.cc:493] T 5a2c24f171ba4825ac046729b6582338 P 572bd9d6f9ab48bd8a8d420e82a6d15d [term 3 FOLLOWER]: Starting forced leader election (received explicit request)
I20260713 09:10:42.438338   613 raft_consensus.cc:3060] T 5a2c24f171ba4825ac046729b6582338 P 572bd9d6f9ab48bd8a8d420e82a6d15d [term 3 FOLLOWER]: Advancing to term 4
I20260713 09:10:42.443301   613 raft_consensus.cc:515] T 5a2c24f171ba4825ac046729b6582338 P 572bd9d6f9ab48bd8a8d420e82a6d15d [term 4 FOLLOWER]: Starting forced leader election with config: opid_index: -1 OBSOLETE_local: false peers { permanent_uuid: "9352081c16054f6aa9028cfc138306b2" member_type: VOTER last_known_addr { host: "127.31.158.129" port: 40637 } } peers { permanent_uuid: "572bd9d6f9ab48bd8a8d420e82a6d15d" member_type: VOTER last_known_addr { host: "127.31.158.130" port: 38429 } } peers { permanent_uuid: "5bfff74cf204464a8df66b62e4a00cc7" member_type: VOTER last_known_addr { host: "127.31.158.131" port: 43997 } }
I20260713 09:10:42.444813   613 leader_election.cc:290] T 5a2c24f171ba4825ac046729b6582338 P 572bd9d6f9ab48bd8a8d420e82a6d15d [CANDIDATE]: Term 4 election: Requested vote from peers 9352081c16054f6aa9028cfc138306b2 (127.31.158.129:40637), 5bfff74cf204464a8df66b62e4a00cc7 (127.31.158.131:43997)
I20260713 09:10:42.445799   538 tablet_service.cc:1917] Received RequestConsensusVote() RPC: tablet_id: "5a2c24f171ba4825ac046729b6582338" candidate_uuid: "572bd9d6f9ab48bd8a8d420e82a6d15d" candidate_term: 4 candidate_status { last_received { term: 3 index: 3 } } ignore_live_leader: true dest_uuid: "9352081c16054f6aa9028cfc138306b2"
I20260713 09:10:42.446084   687 tablet_service.cc:1917] Received RequestConsensusVote() RPC: tablet_id: "5a2c24f171ba4825ac046729b6582338" candidate_uuid: "572bd9d6f9ab48bd8a8d420e82a6d15d" candidate_term: 4 candidate_status { last_received { term: 3 index: 3 } } ignore_live_leader: true dest_uuid: "5bfff74cf204464a8df66b62e4a00cc7"
I20260713 09:10:42.446595   538 raft_consensus.cc:3055] T 5a2c24f171ba4825ac046729b6582338 P 9352081c16054f6aa9028cfc138306b2 [term 3 LEADER]: Stepping down as leader of term 3
I20260713 09:10:42.446640   687 raft_consensus.cc:3060] T 5a2c24f171ba4825ac046729b6582338 P 5bfff74cf204464a8df66b62e4a00cc7 [term 3 FOLLOWER]: Advancing to term 4
I20260713 09:10:42.446919   538 raft_consensus.cc:740] T 5a2c24f171ba4825ac046729b6582338 P 9352081c16054f6aa9028cfc138306b2 [term 3 LEADER]: Becoming Follower/Learner. State: Replica: 9352081c16054f6aa9028cfc138306b2, State: Running, Role: LEADER
I20260713 09:10:42.447986   538 consensus_queue.cc:260] T 5a2c24f171ba4825ac046729b6582338 P 9352081c16054f6aa9028cfc138306b2 [NON_LEADER]: Queue going to NON_LEADER mode. State: All replicated index: 0, Majority replicated index: 3, Committed index: 3, Last appended: 3.3, Last appended by leader: 3, Current term: 3, Majority size: -1, State: 0, Mode: NON_LEADER, active raft config: opid_index: -1 OBSOLETE_local: false peers { permanent_uuid: "9352081c16054f6aa9028cfc138306b2" member_type: VOTER last_known_addr { host: "127.31.158.129" port: 40637 } } peers { permanent_uuid: "572bd9d6f9ab48bd8a8d420e82a6d15d" member_type: VOTER last_known_addr { host: "127.31.158.130" port: 38429 } } peers { permanent_uuid: "5bfff74cf204464a8df66b62e4a00cc7" member_type: VOTER last_known_addr { host: "127.31.158.131" port: 43997 } }
I20260713 09:10:42.448971   538 raft_consensus.cc:3060] T 5a2c24f171ba4825ac046729b6582338 P 9352081c16054f6aa9028cfc138306b2 [term 3 FOLLOWER]: Advancing to term 4
I20260713 09:10:42.451922   687 raft_consensus.cc:2468] T 5a2c24f171ba4825ac046729b6582338 P 5bfff74cf204464a8df66b62e4a00cc7 [term 4 FOLLOWER]: Leader election vote request: Granting yes vote for candidate 572bd9d6f9ab48bd8a8d420e82a6d15d in term 4.
I20260713 09:10:42.453116   580 leader_election.cc:304] T 5a2c24f171ba4825ac046729b6582338 P 572bd9d6f9ab48bd8a8d420e82a6d15d [CANDIDATE]: Term 4 election: Election decided. Result: candidate won. Election summary: received 2 responses out of 3 voters: 2 yes votes; 0 no votes. yes voters: 572bd9d6f9ab48bd8a8d420e82a6d15d, 5bfff74cf204464a8df66b62e4a00cc7; no voters: 
I20260713 09:10:42.454067   769 raft_consensus.cc:2804] T 5a2c24f171ba4825ac046729b6582338 P 572bd9d6f9ab48bd8a8d420e82a6d15d [term 4 FOLLOWER]: Leader election won for term 4
I20260713 09:10:42.454857   538 raft_consensus.cc:2468] T 5a2c24f171ba4825ac046729b6582338 P 9352081c16054f6aa9028cfc138306b2 [term 4 FOLLOWER]: Leader election vote request: Granting yes vote for candidate 572bd9d6f9ab48bd8a8d420e82a6d15d in term 4.
I20260713 09:10:42.455281   769 raft_consensus.cc:697] T 5a2c24f171ba4825ac046729b6582338 P 572bd9d6f9ab48bd8a8d420e82a6d15d [term 4 LEADER]: Becoming Leader. State: Replica: 572bd9d6f9ab48bd8a8d420e82a6d15d, State: Running, Role: LEADER
I20260713 09:10:42.456385   769 consensus_queue.cc:237] T 5a2c24f171ba4825ac046729b6582338 P 572bd9d6f9ab48bd8a8d420e82a6d15d [LEADER]: Queue going to LEADER mode. State: All replicated index: 0, Majority replicated index: 3, Committed index: 3, Last appended: 3.3, Last appended by leader: 3, Current term: 4, Majority size: 2, State: 0, Mode: LEADER, active raft config: opid_index: -1 OBSOLETE_local: false peers { permanent_uuid: "9352081c16054f6aa9028cfc138306b2" member_type: VOTER last_known_addr { host: "127.31.158.129" port: 40637 } } peers { permanent_uuid: "572bd9d6f9ab48bd8a8d420e82a6d15d" member_type: VOTER last_known_addr { host: "127.31.158.130" port: 38429 } } peers { permanent_uuid: "5bfff74cf204464a8df66b62e4a00cc7" member_type: VOTER last_known_addr { host: "127.31.158.131" port: 43997 } }
I20260713 09:10:42.460127   765 raft_consensus.cc:993] T 311aa9c7ee8b49749b99359898fb0c6e P 9352081c16054f6aa9028cfc138306b2: : Instructing follower 5bfff74cf204464a8df66b62e4a00cc7 to start an election
I20260713 09:10:42.461186   765 raft_consensus.cc:1081] T 311aa9c7ee8b49749b99359898fb0c6e P 9352081c16054f6aa9028cfc138306b2 [term 3 LEADER]: Signalling peer 5bfff74cf204464a8df66b62e4a00cc7 to start an election
I20260713 09:10:42.463217   687 tablet_service.cc:2044] Received Run Leader Election RPC: tablet_id: "311aa9c7ee8b49749b99359898fb0c6e"
dest_uuid: "5bfff74cf204464a8df66b62e4a00cc7"
 from {username='slave'} at 127.0.0.1:51918
I20260713 09:10:42.463701   687 raft_consensus.cc:493] T 311aa9c7ee8b49749b99359898fb0c6e P 5bfff74cf204464a8df66b62e4a00cc7 [term 3 FOLLOWER]: Starting forced leader election (received explicit request)
I20260713 09:10:42.464003   687 raft_consensus.cc:3060] T 311aa9c7ee8b49749b99359898fb0c6e P 5bfff74cf204464a8df66b62e4a00cc7 [term 3 FOLLOWER]: Advancing to term 4
I20260713 09:10:42.465265   435 catalog_manager.cc:5697] T 5a2c24f171ba4825ac046729b6582338 P 572bd9d6f9ab48bd8a8d420e82a6d15d reported cstate change: term changed from 3 to 4, leader changed from 9352081c16054f6aa9028cfc138306b2 (127.31.158.129) to 572bd9d6f9ab48bd8a8d420e82a6d15d (127.31.158.130). New cstate: current_term: 4 leader_uuid: "572bd9d6f9ab48bd8a8d420e82a6d15d" committed_config { opid_index: -1 OBSOLETE_local: false peers { permanent_uuid: "9352081c16054f6aa9028cfc138306b2" member_type: VOTER last_known_addr { host: "127.31.158.129" port: 40637 } health_report { overall_health: UNKNOWN } } peers { permanent_uuid: "572bd9d6f9ab48bd8a8d420e82a6d15d" member_type: VOTER last_known_addr { host: "127.31.158.130" port: 38429 } health_report { overall_health: HEALTHY } } peers { permanent_uuid: "5bfff74cf204464a8df66b62e4a00cc7" member_type: VOTER last_known_addr { host: "127.31.158.131" port: 43997 } health_report { overall_health: UNKNOWN } } }
I20260713 09:10:42.470068   687 raft_consensus.cc:515] T 311aa9c7ee8b49749b99359898fb0c6e P 5bfff74cf204464a8df66b62e4a00cc7 [term 4 FOLLOWER]: Starting forced leader election with config: opid_index: -1 OBSOLETE_local: false peers { permanent_uuid: "9352081c16054f6aa9028cfc138306b2" member_type: VOTER last_known_addr { host: "127.31.158.129" port: 40637 } } peers { permanent_uuid: "572bd9d6f9ab48bd8a8d420e82a6d15d" member_type: VOTER last_known_addr { host: "127.31.158.130" port: 38429 } } peers { permanent_uuid: "5bfff74cf204464a8df66b62e4a00cc7" member_type: VOTER last_known_addr { host: "127.31.158.131" port: 43997 } }
I20260713 09:10:42.471779   687 leader_election.cc:290] T 311aa9c7ee8b49749b99359898fb0c6e P 5bfff74cf204464a8df66b62e4a00cc7 [CANDIDATE]: Term 4 election: Requested vote from peers 9352081c16054f6aa9028cfc138306b2 (127.31.158.129:40637), 572bd9d6f9ab48bd8a8d420e82a6d15d (127.31.158.130:38429)
I20260713 09:10:42.472609   538 tablet_service.cc:1917] Received RequestConsensusVote() RPC: tablet_id: "311aa9c7ee8b49749b99359898fb0c6e" candidate_uuid: "5bfff74cf204464a8df66b62e4a00cc7" candidate_term: 4 candidate_status { last_received { term: 3 index: 3 } } ignore_live_leader: true dest_uuid: "9352081c16054f6aa9028cfc138306b2"
I20260713 09:10:42.472926   613 tablet_service.cc:1917] Received RequestConsensusVote() RPC: tablet_id: "311aa9c7ee8b49749b99359898fb0c6e" candidate_uuid: "5bfff74cf204464a8df66b62e4a00cc7" candidate_term: 4 candidate_status { last_received { term: 3 index: 3 } } ignore_live_leader: true dest_uuid: "572bd9d6f9ab48bd8a8d420e82a6d15d"
I20260713 09:10:42.473124   538 raft_consensus.cc:3055] T 311aa9c7ee8b49749b99359898fb0c6e P 9352081c16054f6aa9028cfc138306b2 [term 3 LEADER]: Stepping down as leader of term 3
I20260713 09:10:42.473420   613 raft_consensus.cc:3060] T 311aa9c7ee8b49749b99359898fb0c6e P 572bd9d6f9ab48bd8a8d420e82a6d15d [term 3 FOLLOWER]: Advancing to term 4
I20260713 09:10:42.473453   538 raft_consensus.cc:740] T 311aa9c7ee8b49749b99359898fb0c6e P 9352081c16054f6aa9028cfc138306b2 [term 3 LEADER]: Becoming Follower/Learner. State: Replica: 9352081c16054f6aa9028cfc138306b2, State: Running, Role: LEADER
I20260713 09:10:42.474334   538 consensus_queue.cc:260] T 311aa9c7ee8b49749b99359898fb0c6e P 9352081c16054f6aa9028cfc138306b2 [NON_LEADER]: Queue going to NON_LEADER mode. State: All replicated index: 0, Majority replicated index: 3, Committed index: 3, Last appended: 3.3, Last appended by leader: 3, Current term: 3, Majority size: -1, State: 0, Mode: NON_LEADER, active raft config: opid_index: -1 OBSOLETE_local: false peers { permanent_uuid: "9352081c16054f6aa9028cfc138306b2" member_type: VOTER last_known_addr { host: "127.31.158.129" port: 40637 } } peers { permanent_uuid: "572bd9d6f9ab48bd8a8d420e82a6d15d" member_type: VOTER last_known_addr { host: "127.31.158.130" port: 38429 } } peers { permanent_uuid: "5bfff74cf204464a8df66b62e4a00cc7" member_type: VOTER last_known_addr { host: "127.31.158.131" port: 43997 } }
I20260713 09:10:42.475296   538 raft_consensus.cc:3060] T 311aa9c7ee8b49749b99359898fb0c6e P 9352081c16054f6aa9028cfc138306b2 [term 3 FOLLOWER]: Advancing to term 4
I20260713 09:10:42.477669   613 raft_consensus.cc:2468] T 311aa9c7ee8b49749b99359898fb0c6e P 572bd9d6f9ab48bd8a8d420e82a6d15d [term 4 FOLLOWER]: Leader election vote request: Granting yes vote for candidate 5bfff74cf204464a8df66b62e4a00cc7 in term 4.
I20260713 09:10:42.478747   651 leader_election.cc:304] T 311aa9c7ee8b49749b99359898fb0c6e P 5bfff74cf204464a8df66b62e4a00cc7 [CANDIDATE]: Term 4 election: Election decided. Result: candidate won. Election summary: received 2 responses out of 3 voters: 2 yes votes; 0 no votes. yes voters: 572bd9d6f9ab48bd8a8d420e82a6d15d, 5bfff74cf204464a8df66b62e4a00cc7; no voters: 
I20260713 09:10:42.479800   832 raft_consensus.cc:2804] T 311aa9c7ee8b49749b99359898fb0c6e P 5bfff74cf204464a8df66b62e4a00cc7 [term 4 FOLLOWER]: Leader election won for term 4
I20260713 09:10:42.481366   538 raft_consensus.cc:2468] T 311aa9c7ee8b49749b99359898fb0c6e P 9352081c16054f6aa9028cfc138306b2 [term 4 FOLLOWER]: Leader election vote request: Granting yes vote for candidate 5bfff74cf204464a8df66b62e4a00cc7 in term 4.
I20260713 09:10:42.482760   832 raft_consensus.cc:697] T 311aa9c7ee8b49749b99359898fb0c6e P 5bfff74cf204464a8df66b62e4a00cc7 [term 4 LEADER]: Becoming Leader. State: Replica: 5bfff74cf204464a8df66b62e4a00cc7, State: Running, Role: LEADER
I20260713 09:10:42.483732   832 consensus_queue.cc:237] T 311aa9c7ee8b49749b99359898fb0c6e P 5bfff74cf204464a8df66b62e4a00cc7 [LEADER]: Queue going to LEADER mode. State: All replicated index: 0, Majority replicated index: 3, Committed index: 3, Last appended: 3.3, Last appended by leader: 3, Current term: 4, Majority size: 2, State: 0, Mode: LEADER, active raft config: opid_index: -1 OBSOLETE_local: false peers { permanent_uuid: "9352081c16054f6aa9028cfc138306b2" member_type: VOTER last_known_addr { host: "127.31.158.129" port: 40637 } } peers { permanent_uuid: "572bd9d6f9ab48bd8a8d420e82a6d15d" member_type: VOTER last_known_addr { host: "127.31.158.130" port: 38429 } } peers { permanent_uuid: "5bfff74cf204464a8df66b62e4a00cc7" member_type: VOTER last_known_addr { host: "127.31.158.131" port: 43997 } }
I20260713 09:10:42.491719   435 catalog_manager.cc:5697] T 311aa9c7ee8b49749b99359898fb0c6e P 5bfff74cf204464a8df66b62e4a00cc7 reported cstate change: term changed from 3 to 4, leader changed from 9352081c16054f6aa9028cfc138306b2 (127.31.158.129) to 5bfff74cf204464a8df66b62e4a00cc7 (127.31.158.131). New cstate: current_term: 4 leader_uuid: "5bfff74cf204464a8df66b62e4a00cc7" committed_config { opid_index: -1 OBSOLETE_local: false peers { permanent_uuid: "9352081c16054f6aa9028cfc138306b2" member_type: VOTER last_known_addr { host: "127.31.158.129" port: 40637 } health_report { overall_health: UNKNOWN } } peers { permanent_uuid: "572bd9d6f9ab48bd8a8d420e82a6d15d" member_type: VOTER last_known_addr { host: "127.31.158.130" port: 38429 } health_report { overall_health: UNKNOWN } } peers { permanent_uuid: "5bfff74cf204464a8df66b62e4a00cc7" member_type: VOTER last_known_addr { host: "127.31.158.131" port: 43997 } health_report { overall_health: HEALTHY } } }
I20260713 09:10:42.586102   871 raft_consensus.cc:993] T aca468b95bdd4462b077d924f4312cae P 9352081c16054f6aa9028cfc138306b2: : Instructing follower 572bd9d6f9ab48bd8a8d420e82a6d15d to start an election
I20260713 09:10:42.586614   765 raft_consensus.cc:1081] T aca468b95bdd4462b077d924f4312cae P 9352081c16054f6aa9028cfc138306b2 [term 4 LEADER]: Signalling peer 572bd9d6f9ab48bd8a8d420e82a6d15d to start an election
I20260713 09:10:42.587985   613 tablet_service.cc:2044] Received Run Leader Election RPC: tablet_id: "aca468b95bdd4462b077d924f4312cae"
dest_uuid: "572bd9d6f9ab48bd8a8d420e82a6d15d"
 from {username='slave'} at 127.0.0.1:58358
I20260713 09:10:42.588454   613 raft_consensus.cc:493] T aca468b95bdd4462b077d924f4312cae P 572bd9d6f9ab48bd8a8d420e82a6d15d [term 4 FOLLOWER]: Starting forced leader election (received explicit request)
I20260713 09:10:42.588686   613 raft_consensus.cc:3060] T aca468b95bdd4462b077d924f4312cae P 572bd9d6f9ab48bd8a8d420e82a6d15d [term 4 FOLLOWER]: Advancing to term 5
I20260713 09:10:42.592767   613 raft_consensus.cc:515] T aca468b95bdd4462b077d924f4312cae P 572bd9d6f9ab48bd8a8d420e82a6d15d [term 5 FOLLOWER]: Starting forced leader election with config: opid_index: -1 OBSOLETE_local: false peers { permanent_uuid: "572bd9d6f9ab48bd8a8d420e82a6d15d" member_type: VOTER last_known_addr { host: "127.31.158.130" port: 38429 } } peers { permanent_uuid: "9352081c16054f6aa9028cfc138306b2" member_type: VOTER last_known_addr { host: "127.31.158.129" port: 40637 } } peers { permanent_uuid: "5bfff74cf204464a8df66b62e4a00cc7" member_type: VOTER last_known_addr { host: "127.31.158.131" port: 43997 } }
I20260713 09:10:42.594094   613 leader_election.cc:290] T aca468b95bdd4462b077d924f4312cae P 572bd9d6f9ab48bd8a8d420e82a6d15d [CANDIDATE]: Term 5 election: Requested vote from peers 9352081c16054f6aa9028cfc138306b2 (127.31.158.129:40637), 5bfff74cf204464a8df66b62e4a00cc7 (127.31.158.131:43997)
I20260713 09:10:42.595115   687 tablet_service.cc:1917] Received RequestConsensusVote() RPC: tablet_id: "aca468b95bdd4462b077d924f4312cae" candidate_uuid: "572bd9d6f9ab48bd8a8d420e82a6d15d" candidate_term: 5 candidate_status { last_received { term: 4 index: 4 } } ignore_live_leader: true dest_uuid: "5bfff74cf204464a8df66b62e4a00cc7"
I20260713 09:10:42.595077   538 tablet_service.cc:1917] Received RequestConsensusVote() RPC: tablet_id: "aca468b95bdd4462b077d924f4312cae" candidate_uuid: "572bd9d6f9ab48bd8a8d420e82a6d15d" candidate_term: 5 candidate_status { last_received { term: 4 index: 4 } } ignore_live_leader: true dest_uuid: "9352081c16054f6aa9028cfc138306b2"
I20260713 09:10:42.595781   687 raft_consensus.cc:3060] T aca468b95bdd4462b077d924f4312cae P 5bfff74cf204464a8df66b62e4a00cc7 [term 4 FOLLOWER]: Advancing to term 5
I20260713 09:10:42.595840   538 raft_consensus.cc:3055] T aca468b95bdd4462b077d924f4312cae P 9352081c16054f6aa9028cfc138306b2 [term 4 LEADER]: Stepping down as leader of term 4
I20260713 09:10:42.596204   538 raft_consensus.cc:740] T aca468b95bdd4462b077d924f4312cae P 9352081c16054f6aa9028cfc138306b2 [term 4 LEADER]: Becoming Follower/Learner. State: Replica: 9352081c16054f6aa9028cfc138306b2, State: Running, Role: LEADER
I20260713 09:10:42.597014   538 consensus_queue.cc:260] T aca468b95bdd4462b077d924f4312cae P 9352081c16054f6aa9028cfc138306b2 [NON_LEADER]: Queue going to NON_LEADER mode. State: All replicated index: 0, Majority replicated index: 4, Committed index: 4, Last appended: 4.4, Last appended by leader: 4, Current term: 4, Majority size: -1, State: 0, Mode: NON_LEADER, active raft config: opid_index: -1 OBSOLETE_local: false peers { permanent_uuid: "572bd9d6f9ab48bd8a8d420e82a6d15d" member_type: VOTER last_known_addr { host: "127.31.158.130" port: 38429 } } peers { permanent_uuid: "9352081c16054f6aa9028cfc138306b2" member_type: VOTER last_known_addr { host: "127.31.158.129" port: 40637 } } peers { permanent_uuid: "5bfff74cf204464a8df66b62e4a00cc7" member_type: VOTER last_known_addr { host: "127.31.158.131" port: 43997 } }
I20260713 09:10:42.598292   538 raft_consensus.cc:3060] T aca468b95bdd4462b077d924f4312cae P 9352081c16054f6aa9028cfc138306b2 [term 4 FOLLOWER]: Advancing to term 5
I20260713 09:10:42.602021   687 raft_consensus.cc:2468] T aca468b95bdd4462b077d924f4312cae P 5bfff74cf204464a8df66b62e4a00cc7 [term 5 FOLLOWER]: Leader election vote request: Granting yes vote for candidate 572bd9d6f9ab48bd8a8d420e82a6d15d in term 5.
I20260713 09:10:42.603065   580 leader_election.cc:304] T aca468b95bdd4462b077d924f4312cae P 572bd9d6f9ab48bd8a8d420e82a6d15d [CANDIDATE]: Term 5 election: Election decided. Result: candidate won. Election summary: received 2 responses out of 3 voters: 2 yes votes; 0 no votes. yes voters: 572bd9d6f9ab48bd8a8d420e82a6d15d, 5bfff74cf204464a8df66b62e4a00cc7; no voters: 
I20260713 09:10:42.603878   769 raft_consensus.cc:2804] T aca468b95bdd4462b077d924f4312cae P 572bd9d6f9ab48bd8a8d420e82a6d15d [term 5 FOLLOWER]: Leader election won for term 5
I20260713 09:10:42.604296   769 raft_consensus.cc:697] T aca468b95bdd4462b077d924f4312cae P 572bd9d6f9ab48bd8a8d420e82a6d15d [term 5 LEADER]: Becoming Leader. State: Replica: 572bd9d6f9ab48bd8a8d420e82a6d15d, State: Running, Role: LEADER
I20260713 09:10:42.604758   538 raft_consensus.cc:2468] T aca468b95bdd4462b077d924f4312cae P 9352081c16054f6aa9028cfc138306b2 [term 5 FOLLOWER]: Leader election vote request: Granting yes vote for candidate 572bd9d6f9ab48bd8a8d420e82a6d15d in term 5.
I20260713 09:10:42.605189   769 consensus_queue.cc:237] T aca468b95bdd4462b077d924f4312cae P 572bd9d6f9ab48bd8a8d420e82a6d15d [LEADER]: Queue going to LEADER mode. State: All replicated index: 0, Majority replicated index: 4, Committed index: 4, Last appended: 4.4, Last appended by leader: 4, Current term: 5, Majority size: 2, State: 0, Mode: LEADER, active raft config: opid_index: -1 OBSOLETE_local: false peers { permanent_uuid: "572bd9d6f9ab48bd8a8d420e82a6d15d" member_type: VOTER last_known_addr { host: "127.31.158.130" port: 38429 } } peers { permanent_uuid: "9352081c16054f6aa9028cfc138306b2" member_type: VOTER last_known_addr { host: "127.31.158.129" port: 40637 } } peers { permanent_uuid: "5bfff74cf204464a8df66b62e4a00cc7" member_type: VOTER last_known_addr { host: "127.31.158.131" port: 43997 } }
I20260713 09:10:42.612463   435 catalog_manager.cc:5697] T aca468b95bdd4462b077d924f4312cae P 572bd9d6f9ab48bd8a8d420e82a6d15d reported cstate change: term changed from 4 to 5, leader changed from 9352081c16054f6aa9028cfc138306b2 (127.31.158.129) to 572bd9d6f9ab48bd8a8d420e82a6d15d (127.31.158.130). New cstate: current_term: 5 leader_uuid: "572bd9d6f9ab48bd8a8d420e82a6d15d" committed_config { opid_index: -1 OBSOLETE_local: false peers { permanent_uuid: "572bd9d6f9ab48bd8a8d420e82a6d15d" member_type: VOTER last_known_addr { host: "127.31.158.130" port: 38429 } health_report { overall_health: HEALTHY } } peers { permanent_uuid: "9352081c16054f6aa9028cfc138306b2" member_type: VOTER last_known_addr { host: "127.31.158.129" port: 40637 } health_report { overall_health: UNKNOWN } } peers { permanent_uuid: "5bfff74cf204464a8df66b62e4a00cc7" member_type: VOTER last_known_addr { host: "127.31.158.131" port: 43997 } health_report { overall_health: UNKNOWN } } }
I20260713 09:10:42.776397   871 raft_consensus.cc:993] T b8b031b2011540f19435479da734fe14 P 9352081c16054f6aa9028cfc138306b2: : Instructing follower 5bfff74cf204464a8df66b62e4a00cc7 to start an election
I20260713 09:10:42.776835   765 raft_consensus.cc:1081] T b8b031b2011540f19435479da734fe14 P 9352081c16054f6aa9028cfc138306b2 [term 1 LEADER]: Signalling peer 5bfff74cf204464a8df66b62e4a00cc7 to start an election
I20260713 09:10:42.778218   687 tablet_service.cc:2044] Received Run Leader Election RPC: tablet_id: "b8b031b2011540f19435479da734fe14"
dest_uuid: "5bfff74cf204464a8df66b62e4a00cc7"
 from {username='slave'} at 127.0.0.1:51918
I20260713 09:10:42.778592   687 raft_consensus.cc:493] T b8b031b2011540f19435479da734fe14 P 5bfff74cf204464a8df66b62e4a00cc7 [term 1 FOLLOWER]: Starting forced leader election (received explicit request)
I20260713 09:10:42.778837   687 raft_consensus.cc:3060] T b8b031b2011540f19435479da734fe14 P 5bfff74cf204464a8df66b62e4a00cc7 [term 1 FOLLOWER]: Advancing to term 2
I20260713 09:10:42.782871   687 raft_consensus.cc:515] T b8b031b2011540f19435479da734fe14 P 5bfff74cf204464a8df66b62e4a00cc7 [term 2 FOLLOWER]: Starting forced leader election with config: opid_index: -1 OBSOLETE_local: false peers { permanent_uuid: "9352081c16054f6aa9028cfc138306b2" member_type: VOTER last_known_addr { host: "127.31.158.129" port: 40637 } } peers { permanent_uuid: "572bd9d6f9ab48bd8a8d420e82a6d15d" member_type: VOTER last_known_addr { host: "127.31.158.130" port: 38429 } } peers { permanent_uuid: "5bfff74cf204464a8df66b62e4a00cc7" member_type: VOTER last_known_addr { host: "127.31.158.131" port: 43997 } }
I20260713 09:10:42.784245   687 leader_election.cc:290] T b8b031b2011540f19435479da734fe14 P 5bfff74cf204464a8df66b62e4a00cc7 [CANDIDATE]: Term 2 election: Requested vote from peers 9352081c16054f6aa9028cfc138306b2 (127.31.158.129:40637), 572bd9d6f9ab48bd8a8d420e82a6d15d (127.31.158.130:38429)
I20260713 09:10:42.785070   538 tablet_service.cc:1917] Received RequestConsensusVote() RPC: tablet_id: "b8b031b2011540f19435479da734fe14" candidate_uuid: "5bfff74cf204464a8df66b62e4a00cc7" candidate_term: 2 candidate_status { last_received { term: 1 index: 1 } } ignore_live_leader: true dest_uuid: "9352081c16054f6aa9028cfc138306b2"
I20260713 09:10:42.785369   613 tablet_service.cc:1917] Received RequestConsensusVote() RPC: tablet_id: "b8b031b2011540f19435479da734fe14" candidate_uuid: "5bfff74cf204464a8df66b62e4a00cc7" candidate_term: 2 candidate_status { last_received { term: 1 index: 1 } } ignore_live_leader: true dest_uuid: "572bd9d6f9ab48bd8a8d420e82a6d15d"
I20260713 09:10:42.785617   538 raft_consensus.cc:3055] T b8b031b2011540f19435479da734fe14 P 9352081c16054f6aa9028cfc138306b2 [term 1 LEADER]: Stepping down as leader of term 1
I20260713 09:10:42.785873   613 raft_consensus.cc:3060] T b8b031b2011540f19435479da734fe14 P 572bd9d6f9ab48bd8a8d420e82a6d15d [term 1 FOLLOWER]: Advancing to term 2
I20260713 09:10:42.785960   538 raft_consensus.cc:740] T b8b031b2011540f19435479da734fe14 P 9352081c16054f6aa9028cfc138306b2 [term 1 LEADER]: Becoming Follower/Learner. State: Replica: 9352081c16054f6aa9028cfc138306b2, State: Running, Role: LEADER
I20260713 09:10:42.786737   538 consensus_queue.cc:260] T b8b031b2011540f19435479da734fe14 P 9352081c16054f6aa9028cfc138306b2 [NON_LEADER]: Queue going to NON_LEADER mode. State: All replicated index: 0, Majority replicated index: 1, Committed index: 1, Last appended: 1.1, Last appended by leader: 1, Current term: 1, Majority size: -1, State: 0, Mode: NON_LEADER, active raft config: opid_index: -1 OBSOLETE_local: false peers { permanent_uuid: "9352081c16054f6aa9028cfc138306b2" member_type: VOTER last_known_addr { host: "127.31.158.129" port: 40637 } } peers { permanent_uuid: "572bd9d6f9ab48bd8a8d420e82a6d15d" member_type: VOTER last_known_addr { host: "127.31.158.130" port: 38429 } } peers { permanent_uuid: "5bfff74cf204464a8df66b62e4a00cc7" member_type: VOTER last_known_addr { host: "127.31.158.131" port: 43997 } }
I20260713 09:10:42.787742   538 raft_consensus.cc:3060] T b8b031b2011540f19435479da734fe14 P 9352081c16054f6aa9028cfc138306b2 [term 1 FOLLOWER]: Advancing to term 2
I20260713 09:10:42.790112   613 raft_consensus.cc:2468] T b8b031b2011540f19435479da734fe14 P 572bd9d6f9ab48bd8a8d420e82a6d15d [term 2 FOLLOWER]: Leader election vote request: Granting yes vote for candidate 5bfff74cf204464a8df66b62e4a00cc7 in term 2.
I20260713 09:10:42.790992   651 leader_election.cc:304] T b8b031b2011540f19435479da734fe14 P 5bfff74cf204464a8df66b62e4a00cc7 [CANDIDATE]: Term 2 election: Election decided. Result: candidate won. Election summary: received 2 responses out of 3 voters: 2 yes votes; 0 no votes. yes voters: 572bd9d6f9ab48bd8a8d420e82a6d15d, 5bfff74cf204464a8df66b62e4a00cc7; no voters: 
I20260713 09:10:42.791769   832 raft_consensus.cc:2804] T b8b031b2011540f19435479da734fe14 P 5bfff74cf204464a8df66b62e4a00cc7 [term 2 FOLLOWER]: Leader election won for term 2
I20260713 09:10:42.792202   832 raft_consensus.cc:697] T b8b031b2011540f19435479da734fe14 P 5bfff74cf204464a8df66b62e4a00cc7 [term 2 LEADER]: Becoming Leader. State: Replica: 5bfff74cf204464a8df66b62e4a00cc7, State: Running, Role: LEADER
I20260713 09:10:42.792840   538 raft_consensus.cc:2468] T b8b031b2011540f19435479da734fe14 P 9352081c16054f6aa9028cfc138306b2 [term 2 FOLLOWER]: Leader election vote request: Granting yes vote for candidate 5bfff74cf204464a8df66b62e4a00cc7 in term 2.
I20260713 09:10:42.793102   832 consensus_queue.cc:237] T b8b031b2011540f19435479da734fe14 P 5bfff74cf204464a8df66b62e4a00cc7 [LEADER]: Queue going to LEADER mode. State: All replicated index: 0, Majority replicated index: 1, Committed index: 1, Last appended: 1.1, Last appended by leader: 1, Current term: 2, Majority size: 2, State: 0, Mode: LEADER, active raft config: opid_index: -1 OBSOLETE_local: false peers { permanent_uuid: "9352081c16054f6aa9028cfc138306b2" member_type: VOTER last_known_addr { host: "127.31.158.129" port: 40637 } } peers { permanent_uuid: "572bd9d6f9ab48bd8a8d420e82a6d15d" member_type: VOTER last_known_addr { host: "127.31.158.130" port: 38429 } } peers { permanent_uuid: "5bfff74cf204464a8df66b62e4a00cc7" member_type: VOTER last_known_addr { host: "127.31.158.131" port: 43997 } }
I20260713 09:10:42.802825   435 catalog_manager.cc:5697] T b8b031b2011540f19435479da734fe14 P 5bfff74cf204464a8df66b62e4a00cc7 reported cstate change: term changed from 1 to 2, leader changed from 9352081c16054f6aa9028cfc138306b2 (127.31.158.129) to 5bfff74cf204464a8df66b62e4a00cc7 (127.31.158.131). New cstate: current_term: 2 leader_uuid: "5bfff74cf204464a8df66b62e4a00cc7" committed_config { opid_index: -1 OBSOLETE_local: false peers { permanent_uuid: "9352081c16054f6aa9028cfc138306b2" member_type: VOTER last_known_addr { host: "127.31.158.129" port: 40637 } health_report { overall_health: UNKNOWN } } peers { permanent_uuid: "572bd9d6f9ab48bd8a8d420e82a6d15d" member_type: VOTER last_known_addr { host: "127.31.158.130" port: 38429 } health_report { overall_health: UNKNOWN } } peers { permanent_uuid: "5bfff74cf204464a8df66b62e4a00cc7" member_type: VOTER last_known_addr { host: "127.31.158.131" port: 43997 } health_report { overall_health: HEALTHY } } }
I20260713 09:10:42.993939   538 raft_consensus.cc:1275] T 311aa9c7ee8b49749b99359898fb0c6e P 9352081c16054f6aa9028cfc138306b2 [term 4 FOLLOWER]: Refusing update from remote peer 5bfff74cf204464a8df66b62e4a00cc7: Log matching property violated. Preceding OpId in replica: term: 3 index: 3. Preceding OpId from leader: term: 4 index: 4. (index mismatch)
I20260713 09:10:42.995069   832 consensus_queue.cc:1048] T 311aa9c7ee8b49749b99359898fb0c6e P 5bfff74cf204464a8df66b62e4a00cc7 [LEADER]: Connected to new peer: Peer: permanent_uuid: "9352081c16054f6aa9028cfc138306b2" member_type: VOTER last_known_addr { host: "127.31.158.129" port: 40637 }, Status: LMP_MISMATCH, Last received: 0.0, Next index: 4, Last known committed idx: 3, Time since last communication: 0.000s
I20260713 09:10:43.004781   613 raft_consensus.cc:1275] T 311aa9c7ee8b49749b99359898fb0c6e P 572bd9d6f9ab48bd8a8d420e82a6d15d [term 4 FOLLOWER]: Refusing update from remote peer 5bfff74cf204464a8df66b62e4a00cc7: Log matching property violated. Preceding OpId in replica: term: 3 index: 3. Preceding OpId from leader: term: 4 index: 4. (index mismatch)
I20260713 09:10:43.006130   882 consensus_queue.cc:1048] T 311aa9c7ee8b49749b99359898fb0c6e P 5bfff74cf204464a8df66b62e4a00cc7 [LEADER]: Connected to new peer: Peer: permanent_uuid: "572bd9d6f9ab48bd8a8d420e82a6d15d" member_type: VOTER last_known_addr { host: "127.31.158.130" port: 38429 }, Status: LMP_MISMATCH, Last received: 0.0, Next index: 4, Last known committed idx: 3, Time since last communication: 0.000s
I20260713 09:10:43.045347   538 raft_consensus.cc:1275] T aca468b95bdd4462b077d924f4312cae P 9352081c16054f6aa9028cfc138306b2 [term 5 FOLLOWER]: Refusing update from remote peer 572bd9d6f9ab48bd8a8d420e82a6d15d: Log matching property violated. Preceding OpId in replica: term: 4 index: 4. Preceding OpId from leader: term: 5 index: 5. (index mismatch)
I20260713 09:10:43.046496   769 consensus_queue.cc:1048] T aca468b95bdd4462b077d924f4312cae P 572bd9d6f9ab48bd8a8d420e82a6d15d [LEADER]: Connected to new peer: Peer: permanent_uuid: "9352081c16054f6aa9028cfc138306b2" member_type: VOTER last_known_addr { host: "127.31.158.129" port: 40637 }, Status: LMP_MISMATCH, Last received: 0.0, Next index: 5, Last known committed idx: 4, Time since last communication: 0.000s
I20260713 09:10:43.055838   687 raft_consensus.cc:1275] T aca468b95bdd4462b077d924f4312cae P 5bfff74cf204464a8df66b62e4a00cc7 [term 5 FOLLOWER]: Refusing update from remote peer 572bd9d6f9ab48bd8a8d420e82a6d15d: Log matching property violated. Preceding OpId in replica: term: 4 index: 4. Preceding OpId from leader: term: 5 index: 5. (index mismatch)
I20260713 09:10:43.058823   887 consensus_queue.cc:1048] T aca468b95bdd4462b077d924f4312cae P 572bd9d6f9ab48bd8a8d420e82a6d15d [LEADER]: Connected to new peer: Peer: permanent_uuid: "5bfff74cf204464a8df66b62e4a00cc7" member_type: VOTER last_known_addr { host: "127.31.158.131" port: 43997 }, Status: LMP_MISMATCH, Last received: 0.0, Next index: 5, Last known committed idx: 4, Time since last communication: 0.001s
I20260713 09:10:43.061970   538 raft_consensus.cc:1275] T 5a2c24f171ba4825ac046729b6582338 P 9352081c16054f6aa9028cfc138306b2 [term 4 FOLLOWER]: Refusing update from remote peer 572bd9d6f9ab48bd8a8d420e82a6d15d: Log matching property violated. Preceding OpId in replica: term: 3 index: 3. Preceding OpId from leader: term: 4 index: 4. (index mismatch)
I20260713 09:10:43.063469   769 consensus_queue.cc:1048] T 5a2c24f171ba4825ac046729b6582338 P 572bd9d6f9ab48bd8a8d420e82a6d15d [LEADER]: Connected to new peer: Peer: permanent_uuid: "9352081c16054f6aa9028cfc138306b2" member_type: VOTER last_known_addr { host: "127.31.158.129" port: 40637 }, Status: LMP_MISMATCH, Last received: 0.0, Next index: 4, Last known committed idx: 3, Time since last communication: 0.000s
I20260713 09:10:43.076483   687 raft_consensus.cc:1275] T 5a2c24f171ba4825ac046729b6582338 P 5bfff74cf204464a8df66b62e4a00cc7 [term 4 FOLLOWER]: Refusing update from remote peer 572bd9d6f9ab48bd8a8d420e82a6d15d: Log matching property violated. Preceding OpId in replica: term: 3 index: 3. Preceding OpId from leader: term: 4 index: 4. (index mismatch)
I20260713 09:10:43.077975   769 consensus_queue.cc:1048] T 5a2c24f171ba4825ac046729b6582338 P 572bd9d6f9ab48bd8a8d420e82a6d15d [LEADER]: Connected to new peer: Peer: permanent_uuid: "5bfff74cf204464a8df66b62e4a00cc7" member_type: VOTER last_known_addr { host: "127.31.158.131" port: 43997 }, Status: LMP_MISMATCH, Last received: 0.0, Next index: 4, Last known committed idx: 3, Time since last communication: 0.000s
I20260713 09:10:43.180584   538 raft_consensus.cc:1275] T b8b031b2011540f19435479da734fe14 P 9352081c16054f6aa9028cfc138306b2 [term 2 FOLLOWER]: Refusing update from remote peer 5bfff74cf204464a8df66b62e4a00cc7: Log matching property violated. Preceding OpId in replica: term: 1 index: 1. Preceding OpId from leader: term: 2 index: 2. (index mismatch)
I20260713 09:10:43.181840   882 consensus_queue.cc:1048] T b8b031b2011540f19435479da734fe14 P 5bfff74cf204464a8df66b62e4a00cc7 [LEADER]: Connected to new peer: Peer: permanent_uuid: "9352081c16054f6aa9028cfc138306b2" member_type: VOTER last_known_addr { host: "127.31.158.129" port: 40637 }, Status: LMP_MISMATCH, Last received: 0.0, Next index: 2, Last known committed idx: 1, Time since last communication: 0.000s
I20260713 09:10:43.190466   613 raft_consensus.cc:1275] T b8b031b2011540f19435479da734fe14 P 572bd9d6f9ab48bd8a8d420e82a6d15d [term 2 FOLLOWER]: Refusing update from remote peer 5bfff74cf204464a8df66b62e4a00cc7: Log matching property violated. Preceding OpId in replica: term: 1 index: 1. Preceding OpId from leader: term: 2 index: 2. (index mismatch)
I20260713 09:10:43.192428   874 consensus_queue.cc:1048] T b8b031b2011540f19435479da734fe14 P 5bfff74cf204464a8df66b62e4a00cc7 [LEADER]: Connected to new peer: Peer: permanent_uuid: "572bd9d6f9ab48bd8a8d420e82a6d15d" member_type: VOTER last_known_addr { host: "127.31.158.130" port: 38429 }, Status: LMP_MISMATCH, Last received: 0.0, Next index: 2, Last known committed idx: 1, Time since last communication: 0.001s
I20260713 09:10:43.429375 32378 auto_leader_rebalancer.cc:141] leader rebalance for table test-workload
I20260713 09:10:43.436046 32378 tablet_server.cc:179] TabletServer@127.31.158.129:0 shutting down...
W20260713 09:10:43.440058   651 proxy.cc:239] Call had error, refreshing address and retrying: Remote error: Service unavailable: service kudu.consensus.ConsensusService not registered on TabletServer [suppressed 3 similar messages]
W20260713 09:10:43.445838   651 consensus_peers.cc:597] T 311aa9c7ee8b49749b99359898fb0c6e P 5bfff74cf204464a8df66b62e4a00cc7 -> Peer 9352081c16054f6aa9028cfc138306b2 (127.31.158.129:40637): Couldn't send request to peer 9352081c16054f6aa9028cfc138306b2. Status: Remote error: Service unavailable: service kudu.consensus.ConsensusService not registered on TabletServer. This is attempt 1: this message will repeat every 5th retry.
I20260713 09:10:43.459816 32378 ts_tablet_manager.cc:1507] Shutting down tablet manager...
I20260713 09:10:43.460613 32378 tablet_replica.cc:333] T 5e179ead4f03455a88184db834cb35e2 P 9352081c16054f6aa9028cfc138306b2: stopping tablet replica
I20260713 09:10:43.461231 32378 raft_consensus.cc:2243] T 5e179ead4f03455a88184db834cb35e2 P 9352081c16054f6aa9028cfc138306b2 [term 3 LEADER]: Raft consensus shutting down.
I20260713 09:10:43.462236 32378 raft_consensus.cc:2272] T 5e179ead4f03455a88184db834cb35e2 P 9352081c16054f6aa9028cfc138306b2 [term 3 FOLLOWER]: Raft consensus is shut down!
I20260713 09:10:43.464802 32378 tablet_replica.cc:333] T 311aa9c7ee8b49749b99359898fb0c6e P 9352081c16054f6aa9028cfc138306b2: stopping tablet replica
I20260713 09:10:43.465396 32378 raft_consensus.cc:2243] T 311aa9c7ee8b49749b99359898fb0c6e P 9352081c16054f6aa9028cfc138306b2 [term 4 FOLLOWER]: Raft consensus shutting down.
I20260713 09:10:43.465826 32378 raft_consensus.cc:2272] T 311aa9c7ee8b49749b99359898fb0c6e P 9352081c16054f6aa9028cfc138306b2 [term 4 FOLLOWER]: Raft consensus is shut down!
I20260713 09:10:43.468336 32378 tablet_replica.cc:333] T ca0e2d5f6e224a02a0ab3886247d0934 P 9352081c16054f6aa9028cfc138306b2: stopping tablet replica
I20260713 09:10:43.469040 32378 raft_consensus.cc:2243] T ca0e2d5f6e224a02a0ab3886247d0934 P 9352081c16054f6aa9028cfc138306b2 [term 2 LEADER]: Raft consensus shutting down.
I20260713 09:10:43.470021 32378 raft_consensus.cc:2272] T ca0e2d5f6e224a02a0ab3886247d0934 P 9352081c16054f6aa9028cfc138306b2 [term 2 FOLLOWER]: Raft consensus is shut down!
I20260713 09:10:43.472153 32378 tablet_replica.cc:333] T 5a2c24f171ba4825ac046729b6582338 P 9352081c16054f6aa9028cfc138306b2: stopping tablet replica
I20260713 09:10:43.472630 32378 raft_consensus.cc:2243] T 5a2c24f171ba4825ac046729b6582338 P 9352081c16054f6aa9028cfc138306b2 [term 4 FOLLOWER]: Raft consensus shutting down.
I20260713 09:10:43.472993 32378 raft_consensus.cc:2272] T 5a2c24f171ba4825ac046729b6582338 P 9352081c16054f6aa9028cfc138306b2 [term 4 FOLLOWER]: Raft consensus is shut down!
I20260713 09:10:43.475678 32378 tablet_replica.cc:333] T 45155eca91b04438921a0c9ce43fafe2 P 9352081c16054f6aa9028cfc138306b2: stopping tablet replica
I20260713 09:10:43.476166 32378 raft_consensus.cc:2243] T 45155eca91b04438921a0c9ce43fafe2 P 9352081c16054f6aa9028cfc138306b2 [term 2 FOLLOWER]: Raft consensus shutting down.
I20260713 09:10:43.476613 32378 raft_consensus.cc:2272] T 45155eca91b04438921a0c9ce43fafe2 P 9352081c16054f6aa9028cfc138306b2 [term 2 FOLLOWER]: Raft consensus is shut down!
I20260713 09:10:43.478322 32378 tablet_replica.cc:333] T b8b031b2011540f19435479da734fe14 P 9352081c16054f6aa9028cfc138306b2: stopping tablet replica
I20260713 09:10:43.478785 32378 raft_consensus.cc:2243] T b8b031b2011540f19435479da734fe14 P 9352081c16054f6aa9028cfc138306b2 [term 2 FOLLOWER]: Raft consensus shutting down.
I20260713 09:10:43.479154 32378 raft_consensus.cc:2272] T b8b031b2011540f19435479da734fe14 P 9352081c16054f6aa9028cfc138306b2 [term 2 FOLLOWER]: Raft consensus is shut down!
I20260713 09:10:43.481125 32378 tablet_replica.cc:333] T db78c2a99306495190b09be6d55e6c25 P 9352081c16054f6aa9028cfc138306b2: stopping tablet replica
I20260713 09:10:43.481601 32378 raft_consensus.cc:2243] T db78c2a99306495190b09be6d55e6c25 P 9352081c16054f6aa9028cfc138306b2 [term 1 LEADER]: Raft consensus shutting down.
I20260713 09:10:43.482306 32378 raft_consensus.cc:2272] T db78c2a99306495190b09be6d55e6c25 P 9352081c16054f6aa9028cfc138306b2 [term 1 FOLLOWER]: Raft consensus is shut down!
I20260713 09:10:43.483939 32378 tablet_replica.cc:333] T e8497a41068240748c150752a4cf96ae P 9352081c16054f6aa9028cfc138306b2: stopping tablet replica
I20260713 09:10:43.484391 32378 raft_consensus.cc:2243] T e8497a41068240748c150752a4cf96ae P 9352081c16054f6aa9028cfc138306b2 [term 4 LEADER]: Raft consensus shutting down.
I20260713 09:10:43.485015 32378 raft_consensus.cc:2272] T e8497a41068240748c150752a4cf96ae P 9352081c16054f6aa9028cfc138306b2 [term 4 FOLLOWER]: Raft consensus is shut down!
I20260713 09:10:43.486546 32378 tablet_replica.cc:333] T ae1499c2ac9b4b3b926925b485dcb23c P 9352081c16054f6aa9028cfc138306b2: stopping tablet replica
I20260713 09:10:43.486971 32378 raft_consensus.cc:2243] T ae1499c2ac9b4b3b926925b485dcb23c P 9352081c16054f6aa9028cfc138306b2 [term 2 FOLLOWER]: Raft consensus shutting down.
I20260713 09:10:43.487365 32378 raft_consensus.cc:2272] T ae1499c2ac9b4b3b926925b485dcb23c P 9352081c16054f6aa9028cfc138306b2 [term 2 FOLLOWER]: Raft consensus is shut down!
I20260713 09:10:43.488896 32378 tablet_replica.cc:333] T aca468b95bdd4462b077d924f4312cae P 9352081c16054f6aa9028cfc138306b2: stopping tablet replica
