I20260713 09:10:26.212841 23015 tablet_bootstrap.cc:492] T 0a9e27ceaf634fbd8b6a99ff240c8f34 P 0e44f3c9801d40158cee5554e2dd1f13: Bootstrap starting.
I20260713 09:10:26.218874 22973 raft_consensus.cc:2468] T 9fe57a608d144451b5394112e5c283e4 P b513c7c90e4a40ff9dd1d9d320b04716 [term 1 FOLLOWER]: Leader election vote request: Granting yes vote for candidate c6b75804bada461ab53709ccd827f2f1 in term 1.
I20260713 09:10:26.219275 23015 tablet_bootstrap.cc:654] T 0a9e27ceaf634fbd8b6a99ff240c8f34 P 0e44f3c9801d40158cee5554e2dd1f13: Neither blocks nor log segments found. Creating new log.
I20260713 09:10:26.220050 22787 leader_election.cc:304] T 9fe57a608d144451b5394112e5c283e4 P c6b75804bada461ab53709ccd827f2f1 [CANDIDATE]: Term 1 election: Election decided. Result: candidate won. Election summary: received 3 responses out of 3 voters: 2 yes votes; 1 no votes. yes voters: b513c7c90e4a40ff9dd1d9d320b04716, c6b75804bada461ab53709ccd827f2f1; no voters: 0e44f3c9801d40158cee5554e2dd1f13
I20260713 09:10:26.221633 23057 raft_consensus.cc:2804] T 9fe57a608d144451b5394112e5c283e4 P c6b75804bada461ab53709ccd827f2f1 [term 1 FOLLOWER]: Leader election won for term 1
I20260713 09:10:26.222520 23045 raft_consensus.cc:515] T e5085e6aad434e30a36d9eb959e02f95 P b513c7c90e4a40ff9dd1d9d320b04716 [term 1 FOLLOWER]: Starting leader election with config: opid_index: -1 OBSOLETE_local: false peers { permanent_uuid: "c6b75804bada461ab53709ccd827f2f1" member_type: VOTER last_known_addr { host: "127.21.172.193" port: 45993 } } peers { permanent_uuid: "0e44f3c9801d40158cee5554e2dd1f13" member_type: VOTER last_known_addr { host: "127.21.172.194" port: 42111 } } peers { permanent_uuid: "b513c7c90e4a40ff9dd1d9d320b04716" member_type: VOTER last_known_addr { host: "127.21.172.195" port: 44821 } }
I20260713 09:10:26.225502 23018 leader_election.cc:290] T e749acde9fa44ff894ca9d2d9b813ddf P c6b75804bada461ab53709ccd827f2f1 [CANDIDATE]: Term 1 election: Requested vote from peers 0e44f3c9801d40158cee5554e2dd1f13 (127.21.172.194:42111), b513c7c90e4a40ff9dd1d9d320b04716 (127.21.172.195:44821)
I20260713 09:10:26.226631 22973 tablet_service.cc:1917] Received RequestConsensusVote() RPC: tablet_id: "e749acde9fa44ff894ca9d2d9b813ddf" candidate_uuid: "c6b75804bada461ab53709ccd827f2f1" candidate_term: 1 candidate_status { last_received { term: 0 index: 0 } } ignore_live_leader: false dest_uuid: "b513c7c90e4a40ff9dd1d9d320b04716"
I20260713 09:10:26.227732 23057 raft_consensus.cc:697] T 9fe57a608d144451b5394112e5c283e4 P c6b75804bada461ab53709ccd827f2f1 [term 1 LEADER]: Becoming Leader. State: Replica: c6b75804bada461ab53709ccd827f2f1, State: Running, Role: LEADER
W20260713 09:10:26.228183 22787 leader_election.cc:343] T e749acde9fa44ff894ca9d2d9b813ddf P c6b75804bada461ab53709ccd827f2f1 [CANDIDATE]: Term 1 election: Tablet error from VoteRequest() call to peer b513c7c90e4a40ff9dd1d9d320b04716 (127.21.172.195:44821): Illegal state: must be running to vote when last-logged opid is not known
I20260713 09:10:26.230962 22822 tablet_service.cc:1917] Received RequestConsensusVote() RPC: tablet_id: "e5085e6aad434e30a36d9eb959e02f95" candidate_uuid: "b513c7c90e4a40ff9dd1d9d320b04716" candidate_term: 1 candidate_status { last_received { term: 0 index: 0 } } ignore_live_leader: false dest_uuid: "c6b75804bada461ab53709ccd827f2f1"
I20260713 09:10:26.231501 22822 raft_consensus.cc:3060] T e5085e6aad434e30a36d9eb959e02f95 P c6b75804bada461ab53709ccd827f2f1 [term 0 FOLLOWER]: Advancing to term 1
I20260713 09:10:26.231693 23047 raft_consensus.cc:493] T e8109820459a4eb6bdbdc0c4c66cbde8 P b513c7c90e4a40ff9dd1d9d320b04716 [term 0 FOLLOWER]: Starting pre-election (no leader contacted us within the election timeout)
I20260713 09:10:26.232838 23057 consensus_queue.cc:237] T 9fe57a608d144451b5394112e5c283e4 P c6b75804bada461ab53709ccd827f2f1 [LEADER]: Queue going to LEADER mode. State: All replicated index: 0, Majority replicated index: 0, Committed index: 0, Last appended: 0.0, Last appended by leader: 0, Current term: 1, Majority size: 2, State: 0, Mode: LEADER, active raft config: opid_index: -1 OBSOLETE_local: false peers { permanent_uuid: "c6b75804bada461ab53709ccd827f2f1" member_type: VOTER last_known_addr { host: "127.21.172.193" port: 45993 } } peers { permanent_uuid: "0e44f3c9801d40158cee5554e2dd1f13" member_type: VOTER last_known_addr { host: "127.21.172.194" port: 42111 } } peers { permanent_uuid: "b513c7c90e4a40ff9dd1d9d320b04716" member_type: VOTER last_known_addr { host: "127.21.172.195" port: 44821 } }
I20260713 09:10:26.234484 23045 leader_election.cc:290] T e5085e6aad434e30a36d9eb959e02f95 P b513c7c90e4a40ff9dd1d9d320b04716 [CANDIDATE]: Term 1 election: Requested vote from peers c6b75804bada461ab53709ccd827f2f1 (127.21.172.193:45993), 0e44f3c9801d40158cee5554e2dd1f13 (127.21.172.194:42111)
I20260713 09:10:26.235044 23033 leader_election.cc:290] T 9fe57a608d144451b5394112e5c283e4 P c6b75804bada461ab53709ccd827f2f1 [CANDIDATE]: Term 1 election: Requested vote from peers 0e44f3c9801d40158cee5554e2dd1f13 (127.21.172.194:42111), b513c7c90e4a40ff9dd1d9d320b04716 (127.21.172.195:44821)
I20260713 09:10:26.234501 22721 catalog_manager.cc:5697] T e749acde9fa44ff894ca9d2d9b813ddf P c6b75804bada461ab53709ccd827f2f1 reported cstate change: term changed from 0 to 1, leader changed from <none> to c6b75804bada461ab53709ccd827f2f1 (127.21.172.193). New cstate: current_term: 1 leader_uuid: "c6b75804bada461ab53709ccd827f2f1" committed_config { opid_index: -1 OBSOLETE_local: false peers { permanent_uuid: "c6b75804bada461ab53709ccd827f2f1" member_type: VOTER last_known_addr { host: "127.21.172.193" port: 45993 } health_report { overall_health: HEALTHY } } peers { permanent_uuid: "0e44f3c9801d40158cee5554e2dd1f13" member_type: VOTER last_known_addr { host: "127.21.172.194" port: 42111 } health_report { overall_health: UNKNOWN } } peers { permanent_uuid: "b513c7c90e4a40ff9dd1d9d320b04716" member_type: VOTER last_known_addr { host: "127.21.172.195" port: 44821 } health_report { overall_health: UNKNOWN } } }
I20260713 09:10:26.231897 22898 tablet_service.cc:1917] Received RequestConsensusVote() RPC: tablet_id: "e5085e6aad434e30a36d9eb959e02f95" candidate_uuid: "b513c7c90e4a40ff9dd1d9d320b04716" candidate_term: 1 candidate_status { last_received { term: 0 index: 0 } } ignore_live_leader: false dest_uuid: "0e44f3c9801d40158cee5554e2dd1f13"
I20260713 09:10:26.236742 22898 raft_consensus.cc:3060] T e5085e6aad434e30a36d9eb959e02f95 P 0e44f3c9801d40158cee5554e2dd1f13 [term 0 FOLLOWER]: Advancing to term 1
I20260713 09:10:26.232193 23047 raft_consensus.cc:515] T e8109820459a4eb6bdbdc0c4c66cbde8 P b513c7c90e4a40ff9dd1d9d320b04716 [term 0 FOLLOWER]: Starting pre-election with config: opid_index: -1 OBSOLETE_local: false peers { permanent_uuid: "c6b75804bada461ab53709ccd827f2f1" member_type: VOTER last_known_addr { host: "127.21.172.193" port: 45993 } } peers { permanent_uuid: "0e44f3c9801d40158cee5554e2dd1f13" member_type: VOTER last_known_addr { host: "127.21.172.194" port: 42111 } } peers { permanent_uuid: "b513c7c90e4a40ff9dd1d9d320b04716" member_type: VOTER last_known_addr { host: "127.21.172.195" port: 44821 } }
I20260713 09:10:26.241222 23047 leader_election.cc:290] T e8109820459a4eb6bdbdc0c4c66cbde8 P b513c7c90e4a40ff9dd1d9d320b04716 [CANDIDATE]: Term 1 pre-election: Requested pre-vote from peers c6b75804bada461ab53709ccd827f2f1 (127.21.172.193:45993), 0e44f3c9801d40158cee5554e2dd1f13 (127.21.172.194:42111)
I20260713 09:10:26.243587 22823 tablet_service.cc:1917] Received RequestConsensusVote() RPC: tablet_id: "e8109820459a4eb6bdbdc0c4c66cbde8" candidate_uuid: "b513c7c90e4a40ff9dd1d9d320b04716" candidate_term: 1 candidate_status { last_received { term: 0 index: 0 } } ignore_live_leader: false dest_uuid: "c6b75804bada461ab53709ccd827f2f1" is_pre_election: true
I20260713 09:10:26.244122 22899 tablet_service.cc:1917] Received RequestConsensusVote() RPC: tablet_id: "e8109820459a4eb6bdbdc0c4c66cbde8" candidate_uuid: "b513c7c90e4a40ff9dd1d9d320b04716" candidate_term: 1 candidate_status { last_received { term: 0 index: 0 } } ignore_live_leader: false dest_uuid: "0e44f3c9801d40158cee5554e2dd1f13" is_pre_election: true
I20260713 09:10:26.244879 22899 raft_consensus.cc:2393] T e8109820459a4eb6bdbdc0c4c66cbde8 P 0e44f3c9801d40158cee5554e2dd1f13 [term 1 FOLLOWER]: Leader pre-election vote request: Denying vote to candidate b513c7c90e4a40ff9dd1d9d320b04716 in current term 1: Already voted for candidate c6b75804bada461ab53709ccd827f2f1 in this term.
I20260713 09:10:26.250463 22898 raft_consensus.cc:2468] T e5085e6aad434e30a36d9eb959e02f95 P 0e44f3c9801d40158cee5554e2dd1f13 [term 1 FOLLOWER]: Leader election vote request: Granting yes vote for candidate b513c7c90e4a40ff9dd1d9d320b04716 in term 1.
I20260713 09:10:26.247265 22937 leader_election.cc:304] T e8109820459a4eb6bdbdc0c4c66cbde8 P b513c7c90e4a40ff9dd1d9d320b04716 [CANDIDATE]: Term 1 pre-election: Election decided. Result: candidate lost. Election summary: received 3 responses out of 3 voters: 1 yes votes; 2 no votes. yes voters: b513c7c90e4a40ff9dd1d9d320b04716; no voters: 0e44f3c9801d40158cee5554e2dd1f13, c6b75804bada461ab53709ccd827f2f1
I20260713 09:10:26.252689 22937 leader_election.cc:304] T e5085e6aad434e30a36d9eb959e02f95 P b513c7c90e4a40ff9dd1d9d320b04716 [CANDIDATE]: Term 1 election: Election decided. Result: candidate won. Election summary: received 2 responses out of 3 voters: 2 yes votes; 0 no votes. yes voters: 0e44f3c9801d40158cee5554e2dd1f13, b513c7c90e4a40ff9dd1d9d320b04716; no voters: 
I20260713 09:10:26.252403 23047 raft_consensus.cc:3060] T e8109820459a4eb6bdbdc0c4c66cbde8 P b513c7c90e4a40ff9dd1d9d320b04716 [term 0 FOLLOWER]: Advancing to term 1
I20260713 09:10:26.263809 23045 raft_consensus.cc:2804] T e5085e6aad434e30a36d9eb959e02f95 P b513c7c90e4a40ff9dd1d9d320b04716 [term 1 FOLLOWER]: Leader election won for term 1
I20260713 09:10:26.264333 23045 raft_consensus.cc:697] T e5085e6aad434e30a36d9eb959e02f95 P b513c7c90e4a40ff9dd1d9d320b04716 [term 1 LEADER]: Becoming Leader. State: Replica: b513c7c90e4a40ff9dd1d9d320b04716, State: Running, Role: LEADER
I20260713 09:10:26.265172 23045 consensus_queue.cc:237] T e5085e6aad434e30a36d9eb959e02f95 P b513c7c90e4a40ff9dd1d9d320b04716 [LEADER]: Queue going to LEADER mode. State: All replicated index: 0, Majority replicated index: 0, Committed index: 0, Last appended: 0.0, Last appended by leader: 0, Current term: 1, Majority size: 2, State: 0, Mode: LEADER, active raft config: opid_index: -1 OBSOLETE_local: false peers { permanent_uuid: "c6b75804bada461ab53709ccd827f2f1" member_type: VOTER last_known_addr { host: "127.21.172.193" port: 45993 } } peers { permanent_uuid: "0e44f3c9801d40158cee5554e2dd1f13" member_type: VOTER last_known_addr { host: "127.21.172.194" port: 42111 } } peers { permanent_uuid: "b513c7c90e4a40ff9dd1d9d320b04716" member_type: VOTER last_known_addr { host: "127.21.172.195" port: 44821 } }
I20260713 09:10:26.272327 22822 raft_consensus.cc:2468] T e5085e6aad434e30a36d9eb959e02f95 P c6b75804bada461ab53709ccd827f2f1 [term 1 FOLLOWER]: Leader election vote request: Granting yes vote for candidate b513c7c90e4a40ff9dd1d9d320b04716 in term 1.
I20260713 09:10:26.275096 23047 raft_consensus.cc:2749] T e8109820459a4eb6bdbdc0c4c66cbde8 P b513c7c90e4a40ff9dd1d9d320b04716 [term 1 FOLLOWER]: Leader pre-election lost for term 1. Reason: could not achieve majority
I20260713 09:10:26.278790 23047 raft_consensus.cc:493] T 0a9e27ceaf634fbd8b6a99ff240c8f34 P b513c7c90e4a40ff9dd1d9d320b04716 [term 0 FOLLOWER]: Starting pre-election (no leader contacted us within the election timeout)
I20260713 09:10:26.280009 23014 tablet_bootstrap.cc:492] T 86a9e4c9918f4d13abf3b0bd96b25978 P b513c7c90e4a40ff9dd1d9d320b04716: No bootstrap required, opened a new log
I20260713 09:10:26.279554 23047 raft_consensus.cc:515] T 0a9e27ceaf634fbd8b6a99ff240c8f34 P b513c7c90e4a40ff9dd1d9d320b04716 [term 0 FOLLOWER]: Starting pre-election with config: opid_index: -1 OBSOLETE_local: false peers { permanent_uuid: "c6b75804bada461ab53709ccd827f2f1" member_type: VOTER last_known_addr { host: "127.21.172.193" port: 45993 } } peers { permanent_uuid: "0e44f3c9801d40158cee5554e2dd1f13" member_type: VOTER last_known_addr { host: "127.21.172.194" port: 42111 } } peers { permanent_uuid: "b513c7c90e4a40ff9dd1d9d320b04716" member_type: VOTER last_known_addr { host: "127.21.172.195" port: 44821 } }
I20260713 09:10:26.280467 23014 ts_tablet_manager.cc:1403] T 86a9e4c9918f4d13abf3b0bd96b25978 P b513c7c90e4a40ff9dd1d9d320b04716: Time spent bootstrapping tablet: real 0.122s	user 0.032s	sys 0.032s
I20260713 09:10:26.281435 23015 tablet_bootstrap.cc:492] T 0a9e27ceaf634fbd8b6a99ff240c8f34 P 0e44f3c9801d40158cee5554e2dd1f13: No bootstrap required, opened a new log
I20260713 09:10:26.281860 23015 ts_tablet_manager.cc:1403] T 0a9e27ceaf634fbd8b6a99ff240c8f34 P 0e44f3c9801d40158cee5554e2dd1f13: Time spent bootstrapping tablet: real 0.069s	user 0.015s	sys 0.043s
I20260713 09:10:26.283223 23014 raft_consensus.cc:359] T 86a9e4c9918f4d13abf3b0bd96b25978 P b513c7c90e4a40ff9dd1d9d320b04716 [term 0 FOLLOWER]: Replica starting. Triggering 0 pending ops. Active config: opid_index: -1 OBSOLETE_local: false peers { permanent_uuid: "c6b75804bada461ab53709ccd827f2f1" member_type: VOTER last_known_addr { host: "127.21.172.193" port: 45993 } } peers { permanent_uuid: "0e44f3c9801d40158cee5554e2dd1f13" member_type: VOTER last_known_addr { host: "127.21.172.194" port: 42111 } } peers { permanent_uuid: "b513c7c90e4a40ff9dd1d9d320b04716" member_type: VOTER last_known_addr { host: "127.21.172.195" port: 44821 } }
I20260713 09:10:26.283615 22822 tablet_service.cc:1917] Received RequestConsensusVote() RPC: tablet_id: "0a9e27ceaf634fbd8b6a99ff240c8f34" candidate_uuid: "b513c7c90e4a40ff9dd1d9d320b04716" candidate_term: 1 candidate_status { last_received { term: 0 index: 0 } } ignore_live_leader: false dest_uuid: "c6b75804bada461ab53709ccd827f2f1" is_pre_election: true
I20260713 09:10:26.284349 23015 raft_consensus.cc:359] T 0a9e27ceaf634fbd8b6a99ff240c8f34 P 0e44f3c9801d40158cee5554e2dd1f13 [term 0 FOLLOWER]: Replica starting. Triggering 0 pending ops. Active config: opid_index: -1 OBSOLETE_local: false peers { permanent_uuid: "c6b75804bada461ab53709ccd827f2f1" member_type: VOTER last_known_addr { host: "127.21.172.193" port: 45993 } } peers { permanent_uuid: "0e44f3c9801d40158cee5554e2dd1f13" member_type: VOTER last_known_addr { host: "127.21.172.194" port: 42111 } } peers { permanent_uuid: "b513c7c90e4a40ff9dd1d9d320b04716" member_type: VOTER last_known_addr { host: "127.21.172.195" port: 44821 } }
I20260713 09:10:26.284993 23015 raft_consensus.cc:385] T 0a9e27ceaf634fbd8b6a99ff240c8f34 P 0e44f3c9801d40158cee5554e2dd1f13 [term 0 FOLLOWER]: Consensus starting up: Expiring failure detector timer to make a prompt election more likely
W20260713 09:10:26.285094 22939 leader_election.cc:343] T 0a9e27ceaf634fbd8b6a99ff240c8f34 P b513c7c90e4a40ff9dd1d9d320b04716 [CANDIDATE]: Term 1 pre-election: Tablet error from VoteRequest() call to peer c6b75804bada461ab53709ccd827f2f1 (127.21.172.193:45993): Illegal state: must be running to vote when last-logged opid is not known
I20260713 09:10:26.285246 23015 raft_consensus.cc:740] T 0a9e27ceaf634fbd8b6a99ff240c8f34 P 0e44f3c9801d40158cee5554e2dd1f13 [term 0 FOLLOWER]: Becoming Follower/Learner. State: Replica: 0e44f3c9801d40158cee5554e2dd1f13, State: Initialized, Role: FOLLOWER
I20260713 09:10:26.286203 23015 consensus_queue.cc:260] T 0a9e27ceaf634fbd8b6a99ff240c8f34 P 0e44f3c9801d40158cee5554e2dd1f13 [NON_LEADER]: Queue going to NON_LEADER mode. State: All replicated index: 0, Majority replicated index: 0, Committed index: 0, Last appended: 0.0, Last appended by leader: 0, Current term: 0, Majority size: -1, State: 0, Mode: NON_LEADER, active raft config: opid_index: -1 OBSOLETE_local: false peers { permanent_uuid: "c6b75804bada461ab53709ccd827f2f1" member_type: VOTER last_known_addr { host: "127.21.172.193" port: 45993 } } peers { permanent_uuid: "0e44f3c9801d40158cee5554e2dd1f13" member_type: VOTER last_known_addr { host: "127.21.172.194" port: 42111 } } peers { permanent_uuid: "b513c7c90e4a40ff9dd1d9d320b04716" member_type: VOTER last_known_addr { host: "127.21.172.195" port: 44821 } }
I20260713 09:10:26.287410 23047 leader_election.cc:290] T 0a9e27ceaf634fbd8b6a99ff240c8f34 P b513c7c90e4a40ff9dd1d9d320b04716 [CANDIDATE]: Term 1 pre-election: Requested pre-vote from peers c6b75804bada461ab53709ccd827f2f1 (127.21.172.193:45993), 0e44f3c9801d40158cee5554e2dd1f13 (127.21.172.194:42111)
I20260713 09:10:26.288903 22898 tablet_service.cc:1917] Received RequestConsensusVote() RPC: tablet_id: "0a9e27ceaf634fbd8b6a99ff240c8f34" candidate_uuid: "b513c7c90e4a40ff9dd1d9d320b04716" candidate_term: 1 candidate_status { last_received { term: 0 index: 0 } } ignore_live_leader: false dest_uuid: "0e44f3c9801d40158cee5554e2dd1f13" is_pre_election: true
I20260713 09:10:26.289538 22898 raft_consensus.cc:2468] T 0a9e27ceaf634fbd8b6a99ff240c8f34 P 0e44f3c9801d40158cee5554e2dd1f13 [term 0 FOLLOWER]: Leader pre-election vote request: Granting yes vote for candidate b513c7c90e4a40ff9dd1d9d320b04716 in term 0.
I20260713 09:10:26.283923 23014 raft_consensus.cc:385] T 86a9e4c9918f4d13abf3b0bd96b25978 P b513c7c90e4a40ff9dd1d9d320b04716 [term 0 FOLLOWER]: Consensus starting up: Expiring failure detector timer to make a prompt election more likely
I20260713 09:10:26.290340 23014 raft_consensus.cc:740] T 86a9e4c9918f4d13abf3b0bd96b25978 P b513c7c90e4a40ff9dd1d9d320b04716 [term 0 FOLLOWER]: Becoming Follower/Learner. State: Replica: b513c7c90e4a40ff9dd1d9d320b04716, State: Initialized, Role: FOLLOWER
I20260713 09:10:26.291034 22937 leader_election.cc:304] T 0a9e27ceaf634fbd8b6a99ff240c8f34 P b513c7c90e4a40ff9dd1d9d320b04716 [CANDIDATE]: Term 1 pre-election: Election decided. Result: candidate won. Election summary: received 3 responses out of 3 voters: 2 yes votes; 1 no votes. yes voters: 0e44f3c9801d40158cee5554e2dd1f13, b513c7c90e4a40ff9dd1d9d320b04716; no voters: c6b75804bada461ab53709ccd827f2f1
I20260713 09:10:26.291678 23013 tablet_bootstrap.cc:492] T c9263dc5d21941b5b80624ee5d06c95b P c6b75804bada461ab53709ccd827f2f1: No bootstrap required, opened a new log
I20260713 09:10:26.291203 23014 consensus_queue.cc:260] T 86a9e4c9918f4d13abf3b0bd96b25978 P b513c7c90e4a40ff9dd1d9d320b04716 [NON_LEADER]: Queue going to NON_LEADER mode. State: All replicated index: 0, Majority replicated index: 0, Committed index: 0, Last appended: 0.0, Last appended by leader: 0, Current term: 0, Majority size: -1, State: 0, Mode: NON_LEADER, active raft config: opid_index: -1 OBSOLETE_local: false peers { permanent_uuid: "c6b75804bada461ab53709ccd827f2f1" member_type: VOTER last_known_addr { host: "127.21.172.193" port: 45993 } } peers { permanent_uuid: "0e44f3c9801d40158cee5554e2dd1f13" member_type: VOTER last_known_addr { host: "127.21.172.194" port: 42111 } } peers { permanent_uuid: "b513c7c90e4a40ff9dd1d9d320b04716" member_type: VOTER last_known_addr { host: "127.21.172.195" port: 44821 } }
I20260713 09:10:26.292286 23020 raft_consensus.cc:2804] T 0a9e27ceaf634fbd8b6a99ff240c8f34 P b513c7c90e4a40ff9dd1d9d320b04716 [term 0 FOLLOWER]: Leader pre-election won for term 1
I20260713 09:10:26.292654 23020 raft_consensus.cc:493] T 0a9e27ceaf634fbd8b6a99ff240c8f34 P b513c7c90e4a40ff9dd1d9d320b04716 [term 0 FOLLOWER]: Starting leader election (no leader contacted us within the election timeout)
I20260713 09:10:26.292992 23020 raft_consensus.cc:3060] T 0a9e27ceaf634fbd8b6a99ff240c8f34 P b513c7c90e4a40ff9dd1d9d320b04716 [term 0 FOLLOWER]: Advancing to term 1
I20260713 09:10:26.293139 23022 raft_consensus.cc:493] T 340879fa77a943c49542144e2bc969a9 P 0e44f3c9801d40158cee5554e2dd1f13 [term 0 FOLLOWER]: Starting pre-election (no leader contacted us within the election timeout)
I20260713 09:10:26.293594 23022 raft_consensus.cc:515] T 340879fa77a943c49542144e2bc969a9 P 0e44f3c9801d40158cee5554e2dd1f13 [term 0 FOLLOWER]: Starting pre-election with config: opid_index: -1 OBSOLETE_local: false peers { permanent_uuid: "c6b75804bada461ab53709ccd827f2f1" member_type: VOTER last_known_addr { host: "127.21.172.193" port: 45993 } } peers { permanent_uuid: "0e44f3c9801d40158cee5554e2dd1f13" member_type: VOTER last_known_addr { host: "127.21.172.194" port: 42111 } } peers { permanent_uuid: "b513c7c90e4a40ff9dd1d9d320b04716" member_type: VOTER last_known_addr { host: "127.21.172.195" port: 44821 } }
I20260713 09:10:26.295339 23013 ts_tablet_manager.cc:1403] T c9263dc5d21941b5b80624ee5d06c95b P c6b75804bada461ab53709ccd827f2f1: Time spent bootstrapping tablet: real 0.112s	user 0.035s	sys 0.019s
I20260713 09:10:26.295614 23022 leader_election.cc:290] T 340879fa77a943c49542144e2bc969a9 P 0e44f3c9801d40158cee5554e2dd1f13 [CANDIDATE]: Term 1 pre-election: Requested pre-vote from peers c6b75804bada461ab53709ccd827f2f1 (127.21.172.193:45993), b513c7c90e4a40ff9dd1d9d320b04716 (127.21.172.195:44821)
I20260713 09:10:26.296727 22973 tablet_service.cc:1917] Received RequestConsensusVote() RPC: tablet_id: "340879fa77a943c49542144e2bc969a9" candidate_uuid: "0e44f3c9801d40158cee5554e2dd1f13" candidate_term: 1 candidate_status { last_received { term: 0 index: 0 } } ignore_live_leader: false dest_uuid: "b513c7c90e4a40ff9dd1d9d320b04716" is_pre_election: true
I20260713 09:10:26.296991 22822 tablet_service.cc:1917] Received RequestConsensusVote() RPC: tablet_id: "340879fa77a943c49542144e2bc969a9" candidate_uuid: "0e44f3c9801d40158cee5554e2dd1f13" candidate_term: 1 candidate_status { last_received { term: 0 index: 0 } } ignore_live_leader: false dest_uuid: "c6b75804bada461ab53709ccd827f2f1" is_pre_election: true
W20260713 09:10:26.297894 22865 leader_election.cc:343] T 340879fa77a943c49542144e2bc969a9 P 0e44f3c9801d40158cee5554e2dd1f13 [CANDIDATE]: Term 1 pre-election: Tablet error from VoteRequest() call to peer c6b75804bada461ab53709ccd827f2f1 (127.21.172.193:45993): Illegal state: must be running to vote when last-logged opid is not known
W20260713 09:10:26.298372 22862 leader_election.cc:343] T 340879fa77a943c49542144e2bc969a9 P 0e44f3c9801d40158cee5554e2dd1f13 [CANDIDATE]: Term 1 pre-election: Tablet error from VoteRequest() call to peer b513c7c90e4a40ff9dd1d9d320b04716 (127.21.172.195:44821): Illegal state: must be running to vote when last-logged opid is not known
I20260713 09:10:26.298808 22862 leader_election.cc:304] T 340879fa77a943c49542144e2bc969a9 P 0e44f3c9801d40158cee5554e2dd1f13 [CANDIDATE]: Term 1 pre-election: Election decided. Result: candidate lost. Election summary: received 3 responses out of 3 voters: 1 yes votes; 2 no votes. yes voters: 0e44f3c9801d40158cee5554e2dd1f13; no voters: b513c7c90e4a40ff9dd1d9d320b04716, c6b75804bada461ab53709ccd827f2f1
I20260713 09:10:26.300028 23015 ts_tablet_manager.cc:1434] T 0a9e27ceaf634fbd8b6a99ff240c8f34 P 0e44f3c9801d40158cee5554e2dd1f13: Time spent starting tablet: real 0.018s	user 0.006s	sys 0.000s
I20260713 09:10:26.299901 23022 raft_consensus.cc:2749] T 340879fa77a943c49542144e2bc969a9 P 0e44f3c9801d40158cee5554e2dd1f13 [term 0 FOLLOWER]: Leader pre-election lost for term 1. Reason: could not achieve majority
I20260713 09:10:26.299635 22722 catalog_manager.cc:5697] T e5085e6aad434e30a36d9eb959e02f95 P b513c7c90e4a40ff9dd1d9d320b04716 reported cstate change: term changed from 0 to 1, leader changed from <none> to b513c7c90e4a40ff9dd1d9d320b04716 (127.21.172.195). New cstate: current_term: 1 leader_uuid: "b513c7c90e4a40ff9dd1d9d320b04716" committed_config { opid_index: -1 OBSOLETE_local: false peers { permanent_uuid: "c6b75804bada461ab53709ccd827f2f1" member_type: VOTER last_known_addr { host: "127.21.172.193" port: 45993 } health_report { overall_health: UNKNOWN } } peers { permanent_uuid: "0e44f3c9801d40158cee5554e2dd1f13" member_type: VOTER last_known_addr { host: "127.21.172.194" port: 42111 } health_report { overall_health: UNKNOWN } } peers { permanent_uuid: "b513c7c90e4a40ff9dd1d9d320b04716" member_type: VOTER last_known_addr { host: "127.21.172.195" port: 44821 } health_report { overall_health: HEALTHY } } }
I20260713 09:10:26.301369 23014 ts_tablet_manager.cc:1434] T 86a9e4c9918f4d13abf3b0bd96b25978 P b513c7c90e4a40ff9dd1d9d320b04716: Time spent starting tablet: real 0.021s	user 0.004s	sys 0.001s
I20260713 09:10:26.302271 23014 tablet_bootstrap.cc:492] T e749acde9fa44ff894ca9d2d9b813ddf P b513c7c90e4a40ff9dd1d9d320b04716: Bootstrap starting.
I20260713 09:10:26.304103 23015 tablet_bootstrap.cc:492] T 9fe57a608d144451b5394112e5c283e4 P 0e44f3c9801d40158cee5554e2dd1f13: Bootstrap starting.
I20260713 09:10:26.307529 23014 tablet_bootstrap.cc:654] T e749acde9fa44ff894ca9d2d9b813ddf P b513c7c90e4a40ff9dd1d9d320b04716: Neither blocks nor log segments found. Creating new log.
I20260713 09:10:26.303025 22719 catalog_manager.cc:5697] T 9fe57a608d144451b5394112e5c283e4 P c6b75804bada461ab53709ccd827f2f1 reported cstate change: term changed from 0 to 1, leader changed from <none> to c6b75804bada461ab53709ccd827f2f1 (127.21.172.193). New cstate: current_term: 1 leader_uuid: "c6b75804bada461ab53709ccd827f2f1" committed_config { opid_index: -1 OBSOLETE_local: false peers { permanent_uuid: "c6b75804bada461ab53709ccd827f2f1" member_type: VOTER last_known_addr { host: "127.21.172.193" port: 45993 } health_report { overall_health: HEALTHY } } peers { permanent_uuid: "0e44f3c9801d40158cee5554e2dd1f13" member_type: VOTER last_known_addr { host: "127.21.172.194" port: 42111 } health_report { overall_health: UNKNOWN } } peers { permanent_uuid: "b513c7c90e4a40ff9dd1d9d320b04716" member_type: VOTER last_known_addr { host: "127.21.172.195" port: 44821 } health_report { overall_health: UNKNOWN } } }
I20260713 09:10:26.299906 23020 raft_consensus.cc:515] T 0a9e27ceaf634fbd8b6a99ff240c8f34 P b513c7c90e4a40ff9dd1d9d320b04716 [term 1 FOLLOWER]: Starting leader election with config: opid_index: -1 OBSOLETE_local: false peers { permanent_uuid: "c6b75804bada461ab53709ccd827f2f1" member_type: VOTER last_known_addr { host: "127.21.172.193" port: 45993 } } peers { permanent_uuid: "0e44f3c9801d40158cee5554e2dd1f13" member_type: VOTER last_known_addr { host: "127.21.172.194" port: 42111 } } peers { permanent_uuid: "b513c7c90e4a40ff9dd1d9d320b04716" member_type: VOTER last_known_addr { host: "127.21.172.195" port: 44821 } }
I20260713 09:10:26.310971 22822 tablet_service.cc:1917] Received RequestConsensusVote() RPC: tablet_id: "0a9e27ceaf634fbd8b6a99ff240c8f34" candidate_uuid: "b513c7c90e4a40ff9dd1d9d320b04716" candidate_term: 1 candidate_status { last_received { term: 0 index: 0 } } ignore_live_leader: false dest_uuid: "c6b75804bada461ab53709ccd827f2f1"
I20260713 09:10:26.311167 23015 tablet_bootstrap.cc:654] T 9fe57a608d144451b5394112e5c283e4 P 0e44f3c9801d40158cee5554e2dd1f13: Neither blocks nor log segments found. Creating new log.
I20260713 09:10:26.311937 22898 tablet_service.cc:1917] Received RequestConsensusVote() RPC: tablet_id: "0a9e27ceaf634fbd8b6a99ff240c8f34" candidate_uuid: "b513c7c90e4a40ff9dd1d9d320b04716" candidate_term: 1 candidate_status { last_received { term: 0 index: 0 } } ignore_live_leader: false dest_uuid: "0e44f3c9801d40158cee5554e2dd1f13"
I20260713 09:10:26.312556 22898 raft_consensus.cc:3060] T 0a9e27ceaf634fbd8b6a99ff240c8f34 P 0e44f3c9801d40158cee5554e2dd1f13 [term 0 FOLLOWER]: Advancing to term 1
W20260713 09:10:26.312779 22939 leader_election.cc:343] T 0a9e27ceaf634fbd8b6a99ff240c8f34 P b513c7c90e4a40ff9dd1d9d320b04716 [CANDIDATE]: Term 1 election: Tablet error from VoteRequest() call to peer c6b75804bada461ab53709ccd827f2f1 (127.21.172.193:45993): Illegal state: must be running to vote when last-logged opid is not known
I20260713 09:10:26.316134 23020 leader_election.cc:290] T 0a9e27ceaf634fbd8b6a99ff240c8f34 P b513c7c90e4a40ff9dd1d9d320b04716 [CANDIDATE]: Term 1 election: Requested vote from peers c6b75804bada461ab53709ccd827f2f1 (127.21.172.193:45993), 0e44f3c9801d40158cee5554e2dd1f13 (127.21.172.194:42111)
I20260713 09:10:26.321369 22898 raft_consensus.cc:2468] T 0a9e27ceaf634fbd8b6a99ff240c8f34 P 0e44f3c9801d40158cee5554e2dd1f13 [term 1 FOLLOWER]: Leader election vote request: Granting yes vote for candidate b513c7c90e4a40ff9dd1d9d320b04716 in term 1.
I20260713 09:10:26.322835 22937 leader_election.cc:304] T 0a9e27ceaf634fbd8b6a99ff240c8f34 P b513c7c90e4a40ff9dd1d9d320b04716 [CANDIDATE]: Term 1 election: Election decided. Result: candidate won. Election summary: received 3 responses out of 3 voters: 2 yes votes; 1 no votes. yes voters: 0e44f3c9801d40158cee5554e2dd1f13, b513c7c90e4a40ff9dd1d9d320b04716; no voters: c6b75804bada461ab53709ccd827f2f1
I20260713 09:10:26.324234 23020 raft_consensus.cc:2804] T 0a9e27ceaf634fbd8b6a99ff240c8f34 P b513c7c90e4a40ff9dd1d9d320b04716 [term 1 FOLLOWER]: Leader election won for term 1
I20260713 09:10:26.324775 23020 raft_consensus.cc:697] T 0a9e27ceaf634fbd8b6a99ff240c8f34 P b513c7c90e4a40ff9dd1d9d320b04716 [term 1 LEADER]: Becoming Leader. State: Replica: b513c7c90e4a40ff9dd1d9d320b04716, State: Running, Role: LEADER
I20260713 09:10:26.325606 23020 consensus_queue.cc:237] T 0a9e27ceaf634fbd8b6a99ff240c8f34 P b513c7c90e4a40ff9dd1d9d320b04716 [LEADER]: Queue going to LEADER mode. State: All replicated index: 0, Majority replicated index: 0, Committed index: 0, Last appended: 0.0, Last appended by leader: 0, Current term: 1, Majority size: 2, State: 0, Mode: LEADER, active raft config: opid_index: -1 OBSOLETE_local: false peers { permanent_uuid: "c6b75804bada461ab53709ccd827f2f1" member_type: VOTER last_known_addr { host: "127.21.172.193" port: 45993 } } peers { permanent_uuid: "0e44f3c9801d40158cee5554e2dd1f13" member_type: VOTER last_known_addr { host: "127.21.172.194" port: 42111 } } peers { permanent_uuid: "b513c7c90e4a40ff9dd1d9d320b04716" member_type: VOTER last_known_addr { host: "127.21.172.195" port: 44821 } }
I20260713 09:10:26.327421 23014 tablet_bootstrap.cc:492] T e749acde9fa44ff894ca9d2d9b813ddf P b513c7c90e4a40ff9dd1d9d320b04716: No bootstrap required, opened a new log
I20260713 09:10:26.327903 23014 ts_tablet_manager.cc:1403] T e749acde9fa44ff894ca9d2d9b813ddf P b513c7c90e4a40ff9dd1d9d320b04716: Time spent bootstrapping tablet: real 0.026s	user 0.009s	sys 0.007s
I20260713 09:10:26.329221 23013 raft_consensus.cc:359] T c9263dc5d21941b5b80624ee5d06c95b P c6b75804bada461ab53709ccd827f2f1 [term 0 FOLLOWER]: Replica starting. Triggering 0 pending ops. Active config: opid_index: -1 OBSOLETE_local: false peers { permanent_uuid: "c6b75804bada461ab53709ccd827f2f1" member_type: VOTER last_known_addr { host: "127.21.172.193" port: 45993 } } peers { permanent_uuid: "0e44f3c9801d40158cee5554e2dd1f13" member_type: VOTER last_known_addr { host: "127.21.172.194" port: 42111 } } peers { permanent_uuid: "b513c7c90e4a40ff9dd1d9d320b04716" member_type: VOTER last_known_addr { host: "127.21.172.195" port: 44821 } }
I20260713 09:10:26.329945 23013 raft_consensus.cc:385] T c9263dc5d21941b5b80624ee5d06c95b P c6b75804bada461ab53709ccd827f2f1 [term 0 FOLLOWER]: Consensus starting up: Expiring failure detector timer to make a prompt election more likely
I20260713 09:10:26.330227 23013 raft_consensus.cc:740] T c9263dc5d21941b5b80624ee5d06c95b P c6b75804bada461ab53709ccd827f2f1 [term 0 FOLLOWER]: Becoming Follower/Learner. State: Replica: c6b75804bada461ab53709ccd827f2f1, State: Initialized, Role: FOLLOWER
I20260713 09:10:26.330718 23014 raft_consensus.cc:359] T e749acde9fa44ff894ca9d2d9b813ddf P b513c7c90e4a40ff9dd1d9d320b04716 [term 0 FOLLOWER]: Replica starting. Triggering 0 pending ops. Active config: opid_index: -1 OBSOLETE_local: false peers { permanent_uuid: "c6b75804bada461ab53709ccd827f2f1" member_type: VOTER last_known_addr { host: "127.21.172.193" port: 45993 } } peers { permanent_uuid: "0e44f3c9801d40158cee5554e2dd1f13" member_type: VOTER last_known_addr { host: "127.21.172.194" port: 42111 } } peers { permanent_uuid: "b513c7c90e4a40ff9dd1d9d320b04716" member_type: VOTER last_known_addr { host: "127.21.172.195" port: 44821 } }
I20260713 09:10:26.331396 23014 raft_consensus.cc:385] T e749acde9fa44ff894ca9d2d9b813ddf P b513c7c90e4a40ff9dd1d9d320b04716 [term 0 FOLLOWER]: Consensus starting up: Expiring failure detector timer to make a prompt election more likely
I20260713 09:10:26.331054 23013 consensus_queue.cc:260] T c9263dc5d21941b5b80624ee5d06c95b P c6b75804bada461ab53709ccd827f2f1 [NON_LEADER]: Queue going to NON_LEADER mode. State: All replicated index: 0, Majority replicated index: 0, Committed index: 0, Last appended: 0.0, Last appended by leader: 0, Current term: 0, Majority size: -1, State: 0, Mode: NON_LEADER, active raft config: opid_index: -1 OBSOLETE_local: false peers { permanent_uuid: "c6b75804bada461ab53709ccd827f2f1" member_type: VOTER last_known_addr { host: "127.21.172.193" port: 45993 } } peers { permanent_uuid: "0e44f3c9801d40158cee5554e2dd1f13" member_type: VOTER last_known_addr { host: "127.21.172.194" port: 42111 } } peers { permanent_uuid: "b513c7c90e4a40ff9dd1d9d320b04716" member_type: VOTER last_known_addr { host: "127.21.172.195" port: 44821 } }
I20260713 09:10:26.331749 23014 raft_consensus.cc:740] T e749acde9fa44ff894ca9d2d9b813ddf P b513c7c90e4a40ff9dd1d9d320b04716 [term 0 FOLLOWER]: Becoming Follower/Learner. State: Replica: b513c7c90e4a40ff9dd1d9d320b04716, State: Initialized, Role: FOLLOWER
I20260713 09:10:26.332708 23014 consensus_queue.cc:260] T e749acde9fa44ff894ca9d2d9b813ddf P b513c7c90e4a40ff9dd1d9d320b04716 [NON_LEADER]: Queue going to NON_LEADER mode. State: All replicated index: 0, Majority replicated index: 0, Committed index: 0, Last appended: 0.0, Last appended by leader: 0, Current term: 0, Majority size: -1, State: 0, Mode: NON_LEADER, active raft config: opid_index: -1 OBSOLETE_local: false peers { permanent_uuid: "c6b75804bada461ab53709ccd827f2f1" member_type: VOTER last_known_addr { host: "127.21.172.193" port: 45993 } } peers { permanent_uuid: "0e44f3c9801d40158cee5554e2dd1f13" member_type: VOTER last_known_addr { host: "127.21.172.194" port: 42111 } } peers { permanent_uuid: "b513c7c90e4a40ff9dd1d9d320b04716" member_type: VOTER last_known_addr { host: "127.21.172.195" port: 44821 } }
I20260713 09:10:26.333657 23013 ts_tablet_manager.cc:1434] T c9263dc5d21941b5b80624ee5d06c95b P c6b75804bada461ab53709ccd827f2f1: Time spent starting tablet: real 0.038s	user 0.006s	sys 0.000s
I20260713 09:10:26.334687 23014 ts_tablet_manager.cc:1434] T e749acde9fa44ff894ca9d2d9b813ddf P b513c7c90e4a40ff9dd1d9d320b04716: Time spent starting tablet: real 0.006s	user 0.005s	sys 0.000s
I20260713 09:10:26.335606 23014 tablet_bootstrap.cc:492] T 340879fa77a943c49542144e2bc969a9 P b513c7c90e4a40ff9dd1d9d320b04716: Bootstrap starting.
I20260713 09:10:26.341194 23014 tablet_bootstrap.cc:654] T 340879fa77a943c49542144e2bc969a9 P b513c7c90e4a40ff9dd1d9d320b04716: Neither blocks nor log segments found. Creating new log.
I20260713 09:10:26.348922 23013 tablet_bootstrap.cc:492] T 0a9e27ceaf634fbd8b6a99ff240c8f34 P c6b75804bada461ab53709ccd827f2f1: Bootstrap starting.
I20260713 09:10:26.350819 22722 catalog_manager.cc:5697] T 0a9e27ceaf634fbd8b6a99ff240c8f34 P b513c7c90e4a40ff9dd1d9d320b04716 reported cstate change: term changed from 0 to 1, leader changed from <none> to b513c7c90e4a40ff9dd1d9d320b04716 (127.21.172.195). New cstate: current_term: 1 leader_uuid: "b513c7c90e4a40ff9dd1d9d320b04716" committed_config { opid_index: -1 OBSOLETE_local: false peers { permanent_uuid: "c6b75804bada461ab53709ccd827f2f1" member_type: VOTER last_known_addr { host: "127.21.172.193" port: 45993 } health_report { overall_health: UNKNOWN } } peers { permanent_uuid: "0e44f3c9801d40158cee5554e2dd1f13" member_type: VOTER last_known_addr { host: "127.21.172.194" port: 42111 } health_report { overall_health: UNKNOWN } } peers { permanent_uuid: "b513c7c90e4a40ff9dd1d9d320b04716" member_type: VOTER last_known_addr { host: "127.21.172.195" port: 44821 } health_report { overall_health: HEALTHY } } }
I20260713 09:10:26.361263 23015 tablet_bootstrap.cc:492] T 9fe57a608d144451b5394112e5c283e4 P 0e44f3c9801d40158cee5554e2dd1f13: No bootstrap required, opened a new log
I20260713 09:10:26.361707 23015 ts_tablet_manager.cc:1403] T 9fe57a608d144451b5394112e5c283e4 P 0e44f3c9801d40158cee5554e2dd1f13: Time spent bootstrapping tablet: real 0.058s	user 0.020s	sys 0.033s
I20260713 09:10:26.361894 23057 raft_consensus.cc:493] T c9263dc5d21941b5b80624ee5d06c95b P c6b75804bada461ab53709ccd827f2f1 [term 0 FOLLOWER]: Starting pre-election (no leader contacted us within the election timeout)
I20260713 09:10:26.362130 23014 tablet_bootstrap.cc:492] T 340879fa77a943c49542144e2bc969a9 P b513c7c90e4a40ff9dd1d9d320b04716: No bootstrap required, opened a new log
I20260713 09:10:26.362615 23014 ts_tablet_manager.cc:1403] T 340879fa77a943c49542144e2bc969a9 P b513c7c90e4a40ff9dd1d9d320b04716: Time spent bootstrapping tablet: real 0.027s	user 0.013s	sys 0.013s
I20260713 09:10:26.362356 23057 raft_consensus.cc:515] T c9263dc5d21941b5b80624ee5d06c95b P c6b75804bada461ab53709ccd827f2f1 [term 0 FOLLOWER]: Starting pre-election with config: opid_index: -1 OBSOLETE_local: false peers { permanent_uuid: "c6b75804bada461ab53709ccd827f2f1" member_type: VOTER last_known_addr { host: "127.21.172.193" port: 45993 } } peers { permanent_uuid: "0e44f3c9801d40158cee5554e2dd1f13" member_type: VOTER last_known_addr { host: "127.21.172.194" port: 42111 } } peers { permanent_uuid: "b513c7c90e4a40ff9dd1d9d320b04716" member_type: VOTER last_known_addr { host: "127.21.172.195" port: 44821 } }
I20260713 09:10:26.364295 23015 raft_consensus.cc:359] T 9fe57a608d144451b5394112e5c283e4 P 0e44f3c9801d40158cee5554e2dd1f13 [term 0 FOLLOWER]: Replica starting. Triggering 0 pending ops. Active config: opid_index: -1 OBSOLETE_local: false peers { permanent_uuid: "c6b75804bada461ab53709ccd827f2f1" member_type: VOTER last_known_addr { host: "127.21.172.193" port: 45993 } } peers { permanent_uuid: "0e44f3c9801d40158cee5554e2dd1f13" member_type: VOTER last_known_addr { host: "127.21.172.194" port: 42111 } } peers { permanent_uuid: "b513c7c90e4a40ff9dd1d9d320b04716" member_type: VOTER last_known_addr { host: "127.21.172.195" port: 44821 } }
I20260713 09:10:26.365434 23015 raft_consensus.cc:385] T 9fe57a608d144451b5394112e5c283e4 P 0e44f3c9801d40158cee5554e2dd1f13 [term 0 FOLLOWER]: Consensus starting up: Expiring failure detector timer to make a prompt election more likely
I20260713 09:10:26.365213 23014 raft_consensus.cc:359] T 340879fa77a943c49542144e2bc969a9 P b513c7c90e4a40ff9dd1d9d320b04716 [term 0 FOLLOWER]: Replica starting. Triggering 0 pending ops. Active config: opid_index: -1 OBSOLETE_local: false peers { permanent_uuid: "c6b75804bada461ab53709ccd827f2f1" member_type: VOTER last_known_addr { host: "127.21.172.193" port: 45993 } } peers { permanent_uuid: "0e44f3c9801d40158cee5554e2dd1f13" member_type: VOTER last_known_addr { host: "127.21.172.194" port: 42111 } } peers { permanent_uuid: "b513c7c90e4a40ff9dd1d9d320b04716" member_type: VOTER last_known_addr { host: "127.21.172.195" port: 44821 } }
I20260713 09:10:26.365784 23015 raft_consensus.cc:740] T 9fe57a608d144451b5394112e5c283e4 P 0e44f3c9801d40158cee5554e2dd1f13 [term 0 FOLLOWER]: Becoming Follower/Learner. State: Replica: 0e44f3c9801d40158cee5554e2dd1f13, State: Initialized, Role: FOLLOWER
I20260713 09:10:26.366003 23014 raft_consensus.cc:385] T 340879fa77a943c49542144e2bc969a9 P b513c7c90e4a40ff9dd1d9d320b04716 [term 0 FOLLOWER]: Consensus starting up: Expiring failure detector timer to make a prompt election more likely
I20260713 09:10:26.366350 23014 raft_consensus.cc:740] T 340879fa77a943c49542144e2bc969a9 P b513c7c90e4a40ff9dd1d9d320b04716 [term 0 FOLLOWER]: Becoming Follower/Learner. State: Replica: b513c7c90e4a40ff9dd1d9d320b04716, State: Initialized, Role: FOLLOWER
I20260713 09:10:26.366710 22973 tablet_service.cc:1917] Received RequestConsensusVote() RPC: tablet_id: "c9263dc5d21941b5b80624ee5d06c95b" candidate_uuid: "c6b75804bada461ab53709ccd827f2f1" candidate_term: 1 candidate_status { last_received { term: 0 index: 0 } } ignore_live_leader: false dest_uuid: "b513c7c90e4a40ff9dd1d9d320b04716" is_pre_election: true
I20260713 09:10:26.366460 23015 consensus_queue.cc:260] T 9fe57a608d144451b5394112e5c283e4 P 0e44f3c9801d40158cee5554e2dd1f13 [NON_LEADER]: Queue going to NON_LEADER mode. State: All replicated index: 0, Majority replicated index: 0, Committed index: 0, Last appended: 0.0, Last appended by leader: 0, Current term: 0, Majority size: -1, State: 0, Mode: NON_LEADER, active raft config: opid_index: -1 OBSOLETE_local: false peers { permanent_uuid: "c6b75804bada461ab53709ccd827f2f1" member_type: VOTER last_known_addr { host: "127.21.172.193" port: 45993 } } peers { permanent_uuid: "0e44f3c9801d40158cee5554e2dd1f13" member_type: VOTER last_known_addr { host: "127.21.172.194" port: 42111 } } peers { permanent_uuid: "b513c7c90e4a40ff9dd1d9d320b04716" member_type: VOTER last_known_addr { host: "127.21.172.195" port: 44821 } }
I20260713 09:10:26.367173 23014 consensus_queue.cc:260] T 340879fa77a943c49542144e2bc969a9 P b513c7c90e4a40ff9dd1d9d320b04716 [NON_LEADER]: Queue going to NON_LEADER mode. State: All replicated index: 0, Majority replicated index: 0, Committed index: 0, Last appended: 0.0, Last appended by leader: 0, Current term: 0, Majority size: -1, State: 0, Mode: NON_LEADER, active raft config: opid_index: -1 OBSOLETE_local: false peers { permanent_uuid: "c6b75804bada461ab53709ccd827f2f1" member_type: VOTER last_known_addr { host: "127.21.172.193" port: 45993 } } peers { permanent_uuid: "0e44f3c9801d40158cee5554e2dd1f13" member_type: VOTER last_known_addr { host: "127.21.172.194" port: 42111 } } peers { permanent_uuid: "b513c7c90e4a40ff9dd1d9d320b04716" member_type: VOTER last_known_addr { host: "127.21.172.195" port: 44821 } }
I20260713 09:10:26.365550 22898 tablet_service.cc:1917] Received RequestConsensusVote() RPC: tablet_id: "c9263dc5d21941b5b80624ee5d06c95b" candidate_uuid: "c6b75804bada461ab53709ccd827f2f1" candidate_term: 1 candidate_status { last_received { term: 0 index: 0 } } ignore_live_leader: false dest_uuid: "0e44f3c9801d40158cee5554e2dd1f13" is_pre_election: true
I20260713 09:10:26.368884 22898 raft_consensus.cc:2393] T c9263dc5d21941b5b80624ee5d06c95b P 0e44f3c9801d40158cee5554e2dd1f13 [term 1 FOLLOWER]: Leader pre-election vote request: Denying vote to candidate c6b75804bada461ab53709ccd827f2f1 in current term 1: Already voted for candidate b513c7c90e4a40ff9dd1d9d320b04716 in this term.
I20260713 09:10:26.369234 23014 ts_tablet_manager.cc:1434] T 340879fa77a943c49542144e2bc969a9 P b513c7c90e4a40ff9dd1d9d320b04716: Time spent starting tablet: real 0.006s	user 0.004s	sys 0.001s
I20260713 09:10:26.370003 23013 tablet_bootstrap.cc:654] T 0a9e27ceaf634fbd8b6a99ff240c8f34 P c6b75804bada461ab53709ccd827f2f1: Neither blocks nor log segments found. Creating new log.
I20260713 09:10:26.370049 22788 leader_election.cc:304] T c9263dc5d21941b5b80624ee5d06c95b P c6b75804bada461ab53709ccd827f2f1 [CANDIDATE]: Term 1 pre-election: Election decided. Result: candidate lost. Election summary: received 3 responses out of 3 voters: 1 yes votes; 2 no votes. yes voters: c6b75804bada461ab53709ccd827f2f1; no voters: 0e44f3c9801d40158cee5554e2dd1f13, b513c7c90e4a40ff9dd1d9d320b04716
I20260713 09:10:26.370966 23033 raft_consensus.cc:3060] T c9263dc5d21941b5b80624ee5d06c95b P c6b75804bada461ab53709ccd827f2f1 [term 0 FOLLOWER]: Advancing to term 1
I20260713 09:10:26.375383 23015 ts_tablet_manager.cc:1434] T 9fe57a608d144451b5394112e5c283e4 P 0e44f3c9801d40158cee5554e2dd1f13: Time spent starting tablet: real 0.013s	user 0.003s	sys 0.003s
I20260713 09:10:26.376539 23057 leader_election.cc:290] T c9263dc5d21941b5b80624ee5d06c95b P c6b75804bada461ab53709ccd827f2f1 [CANDIDATE]: Term 1 pre-election: Requested pre-vote from peers 0e44f3c9801d40158cee5554e2dd1f13 (127.21.172.194:42111), b513c7c90e4a40ff9dd1d9d320b04716 (127.21.172.195:44821)
I20260713 09:10:26.378351 23033 raft_consensus.cc:2749] T c9263dc5d21941b5b80624ee5d06c95b P c6b75804bada461ab53709ccd827f2f1 [term 1 FOLLOWER]: Leader pre-election lost for term 1. Reason: could not achieve majority
I20260713 09:10:26.378466 23057 raft_consensus.cc:493] T 86a9e4c9918f4d13abf3b0bd96b25978 P c6b75804bada461ab53709ccd827f2f1 [term 0 FOLLOWER]: Starting pre-election (no leader contacted us within the election timeout)
I20260713 09:10:26.379179 23057 raft_consensus.cc:515] T 86a9e4c9918f4d13abf3b0bd96b25978 P c6b75804bada461ab53709ccd827f2f1 [term 0 FOLLOWER]: Starting pre-election with config: opid_index: -1 OBSOLETE_local: false peers { permanent_uuid: "c6b75804bada461ab53709ccd827f2f1" member_type: VOTER last_known_addr { host: "127.21.172.193" port: 45993 } } peers { permanent_uuid: "0e44f3c9801d40158cee5554e2dd1f13" member_type: VOTER last_known_addr { host: "127.21.172.194" port: 42111 } } peers { permanent_uuid: "b513c7c90e4a40ff9dd1d9d320b04716" member_type: VOTER last_known_addr { host: "127.21.172.195" port: 44821 } }
I20260713 09:10:26.382684 22898 tablet_service.cc:1917] Received RequestConsensusVote() RPC: tablet_id: "86a9e4c9918f4d13abf3b0bd96b25978" candidate_uuid: "c6b75804bada461ab53709ccd827f2f1" candidate_term: 1 candidate_status { last_received { term: 0 index: 0 } } ignore_live_leader: false dest_uuid: "0e44f3c9801d40158cee5554e2dd1f13" is_pre_election: true
I20260713 09:10:26.383477 22898 raft_consensus.cc:2468] T 86a9e4c9918f4d13abf3b0bd96b25978 P 0e44f3c9801d40158cee5554e2dd1f13 [term 0 FOLLOWER]: Leader pre-election vote request: Granting yes vote for candidate c6b75804bada461ab53709ccd827f2f1 in term 0.
I20260713 09:10:26.384521 22788 leader_election.cc:304] T 86a9e4c9918f4d13abf3b0bd96b25978 P c6b75804bada461ab53709ccd827f2f1 [CANDIDATE]: Term 1 pre-election: Election decided. Result: candidate won. Election summary: received 2 responses out of 3 voters: 2 yes votes; 0 no votes. yes voters: 0e44f3c9801d40158cee5554e2dd1f13, c6b75804bada461ab53709ccd827f2f1; no voters: 
I20260713 09:10:26.385224 23033 raft_consensus.cc:2804] T 86a9e4c9918f4d13abf3b0bd96b25978 P c6b75804bada461ab53709ccd827f2f1 [term 0 FOLLOWER]: Leader pre-election won for term 1
I20260713 09:10:26.385404 23013 tablet_bootstrap.cc:492] T 0a9e27ceaf634fbd8b6a99ff240c8f34 P c6b75804bada461ab53709ccd827f2f1: No bootstrap required, opened a new log
I20260713 09:10:26.385424 23057 leader_election.cc:290] T 86a9e4c9918f4d13abf3b0bd96b25978 P c6b75804bada461ab53709ccd827f2f1 [CANDIDATE]: Term 1 pre-election: Requested pre-vote from peers 0e44f3c9801d40158cee5554e2dd1f13 (127.21.172.194:42111), b513c7c90e4a40ff9dd1d9d320b04716 (127.21.172.195:44821)
I20260713 09:10:26.385547 23033 raft_consensus.cc:493] T 86a9e4c9918f4d13abf3b0bd96b25978 P c6b75804bada461ab53709ccd827f2f1 [term 0 FOLLOWER]: Starting leader election (no leader contacted us within the election timeout)
I20260713 09:10:26.385941 23013 ts_tablet_manager.cc:1403] T 0a9e27ceaf634fbd8b6a99ff240c8f34 P c6b75804bada461ab53709ccd827f2f1: Time spent bootstrapping tablet: real 0.037s	user 0.017s	sys 0.006s
I20260713 09:10:26.386206 23033 raft_consensus.cc:3060] T 86a9e4c9918f4d13abf3b0bd96b25978 P c6b75804bada461ab53709ccd827f2f1 [term 0 FOLLOWER]: Advancing to term 1
I20260713 09:10:26.386489 22973 tablet_service.cc:1917] Received RequestConsensusVote() RPC: tablet_id: "86a9e4c9918f4d13abf3b0bd96b25978" candidate_uuid: "c6b75804bada461ab53709ccd827f2f1" candidate_term: 1 candidate_status { last_received { term: 0 index: 0 } } ignore_live_leader: false dest_uuid: "b513c7c90e4a40ff9dd1d9d320b04716" is_pre_election: true
I20260713 09:10:26.387074 22973 raft_consensus.cc:2468] T 86a9e4c9918f4d13abf3b0bd96b25978 P b513c7c90e4a40ff9dd1d9d320b04716 [term 0 FOLLOWER]: Leader pre-election vote request: Granting yes vote for candidate c6b75804bada461ab53709ccd827f2f1 in term 0.
I20260713 09:10:26.388515 23013 raft_consensus.cc:359] T 0a9e27ceaf634fbd8b6a99ff240c8f34 P c6b75804bada461ab53709ccd827f2f1 [term 0 FOLLOWER]: Replica starting. Triggering 0 pending ops. Active config: opid_index: -1 OBSOLETE_local: false peers { permanent_uuid: "c6b75804bada461ab53709ccd827f2f1" member_type: VOTER last_known_addr { host: "127.21.172.193" port: 45993 } } peers { permanent_uuid: "0e44f3c9801d40158cee5554e2dd1f13" member_type: VOTER last_known_addr { host: "127.21.172.194" port: 42111 } } peers { permanent_uuid: "b513c7c90e4a40ff9dd1d9d320b04716" member_type: VOTER last_known_addr { host: "127.21.172.195" port: 44821 } }
I20260713 09:10:26.389146 23013 raft_consensus.cc:385] T 0a9e27ceaf634fbd8b6a99ff240c8f34 P c6b75804bada461ab53709ccd827f2f1 [term 0 FOLLOWER]: Consensus starting up: Expiring failure detector timer to make a prompt election more likely
I20260713 09:10:26.389394 23013 raft_consensus.cc:740] T 0a9e27ceaf634fbd8b6a99ff240c8f34 P c6b75804bada461ab53709ccd827f2f1 [term 0 FOLLOWER]: Becoming Follower/Learner. State: Replica: c6b75804bada461ab53709ccd827f2f1, State: Initialized, Role: FOLLOWER
I20260713 09:10:26.390031 23013 consensus_queue.cc:260] T 0a9e27ceaf634fbd8b6a99ff240c8f34 P c6b75804bada461ab53709ccd827f2f1 [NON_LEADER]: Queue going to NON_LEADER mode. State: All replicated index: 0, Majority replicated index: 0, Committed index: 0, Last appended: 0.0, Last appended by leader: 0, Current term: 0, Majority size: -1, State: 0, Mode: NON_LEADER, active raft config: opid_index: -1 OBSOLETE_local: false peers { permanent_uuid: "c6b75804bada461ab53709ccd827f2f1" member_type: VOTER last_known_addr { host: "127.21.172.193" port: 45993 } } peers { permanent_uuid: "0e44f3c9801d40158cee5554e2dd1f13" member_type: VOTER last_known_addr { host: "127.21.172.194" port: 42111 } } peers { permanent_uuid: "b513c7c90e4a40ff9dd1d9d320b04716" member_type: VOTER last_known_addr { host: "127.21.172.195" port: 44821 } }
