I20260713 09:00:38.452342  1987 raft_consensus.cc:2955] T a7a35443a98f41de9be11ff9dbf79c2c P d9897aa0f67145b9bdb00ee765c19df7 [term 1 FOLLOWER]: Committing config change with OpId 1.3: config changed from index 2 to 3, d9897aa0f67145b9bdb00ee765c19df7 (127.0.107.196) changed from NON_VOTER to VOTER. New config: { opid_index: 3 OBSOLETE_local: false peers { permanent_uuid: "edafd552a54440439c023e92cb5b7479" member_type: VOTER last_known_addr { host: "127.0.107.193" port: 38829 } } peers { permanent_uuid: "cbced14a84ce40dca19c40769739b578" member_type: VOTER last_known_addr { host: "127.0.107.194" port: 36801 } attrs { replace: true } } peers { permanent_uuid: "df29dcc4204442d5ae1405b901bce493" member_type: VOTER last_known_addr { host: "127.0.107.195" port: 46681 } } peers { permanent_uuid: "d9897aa0f67145b9bdb00ee765c19df7" member_type: VOTER last_known_addr { host: "127.0.107.196" port: 42987 } attrs { promote: false } } }
I20260713 09:00:38.456007  1459 catalog_manager.cc:5210] ChangeConfig:REMOVE_PEER RPC for tablet 25921789cd22418fa14373ac5af09303 with cas_config_opid_index 3: ChangeConfig:REMOVE_PEER succeeded (attempt 1)
I20260713 09:00:38.459794  2225 ts_tablet_manager.cc:1916] T 5af0433ae9cf4fe79da563bf81664b8b P df29dcc4204442d5ae1405b901bce493: Deleting tablet data with delete state TABLET_DATA_TOMBSTONED
I20260713 09:00:38.470144  1721 raft_consensus.cc:2955] T a7a35443a98f41de9be11ff9dbf79c2c P df29dcc4204442d5ae1405b901bce493 [term 1 FOLLOWER]: Committing config change with OpId 1.3: config changed from index 2 to 3, d9897aa0f67145b9bdb00ee765c19df7 (127.0.107.196) changed from NON_VOTER to VOTER. New config: { opid_index: 3 OBSOLETE_local: false peers { permanent_uuid: "edafd552a54440439c023e92cb5b7479" member_type: VOTER last_known_addr { host: "127.0.107.193" port: 38829 } } peers { permanent_uuid: "cbced14a84ce40dca19c40769739b578" member_type: VOTER last_known_addr { host: "127.0.107.194" port: 36801 } attrs { replace: true } } peers { permanent_uuid: "df29dcc4204442d5ae1405b901bce493" member_type: VOTER last_known_addr { host: "127.0.107.195" port: 46681 } } peers { permanent_uuid: "d9897aa0f67145b9bdb00ee765c19df7" member_type: VOTER last_known_addr { host: "127.0.107.196" port: 42987 } attrs { promote: false } } }
I20260713 09:00:38.470501  1471 catalog_manager.cc:5697] T a7a35443a98f41de9be11ff9dbf79c2c P d9897aa0f67145b9bdb00ee765c19df7 reported cstate change: config changed from index 2 to 3, d9897aa0f67145b9bdb00ee765c19df7 (127.0.107.196) changed from NON_VOTER to VOTER. New cstate: current_term: 1 leader_uuid: "edafd552a54440439c023e92cb5b7479" committed_config { opid_index: 3 OBSOLETE_local: false peers { permanent_uuid: "edafd552a54440439c023e92cb5b7479" member_type: VOTER last_known_addr { host: "127.0.107.193" port: 38829 } } peers { permanent_uuid: "cbced14a84ce40dca19c40769739b578" member_type: VOTER last_known_addr { host: "127.0.107.194" port: 36801 } attrs { replace: true } } peers { permanent_uuid: "df29dcc4204442d5ae1405b901bce493" member_type: VOTER last_known_addr { host: "127.0.107.195" port: 46681 } } peers { permanent_uuid: "d9897aa0f67145b9bdb00ee765c19df7" member_type: VOTER last_known_addr { host: "127.0.107.196" port: 42987 } attrs { promote: false } } }
I20260713 09:00:38.489159  1645 raft_consensus.cc:2955] T a7a35443a98f41de9be11ff9dbf79c2c P cbced14a84ce40dca19c40769739b578 [term 1 FOLLOWER]: Committing config change with OpId 1.3: config changed from index 2 to 3, d9897aa0f67145b9bdb00ee765c19df7 (127.0.107.196) changed from NON_VOTER to VOTER. New config: { opid_index: 3 OBSOLETE_local: false peers { permanent_uuid: "edafd552a54440439c023e92cb5b7479" member_type: VOTER last_known_addr { host: "127.0.107.193" port: 38829 } } peers { permanent_uuid: "cbced14a84ce40dca19c40769739b578" member_type: VOTER last_known_addr { host: "127.0.107.194" port: 36801 } attrs { replace: true } } peers { permanent_uuid: "df29dcc4204442d5ae1405b901bce493" member_type: VOTER last_known_addr { host: "127.0.107.195" port: 46681 } } peers { permanent_uuid: "d9897aa0f67145b9bdb00ee765c19df7" member_type: VOTER last_known_addr { host: "127.0.107.196" port: 42987 } attrs { promote: false } } }
I20260713 09:00:38.495536  2225 ts_tablet_manager.cc:1929] T 5af0433ae9cf4fe79da563bf81664b8b P df29dcc4204442d5ae1405b901bce493: tablet deleted with delete type TABLET_DATA_TOMBSTONED: last-logged OpId 1.3
I20260713 09:00:38.498980  2225 log.cc:1199] T 5af0433ae9cf4fe79da563bf81664b8b P df29dcc4204442d5ae1405b901bce493: Deleting WAL directory at /tmp/dist-test-task_afNA2/test-tmp/auto_leader_rebalancer-test.0.LeaderRebalancerTest.AddTserver.1783933202578618-431-0/minicluster-data/ts-2-root/wals/5af0433ae9cf4fe79da563bf81664b8b
I20260713 09:00:38.498588  2222 ts_tablet_manager.cc:1929] T 88f50f61fedb4acd8ebdc7e74cd5e041 P edafd552a54440439c023e92cb5b7479: tablet deleted with delete type TABLET_DATA_TOMBSTONED: last-logged OpId 1.3
I20260713 09:00:38.499449  2222 log.cc:1199] T 88f50f61fedb4acd8ebdc7e74cd5e041 P edafd552a54440439c023e92cb5b7479: Deleting WAL directory at /tmp/dist-test-task_afNA2/test-tmp/auto_leader_rebalancer-test.0.LeaderRebalancerTest.AddTserver.1783933202578618-431-0/minicluster-data/ts-0-root/wals/88f50f61fedb4acd8ebdc7e74cd5e041
I20260713 09:00:38.501919  1459 catalog_manager.cc:5028] TS df29dcc4204442d5ae1405b901bce493 (127.0.107.195:46681): tablet 5af0433ae9cf4fe79da563bf81664b8b (table test-workload [id=4c7a49f848174895836f931c8379d70f]) successfully deleted
I20260713 09:00:38.502602  1459 catalog_manager.cc:5028] TS edafd552a54440439c023e92cb5b7479 (127.0.107.193:38829): tablet 88f50f61fedb4acd8ebdc7e74cd5e041 (table test-workload [id=4c7a49f848174895836f931c8379d70f]) successfully deleted
I20260713 09:00:38.501654  1574 consensus_queue.cc:237] T a7a35443a98f41de9be11ff9dbf79c2c P edafd552a54440439c023e92cb5b7479 [LEADER]: Queue going to LEADER mode. State: All replicated index: 0, Majority replicated index: 3, Committed index: 3, Last appended: 1.3, Last appended by leader: 0, Current term: 1, Majority size: 2, State: 0, Mode: LEADER, active raft config: opid_index: 4 OBSOLETE_local: false peers { permanent_uuid: "edafd552a54440439c023e92cb5b7479" member_type: VOTER last_known_addr { host: "127.0.107.193" port: 38829 } } peers { permanent_uuid: "df29dcc4204442d5ae1405b901bce493" member_type: VOTER last_known_addr { host: "127.0.107.195" port: 46681 } } peers { permanent_uuid: "d9897aa0f67145b9bdb00ee765c19df7" member_type: VOTER last_known_addr { host: "127.0.107.196" port: 42987 } attrs { promote: false } }
I20260713 09:00:38.505318  2225 tablet_replica.cc:333] T 25921789cd22418fa14373ac5af09303 P df29dcc4204442d5ae1405b901bce493: stopping tablet replica
I20260713 09:00:38.506268  2225 raft_consensus.cc:2243] T 25921789cd22418fa14373ac5af09303 P df29dcc4204442d5ae1405b901bce493 [term 1 FOLLOWER]: Raft consensus shutting down.
I20260713 09:00:38.506875  2225 raft_consensus.cc:2272] T 25921789cd22418fa14373ac5af09303 P df29dcc4204442d5ae1405b901bce493 [term 1 FOLLOWER]: Raft consensus is shut down!
I20260713 09:00:38.506969  1986 raft_consensus.cc:1275] T a7a35443a98f41de9be11ff9dbf79c2c P d9897aa0f67145b9bdb00ee765c19df7 [term 1 FOLLOWER]: Refusing update from remote peer edafd552a54440439c023e92cb5b7479: Log matching property violated. Preceding OpId in replica: term: 1 index: 3. Preceding OpId from leader: term: 1 index: 4. (index mismatch)
I20260713 09:00:38.508435  2141 consensus_queue.cc:1048] T a7a35443a98f41de9be11ff9dbf79c2c P edafd552a54440439c023e92cb5b7479 [LEADER]: Connected to new peer: Peer: permanent_uuid: "d9897aa0f67145b9bdb00ee765c19df7" member_type: VOTER last_known_addr { host: "127.0.107.196" port: 42987 } attrs { promote: false }, Status: LMP_MISMATCH, Last received: 0.0, Next index: 4, Last known committed idx: 3, Time since last communication: 0.000s
I20260713 09:00:38.509807  2225 ts_tablet_manager.cc:1916] T 25921789cd22418fa14373ac5af09303 P df29dcc4204442d5ae1405b901bce493: Deleting tablet data with delete state TABLET_DATA_TOMBSTONED
I20260713 09:00:38.514487  1721 raft_consensus.cc:1275] T a7a35443a98f41de9be11ff9dbf79c2c P df29dcc4204442d5ae1405b901bce493 [term 1 FOLLOWER]: Refusing update from remote peer edafd552a54440439c023e92cb5b7479: Log matching property violated. Preceding OpId in replica: term: 1 index: 3. Preceding OpId from leader: term: 1 index: 4. (index mismatch)
I20260713 09:00:38.516362  2197 consensus_queue.cc:1048] T a7a35443a98f41de9be11ff9dbf79c2c P edafd552a54440439c023e92cb5b7479 [LEADER]: Connected to new peer: Peer: permanent_uuid: "df29dcc4204442d5ae1405b901bce493" member_type: VOTER last_known_addr { host: "127.0.107.195" port: 46681 }, Status: LMP_MISMATCH, Last received: 0.0, Next index: 4, Last known committed idx: 3, Time since last communication: 0.000s
I20260713 09:00:38.517484  2223 raft_consensus.cc:2955] T a7a35443a98f41de9be11ff9dbf79c2c P edafd552a54440439c023e92cb5b7479 [term 1 LEADER]: Committing config change with OpId 1.4: config changed from index 3 to 4, VOTER cbced14a84ce40dca19c40769739b578 (127.0.107.194) evicted. New config: { opid_index: 4 OBSOLETE_local: false peers { permanent_uuid: "edafd552a54440439c023e92cb5b7479" member_type: VOTER last_known_addr { host: "127.0.107.193" port: 38829 } } peers { permanent_uuid: "df29dcc4204442d5ae1405b901bce493" member_type: VOTER last_known_addr { host: "127.0.107.195" port: 46681 } } peers { permanent_uuid: "d9897aa0f67145b9bdb00ee765c19df7" member_type: VOTER last_known_addr { host: "127.0.107.196" port: 42987 } attrs { promote: false } } }
I20260713 09:00:38.519052  1986 raft_consensus.cc:2955] T a7a35443a98f41de9be11ff9dbf79c2c P d9897aa0f67145b9bdb00ee765c19df7 [term 1 FOLLOWER]: Committing config change with OpId 1.4: config changed from index 3 to 4, VOTER cbced14a84ce40dca19c40769739b578 (127.0.107.194) evicted. New config: { opid_index: 4 OBSOLETE_local: false peers { permanent_uuid: "edafd552a54440439c023e92cb5b7479" member_type: VOTER last_known_addr { host: "127.0.107.193" port: 38829 } } peers { permanent_uuid: "df29dcc4204442d5ae1405b901bce493" member_type: VOTER last_known_addr { host: "127.0.107.195" port: 46681 } } peers { permanent_uuid: "d9897aa0f67145b9bdb00ee765c19df7" member_type: VOTER last_known_addr { host: "127.0.107.196" port: 42987 } attrs { promote: false } } }
I20260713 09:00:38.521440  1721 raft_consensus.cc:2955] T a7a35443a98f41de9be11ff9dbf79c2c P df29dcc4204442d5ae1405b901bce493 [term 1 FOLLOWER]: Committing config change with OpId 1.4: config changed from index 3 to 4, VOTER cbced14a84ce40dca19c40769739b578 (127.0.107.194) evicted. New config: { opid_index: 4 OBSOLETE_local: false peers { permanent_uuid: "edafd552a54440439c023e92cb5b7479" member_type: VOTER last_known_addr { host: "127.0.107.193" port: 38829 } } peers { permanent_uuid: "df29dcc4204442d5ae1405b901bce493" member_type: VOTER last_known_addr { host: "127.0.107.195" port: 46681 } } peers { permanent_uuid: "d9897aa0f67145b9bdb00ee765c19df7" member_type: VOTER last_known_addr { host: "127.0.107.196" port: 42987 } attrs { promote: false } } }
I20260713 09:00:38.530257  1459 catalog_manager.cc:5210] ChangeConfig:REMOVE_PEER RPC for tablet a7a35443a98f41de9be11ff9dbf79c2c with cas_config_opid_index 3: ChangeConfig:REMOVE_PEER succeeded (attempt 1)
I20260713 09:00:38.532955  2225 ts_tablet_manager.cc:1929] T 25921789cd22418fa14373ac5af09303 P df29dcc4204442d5ae1405b901bce493: tablet deleted with delete type TABLET_DATA_TOMBSTONED: last-logged OpId 1.3
I20260713 09:00:38.533362  2225 log.cc:1199] T 25921789cd22418fa14373ac5af09303 P df29dcc4204442d5ae1405b901bce493: Deleting WAL directory at /tmp/dist-test-task_afNA2/test-tmp/auto_leader_rebalancer-test.0.LeaderRebalancerTest.AddTserver.1783933202578618-431-0/minicluster-data/ts-2-root/wals/25921789cd22418fa14373ac5af09303
I20260713 09:00:38.533102  1470 catalog_manager.cc:5697] T a7a35443a98f41de9be11ff9dbf79c2c P d9897aa0f67145b9bdb00ee765c19df7 reported cstate change: config changed from index 3 to 4, VOTER cbced14a84ce40dca19c40769739b578 (127.0.107.194) evicted. New cstate: current_term: 1 leader_uuid: "edafd552a54440439c023e92cb5b7479" committed_config { opid_index: 4 OBSOLETE_local: false peers { permanent_uuid: "edafd552a54440439c023e92cb5b7479" member_type: VOTER last_known_addr { host: "127.0.107.193" port: 38829 } } peers { permanent_uuid: "df29dcc4204442d5ae1405b901bce493" member_type: VOTER last_known_addr { host: "127.0.107.195" port: 46681 } } peers { permanent_uuid: "d9897aa0f67145b9bdb00ee765c19df7" member_type: VOTER last_known_addr { host: "127.0.107.196" port: 42987 } attrs { promote: false } } }
I20260713 09:00:38.534570  1459 catalog_manager.cc:5028] TS df29dcc4204442d5ae1405b901bce493 (127.0.107.195:46681): tablet 25921789cd22418fa14373ac5af09303 (table test-workload [id=4c7a49f848174895836f931c8379d70f]) successfully deleted
I20260713 09:00:38.542240  1635 tablet_service.cc:1558] Processing DeleteTablet for tablet a7a35443a98f41de9be11ff9dbf79c2c with delete_type TABLET_DATA_TOMBSTONED (TS cbced14a84ce40dca19c40769739b578 not found in new config with opid_index 4) from {username='slave'} at 127.0.0.1:37706
I20260713 09:00:38.543854  2228 tablet_replica.cc:333] T a7a35443a98f41de9be11ff9dbf79c2c P cbced14a84ce40dca19c40769739b578: stopping tablet replica
I20260713 09:00:38.544695  2228 raft_consensus.cc:2243] T a7a35443a98f41de9be11ff9dbf79c2c P cbced14a84ce40dca19c40769739b578 [term 1 FOLLOWER]: Raft consensus shutting down.
I20260713 09:00:38.545359  2228 raft_consensus.cc:2272] T a7a35443a98f41de9be11ff9dbf79c2c P cbced14a84ce40dca19c40769739b578 [term 1 FOLLOWER]: Raft consensus is shut down!
I20260713 09:00:38.548056  2228 ts_tablet_manager.cc:1916] T a7a35443a98f41de9be11ff9dbf79c2c P cbced14a84ce40dca19c40769739b578: Deleting tablet data with delete state TABLET_DATA_TOMBSTONED
I20260713 09:00:38.559310  2228 ts_tablet_manager.cc:1929] T a7a35443a98f41de9be11ff9dbf79c2c P cbced14a84ce40dca19c40769739b578: tablet deleted with delete type TABLET_DATA_TOMBSTONED: last-logged OpId 1.3
I20260713 09:00:38.559551  2228 log.cc:1199] T a7a35443a98f41de9be11ff9dbf79c2c P cbced14a84ce40dca19c40769739b578: Deleting WAL directory at /tmp/dist-test-task_afNA2/test-tmp/auto_leader_rebalancer-test.0.LeaderRebalancerTest.AddTserver.1783933202578618-431-0/minicluster-data/ts-1-root/wals/a7a35443a98f41de9be11ff9dbf79c2c
I20260713 09:00:38.560644  1458 catalog_manager.cc:5028] TS cbced14a84ce40dca19c40769739b578 (127.0.107.194:36801): tablet a7a35443a98f41de9be11ff9dbf79c2c (table test-workload [id=4c7a49f848174895836f931c8379d70f]) successfully deleted
I20260713 09:00:39.571451  1574 consensus_queue.cc:237] T 4c6876220cc440d9ab873c817ea06528 P edafd552a54440439c023e92cb5b7479 [LEADER]: Queue going to LEADER mode. State: All replicated index: 0, Majority replicated index: 1, Committed index: 1, Last appended: 1.1, Last appended by leader: 0, Current term: 1, Majority size: 2, State: 0, Mode: LEADER, active raft config: opid_index: 2 OBSOLETE_local: false peers { permanent_uuid: "edafd552a54440439c023e92cb5b7479" member_type: VOTER last_known_addr { host: "127.0.107.193" port: 38829 } } peers { permanent_uuid: "cbced14a84ce40dca19c40769739b578" member_type: VOTER last_known_addr { host: "127.0.107.194" port: 36801 } attrs { replace: true } } peers { permanent_uuid: "df29dcc4204442d5ae1405b901bce493" member_type: VOTER last_known_addr { host: "127.0.107.195" port: 46681 } } peers { permanent_uuid: "d9897aa0f67145b9bdb00ee765c19df7" member_type: NON_VOTER last_known_addr { host: "127.0.107.196" port: 42987 } attrs { promote: true } }
I20260713 09:00:39.576320  1721 raft_consensus.cc:1275] T 4c6876220cc440d9ab873c817ea06528 P df29dcc4204442d5ae1405b901bce493 [term 1 FOLLOWER]: Refusing update from remote peer edafd552a54440439c023e92cb5b7479: Log matching property violated. Preceding OpId in replica: term: 1 index: 1. Preceding OpId from leader: term: 1 index: 2. (index mismatch)
W20260713 09:00:39.577569  1538 consensus_peers.cc:597] T 4c6876220cc440d9ab873c817ea06528 P edafd552a54440439c023e92cb5b7479 -> Peer d9897aa0f67145b9bdb00ee765c19df7 (127.0.107.196:42987): Couldn't send request to peer d9897aa0f67145b9bdb00ee765c19df7. Error code: TABLET_NOT_FOUND (6). Status: Not found: Tablet not found: 4c6876220cc440d9ab873c817ea06528. This is attempt 1: this message will repeat every 5th retry.
I20260713 09:00:39.581313  2227 consensus_queue.cc:1048] T 4c6876220cc440d9ab873c817ea06528 P edafd552a54440439c023e92cb5b7479 [LEADER]: Connected to new peer: Peer: permanent_uuid: "df29dcc4204442d5ae1405b901bce493" member_type: VOTER last_known_addr { host: "127.0.107.195" port: 46681 }, Status: LMP_MISMATCH, Last received: 0.0, Next index: 2, Last known committed idx: 1, Time since last communication: 0.000s
I20260713 09:00:39.583775  1645 raft_consensus.cc:1275] T 4c6876220cc440d9ab873c817ea06528 P cbced14a84ce40dca19c40769739b578 [term 1 FOLLOWER]: Refusing update from remote peer edafd552a54440439c023e92cb5b7479: Log matching property violated. Preceding OpId in replica: term: 1 index: 1. Preceding OpId from leader: term: 1 index: 2. (index mismatch)
I20260713 09:00:39.584830  2230 consensus_queue.cc:1048] T 4c6876220cc440d9ab873c817ea06528 P edafd552a54440439c023e92cb5b7479 [LEADER]: Connected to new peer: Peer: permanent_uuid: "cbced14a84ce40dca19c40769739b578" member_type: VOTER last_known_addr { host: "127.0.107.194" port: 36801 } attrs { replace: true }, Status: LMP_MISMATCH, Last received: 0.0, Next index: 2, Last known committed idx: 1, Time since last communication: 0.000s
I20260713 09:00:39.588235  2227 raft_consensus.cc:2955] T 4c6876220cc440d9ab873c817ea06528 P edafd552a54440439c023e92cb5b7479 [term 1 LEADER]: Committing config change with OpId 1.2: config changed from index -1 to 2, NON_VOTER d9897aa0f67145b9bdb00ee765c19df7 (127.0.107.196) added. New config: { opid_index: 2 OBSOLETE_local: false peers { permanent_uuid: "edafd552a54440439c023e92cb5b7479" member_type: VOTER last_known_addr { host: "127.0.107.193" port: 38829 } } peers { permanent_uuid: "cbced14a84ce40dca19c40769739b578" member_type: VOTER last_known_addr { host: "127.0.107.194" port: 36801 } attrs { replace: true } } peers { permanent_uuid: "df29dcc4204442d5ae1405b901bce493" member_type: VOTER last_known_addr { host: "127.0.107.195" port: 46681 } } peers { permanent_uuid: "d9897aa0f67145b9bdb00ee765c19df7" member_type: NON_VOTER last_known_addr { host: "127.0.107.196" port: 42987 } attrs { promote: true } } }
I20260713 09:00:39.589689  1721 raft_consensus.cc:2955] T 4c6876220cc440d9ab873c817ea06528 P df29dcc4204442d5ae1405b901bce493 [term 1 FOLLOWER]: Committing config change with OpId 1.2: config changed from index -1 to 2, NON_VOTER d9897aa0f67145b9bdb00ee765c19df7 (127.0.107.196) added. New config: { opid_index: 2 OBSOLETE_local: false peers { permanent_uuid: "edafd552a54440439c023e92cb5b7479" member_type: VOTER last_known_addr { host: "127.0.107.193" port: 38829 } } peers { permanent_uuid: "cbced14a84ce40dca19c40769739b578" member_type: VOTER last_known_addr { host: "127.0.107.194" port: 36801 } attrs { replace: true } } peers { permanent_uuid: "df29dcc4204442d5ae1405b901bce493" member_type: VOTER last_known_addr { host: "127.0.107.195" port: 46681 } } peers { permanent_uuid: "d9897aa0f67145b9bdb00ee765c19df7" member_type: NON_VOTER last_known_addr { host: "127.0.107.196" port: 42987 } attrs { promote: true } } }
I20260713 09:00:39.592865  1645 raft_consensus.cc:2955] T 4c6876220cc440d9ab873c817ea06528 P cbced14a84ce40dca19c40769739b578 [term 1 FOLLOWER]: Committing config change with OpId 1.2: config changed from index -1 to 2, NON_VOTER d9897aa0f67145b9bdb00ee765c19df7 (127.0.107.196) added. New config: { opid_index: 2 OBSOLETE_local: false peers { permanent_uuid: "edafd552a54440439c023e92cb5b7479" member_type: VOTER last_known_addr { host: "127.0.107.193" port: 38829 } } peers { permanent_uuid: "cbced14a84ce40dca19c40769739b578" member_type: VOTER last_known_addr { host: "127.0.107.194" port: 36801 } attrs { replace: true } } peers { permanent_uuid: "df29dcc4204442d5ae1405b901bce493" member_type: VOTER last_known_addr { host: "127.0.107.195" port: 46681 } } peers { permanent_uuid: "d9897aa0f67145b9bdb00ee765c19df7" member_type: NON_VOTER last_known_addr { host: "127.0.107.196" port: 42987 } attrs { promote: true } } }
I20260713 09:00:39.600569  1468 catalog_manager.cc:5697] T 4c6876220cc440d9ab873c817ea06528 P df29dcc4204442d5ae1405b901bce493 reported cstate change: config changed from index -1 to 2, NON_VOTER d9897aa0f67145b9bdb00ee765c19df7 (127.0.107.196) added. New cstate: current_term: 1 leader_uuid: "edafd552a54440439c023e92cb5b7479" committed_config { opid_index: 2 OBSOLETE_local: false peers { permanent_uuid: "edafd552a54440439c023e92cb5b7479" member_type: VOTER last_known_addr { host: "127.0.107.193" port: 38829 } } peers { permanent_uuid: "cbced14a84ce40dca19c40769739b578" member_type: VOTER last_known_addr { host: "127.0.107.194" port: 36801 } attrs { replace: true } } peers { permanent_uuid: "df29dcc4204442d5ae1405b901bce493" member_type: VOTER last_known_addr { host: "127.0.107.195" port: 46681 } } peers { permanent_uuid: "d9897aa0f67145b9bdb00ee765c19df7" member_type: NON_VOTER last_known_addr { host: "127.0.107.196" port: 42987 } attrs { promote: true } } }
I20260713 09:00:39.602017  1574 consensus_queue.cc:237] T fae2495318ad4c1baae8f0b069caa1fd P edafd552a54440439c023e92cb5b7479 [LEADER]: Queue going to LEADER mode. State: All replicated index: 0, Majority replicated index: 1, Committed index: 1, Last appended: 1.1, Last appended by leader: 0, Current term: 1, Majority size: 2, State: 0, Mode: LEADER, active raft config: opid_index: 2 OBSOLETE_local: false peers { permanent_uuid: "edafd552a54440439c023e92cb5b7479" member_type: VOTER last_known_addr { host: "127.0.107.193" port: 38829 } } peers { permanent_uuid: "cbced14a84ce40dca19c40769739b578" member_type: VOTER last_known_addr { host: "127.0.107.194" port: 36801 } } peers { permanent_uuid: "df29dcc4204442d5ae1405b901bce493" member_type: VOTER last_known_addr { host: "127.0.107.195" port: 46681 } attrs { replace: true } } peers { permanent_uuid: "d9897aa0f67145b9bdb00ee765c19df7" member_type: NON_VOTER last_known_addr { host: "127.0.107.196" port: 42987 } attrs { promote: true } }
W20260713 09:00:39.609107  1538 consensus_peers.cc:597] T fae2495318ad4c1baae8f0b069caa1fd P edafd552a54440439c023e92cb5b7479 -> Peer d9897aa0f67145b9bdb00ee765c19df7 (127.0.107.196:42987): Couldn't send request to peer d9897aa0f67145b9bdb00ee765c19df7. Error code: TABLET_NOT_FOUND (6). Status: Not found: Tablet not found: fae2495318ad4c1baae8f0b069caa1fd. This is attempt 1: this message will repeat every 5th retry.
I20260713 09:00:39.609591  1721 raft_consensus.cc:1275] T fae2495318ad4c1baae8f0b069caa1fd P df29dcc4204442d5ae1405b901bce493 [term 1 FOLLOWER]: Refusing update from remote peer edafd552a54440439c023e92cb5b7479: Log matching property violated. Preceding OpId in replica: term: 1 index: 1. Preceding OpId from leader: term: 1 index: 2. (index mismatch)
I20260713 09:00:39.609802  1645 raft_consensus.cc:1275] T fae2495318ad4c1baae8f0b069caa1fd P cbced14a84ce40dca19c40769739b578 [term 1 FOLLOWER]: Refusing update from remote peer edafd552a54440439c023e92cb5b7479: Log matching property violated. Preceding OpId in replica: term: 1 index: 1. Preceding OpId from leader: term: 1 index: 2. (index mismatch)
I20260713 09:00:39.610733  2227 consensus_queue.cc:1048] T fae2495318ad4c1baae8f0b069caa1fd P edafd552a54440439c023e92cb5b7479 [LEADER]: Connected to new peer: Peer: permanent_uuid: "df29dcc4204442d5ae1405b901bce493" member_type: VOTER last_known_addr { host: "127.0.107.195" port: 46681 } attrs { replace: true }, Status: LMP_MISMATCH, Last received: 0.0, Next index: 2, Last known committed idx: 1, Time since last communication: 0.000s
I20260713 09:00:39.611575  2231 consensus_queue.cc:1048] T fae2495318ad4c1baae8f0b069caa1fd P edafd552a54440439c023e92cb5b7479 [LEADER]: Connected to new peer: Peer: permanent_uuid: "cbced14a84ce40dca19c40769739b578" member_type: VOTER last_known_addr { host: "127.0.107.194" port: 36801 }, Status: LMP_MISMATCH, Last received: 0.0, Next index: 2, Last known committed idx: 1, Time since last communication: 0.000s
I20260713 09:00:39.621510  2223 raft_consensus.cc:2955] T fae2495318ad4c1baae8f0b069caa1fd P edafd552a54440439c023e92cb5b7479 [term 1 LEADER]: Committing config change with OpId 1.2: config changed from index -1 to 2, NON_VOTER d9897aa0f67145b9bdb00ee765c19df7 (127.0.107.196) added. New config: { opid_index: 2 OBSOLETE_local: false peers { permanent_uuid: "edafd552a54440439c023e92cb5b7479" member_type: VOTER last_known_addr { host: "127.0.107.193" port: 38829 } } peers { permanent_uuid: "cbced14a84ce40dca19c40769739b578" member_type: VOTER last_known_addr { host: "127.0.107.194" port: 36801 } } peers { permanent_uuid: "df29dcc4204442d5ae1405b901bce493" member_type: VOTER last_known_addr { host: "127.0.107.195" port: 46681 } attrs { replace: true } } peers { permanent_uuid: "d9897aa0f67145b9bdb00ee765c19df7" member_type: NON_VOTER last_known_addr { host: "127.0.107.196" port: 42987 } attrs { promote: true } } }
I20260713 09:00:39.623070  1721 raft_consensus.cc:2955] T fae2495318ad4c1baae8f0b069caa1fd P df29dcc4204442d5ae1405b901bce493 [term 1 FOLLOWER]: Committing config change with OpId 1.2: config changed from index -1 to 2, NON_VOTER d9897aa0f67145b9bdb00ee765c19df7 (127.0.107.196) added. New config: { opid_index: 2 OBSOLETE_local: false peers { permanent_uuid: "edafd552a54440439c023e92cb5b7479" member_type: VOTER last_known_addr { host: "127.0.107.193" port: 38829 } } peers { permanent_uuid: "cbced14a84ce40dca19c40769739b578" member_type: VOTER last_known_addr { host: "127.0.107.194" port: 36801 } } peers { permanent_uuid: "df29dcc4204442d5ae1405b901bce493" member_type: VOTER last_known_addr { host: "127.0.107.195" port: 46681 } attrs { replace: true } } peers { permanent_uuid: "d9897aa0f67145b9bdb00ee765c19df7" member_type: NON_VOTER last_known_addr { host: "127.0.107.196" port: 42987 } attrs { promote: true } } }
I20260713 09:00:39.625061  1645 raft_consensus.cc:2955] T fae2495318ad4c1baae8f0b069caa1fd P cbced14a84ce40dca19c40769739b578 [term 1 FOLLOWER]: Committing config change with OpId 1.2: config changed from index -1 to 2, NON_VOTER d9897aa0f67145b9bdb00ee765c19df7 (127.0.107.196) added. New config: { opid_index: 2 OBSOLETE_local: false peers { permanent_uuid: "edafd552a54440439c023e92cb5b7479" member_type: VOTER last_known_addr { host: "127.0.107.193" port: 38829 } } peers { permanent_uuid: "cbced14a84ce40dca19c40769739b578" member_type: VOTER last_known_addr { host: "127.0.107.194" port: 36801 } } peers { permanent_uuid: "df29dcc4204442d5ae1405b901bce493" member_type: VOTER last_known_addr { host: "127.0.107.195" port: 46681 } attrs { replace: true } } peers { permanent_uuid: "d9897aa0f67145b9bdb00ee765c19df7" member_type: NON_VOTER last_known_addr { host: "127.0.107.196" port: 42987 } attrs { promote: true } } }
I20260713 09:00:39.633105  1470 catalog_manager.cc:5697] T fae2495318ad4c1baae8f0b069caa1fd P df29dcc4204442d5ae1405b901bce493 reported cstate change: config changed from index -1 to 2, NON_VOTER d9897aa0f67145b9bdb00ee765c19df7 (127.0.107.196) added. New cstate: current_term: 1 leader_uuid: "edafd552a54440439c023e92cb5b7479" committed_config { opid_index: 2 OBSOLETE_local: false peers { permanent_uuid: "edafd552a54440439c023e92cb5b7479" member_type: VOTER last_known_addr { host: "127.0.107.193" port: 38829 } } peers { permanent_uuid: "cbced14a84ce40dca19c40769739b578" member_type: VOTER last_known_addr { host: "127.0.107.194" port: 36801 } } peers { permanent_uuid: "df29dcc4204442d5ae1405b901bce493" member_type: VOTER last_known_addr { host: "127.0.107.195" port: 46681 } attrs { replace: true } } peers { permanent_uuid: "d9897aa0f67145b9bdb00ee765c19df7" member_type: NON_VOTER last_known_addr { host: "127.0.107.196" port: 42987 } attrs { promote: true } } }
I20260713 09:00:39.634754  1646 consensus_queue.cc:237] T 5b4bac4d43064dd4b59a0eb8609191bc P cbced14a84ce40dca19c40769739b578 [LEADER]: Queue going to LEADER mode. State: All replicated index: 0, Majority replicated index: 1, Committed index: 1, Last appended: 1.1, Last appended by leader: 0, Current term: 1, Majority size: 2, State: 0, Mode: LEADER, active raft config: opid_index: 2 OBSOLETE_local: false peers { permanent_uuid: "edafd552a54440439c023e92cb5b7479" member_type: VOTER last_known_addr { host: "127.0.107.193" port: 38829 } attrs { replace: true } } peers { permanent_uuid: "cbced14a84ce40dca19c40769739b578" member_type: VOTER last_known_addr { host: "127.0.107.194" port: 36801 } } peers { permanent_uuid: "df29dcc4204442d5ae1405b901bce493" member_type: VOTER last_known_addr { host: "127.0.107.195" port: 46681 } } peers { permanent_uuid: "d9897aa0f67145b9bdb00ee765c19df7" member_type: NON_VOTER last_known_addr { host: "127.0.107.196" port: 42987 } attrs { promote: true } }
I20260713 09:00:39.642234  1721 raft_consensus.cc:1275] T 5b4bac4d43064dd4b59a0eb8609191bc P df29dcc4204442d5ae1405b901bce493 [term 1 FOLLOWER]: Refusing update from remote peer cbced14a84ce40dca19c40769739b578: Log matching property violated. Preceding OpId in replica: term: 1 index: 1. Preceding OpId from leader: term: 1 index: 2. (index mismatch)
I20260713 09:00:39.642338  1574 raft_consensus.cc:1275] T 5b4bac4d43064dd4b59a0eb8609191bc P edafd552a54440439c023e92cb5b7479 [term 1 FOLLOWER]: Refusing update from remote peer cbced14a84ce40dca19c40769739b578: Log matching property violated. Preceding OpId in replica: term: 1 index: 1. Preceding OpId from leader: term: 1 index: 2. (index mismatch)
W20260713 09:00:39.642618  1613 consensus_peers.cc:597] T 5b4bac4d43064dd4b59a0eb8609191bc P cbced14a84ce40dca19c40769739b578 -> Peer d9897aa0f67145b9bdb00ee765c19df7 (127.0.107.196:42987): Couldn't send request to peer d9897aa0f67145b9bdb00ee765c19df7. Error code: TABLET_NOT_FOUND (6). Status: Not found: Tablet not found: 5b4bac4d43064dd4b59a0eb8609191bc. This is attempt 1: this message will repeat every 5th retry.
I20260713 09:00:39.643908  2232 consensus_queue.cc:1048] T 5b4bac4d43064dd4b59a0eb8609191bc P cbced14a84ce40dca19c40769739b578 [LEADER]: Connected to new peer: Peer: permanent_uuid: "edafd552a54440439c023e92cb5b7479" member_type: VOTER last_known_addr { host: "127.0.107.193" port: 38829 } attrs { replace: true }, Status: LMP_MISMATCH, Last received: 0.0, Next index: 2, Last known committed idx: 1, Time since last communication: 0.000s
I20260713 09:00:39.644733  2133 consensus_queue.cc:1048] T 5b4bac4d43064dd4b59a0eb8609191bc P cbced14a84ce40dca19c40769739b578 [LEADER]: Connected to new peer: Peer: permanent_uuid: "df29dcc4204442d5ae1405b901bce493" member_type: VOTER last_known_addr { host: "127.0.107.195" port: 46681 }, Status: LMP_MISMATCH, Last received: 0.0, Next index: 2, Last known committed idx: 1, Time since last communication: 0.000s
I20260713 09:00:39.652053  2232 raft_consensus.cc:2955] T 5b4bac4d43064dd4b59a0eb8609191bc P cbced14a84ce40dca19c40769739b578 [term 1 LEADER]: Committing config change with OpId 1.2: config changed from index -1 to 2, NON_VOTER d9897aa0f67145b9bdb00ee765c19df7 (127.0.107.196) added. New config: { opid_index: 2 OBSOLETE_local: false peers { permanent_uuid: "edafd552a54440439c023e92cb5b7479" member_type: VOTER last_known_addr { host: "127.0.107.193" port: 38829 } attrs { replace: true } } peers { permanent_uuid: "cbced14a84ce40dca19c40769739b578" member_type: VOTER last_known_addr { host: "127.0.107.194" port: 36801 } } peers { permanent_uuid: "df29dcc4204442d5ae1405b901bce493" member_type: VOTER last_known_addr { host: "127.0.107.195" port: 46681 } } peers { permanent_uuid: "d9897aa0f67145b9bdb00ee765c19df7" member_type: NON_VOTER last_known_addr { host: "127.0.107.196" port: 42987 } attrs { promote: true } } }
I20260713 09:00:39.653774  1574 raft_consensus.cc:2955] T 5b4bac4d43064dd4b59a0eb8609191bc P edafd552a54440439c023e92cb5b7479 [term 1 FOLLOWER]: Committing config change with OpId 1.2: config changed from index -1 to 2, NON_VOTER d9897aa0f67145b9bdb00ee765c19df7 (127.0.107.196) added. New config: { opid_index: 2 OBSOLETE_local: false peers { permanent_uuid: "edafd552a54440439c023e92cb5b7479" member_type: VOTER last_known_addr { host: "127.0.107.193" port: 38829 } attrs { replace: true } } peers { permanent_uuid: "cbced14a84ce40dca19c40769739b578" member_type: VOTER last_known_addr { host: "127.0.107.194" port: 36801 } } peers { permanent_uuid: "df29dcc4204442d5ae1405b901bce493" member_type: VOTER last_known_addr { host: "127.0.107.195" port: 46681 } } peers { permanent_uuid: "d9897aa0f67145b9bdb00ee765c19df7" member_type: NON_VOTER last_known_addr { host: "127.0.107.196" port: 42987 } attrs { promote: true } } }
I20260713 09:00:39.654428  1721 raft_consensus.cc:2955] T 5b4bac4d43064dd4b59a0eb8609191bc P df29dcc4204442d5ae1405b901bce493 [term 1 FOLLOWER]: Committing config change with OpId 1.2: config changed from index -1 to 2, NON_VOTER d9897aa0f67145b9bdb00ee765c19df7 (127.0.107.196) added. New config: { opid_index: 2 OBSOLETE_local: false peers { permanent_uuid: "edafd552a54440439c023e92cb5b7479" member_type: VOTER last_known_addr { host: "127.0.107.193" port: 38829 } attrs { replace: true } } peers { permanent_uuid: "cbced14a84ce40dca19c40769739b578" member_type: VOTER last_known_addr { host: "127.0.107.194" port: 36801 } } peers { permanent_uuid: "df29dcc4204442d5ae1405b901bce493" member_type: VOTER last_known_addr { host: "127.0.107.195" port: 46681 } } peers { permanent_uuid: "d9897aa0f67145b9bdb00ee765c19df7" member_type: NON_VOTER last_known_addr { host: "127.0.107.196" port: 42987 } attrs { promote: true } } }
I20260713 09:00:39.662905  1574 consensus_queue.cc:237] T 6af204e3f8124b3ab841ae3c3542a318 P edafd552a54440439c023e92cb5b7479 [LEADER]: Queue going to LEADER mode. State: All replicated index: 0, Majority replicated index: 1, Committed index: 1, Last appended: 1.1, Last appended by leader: 0, Current term: 1, Majority size: 2, State: 0, Mode: LEADER, active raft config: opid_index: 2 OBSOLETE_local: false peers { permanent_uuid: "edafd552a54440439c023e92cb5b7479" member_type: VOTER last_known_addr { host: "127.0.107.193" port: 38829 } } peers { permanent_uuid: "cbced14a84ce40dca19c40769739b578" member_type: VOTER last_known_addr { host: "127.0.107.194" port: 36801 } attrs { replace: true } } peers { permanent_uuid: "df29dcc4204442d5ae1405b901bce493" member_type: VOTER last_known_addr { host: "127.0.107.195" port: 46681 } } peers { permanent_uuid: "d9897aa0f67145b9bdb00ee765c19df7" member_type: NON_VOTER last_known_addr { host: "127.0.107.196" port: 42987 } attrs { promote: true } }
I20260713 09:00:39.666162  1468 catalog_manager.cc:5697] T 5b4bac4d43064dd4b59a0eb8609191bc P edafd552a54440439c023e92cb5b7479 reported cstate change: config changed from index -1 to 2, NON_VOTER d9897aa0f67145b9bdb00ee765c19df7 (127.0.107.196) added. New cstate: current_term: 1 leader_uuid: "cbced14a84ce40dca19c40769739b578" committed_config { opid_index: 2 OBSOLETE_local: false peers { permanent_uuid: "edafd552a54440439c023e92cb5b7479" member_type: VOTER last_known_addr { host: "127.0.107.193" port: 38829 } attrs { replace: true } } peers { permanent_uuid: "cbced14a84ce40dca19c40769739b578" member_type: VOTER last_known_addr { host: "127.0.107.194" port: 36801 } } peers { permanent_uuid: "df29dcc4204442d5ae1405b901bce493" member_type: VOTER last_known_addr { host: "127.0.107.195" port: 46681 } } peers { permanent_uuid: "d9897aa0f67145b9bdb00ee765c19df7" member_type: NON_VOTER last_known_addr { host: "127.0.107.196" port: 42987 } attrs { promote: true } } }
I20260713 09:00:39.671168  1721 raft_consensus.cc:1275] T 6af204e3f8124b3ab841ae3c3542a318 P df29dcc4204442d5ae1405b901bce493 [term 1 FOLLOWER]: Refusing update from remote peer edafd552a54440439c023e92cb5b7479: Log matching property violated. Preceding OpId in replica: term: 1 index: 1. Preceding OpId from leader: term: 1 index: 2. (index mismatch)
W20260713 09:00:39.671684  1538 consensus_peers.cc:597] T 6af204e3f8124b3ab841ae3c3542a318 P edafd552a54440439c023e92cb5b7479 -> Peer d9897aa0f67145b9bdb00ee765c19df7 (127.0.107.196:42987): Couldn't send request to peer d9897aa0f67145b9bdb00ee765c19df7. Error code: TABLET_NOT_FOUND (6). Status: Not found: Tablet not found: 6af204e3f8124b3ab841ae3c3542a318. This is attempt 1: this message will repeat every 5th retry.
I20260713 09:00:39.672436  1646 raft_consensus.cc:1275] T 6af204e3f8124b3ab841ae3c3542a318 P cbced14a84ce40dca19c40769739b578 [term 1 FOLLOWER]: Refusing update from remote peer edafd552a54440439c023e92cb5b7479: Log matching property violated. Preceding OpId in replica: term: 1 index: 1. Preceding OpId from leader: term: 1 index: 2. (index mismatch)
I20260713 09:00:39.672474  2227 consensus_queue.cc:1048] T 6af204e3f8124b3ab841ae3c3542a318 P edafd552a54440439c023e92cb5b7479 [LEADER]: Connected to new peer: Peer: permanent_uuid: "df29dcc4204442d5ae1405b901bce493" member_type: VOTER last_known_addr { host: "127.0.107.195" port: 46681 }, Status: LMP_MISMATCH, Last received: 0.0, Next index: 2, Last known committed idx: 1, Time since last communication: 0.001s
I20260713 09:00:39.674082  2223 consensus_queue.cc:1048] T 6af204e3f8124b3ab841ae3c3542a318 P edafd552a54440439c023e92cb5b7479 [LEADER]: Connected to new peer: Peer: permanent_uuid: "cbced14a84ce40dca19c40769739b578" member_type: VOTER last_known_addr { host: "127.0.107.194" port: 36801 } attrs { replace: true }, Status: LMP_MISMATCH, Last received: 0.0, Next index: 2, Last known committed idx: 1, Time since last communication: 0.000s
I20260713 09:00:39.686245  2227 raft_consensus.cc:2955] T 6af204e3f8124b3ab841ae3c3542a318 P edafd552a54440439c023e92cb5b7479 [term 1 LEADER]: Committing config change with OpId 1.2: config changed from index -1 to 2, NON_VOTER d9897aa0f67145b9bdb00ee765c19df7 (127.0.107.196) added. New config: { opid_index: 2 OBSOLETE_local: false peers { permanent_uuid: "edafd552a54440439c023e92cb5b7479" member_type: VOTER last_known_addr { host: "127.0.107.193" port: 38829 } } peers { permanent_uuid: "cbced14a84ce40dca19c40769739b578" member_type: VOTER last_known_addr { host: "127.0.107.194" port: 36801 } attrs { replace: true } } peers { permanent_uuid: "df29dcc4204442d5ae1405b901bce493" member_type: VOTER last_known_addr { host: "127.0.107.195" port: 46681 } } peers { permanent_uuid: "d9897aa0f67145b9bdb00ee765c19df7" member_type: NON_VOTER last_known_addr { host: "127.0.107.196" port: 42987 } attrs { promote: true } } }
I20260713 09:00:39.687618  1646 raft_consensus.cc:2955] T 6af204e3f8124b3ab841ae3c3542a318 P cbced14a84ce40dca19c40769739b578 [term 1 FOLLOWER]: Committing config change with OpId 1.2: config changed from index -1 to 2, NON_VOTER d9897aa0f67145b9bdb00ee765c19df7 (127.0.107.196) added. New config: { opid_index: 2 OBSOLETE_local: false peers { permanent_uuid: "edafd552a54440439c023e92cb5b7479" member_type: VOTER last_known_addr { host: "127.0.107.193" port: 38829 } } peers { permanent_uuid: "cbced14a84ce40dca19c40769739b578" member_type: VOTER last_known_addr { host: "127.0.107.194" port: 36801 } attrs { replace: true } } peers { permanent_uuid: "df29dcc4204442d5ae1405b901bce493" member_type: VOTER last_known_addr { host: "127.0.107.195" port: 46681 } } peers { permanent_uuid: "d9897aa0f67145b9bdb00ee765c19df7" member_type: NON_VOTER last_known_addr { host: "127.0.107.196" port: 42987 } attrs { promote: true } } }
I20260713 09:00:39.689133  1721 raft_consensus.cc:2955] T 6af204e3f8124b3ab841ae3c3542a318 P df29dcc4204442d5ae1405b901bce493 [term 1 FOLLOWER]: Committing config change with OpId 1.2: config changed from index -1 to 2, NON_VOTER d9897aa0f67145b9bdb00ee765c19df7 (127.0.107.196) added. New config: { opid_index: 2 OBSOLETE_local: false peers { permanent_uuid: "edafd552a54440439c023e92cb5b7479" member_type: VOTER last_known_addr { host: "127.0.107.193" port: 38829 } } peers { permanent_uuid: "cbced14a84ce40dca19c40769739b578" member_type: VOTER last_known_addr { host: "127.0.107.194" port: 36801 } attrs { replace: true } } peers { permanent_uuid: "df29dcc4204442d5ae1405b901bce493" member_type: VOTER last_known_addr { host: "127.0.107.195" port: 46681 } } peers { permanent_uuid: "d9897aa0f67145b9bdb00ee765c19df7" member_type: NON_VOTER last_known_addr { host: "127.0.107.196" port: 42987 } attrs { promote: true } } }
I20260713 09:00:39.701359  1470 catalog_manager.cc:5697] T 6af204e3f8124b3ab841ae3c3542a318 P df29dcc4204442d5ae1405b901bce493 reported cstate change: config changed from index -1 to 2, NON_VOTER d9897aa0f67145b9bdb00ee765c19df7 (127.0.107.196) added. New cstate: current_term: 1 leader_uuid: "edafd552a54440439c023e92cb5b7479" committed_config { opid_index: 2 OBSOLETE_local: false peers { permanent_uuid: "edafd552a54440439c023e92cb5b7479" member_type: VOTER last_known_addr { host: "127.0.107.193" port: 38829 } } peers { permanent_uuid: "cbced14a84ce40dca19c40769739b578" member_type: VOTER last_known_addr { host: "127.0.107.194" port: 36801 } attrs { replace: true } } peers { permanent_uuid: "df29dcc4204442d5ae1405b901bce493" member_type: VOTER last_known_addr { host: "127.0.107.195" port: 46681 } } peers { permanent_uuid: "d9897aa0f67145b9bdb00ee765c19df7" member_type: NON_VOTER last_known_addr { host: "127.0.107.196" port: 42987 } attrs { promote: true } } }
I20260713 09:00:40.023463  2249 ts_tablet_manager.cc:933] T fae2495318ad4c1baae8f0b069caa1fd P d9897aa0f67145b9bdb00ee765c19df7: Initiating tablet copy from peer edafd552a54440439c023e92cb5b7479 (127.0.107.193:38829)
I20260713 09:00:40.025106  2249 tablet_copy_client.cc:323] T fae2495318ad4c1baae8f0b069caa1fd P d9897aa0f67145b9bdb00ee765c19df7: tablet copy: Beginning tablet copy session from remote peer at address 127.0.107.193:38829
I20260713 09:00:40.026479  1583 tablet_copy_service.cc:140] P edafd552a54440439c023e92cb5b7479: Received BeginTabletCopySession request for tablet fae2495318ad4c1baae8f0b069caa1fd from peer d9897aa0f67145b9bdb00ee765c19df7 ({username='slave'} at 127.0.0.1:38060)
I20260713 09:00:40.026973  1583 tablet_copy_service.cc:161] P edafd552a54440439c023e92cb5b7479: Beginning new tablet copy session on tablet fae2495318ad4c1baae8f0b069caa1fd from peer d9897aa0f67145b9bdb00ee765c19df7 at {username='slave'} at 127.0.0.1:38060: session id = d9897aa0f67145b9bdb00ee765c19df7-fae2495318ad4c1baae8f0b069caa1fd
I20260713 09:00:40.031723  1583 tablet_copy_source_session.cc:215] T fae2495318ad4c1baae8f0b069caa1fd P edafd552a54440439c023e92cb5b7479: Tablet Copy: opened 0 blocks and 1 log segments
I20260713 09:00:40.034031  2249 data_dirs.cc:400] Could only allocate 1 dirs of requested 3 for tablet fae2495318ad4c1baae8f0b069caa1fd. 1 dirs total, 0 dirs full, 0 dirs failed
I20260713 09:00:40.043268  2249 tablet_copy_client.cc:806] T fae2495318ad4c1baae8f0b069caa1fd P d9897aa0f67145b9bdb00ee765c19df7: tablet copy: Starting download of 0 data blocks...
I20260713 09:00:40.043700  2249 tablet_copy_client.cc:670] T fae2495318ad4c1baae8f0b069caa1fd P d9897aa0f67145b9bdb00ee765c19df7: tablet copy: Starting download of 1 WAL segments...
I20260713 09:00:40.047211  2249 tablet_copy_client.cc:538] T fae2495318ad4c1baae8f0b069caa1fd P d9897aa0f67145b9bdb00ee765c19df7: tablet copy: Tablet Copy complete. Replacing tablet superblock.
I20260713 09:00:40.054960  2249 tablet_bootstrap.cc:492] T fae2495318ad4c1baae8f0b069caa1fd P d9897aa0f67145b9bdb00ee765c19df7: Bootstrap starting.
I20260713 09:00:40.074939  2249 tablet_bootstrap.cc:492] T fae2495318ad4c1baae8f0b069caa1fd P d9897aa0f67145b9bdb00ee765c19df7: Bootstrap replayed 1/1 log segments. Stats: ops{read=2 overwritten=0 applied=2 ignored=0} inserts{seen=0 ignored=0} mutations{seen=0 ignored=0} orphaned_commits=0. Pending: 0 replicates
I20260713 09:00:40.075682  2249 tablet_bootstrap.cc:492] T fae2495318ad4c1baae8f0b069caa1fd P d9897aa0f67145b9bdb00ee765c19df7: Bootstrap complete.
I20260713 09:00:40.076179  2249 ts_tablet_manager.cc:1403] T fae2495318ad4c1baae8f0b069caa1fd P d9897aa0f67145b9bdb00ee765c19df7: Time spent bootstrapping tablet: real 0.021s	user 0.011s	sys 0.010s
I20260713 09:00:40.078593  2249 raft_consensus.cc:359] T fae2495318ad4c1baae8f0b069caa1fd P d9897aa0f67145b9bdb00ee765c19df7 [term 1 LEARNER]: Replica starting. Triggering 0 pending ops. Active config: opid_index: 2 OBSOLETE_local: false peers { permanent_uuid: "edafd552a54440439c023e92cb5b7479" member_type: VOTER last_known_addr { host: "127.0.107.193" port: 38829 } } peers { permanent_uuid: "cbced14a84ce40dca19c40769739b578" member_type: VOTER last_known_addr { host: "127.0.107.194" port: 36801 } } peers { permanent_uuid: "df29dcc4204442d5ae1405b901bce493" member_type: VOTER last_known_addr { host: "127.0.107.195" port: 46681 } attrs { replace: true } } peers { permanent_uuid: "d9897aa0f67145b9bdb00ee765c19df7" member_type: NON_VOTER last_known_addr { host: "127.0.107.196" port: 42987 } attrs { promote: true } }
I20260713 09:00:40.079396  2249 raft_consensus.cc:740] T fae2495318ad4c1baae8f0b069caa1fd P d9897aa0f67145b9bdb00ee765c19df7 [term 1 LEARNER]: Becoming Follower/Learner. State: Replica: d9897aa0f67145b9bdb00ee765c19df7, State: Initialized, Role: LEARNER
I20260713 09:00:40.080049  2249 consensus_queue.cc:260] T fae2495318ad4c1baae8f0b069caa1fd P d9897aa0f67145b9bdb00ee765c19df7 [NON_LEADER]: Queue going to NON_LEADER mode. State: All replicated index: 0, Majority replicated index: 0, Committed index: 2, Last appended: 1.2, Last appended by leader: 2, Current term: 0, Majority size: -1, State: 0, Mode: NON_LEADER, active raft config: opid_index: 2 OBSOLETE_local: false peers { permanent_uuid: "edafd552a54440439c023e92cb5b7479" member_type: VOTER last_known_addr { host: "127.0.107.193" port: 38829 } } peers { permanent_uuid: "cbced14a84ce40dca19c40769739b578" member_type: VOTER last_known_addr { host: "127.0.107.194" port: 36801 } } peers { permanent_uuid: "df29dcc4204442d5ae1405b901bce493" member_type: VOTER last_known_addr { host: "127.0.107.195" port: 46681 } attrs { replace: true } } peers { permanent_uuid: "d9897aa0f67145b9bdb00ee765c19df7" member_type: NON_VOTER last_known_addr { host: "127.0.107.196" port: 42987 } attrs { promote: true } }
I20260713 09:00:40.084801  2249 ts_tablet_manager.cc:1434] T fae2495318ad4c1baae8f0b069caa1fd P d9897aa0f67145b9bdb00ee765c19df7: Time spent starting tablet: real 0.008s	user 0.004s	sys 0.004s
I20260713 09:00:40.086339  1583 tablet_copy_service.cc:342] P edafd552a54440439c023e92cb5b7479: Request end of tablet copy session d9897aa0f67145b9bdb00ee765c19df7-fae2495318ad4c1baae8f0b069caa1fd received from {username='slave'} at 127.0.0.1:38060
I20260713 09:00:40.086720  1583 tablet_copy_service.cc:434] P edafd552a54440439c023e92cb5b7479: ending tablet copy session d9897aa0f67145b9bdb00ee765c19df7-fae2495318ad4c1baae8f0b069caa1fd on tablet fae2495318ad4c1baae8f0b069caa1fd with peer d9897aa0f67145b9bdb00ee765c19df7
I20260713 09:00:40.175339  2249 ts_tablet_manager.cc:933] T 6af204e3f8124b3ab841ae3c3542a318 P d9897aa0f67145b9bdb00ee765c19df7: Initiating tablet copy from peer edafd552a54440439c023e92cb5b7479 (127.0.107.193:38829)
I20260713 09:00:40.176726  2249 tablet_copy_client.cc:323] T 6af204e3f8124b3ab841ae3c3542a318 P d9897aa0f67145b9bdb00ee765c19df7: tablet copy: Beginning tablet copy session from remote peer at address 127.0.107.193:38829
I20260713 09:00:40.177992  1583 tablet_copy_service.cc:140] P edafd552a54440439c023e92cb5b7479: Received BeginTabletCopySession request for tablet 6af204e3f8124b3ab841ae3c3542a318 from peer d9897aa0f67145b9bdb00ee765c19df7 ({username='slave'} at 127.0.0.1:38060)
I20260713 09:00:40.178503  1583 tablet_copy_service.cc:161] P edafd552a54440439c023e92cb5b7479: Beginning new tablet copy session on tablet 6af204e3f8124b3ab841ae3c3542a318 from peer d9897aa0f67145b9bdb00ee765c19df7 at {username='slave'} at 127.0.0.1:38060: session id = d9897aa0f67145b9bdb00ee765c19df7-6af204e3f8124b3ab841ae3c3542a318
I20260713 09:00:40.186848  1583 tablet_copy_source_session.cc:215] T 6af204e3f8124b3ab841ae3c3542a318 P edafd552a54440439c023e92cb5b7479: Tablet Copy: opened 0 blocks and 1 log segments
I20260713 09:00:40.189406  2254 ts_tablet_manager.cc:933] T 4c6876220cc440d9ab873c817ea06528 P d9897aa0f67145b9bdb00ee765c19df7: Initiating tablet copy from peer edafd552a54440439c023e92cb5b7479 (127.0.107.193:38829)
I20260713 09:00:40.189764  2249 data_dirs.cc:400] Could only allocate 1 dirs of requested 3 for tablet 6af204e3f8124b3ab841ae3c3542a318. 1 dirs total, 0 dirs full, 0 dirs failed
I20260713 09:00:40.190815  2254 tablet_copy_client.cc:323] T 4c6876220cc440d9ab873c817ea06528 P d9897aa0f67145b9bdb00ee765c19df7: tablet copy: Beginning tablet copy session from remote peer at address 127.0.107.193:38829
I20260713 09:00:40.191967  1583 tablet_copy_service.cc:140] P edafd552a54440439c023e92cb5b7479: Received BeginTabletCopySession request for tablet 4c6876220cc440d9ab873c817ea06528 from peer d9897aa0f67145b9bdb00ee765c19df7 ({username='slave'} at 127.0.0.1:38060)
I20260713 09:00:40.192328  1583 tablet_copy_service.cc:161] P edafd552a54440439c023e92cb5b7479: Beginning new tablet copy session on tablet 4c6876220cc440d9ab873c817ea06528 from peer d9897aa0f67145b9bdb00ee765c19df7 at {username='slave'} at 127.0.0.1:38060: session id = d9897aa0f67145b9bdb00ee765c19df7-4c6876220cc440d9ab873c817ea06528
I20260713 09:00:40.196491  1583 tablet_copy_source_session.cc:215] T 4c6876220cc440d9ab873c817ea06528 P edafd552a54440439c023e92cb5b7479: Tablet Copy: opened 0 blocks and 1 log segments
I20260713 09:00:40.198544  2254 data_dirs.cc:400] Could only allocate 1 dirs of requested 3 for tablet 4c6876220cc440d9ab873c817ea06528. 1 dirs total, 0 dirs full, 0 dirs failed
