I20260713 09:10:29.338888 27457 catalog_manager.cc:5697] T 31a7ac8bb55e4c06826bc097e078c4d7 P adca56d3c0c142138f07de0d898d81f1 reported cstate change: term changed from 1 to 2, leader changed from c42d45b98a2a4d9a81e62057b8640cfc (127.26.76.129) to adca56d3c0c142138f07de0d898d81f1 (127.26.76.131). New cstate: current_term: 2 leader_uuid: "adca56d3c0c142138f07de0d898d81f1" committed_config { opid_index: -1 OBSOLETE_local: false peers { permanent_uuid: "adca56d3c0c142138f07de0d898d81f1" member_type: VOTER last_known_addr { host: "127.26.76.131" port: 34879 } health_report { overall_health: HEALTHY } } peers { permanent_uuid: "c42d45b98a2a4d9a81e62057b8640cfc" member_type: VOTER last_known_addr { host: "127.26.76.129" port: 45029 } health_report { overall_health: UNKNOWN } } peers { permanent_uuid: "afdf88170035445886ffcd37a4564a0b" member_type: VOTER last_known_addr { host: "127.26.76.130" port: 45257 } health_report { overall_health: UNKNOWN } } }
I20260713 09:10:29.650741 27633 raft_consensus.cc:1275] T 0706bae5b2674ba3a219b94ddb321aa0 P afdf88170035445886ffcd37a4564a0b [term 3 FOLLOWER]: Refusing update from remote peer adca56d3c0c142138f07de0d898d81f1: Log matching property violated. Preceding OpId in replica: term: 2 index: 2. Preceding OpId from leader: term: 3 index: 3. (index mismatch)
I20260713 09:10:29.651723 27758 consensus_queue.cc:1048] T 0706bae5b2674ba3a219b94ddb321aa0 P adca56d3c0c142138f07de0d898d81f1 [LEADER]: Connected to new peer: Peer: permanent_uuid: "afdf88170035445886ffcd37a4564a0b" member_type: VOTER last_known_addr { host: "127.26.76.130" port: 45257 }, Status: LMP_MISMATCH, Last received: 0.0, Next index: 3, Last known committed idx: 2, Time since last communication: 0.000s
I20260713 09:10:29.660667 27558 raft_consensus.cc:1275] T 0706bae5b2674ba3a219b94ddb321aa0 P c42d45b98a2a4d9a81e62057b8640cfc [term 3 FOLLOWER]: Refusing update from remote peer adca56d3c0c142138f07de0d898d81f1: Log matching property violated. Preceding OpId in replica: term: 2 index: 2. Preceding OpId from leader: term: 3 index: 3. (index mismatch)
I20260713 09:10:29.662427 27758 consensus_queue.cc:1048] T 0706bae5b2674ba3a219b94ddb321aa0 P adca56d3c0c142138f07de0d898d81f1 [LEADER]: Connected to new peer: Peer: permanent_uuid: "c42d45b98a2a4d9a81e62057b8640cfc" member_type: VOTER last_known_addr { host: "127.26.76.129" port: 45029 }, Status: LMP_MISMATCH, Last received: 0.0, Next index: 3, Last known committed idx: 2, Time since last communication: 0.000s
I20260713 09:10:29.941746 27558 raft_consensus.cc:1275] T 31a7ac8bb55e4c06826bc097e078c4d7 P c42d45b98a2a4d9a81e62057b8640cfc [term 2 FOLLOWER]: Refusing update from remote peer adca56d3c0c142138f07de0d898d81f1: Log matching property violated. Preceding OpId in replica: term: 1 index: 1. Preceding OpId from leader: term: 2 index: 2. (index mismatch)
I20260713 09:10:29.942917 27758 consensus_queue.cc:1048] T 31a7ac8bb55e4c06826bc097e078c4d7 P adca56d3c0c142138f07de0d898d81f1 [LEADER]: Connected to new peer: Peer: permanent_uuid: "c42d45b98a2a4d9a81e62057b8640cfc" member_type: VOTER last_known_addr { host: "127.26.76.129" port: 45029 }, Status: LMP_MISMATCH, Last received: 0.0, Next index: 2, Last known committed idx: 1, Time since last communication: 0.000s
I20260713 09:10:29.948869 27633 raft_consensus.cc:1275] T 31a7ac8bb55e4c06826bc097e078c4d7 P afdf88170035445886ffcd37a4564a0b [term 2 FOLLOWER]: Refusing update from remote peer adca56d3c0c142138f07de0d898d81f1: Log matching property violated. Preceding OpId in replica: term: 1 index: 1. Preceding OpId from leader: term: 2 index: 2. (index mismatch)
I20260713 09:10:29.950273 27758 consensus_queue.cc:1048] T 31a7ac8bb55e4c06826bc097e078c4d7 P adca56d3c0c142138f07de0d898d81f1 [LEADER]: Connected to new peer: Peer: permanent_uuid: "afdf88170035445886ffcd37a4564a0b" member_type: VOTER last_known_addr { host: "127.26.76.130" port: 45257 }, Status: LMP_MISMATCH, Last received: 0.0, Next index: 2, Last known committed idx: 1, Time since last communication: 0.000s
I20260713 09:10:30.170487 26930 auto_leader_rebalancer.cc:141] leader rebalance for table test-workload
I20260713 09:10:30.180084 27706 tablet_service.cc:2072] Received LeaderStepDown RPC: tablet_id: "31a7ac8bb55e4c06826bc097e078c4d7"
dest_uuid: "adca56d3c0c142138f07de0d898d81f1"
mode: GRACEFUL
new_leader_uuid: "c42d45b98a2a4d9a81e62057b8640cfc"
 from {username='slave'} at 127.0.0.1:54702
I20260713 09:10:30.180553 27706 raft_consensus.cc:606] T 31a7ac8bb55e4c06826bc097e078c4d7 P adca56d3c0c142138f07de0d898d81f1 [term 2 LEADER]: Received request to transfer leadership to TS c42d45b98a2a4d9a81e62057b8640cfc
I20260713 09:10:30.184767 27706 tablet_service.cc:2072] Received LeaderStepDown RPC: tablet_id: "0706bae5b2674ba3a219b94ddb321aa0"
dest_uuid: "adca56d3c0c142138f07de0d898d81f1"
mode: GRACEFUL
new_leader_uuid: "c42d45b98a2a4d9a81e62057b8640cfc"
 from {username='slave'} at 127.0.0.1:54702
I20260713 09:10:30.185250 27706 raft_consensus.cc:606] T 0706bae5b2674ba3a219b94ddb321aa0 P adca56d3c0c142138f07de0d898d81f1 [term 3 LEADER]: Received request to transfer leadership to TS c42d45b98a2a4d9a81e62057b8640cfc
I20260713 09:10:30.196302 27633 tablet_service.cc:2072] Received LeaderStepDown RPC: tablet_id: "3618f411f08f464b8d0ffce7e91ea636"
dest_uuid: "afdf88170035445886ffcd37a4564a0b"
mode: GRACEFUL
new_leader_uuid: "c42d45b98a2a4d9a81e62057b8640cfc"
 from {username='slave'} at 127.0.0.1:45028
I20260713 09:10:30.196774 27633 raft_consensus.cc:606] T 3618f411f08f464b8d0ffce7e91ea636 P afdf88170035445886ffcd37a4564a0b [term 1 LEADER]: Received request to transfer leadership to TS c42d45b98a2a4d9a81e62057b8640cfc
I20260713 09:10:30.197613 27851 raft_consensus.cc:993] T 3618f411f08f464b8d0ffce7e91ea636 P afdf88170035445886ffcd37a4564a0b: : Instructing follower c42d45b98a2a4d9a81e62057b8640cfc to start an election
I20260713 09:10:30.198063 27832 raft_consensus.cc:1081] T 3618f411f08f464b8d0ffce7e91ea636 P afdf88170035445886ffcd37a4564a0b [term 1 LEADER]: Signalling peer c42d45b98a2a4d9a81e62057b8640cfc to start an election
I20260713 09:10:30.199476 27558 tablet_service.cc:2044] Received Run Leader Election RPC: tablet_id: "3618f411f08f464b8d0ffce7e91ea636"
dest_uuid: "c42d45b98a2a4d9a81e62057b8640cfc"
 from {username='slave'} at 127.0.0.1:54510
I20260713 09:10:30.199954 27558 raft_consensus.cc:493] T 3618f411f08f464b8d0ffce7e91ea636 P c42d45b98a2a4d9a81e62057b8640cfc [term 1 FOLLOWER]: Starting forced leader election (received explicit request)
I20260713 09:10:30.200305 27558 raft_consensus.cc:3060] T 3618f411f08f464b8d0ffce7e91ea636 P c42d45b98a2a4d9a81e62057b8640cfc [term 1 FOLLOWER]: Advancing to term 2
I20260713 09:10:30.201745 27632 tablet_service.cc:2072] Received LeaderStepDown RPC: tablet_id: "f50b7ff0dfc443bc9b9d6489a83a72f8"
dest_uuid: "afdf88170035445886ffcd37a4564a0b"
mode: GRACEFUL
new_leader_uuid: "c42d45b98a2a4d9a81e62057b8640cfc"
 from {username='slave'} at 127.0.0.1:45028
I20260713 09:10:30.202330 27632 raft_consensus.cc:606] T f50b7ff0dfc443bc9b9d6489a83a72f8 P afdf88170035445886ffcd37a4564a0b [term 2 LEADER]: Received request to transfer leadership to TS c42d45b98a2a4d9a81e62057b8640cfc
I20260713 09:10:30.206135 27558 raft_consensus.cc:515] T 3618f411f08f464b8d0ffce7e91ea636 P c42d45b98a2a4d9a81e62057b8640cfc [term 2 FOLLOWER]: Starting forced leader election with config: opid_index: -1 OBSOLETE_local: false peers { permanent_uuid: "c42d45b98a2a4d9a81e62057b8640cfc" member_type: VOTER last_known_addr { host: "127.26.76.129" port: 45029 } } peers { permanent_uuid: "afdf88170035445886ffcd37a4564a0b" member_type: VOTER last_known_addr { host: "127.26.76.130" port: 45257 } } peers { permanent_uuid: "adca56d3c0c142138f07de0d898d81f1" member_type: VOTER last_known_addr { host: "127.26.76.131" port: 34879 } }
I20260713 09:10:30.207062 27632 tablet_service.cc:2072] Received LeaderStepDown RPC: tablet_id: "238de0bfa06d44e2b68d994b81730b5f"
dest_uuid: "afdf88170035445886ffcd37a4564a0b"
mode: GRACEFUL
new_leader_uuid: "c42d45b98a2a4d9a81e62057b8640cfc"
 from {username='slave'} at 127.0.0.1:45028
I20260713 09:10:30.207530 27632 raft_consensus.cc:606] T 238de0bfa06d44e2b68d994b81730b5f P afdf88170035445886ffcd37a4564a0b [term 2 LEADER]: Received request to transfer leadership to TS c42d45b98a2a4d9a81e62057b8640cfc
I20260713 09:10:30.207926 27558 leader_election.cc:290] T 3618f411f08f464b8d0ffce7e91ea636 P c42d45b98a2a4d9a81e62057b8640cfc [CANDIDATE]: Term 2 election: Requested vote from peers afdf88170035445886ffcd37a4564a0b (127.26.76.130:45257), adca56d3c0c142138f07de0d898d81f1 (127.26.76.131:34879)
I20260713 09:10:30.208884 27706 tablet_service.cc:1917] Received RequestConsensusVote() RPC: tablet_id: "3618f411f08f464b8d0ffce7e91ea636" candidate_uuid: "c42d45b98a2a4d9a81e62057b8640cfc" candidate_term: 2 candidate_status { last_received { term: 1 index: 1 } } ignore_live_leader: true dest_uuid: "adca56d3c0c142138f07de0d898d81f1"
I20260713 09:10:30.209414 27706 raft_consensus.cc:3060] T 3618f411f08f464b8d0ffce7e91ea636 P adca56d3c0c142138f07de0d898d81f1 [term 1 FOLLOWER]: Advancing to term 2
I20260713 09:10:30.208894 27632 tablet_service.cc:1917] Received RequestConsensusVote() RPC: tablet_id: "3618f411f08f464b8d0ffce7e91ea636" candidate_uuid: "c42d45b98a2a4d9a81e62057b8640cfc" candidate_term: 2 candidate_status { last_received { term: 1 index: 1 } } ignore_live_leader: true dest_uuid: "afdf88170035445886ffcd37a4564a0b"
I20260713 09:10:30.214097 27706 raft_consensus.cc:2468] T 3618f411f08f464b8d0ffce7e91ea636 P adca56d3c0c142138f07de0d898d81f1 [term 2 FOLLOWER]: Leader election vote request: Granting yes vote for candidate c42d45b98a2a4d9a81e62057b8640cfc in term 2.
I20260713 09:10:30.214381 27632 raft_consensus.cc:3055] T 3618f411f08f464b8d0ffce7e91ea636 P afdf88170035445886ffcd37a4564a0b [term 1 LEADER]: Stepping down as leader of term 1
I20260713 09:10:30.214689 27632 raft_consensus.cc:740] T 3618f411f08f464b8d0ffce7e91ea636 P afdf88170035445886ffcd37a4564a0b [term 1 LEADER]: Becoming Follower/Learner. State: Replica: afdf88170035445886ffcd37a4564a0b, State: Running, Role: LEADER
I20260713 09:10:30.215127 27525 leader_election.cc:304] T 3618f411f08f464b8d0ffce7e91ea636 P c42d45b98a2a4d9a81e62057b8640cfc [CANDIDATE]: Term 2 election: Election decided. Result: candidate won. Election summary: received 2 responses out of 3 voters: 2 yes votes; 0 no votes. yes voters: adca56d3c0c142138f07de0d898d81f1, c42d45b98a2a4d9a81e62057b8640cfc; no voters: 
I20260713 09:10:30.215780 27835 raft_consensus.cc:2804] T 3618f411f08f464b8d0ffce7e91ea636 P c42d45b98a2a4d9a81e62057b8640cfc [term 2 FOLLOWER]: Leader election won for term 2
I20260713 09:10:30.215426 27632 consensus_queue.cc:260] T 3618f411f08f464b8d0ffce7e91ea636 P afdf88170035445886ffcd37a4564a0b [NON_LEADER]: Queue going to NON_LEADER mode. State: All replicated index: 0, Majority replicated index: 1, Committed index: 1, Last appended: 1.1, Last appended by leader: 1, Current term: 1, Majority size: -1, State: 0, Mode: NON_LEADER, active raft config: opid_index: -1 OBSOLETE_local: false peers { permanent_uuid: "c42d45b98a2a4d9a81e62057b8640cfc" member_type: VOTER last_known_addr { host: "127.26.76.129" port: 45029 } } peers { permanent_uuid: "afdf88170035445886ffcd37a4564a0b" member_type: VOTER last_known_addr { host: "127.26.76.130" port: 45257 } } peers { permanent_uuid: "adca56d3c0c142138f07de0d898d81f1" member_type: VOTER last_known_addr { host: "127.26.76.131" port: 34879 } }
I20260713 09:10:30.216729 27632 raft_consensus.cc:3060] T 3618f411f08f464b8d0ffce7e91ea636 P afdf88170035445886ffcd37a4564a0b [term 1 FOLLOWER]: Advancing to term 2
I20260713 09:10:30.216729 27835 raft_consensus.cc:697] T 3618f411f08f464b8d0ffce7e91ea636 P c42d45b98a2a4d9a81e62057b8640cfc [term 2 LEADER]: Becoming Leader. State: Replica: c42d45b98a2a4d9a81e62057b8640cfc, State: Running, Role: LEADER
I20260713 09:10:30.217741 27835 consensus_queue.cc:237] T 3618f411f08f464b8d0ffce7e91ea636 P c42d45b98a2a4d9a81e62057b8640cfc [LEADER]: Queue going to LEADER mode. State: All replicated index: 0, Majority replicated index: 1, Committed index: 1, Last appended: 1.1, Last appended by leader: 1, Current term: 2, Majority size: 2, State: 0, Mode: LEADER, active raft config: opid_index: -1 OBSOLETE_local: false peers { permanent_uuid: "c42d45b98a2a4d9a81e62057b8640cfc" member_type: VOTER last_known_addr { host: "127.26.76.129" port: 45029 } } peers { permanent_uuid: "afdf88170035445886ffcd37a4564a0b" member_type: VOTER last_known_addr { host: "127.26.76.130" port: 45257 } } peers { permanent_uuid: "adca56d3c0c142138f07de0d898d81f1" member_type: VOTER last_known_addr { host: "127.26.76.131" port: 34879 } }
I20260713 09:10:30.223104 27632 raft_consensus.cc:2468] T 3618f411f08f464b8d0ffce7e91ea636 P afdf88170035445886ffcd37a4564a0b [term 2 FOLLOWER]: Leader election vote request: Granting yes vote for candidate c42d45b98a2a4d9a81e62057b8640cfc in term 2.
I20260713 09:10:30.225219 27455 catalog_manager.cc:5697] T 3618f411f08f464b8d0ffce7e91ea636 P c42d45b98a2a4d9a81e62057b8640cfc reported cstate change: term changed from 1 to 2, leader changed from afdf88170035445886ffcd37a4564a0b (127.26.76.130) to c42d45b98a2a4d9a81e62057b8640cfc (127.26.76.129). New cstate: current_term: 2 leader_uuid: "c42d45b98a2a4d9a81e62057b8640cfc" committed_config { opid_index: -1 OBSOLETE_local: false peers { permanent_uuid: "c42d45b98a2a4d9a81e62057b8640cfc" member_type: VOTER last_known_addr { host: "127.26.76.129" port: 45029 } health_report { overall_health: HEALTHY } } peers { permanent_uuid: "afdf88170035445886ffcd37a4564a0b" member_type: VOTER last_known_addr { host: "127.26.76.130" port: 45257 } health_report { overall_health: UNKNOWN } } peers { permanent_uuid: "adca56d3c0c142138f07de0d898d81f1" member_type: VOTER last_known_addr { host: "127.26.76.131" port: 34879 } health_report { overall_health: UNKNOWN } } }
I20260713 09:10:30.284418 27851 raft_consensus.cc:993] T f50b7ff0dfc443bc9b9d6489a83a72f8 P afdf88170035445886ffcd37a4564a0b: : Instructing follower c42d45b98a2a4d9a81e62057b8640cfc to start an election
I20260713 09:10:30.284825 27832 raft_consensus.cc:1081] T f50b7ff0dfc443bc9b9d6489a83a72f8 P afdf88170035445886ffcd37a4564a0b [term 2 LEADER]: Signalling peer c42d45b98a2a4d9a81e62057b8640cfc to start an election
I20260713 09:10:30.286274 27558 tablet_service.cc:2044] Received Run Leader Election RPC: tablet_id: "f50b7ff0dfc443bc9b9d6489a83a72f8"
dest_uuid: "c42d45b98a2a4d9a81e62057b8640cfc"
 from {username='slave'} at 127.0.0.1:54510
I20260713 09:10:30.286749 27558 raft_consensus.cc:493] T f50b7ff0dfc443bc9b9d6489a83a72f8 P c42d45b98a2a4d9a81e62057b8640cfc [term 2 FOLLOWER]: Starting forced leader election (received explicit request)
I20260713 09:10:30.287042 27558 raft_consensus.cc:3060] T f50b7ff0dfc443bc9b9d6489a83a72f8 P c42d45b98a2a4d9a81e62057b8640cfc [term 2 FOLLOWER]: Advancing to term 3
I20260713 09:10:30.291752 27558 raft_consensus.cc:515] T f50b7ff0dfc443bc9b9d6489a83a72f8 P c42d45b98a2a4d9a81e62057b8640cfc [term 3 FOLLOWER]: Starting forced leader election with config: opid_index: -1 OBSOLETE_local: false peers { permanent_uuid: "c42d45b98a2a4d9a81e62057b8640cfc" member_type: VOTER last_known_addr { host: "127.26.76.129" port: 45029 } } peers { permanent_uuid: "afdf88170035445886ffcd37a4564a0b" member_type: VOTER last_known_addr { host: "127.26.76.130" port: 45257 } } peers { permanent_uuid: "adca56d3c0c142138f07de0d898d81f1" member_type: VOTER last_known_addr { host: "127.26.76.131" port: 34879 } }
I20260713 09:10:30.293377 27558 leader_election.cc:290] T f50b7ff0dfc443bc9b9d6489a83a72f8 P c42d45b98a2a4d9a81e62057b8640cfc [CANDIDATE]: Term 3 election: Requested vote from peers afdf88170035445886ffcd37a4564a0b (127.26.76.130:45257), adca56d3c0c142138f07de0d898d81f1 (127.26.76.131:34879)
I20260713 09:10:30.294261 27632 tablet_service.cc:1917] Received RequestConsensusVote() RPC: tablet_id: "f50b7ff0dfc443bc9b9d6489a83a72f8" candidate_uuid: "c42d45b98a2a4d9a81e62057b8640cfc" candidate_term: 3 candidate_status { last_received { term: 2 index: 2 } } ignore_live_leader: true dest_uuid: "afdf88170035445886ffcd37a4564a0b"
I20260713 09:10:30.294759 27632 raft_consensus.cc:3055] T f50b7ff0dfc443bc9b9d6489a83a72f8 P afdf88170035445886ffcd37a4564a0b [term 2 LEADER]: Stepping down as leader of term 2
I20260713 09:10:30.294643 27706 tablet_service.cc:1917] Received RequestConsensusVote() RPC: tablet_id: "f50b7ff0dfc443bc9b9d6489a83a72f8" candidate_uuid: "c42d45b98a2a4d9a81e62057b8640cfc" candidate_term: 3 candidate_status { last_received { term: 2 index: 2 } } ignore_live_leader: true dest_uuid: "adca56d3c0c142138f07de0d898d81f1"
I20260713 09:10:30.295066 27632 raft_consensus.cc:740] T f50b7ff0dfc443bc9b9d6489a83a72f8 P afdf88170035445886ffcd37a4564a0b [term 2 LEADER]: Becoming Follower/Learner. State: Replica: afdf88170035445886ffcd37a4564a0b, State: Running, Role: LEADER
I20260713 09:10:30.295250 27706 raft_consensus.cc:3060] T f50b7ff0dfc443bc9b9d6489a83a72f8 P adca56d3c0c142138f07de0d898d81f1 [term 2 FOLLOWER]: Advancing to term 3
I20260713 09:10:30.295791 27632 consensus_queue.cc:260] T f50b7ff0dfc443bc9b9d6489a83a72f8 P afdf88170035445886ffcd37a4564a0b [NON_LEADER]: Queue going to NON_LEADER mode. State: All replicated index: 0, Majority replicated index: 2, Committed index: 2, Last appended: 2.2, Last appended by leader: 2, Current term: 2, Majority size: -1, State: 0, Mode: NON_LEADER, active raft config: opid_index: -1 OBSOLETE_local: false peers { permanent_uuid: "c42d45b98a2a4d9a81e62057b8640cfc" member_type: VOTER last_known_addr { host: "127.26.76.129" port: 45029 } } peers { permanent_uuid: "afdf88170035445886ffcd37a4564a0b" member_type: VOTER last_known_addr { host: "127.26.76.130" port: 45257 } } peers { permanent_uuid: "adca56d3c0c142138f07de0d898d81f1" member_type: VOTER last_known_addr { host: "127.26.76.131" port: 34879 } }
I20260713 09:10:30.296680 27632 raft_consensus.cc:3060] T f50b7ff0dfc443bc9b9d6489a83a72f8 P afdf88170035445886ffcd37a4564a0b [term 2 FOLLOWER]: Advancing to term 3
I20260713 09:10:30.299575 27706 raft_consensus.cc:2468] T f50b7ff0dfc443bc9b9d6489a83a72f8 P adca56d3c0c142138f07de0d898d81f1 [term 3 FOLLOWER]: Leader election vote request: Granting yes vote for candidate c42d45b98a2a4d9a81e62057b8640cfc in term 3.
I20260713 09:10:30.300520 27525 leader_election.cc:304] T f50b7ff0dfc443bc9b9d6489a83a72f8 P c42d45b98a2a4d9a81e62057b8640cfc [CANDIDATE]: Term 3 election: Election decided. Result: candidate won. Election summary: received 2 responses out of 3 voters: 2 yes votes; 0 no votes. yes voters: adca56d3c0c142138f07de0d898d81f1, c42d45b98a2a4d9a81e62057b8640cfc; no voters: 
I20260713 09:10:30.301155 27835 raft_consensus.cc:2804] T f50b7ff0dfc443bc9b9d6489a83a72f8 P c42d45b98a2a4d9a81e62057b8640cfc [term 3 FOLLOWER]: Leader election won for term 3
I20260713 09:10:30.301256 27632 raft_consensus.cc:2468] T f50b7ff0dfc443bc9b9d6489a83a72f8 P afdf88170035445886ffcd37a4564a0b [term 3 FOLLOWER]: Leader election vote request: Granting yes vote for candidate c42d45b98a2a4d9a81e62057b8640cfc in term 3.
I20260713 09:10:30.301620 27835 raft_consensus.cc:697] T f50b7ff0dfc443bc9b9d6489a83a72f8 P c42d45b98a2a4d9a81e62057b8640cfc [term 3 LEADER]: Becoming Leader. State: Replica: c42d45b98a2a4d9a81e62057b8640cfc, State: Running, Role: LEADER
I20260713 09:10:30.302448 27835 consensus_queue.cc:237] T f50b7ff0dfc443bc9b9d6489a83a72f8 P c42d45b98a2a4d9a81e62057b8640cfc [LEADER]: Queue going to LEADER mode. State: All replicated index: 0, Majority replicated index: 2, Committed index: 2, Last appended: 2.2, Last appended by leader: 2, Current term: 3, Majority size: 2, State: 0, Mode: LEADER, active raft config: opid_index: -1 OBSOLETE_local: false peers { permanent_uuid: "c42d45b98a2a4d9a81e62057b8640cfc" member_type: VOTER last_known_addr { host: "127.26.76.129" port: 45029 } } peers { permanent_uuid: "afdf88170035445886ffcd37a4564a0b" member_type: VOTER last_known_addr { host: "127.26.76.130" port: 45257 } } peers { permanent_uuid: "adca56d3c0c142138f07de0d898d81f1" member_type: VOTER last_known_addr { host: "127.26.76.131" port: 34879 } }
I20260713 09:10:30.309087 27455 catalog_manager.cc:5697] T f50b7ff0dfc443bc9b9d6489a83a72f8 P c42d45b98a2a4d9a81e62057b8640cfc reported cstate change: term changed from 2 to 3, leader changed from afdf88170035445886ffcd37a4564a0b (127.26.76.130) to c42d45b98a2a4d9a81e62057b8640cfc (127.26.76.129). New cstate: current_term: 3 leader_uuid: "c42d45b98a2a4d9a81e62057b8640cfc" committed_config { opid_index: -1 OBSOLETE_local: false peers { permanent_uuid: "c42d45b98a2a4d9a81e62057b8640cfc" member_type: VOTER last_known_addr { host: "127.26.76.129" port: 45029 } health_report { overall_health: HEALTHY } } peers { permanent_uuid: "afdf88170035445886ffcd37a4564a0b" member_type: VOTER last_known_addr { host: "127.26.76.130" port: 45257 } health_report { overall_health: UNKNOWN } } peers { permanent_uuid: "adca56d3c0c142138f07de0d898d81f1" member_type: VOTER last_known_addr { host: "127.26.76.131" port: 34879 } health_report { overall_health: UNKNOWN } } }
I20260713 09:10:30.482625 27845 raft_consensus.cc:993] T 0706bae5b2674ba3a219b94ddb321aa0 P adca56d3c0c142138f07de0d898d81f1: : Instructing follower c42d45b98a2a4d9a81e62057b8640cfc to start an election
I20260713 09:10:30.483134 27758 raft_consensus.cc:1081] T 0706bae5b2674ba3a219b94ddb321aa0 P adca56d3c0c142138f07de0d898d81f1 [term 3 LEADER]: Signalling peer c42d45b98a2a4d9a81e62057b8640cfc to start an election
I20260713 09:10:30.484449 27558 tablet_service.cc:2044] Received Run Leader Election RPC: tablet_id: "0706bae5b2674ba3a219b94ddb321aa0"
dest_uuid: "c42d45b98a2a4d9a81e62057b8640cfc"
 from {username='slave'} at 127.0.0.1:54502
I20260713 09:10:30.485069 27558 raft_consensus.cc:493] T 0706bae5b2674ba3a219b94ddb321aa0 P c42d45b98a2a4d9a81e62057b8640cfc [term 3 FOLLOWER]: Starting forced leader election (received explicit request)
I20260713 09:10:30.485399 27558 raft_consensus.cc:3060] T 0706bae5b2674ba3a219b94ddb321aa0 P c42d45b98a2a4d9a81e62057b8640cfc [term 3 FOLLOWER]: Advancing to term 4
I20260713 09:10:30.489792 27558 raft_consensus.cc:515] T 0706bae5b2674ba3a219b94ddb321aa0 P c42d45b98a2a4d9a81e62057b8640cfc [term 4 FOLLOWER]: Starting forced leader election with config: opid_index: -1 OBSOLETE_local: false peers { permanent_uuid: "c42d45b98a2a4d9a81e62057b8640cfc" member_type: VOTER last_known_addr { host: "127.26.76.129" port: 45029 } } peers { permanent_uuid: "afdf88170035445886ffcd37a4564a0b" member_type: VOTER last_known_addr { host: "127.26.76.130" port: 45257 } } peers { permanent_uuid: "adca56d3c0c142138f07de0d898d81f1" member_type: VOTER last_known_addr { host: "127.26.76.131" port: 34879 } }
I20260713 09:10:30.491369 27558 leader_election.cc:290] T 0706bae5b2674ba3a219b94ddb321aa0 P c42d45b98a2a4d9a81e62057b8640cfc [CANDIDATE]: Term 4 election: Requested vote from peers afdf88170035445886ffcd37a4564a0b (127.26.76.130:45257), adca56d3c0c142138f07de0d898d81f1 (127.26.76.131:34879)
I20260713 09:10:30.492063 27632 tablet_service.cc:1917] Received RequestConsensusVote() RPC: tablet_id: "0706bae5b2674ba3a219b94ddb321aa0" candidate_uuid: "c42d45b98a2a4d9a81e62057b8640cfc" candidate_term: 4 candidate_status { last_received { term: 3 index: 3 } } ignore_live_leader: true dest_uuid: "afdf88170035445886ffcd37a4564a0b"
I20260713 09:10:30.492316 27706 tablet_service.cc:1917] Received RequestConsensusVote() RPC: tablet_id: "0706bae5b2674ba3a219b94ddb321aa0" candidate_uuid: "c42d45b98a2a4d9a81e62057b8640cfc" candidate_term: 4 candidate_status { last_received { term: 3 index: 3 } } ignore_live_leader: true dest_uuid: "adca56d3c0c142138f07de0d898d81f1"
I20260713 09:10:30.492620 27632 raft_consensus.cc:3060] T 0706bae5b2674ba3a219b94ddb321aa0 P afdf88170035445886ffcd37a4564a0b [term 3 FOLLOWER]: Advancing to term 4
I20260713 09:10:30.492856 27706 raft_consensus.cc:3055] T 0706bae5b2674ba3a219b94ddb321aa0 P adca56d3c0c142138f07de0d898d81f1 [term 3 LEADER]: Stepping down as leader of term 3
I20260713 09:10:30.493158 27706 raft_consensus.cc:740] T 0706bae5b2674ba3a219b94ddb321aa0 P adca56d3c0c142138f07de0d898d81f1 [term 3 LEADER]: Becoming Follower/Learner. State: Replica: adca56d3c0c142138f07de0d898d81f1, State: Running, Role: LEADER
I20260713 09:10:30.493713 27706 consensus_queue.cc:260] T 0706bae5b2674ba3a219b94ddb321aa0 P adca56d3c0c142138f07de0d898d81f1 [NON_LEADER]: Queue going to NON_LEADER mode. State: All replicated index: 0, Majority replicated index: 3, Committed index: 3, Last appended: 3.3, Last appended by leader: 3, Current term: 3, Majority size: -1, State: 0, Mode: NON_LEADER, active raft config: opid_index: -1 OBSOLETE_local: false peers { permanent_uuid: "c42d45b98a2a4d9a81e62057b8640cfc" member_type: VOTER last_known_addr { host: "127.26.76.129" port: 45029 } } peers { permanent_uuid: "afdf88170035445886ffcd37a4564a0b" member_type: VOTER last_known_addr { host: "127.26.76.130" port: 45257 } } peers { permanent_uuid: "adca56d3c0c142138f07de0d898d81f1" member_type: VOTER last_known_addr { host: "127.26.76.131" port: 34879 } }
I20260713 09:10:30.494591 27706 raft_consensus.cc:3060] T 0706bae5b2674ba3a219b94ddb321aa0 P adca56d3c0c142138f07de0d898d81f1 [term 3 FOLLOWER]: Advancing to term 4
I20260713 09:10:30.497278 27632 raft_consensus.cc:2468] T 0706bae5b2674ba3a219b94ddb321aa0 P afdf88170035445886ffcd37a4564a0b [term 4 FOLLOWER]: Leader election vote request: Granting yes vote for candidate c42d45b98a2a4d9a81e62057b8640cfc in term 4.
I20260713 09:10:30.498234 27523 leader_election.cc:304] T 0706bae5b2674ba3a219b94ddb321aa0 P c42d45b98a2a4d9a81e62057b8640cfc [CANDIDATE]: Term 4 election: Election decided. Result: candidate won. Election summary: received 2 responses out of 3 voters: 2 yes votes; 0 no votes. yes voters: afdf88170035445886ffcd37a4564a0b, c42d45b98a2a4d9a81e62057b8640cfc; no voters: 
I20260713 09:10:30.498857 27835 raft_consensus.cc:2804] T 0706bae5b2674ba3a219b94ddb321aa0 P c42d45b98a2a4d9a81e62057b8640cfc [term 4 FOLLOWER]: Leader election won for term 4
I20260713 09:10:30.498821 27706 raft_consensus.cc:2468] T 0706bae5b2674ba3a219b94ddb321aa0 P adca56d3c0c142138f07de0d898d81f1 [term 4 FOLLOWER]: Leader election vote request: Granting yes vote for candidate c42d45b98a2a4d9a81e62057b8640cfc in term 4.
I20260713 09:10:30.499439 27835 raft_consensus.cc:697] T 0706bae5b2674ba3a219b94ddb321aa0 P c42d45b98a2a4d9a81e62057b8640cfc [term 4 LEADER]: Becoming Leader. State: Replica: c42d45b98a2a4d9a81e62057b8640cfc, State: Running, Role: LEADER
I20260713 09:10:30.500196 27835 consensus_queue.cc:237] T 0706bae5b2674ba3a219b94ddb321aa0 P c42d45b98a2a4d9a81e62057b8640cfc [LEADER]: Queue going to LEADER mode. State: All replicated index: 0, Majority replicated index: 3, Committed index: 3, Last appended: 3.3, Last appended by leader: 3, Current term: 4, Majority size: 2, State: 0, Mode: LEADER, active raft config: opid_index: -1 OBSOLETE_local: false peers { permanent_uuid: "c42d45b98a2a4d9a81e62057b8640cfc" member_type: VOTER last_known_addr { host: "127.26.76.129" port: 45029 } } peers { permanent_uuid: "afdf88170035445886ffcd37a4564a0b" member_type: VOTER last_known_addr { host: "127.26.76.130" port: 45257 } } peers { permanent_uuid: "adca56d3c0c142138f07de0d898d81f1" member_type: VOTER last_known_addr { host: "127.26.76.131" port: 34879 } }
I20260713 09:10:30.505200 27455 catalog_manager.cc:5697] T 0706bae5b2674ba3a219b94ddb321aa0 P c42d45b98a2a4d9a81e62057b8640cfc reported cstate change: term changed from 3 to 4, leader changed from adca56d3c0c142138f07de0d898d81f1 (127.26.76.131) to c42d45b98a2a4d9a81e62057b8640cfc (127.26.76.129). New cstate: current_term: 4 leader_uuid: "c42d45b98a2a4d9a81e62057b8640cfc" committed_config { opid_index: -1 OBSOLETE_local: false peers { permanent_uuid: "c42d45b98a2a4d9a81e62057b8640cfc" member_type: VOTER last_known_addr { host: "127.26.76.129" port: 45029 } health_report { overall_health: HEALTHY } } peers { permanent_uuid: "afdf88170035445886ffcd37a4564a0b" member_type: VOTER last_known_addr { host: "127.26.76.130" port: 45257 } health_report { overall_health: UNKNOWN } } peers { permanent_uuid: "adca56d3c0c142138f07de0d898d81f1" member_type: VOTER last_known_addr { host: "127.26.76.131" port: 34879 } health_report { overall_health: UNKNOWN } } }
I20260713 09:10:30.571720 27845 raft_consensus.cc:993] T 31a7ac8bb55e4c06826bc097e078c4d7 P adca56d3c0c142138f07de0d898d81f1: : Instructing follower c42d45b98a2a4d9a81e62057b8640cfc to start an election
I20260713 09:10:30.572145 27758 raft_consensus.cc:1081] T 31a7ac8bb55e4c06826bc097e078c4d7 P adca56d3c0c142138f07de0d898d81f1 [term 2 LEADER]: Signalling peer c42d45b98a2a4d9a81e62057b8640cfc to start an election
I20260713 09:10:30.573501 27558 tablet_service.cc:2044] Received Run Leader Election RPC: tablet_id: "31a7ac8bb55e4c06826bc097e078c4d7"
dest_uuid: "c42d45b98a2a4d9a81e62057b8640cfc"
 from {username='slave'} at 127.0.0.1:54502
I20260713 09:10:30.573952 27558 raft_consensus.cc:493] T 31a7ac8bb55e4c06826bc097e078c4d7 P c42d45b98a2a4d9a81e62057b8640cfc [term 2 FOLLOWER]: Starting forced leader election (received explicit request)
I20260713 09:10:30.574218 27558 raft_consensus.cc:3060] T 31a7ac8bb55e4c06826bc097e078c4d7 P c42d45b98a2a4d9a81e62057b8640cfc [term 2 FOLLOWER]: Advancing to term 3
I20260713 09:10:30.578181 27558 raft_consensus.cc:515] T 31a7ac8bb55e4c06826bc097e078c4d7 P c42d45b98a2a4d9a81e62057b8640cfc [term 3 FOLLOWER]: Starting forced leader election with config: opid_index: -1 OBSOLETE_local: false peers { permanent_uuid: "adca56d3c0c142138f07de0d898d81f1" member_type: VOTER last_known_addr { host: "127.26.76.131" port: 34879 } } peers { permanent_uuid: "c42d45b98a2a4d9a81e62057b8640cfc" member_type: VOTER last_known_addr { host: "127.26.76.129" port: 45029 } } peers { permanent_uuid: "afdf88170035445886ffcd37a4564a0b" member_type: VOTER last_known_addr { host: "127.26.76.130" port: 45257 } }
I20260713 09:10:30.579579 27558 leader_election.cc:290] T 31a7ac8bb55e4c06826bc097e078c4d7 P c42d45b98a2a4d9a81e62057b8640cfc [CANDIDATE]: Term 3 election: Requested vote from peers adca56d3c0c142138f07de0d898d81f1 (127.26.76.131:34879), afdf88170035445886ffcd37a4564a0b (127.26.76.130:45257)
I20260713 09:10:30.580307 27706 tablet_service.cc:1917] Received RequestConsensusVote() RPC: tablet_id: "31a7ac8bb55e4c06826bc097e078c4d7" candidate_uuid: "c42d45b98a2a4d9a81e62057b8640cfc" candidate_term: 3 candidate_status { last_received { term: 2 index: 2 } } ignore_live_leader: true dest_uuid: "adca56d3c0c142138f07de0d898d81f1"
I20260713 09:10:30.580525 27633 tablet_service.cc:1917] Received RequestConsensusVote() RPC: tablet_id: "31a7ac8bb55e4c06826bc097e078c4d7" candidate_uuid: "c42d45b98a2a4d9a81e62057b8640cfc" candidate_term: 3 candidate_status { last_received { term: 2 index: 2 } } ignore_live_leader: true dest_uuid: "afdf88170035445886ffcd37a4564a0b"
I20260713 09:10:30.580771 27706 raft_consensus.cc:3055] T 31a7ac8bb55e4c06826bc097e078c4d7 P adca56d3c0c142138f07de0d898d81f1 [term 2 LEADER]: Stepping down as leader of term 2
I20260713 09:10:30.580992 27633 raft_consensus.cc:3060] T 31a7ac8bb55e4c06826bc097e078c4d7 P afdf88170035445886ffcd37a4564a0b [term 2 FOLLOWER]: Advancing to term 3
I20260713 09:10:30.581072 27706 raft_consensus.cc:740] T 31a7ac8bb55e4c06826bc097e078c4d7 P adca56d3c0c142138f07de0d898d81f1 [term 2 LEADER]: Becoming Follower/Learner. State: Replica: adca56d3c0c142138f07de0d898d81f1, State: Running, Role: LEADER
I20260713 09:10:30.581748 27706 consensus_queue.cc:260] T 31a7ac8bb55e4c06826bc097e078c4d7 P adca56d3c0c142138f07de0d898d81f1 [NON_LEADER]: Queue going to NON_LEADER mode. State: All replicated index: 0, Majority replicated index: 2, Committed index: 2, Last appended: 2.2, Last appended by leader: 2, Current term: 2, Majority size: -1, State: 0, Mode: NON_LEADER, active raft config: opid_index: -1 OBSOLETE_local: false peers { permanent_uuid: "adca56d3c0c142138f07de0d898d81f1" member_type: VOTER last_known_addr { host: "127.26.76.131" port: 34879 } } peers { permanent_uuid: "c42d45b98a2a4d9a81e62057b8640cfc" member_type: VOTER last_known_addr { host: "127.26.76.129" port: 45029 } } peers { permanent_uuid: "afdf88170035445886ffcd37a4564a0b" member_type: VOTER last_known_addr { host: "127.26.76.130" port: 45257 } }
I20260713 09:10:30.582677 27706 raft_consensus.cc:3060] T 31a7ac8bb55e4c06826bc097e078c4d7 P adca56d3c0c142138f07de0d898d81f1 [term 2 FOLLOWER]: Advancing to term 3
I20260713 09:10:30.585266 27633 raft_consensus.cc:2468] T 31a7ac8bb55e4c06826bc097e078c4d7 P afdf88170035445886ffcd37a4564a0b [term 3 FOLLOWER]: Leader election vote request: Granting yes vote for candidate c42d45b98a2a4d9a81e62057b8640cfc in term 3.
I20260713 09:10:30.586130 27523 leader_election.cc:304] T 31a7ac8bb55e4c06826bc097e078c4d7 P c42d45b98a2a4d9a81e62057b8640cfc [CANDIDATE]: Term 3 election: Election decided. Result: candidate won. Election summary: received 2 responses out of 3 voters: 2 yes votes; 0 no votes. yes voters: afdf88170035445886ffcd37a4564a0b, c42d45b98a2a4d9a81e62057b8640cfc; no voters: 
I20260713 09:10:30.586495 27706 raft_consensus.cc:2468] T 31a7ac8bb55e4c06826bc097e078c4d7 P adca56d3c0c142138f07de0d898d81f1 [term 3 FOLLOWER]: Leader election vote request: Granting yes vote for candidate c42d45b98a2a4d9a81e62057b8640cfc in term 3.
I20260713 09:10:30.586747 27835 raft_consensus.cc:2804] T 31a7ac8bb55e4c06826bc097e078c4d7 P c42d45b98a2a4d9a81e62057b8640cfc [term 3 FOLLOWER]: Leader election won for term 3
I20260713 09:10:30.587201 27835 raft_consensus.cc:697] T 31a7ac8bb55e4c06826bc097e078c4d7 P c42d45b98a2a4d9a81e62057b8640cfc [term 3 LEADER]: Becoming Leader. State: Replica: c42d45b98a2a4d9a81e62057b8640cfc, State: Running, Role: LEADER
I20260713 09:10:30.587924 27835 consensus_queue.cc:237] T 31a7ac8bb55e4c06826bc097e078c4d7 P c42d45b98a2a4d9a81e62057b8640cfc [LEADER]: Queue going to LEADER mode. State: All replicated index: 0, Majority replicated index: 2, Committed index: 2, Last appended: 2.2, Last appended by leader: 2, Current term: 3, Majority size: 2, State: 0, Mode: LEADER, active raft config: opid_index: -1 OBSOLETE_local: false peers { permanent_uuid: "adca56d3c0c142138f07de0d898d81f1" member_type: VOTER last_known_addr { host: "127.26.76.131" port: 34879 } } peers { permanent_uuid: "c42d45b98a2a4d9a81e62057b8640cfc" member_type: VOTER last_known_addr { host: "127.26.76.129" port: 45029 } } peers { permanent_uuid: "afdf88170035445886ffcd37a4564a0b" member_type: VOTER last_known_addr { host: "127.26.76.130" port: 45257 } }
I20260713 09:10:30.593043 27455 catalog_manager.cc:5697] T 31a7ac8bb55e4c06826bc097e078c4d7 P c42d45b98a2a4d9a81e62057b8640cfc reported cstate change: term changed from 2 to 3, leader changed from adca56d3c0c142138f07de0d898d81f1 (127.26.76.131) to c42d45b98a2a4d9a81e62057b8640cfc (127.26.76.129). New cstate: current_term: 3 leader_uuid: "c42d45b98a2a4d9a81e62057b8640cfc" committed_config { opid_index: -1 OBSOLETE_local: false peers { permanent_uuid: "adca56d3c0c142138f07de0d898d81f1" member_type: VOTER last_known_addr { host: "127.26.76.131" port: 34879 } health_report { overall_health: UNKNOWN } } peers { permanent_uuid: "c42d45b98a2a4d9a81e62057b8640cfc" member_type: VOTER last_known_addr { host: "127.26.76.129" port: 45029 } health_report { overall_health: HEALTHY } } peers { permanent_uuid: "afdf88170035445886ffcd37a4564a0b" member_type: VOTER last_known_addr { host: "127.26.76.130" port: 45257 } health_report { overall_health: UNKNOWN } } }
I20260713 09:10:30.628733 27851 raft_consensus.cc:993] T 238de0bfa06d44e2b68d994b81730b5f P afdf88170035445886ffcd37a4564a0b: : Instructing follower c42d45b98a2a4d9a81e62057b8640cfc to start an election
I20260713 09:10:30.629119 27832 raft_consensus.cc:1081] T 238de0bfa06d44e2b68d994b81730b5f P afdf88170035445886ffcd37a4564a0b [term 2 LEADER]: Signalling peer c42d45b98a2a4d9a81e62057b8640cfc to start an election
I20260713 09:10:30.630363 27558 tablet_service.cc:2044] Received Run Leader Election RPC: tablet_id: "238de0bfa06d44e2b68d994b81730b5f"
dest_uuid: "c42d45b98a2a4d9a81e62057b8640cfc"
 from {username='slave'} at 127.0.0.1:54510
I20260713 09:10:30.630788 27558 raft_consensus.cc:493] T 238de0bfa06d44e2b68d994b81730b5f P c42d45b98a2a4d9a81e62057b8640cfc [term 2 FOLLOWER]: Starting forced leader election (received explicit request)
I20260713 09:10:30.631045 27558 raft_consensus.cc:3060] T 238de0bfa06d44e2b68d994b81730b5f P c42d45b98a2a4d9a81e62057b8640cfc [term 2 FOLLOWER]: Advancing to term 3
I20260713 09:10:30.634743 27558 raft_consensus.cc:515] T 238de0bfa06d44e2b68d994b81730b5f P c42d45b98a2a4d9a81e62057b8640cfc [term 3 FOLLOWER]: Starting forced leader election with config: opid_index: -1 OBSOLETE_local: false peers { permanent_uuid: "c42d45b98a2a4d9a81e62057b8640cfc" member_type: VOTER last_known_addr { host: "127.26.76.129" port: 45029 } } peers { permanent_uuid: "afdf88170035445886ffcd37a4564a0b" member_type: VOTER last_known_addr { host: "127.26.76.130" port: 45257 } } peers { permanent_uuid: "adca56d3c0c142138f07de0d898d81f1" member_type: VOTER last_known_addr { host: "127.26.76.131" port: 34879 } }
I20260713 09:10:30.636194 27558 leader_election.cc:290] T 238de0bfa06d44e2b68d994b81730b5f P c42d45b98a2a4d9a81e62057b8640cfc [CANDIDATE]: Term 3 election: Requested vote from peers afdf88170035445886ffcd37a4564a0b (127.26.76.130:45257), adca56d3c0c142138f07de0d898d81f1 (127.26.76.131:34879)
I20260713 09:10:30.636844 27633 tablet_service.cc:1917] Received RequestConsensusVote() RPC: tablet_id: "238de0bfa06d44e2b68d994b81730b5f" candidate_uuid: "c42d45b98a2a4d9a81e62057b8640cfc" candidate_term: 3 candidate_status { last_received { term: 2 index: 2 } } ignore_live_leader: true dest_uuid: "afdf88170035445886ffcd37a4564a0b"
I20260713 09:10:30.637130 27707 tablet_service.cc:1917] Received RequestConsensusVote() RPC: tablet_id: "238de0bfa06d44e2b68d994b81730b5f" candidate_uuid: "c42d45b98a2a4d9a81e62057b8640cfc" candidate_term: 3 candidate_status { last_received { term: 2 index: 2 } } ignore_live_leader: true dest_uuid: "adca56d3c0c142138f07de0d898d81f1"
I20260713 09:10:30.637612 27707 raft_consensus.cc:3060] T 238de0bfa06d44e2b68d994b81730b5f P adca56d3c0c142138f07de0d898d81f1 [term 2 FOLLOWER]: Advancing to term 3
I20260713 09:10:30.637775 27633 raft_consensus.cc:3055] T 238de0bfa06d44e2b68d994b81730b5f P afdf88170035445886ffcd37a4564a0b [term 2 LEADER]: Stepping down as leader of term 2
I20260713 09:10:30.638115 27633 raft_consensus.cc:740] T 238de0bfa06d44e2b68d994b81730b5f P afdf88170035445886ffcd37a4564a0b [term 2 LEADER]: Becoming Follower/Learner. State: Replica: afdf88170035445886ffcd37a4564a0b, State: Running, Role: LEADER
I20260713 09:10:30.638792 27633 consensus_queue.cc:260] T 238de0bfa06d44e2b68d994b81730b5f P afdf88170035445886ffcd37a4564a0b [NON_LEADER]: Queue going to NON_LEADER mode. State: All replicated index: 0, Majority replicated index: 2, Committed index: 2, Last appended: 2.2, Last appended by leader: 2, Current term: 2, Majority size: -1, State: 0, Mode: NON_LEADER, active raft config: opid_index: -1 OBSOLETE_local: false peers { permanent_uuid: "c42d45b98a2a4d9a81e62057b8640cfc" member_type: VOTER last_known_addr { host: "127.26.76.129" port: 45029 } } peers { permanent_uuid: "afdf88170035445886ffcd37a4564a0b" member_type: VOTER last_known_addr { host: "127.26.76.130" port: 45257 } } peers { permanent_uuid: "adca56d3c0c142138f07de0d898d81f1" member_type: VOTER last_known_addr { host: "127.26.76.131" port: 34879 } }
I20260713 09:10:30.639816 27633 raft_consensus.cc:3060] T 238de0bfa06d44e2b68d994b81730b5f P afdf88170035445886ffcd37a4564a0b [term 2 FOLLOWER]: Advancing to term 3
I20260713 09:10:30.643699 27707 raft_consensus.cc:2468] T 238de0bfa06d44e2b68d994b81730b5f P adca56d3c0c142138f07de0d898d81f1 [term 3 FOLLOWER]: Leader election vote request: Granting yes vote for candidate c42d45b98a2a4d9a81e62057b8640cfc in term 3.
I20260713 09:10:30.644732 27525 leader_election.cc:304] T 238de0bfa06d44e2b68d994b81730b5f P c42d45b98a2a4d9a81e62057b8640cfc [CANDIDATE]: Term 3 election: Election decided. Result: candidate won. Election summary: received 2 responses out of 3 voters: 2 yes votes; 0 no votes. yes voters: adca56d3c0c142138f07de0d898d81f1, c42d45b98a2a4d9a81e62057b8640cfc; no voters: 
I20260713 09:10:30.645344 27835 raft_consensus.cc:2804] T 238de0bfa06d44e2b68d994b81730b5f P c42d45b98a2a4d9a81e62057b8640cfc [term 3 FOLLOWER]: Leader election won for term 3
I20260713 09:10:30.645323 27633 raft_consensus.cc:2468] T 238de0bfa06d44e2b68d994b81730b5f P afdf88170035445886ffcd37a4564a0b [term 3 FOLLOWER]: Leader election vote request: Granting yes vote for candidate c42d45b98a2a4d9a81e62057b8640cfc in term 3.
I20260713 09:10:30.645989 27835 raft_consensus.cc:697] T 238de0bfa06d44e2b68d994b81730b5f P c42d45b98a2a4d9a81e62057b8640cfc [term 3 LEADER]: Becoming Leader. State: Replica: c42d45b98a2a4d9a81e62057b8640cfc, State: Running, Role: LEADER
I20260713 09:10:30.646749 27835 consensus_queue.cc:237] T 238de0bfa06d44e2b68d994b81730b5f P c42d45b98a2a4d9a81e62057b8640cfc [LEADER]: Queue going to LEADER mode. State: All replicated index: 0, Majority replicated index: 2, Committed index: 2, Last appended: 2.2, Last appended by leader: 2, Current term: 3, Majority size: 2, State: 0, Mode: LEADER, active raft config: opid_index: -1 OBSOLETE_local: false peers { permanent_uuid: "c42d45b98a2a4d9a81e62057b8640cfc" member_type: VOTER last_known_addr { host: "127.26.76.129" port: 45029 } } peers { permanent_uuid: "afdf88170035445886ffcd37a4564a0b" member_type: VOTER last_known_addr { host: "127.26.76.130" port: 45257 } } peers { permanent_uuid: "adca56d3c0c142138f07de0d898d81f1" member_type: VOTER last_known_addr { host: "127.26.76.131" port: 34879 } }
I20260713 09:10:30.652302 27455 catalog_manager.cc:5697] T 238de0bfa06d44e2b68d994b81730b5f P c42d45b98a2a4d9a81e62057b8640cfc reported cstate change: term changed from 2 to 3, leader changed from afdf88170035445886ffcd37a4564a0b (127.26.76.130) to c42d45b98a2a4d9a81e62057b8640cfc (127.26.76.129). New cstate: current_term: 3 leader_uuid: "c42d45b98a2a4d9a81e62057b8640cfc" committed_config { opid_index: -1 OBSOLETE_local: false peers { permanent_uuid: "c42d45b98a2a4d9a81e62057b8640cfc" member_type: VOTER last_known_addr { host: "127.26.76.129" port: 45029 } health_report { overall_health: HEALTHY } } peers { permanent_uuid: "afdf88170035445886ffcd37a4564a0b" member_type: VOTER last_known_addr { host: "127.26.76.130" port: 45257 } health_report { overall_health: UNKNOWN } } peers { permanent_uuid: "adca56d3c0c142138f07de0d898d81f1" member_type: VOTER last_known_addr { host: "127.26.76.131" port: 34879 } health_report { overall_health: UNKNOWN } } }
I20260713 09:10:30.691748 27633 raft_consensus.cc:1275] T 3618f411f08f464b8d0ffce7e91ea636 P afdf88170035445886ffcd37a4564a0b [term 2 FOLLOWER]: Refusing update from remote peer c42d45b98a2a4d9a81e62057b8640cfc: Log matching property violated. Preceding OpId in replica: term: 1 index: 1. Preceding OpId from leader: term: 2 index: 2. (index mismatch)
I20260713 09:10:30.692723 27835 consensus_queue.cc:1048] T 3618f411f08f464b8d0ffce7e91ea636 P c42d45b98a2a4d9a81e62057b8640cfc [LEADER]: Connected to new peer: Peer: permanent_uuid: "afdf88170035445886ffcd37a4564a0b" member_type: VOTER last_known_addr { host: "127.26.76.130" port: 45257 }, Status: LMP_MISMATCH, Last received: 0.0, Next index: 2, Last known committed idx: 1, Time since last communication: 0.000s
I20260713 09:10:30.703027 27707 raft_consensus.cc:1275] T 3618f411f08f464b8d0ffce7e91ea636 P adca56d3c0c142138f07de0d898d81f1 [term 2 FOLLOWER]: Refusing update from remote peer c42d45b98a2a4d9a81e62057b8640cfc: Log matching property violated. Preceding OpId in replica: term: 1 index: 1. Preceding OpId from leader: term: 2 index: 2. (index mismatch)
I20260713 09:10:30.704422 27862 consensus_queue.cc:1048] T 3618f411f08f464b8d0ffce7e91ea636 P c42d45b98a2a4d9a81e62057b8640cfc [LEADER]: Connected to new peer: Peer: permanent_uuid: "adca56d3c0c142138f07de0d898d81f1" member_type: VOTER last_known_addr { host: "127.26.76.131" port: 34879 }, Status: LMP_MISMATCH, Last received: 0.0, Next index: 2, Last known committed idx: 1, Time since last communication: 0.000s
I20260713 09:10:30.892966 27633 raft_consensus.cc:1275] T f50b7ff0dfc443bc9b9d6489a83a72f8 P afdf88170035445886ffcd37a4564a0b [term 3 FOLLOWER]: Refusing update from remote peer c42d45b98a2a4d9a81e62057b8640cfc: Log matching property violated. Preceding OpId in replica: term: 2 index: 2. Preceding OpId from leader: term: 3 index: 3. (index mismatch)
I20260713 09:10:30.894122 27862 consensus_queue.cc:1048] T f50b7ff0dfc443bc9b9d6489a83a72f8 P c42d45b98a2a4d9a81e62057b8640cfc [LEADER]: Connected to new peer: Peer: permanent_uuid: "afdf88170035445886ffcd37a4564a0b" member_type: VOTER last_known_addr { host: "127.26.76.130" port: 45257 }, Status: LMP_MISMATCH, Last received: 0.0, Next index: 3, Last known committed idx: 2, Time since last communication: 0.000s
I20260713 09:10:30.899485 27707 raft_consensus.cc:1275] T f50b7ff0dfc443bc9b9d6489a83a72f8 P adca56d3c0c142138f07de0d898d81f1 [term 3 FOLLOWER]: Refusing update from remote peer c42d45b98a2a4d9a81e62057b8640cfc: Log matching property violated. Preceding OpId in replica: term: 2 index: 2. Preceding OpId from leader: term: 3 index: 3. (index mismatch)
I20260713 09:10:30.901510 27852 consensus_queue.cc:1048] T f50b7ff0dfc443bc9b9d6489a83a72f8 P c42d45b98a2a4d9a81e62057b8640cfc [LEADER]: Connected to new peer: Peer: permanent_uuid: "adca56d3c0c142138f07de0d898d81f1" member_type: VOTER last_known_addr { host: "127.26.76.131" port: 34879 }, Status: LMP_MISMATCH, Last received: 0.0, Next index: 3, Last known committed idx: 2, Time since last communication: 0.000s
I20260713 09:10:31.024988 27707 raft_consensus.cc:1275] T 31a7ac8bb55e4c06826bc097e078c4d7 P adca56d3c0c142138f07de0d898d81f1 [term 3 FOLLOWER]: Refusing update from remote peer c42d45b98a2a4d9a81e62057b8640cfc: Log matching property violated. Preceding OpId in replica: term: 2 index: 2. Preceding OpId from leader: term: 3 index: 3. (index mismatch)
I20260713 09:10:31.026633 27852 consensus_queue.cc:1048] T 31a7ac8bb55e4c06826bc097e078c4d7 P c42d45b98a2a4d9a81e62057b8640cfc [LEADER]: Connected to new peer: Peer: permanent_uuid: "adca56d3c0c142138f07de0d898d81f1" member_type: VOTER last_known_addr { host: "127.26.76.131" port: 34879 }, Status: LMP_MISMATCH, Last received: 0.0, Next index: 3, Last known committed idx: 2, Time since last communication: 0.001s
I20260713 09:10:31.039060 27633 raft_consensus.cc:1275] T 31a7ac8bb55e4c06826bc097e078c4d7 P afdf88170035445886ffcd37a4564a0b [term 3 FOLLOWER]: Refusing update from remote peer c42d45b98a2a4d9a81e62057b8640cfc: Log matching property violated. Preceding OpId in replica: term: 2 index: 2. Preceding OpId from leader: term: 3 index: 3. (index mismatch)
I20260713 09:10:31.041988 27835 consensus_queue.cc:1048] T 31a7ac8bb55e4c06826bc097e078c4d7 P c42d45b98a2a4d9a81e62057b8640cfc [LEADER]: Connected to new peer: Peer: permanent_uuid: "afdf88170035445886ffcd37a4564a0b" member_type: VOTER last_known_addr { host: "127.26.76.130" port: 45257 }, Status: LMP_MISMATCH, Last received: 0.0, Next index: 3, Last known committed idx: 2, Time since last communication: 0.001s
I20260713 09:10:31.042505 27707 raft_consensus.cc:1275] T 0706bae5b2674ba3a219b94ddb321aa0 P adca56d3c0c142138f07de0d898d81f1 [term 4 FOLLOWER]: Refusing update from remote peer c42d45b98a2a4d9a81e62057b8640cfc: Log matching property violated. Preceding OpId in replica: term: 3 index: 3. Preceding OpId from leader: term: 4 index: 4. (index mismatch)
I20260713 09:10:31.043450 27633 raft_consensus.cc:1275] T 0706bae5b2674ba3a219b94ddb321aa0 P afdf88170035445886ffcd37a4564a0b [term 4 FOLLOWER]: Refusing update from remote peer c42d45b98a2a4d9a81e62057b8640cfc: Log matching property violated. Preceding OpId in replica: term: 3 index: 3. Preceding OpId from leader: term: 4 index: 4. (index mismatch)
I20260713 09:10:31.043947 27835 consensus_queue.cc:1048] T 0706bae5b2674ba3a219b94ddb321aa0 P c42d45b98a2a4d9a81e62057b8640cfc [LEADER]: Connected to new peer: Peer: permanent_uuid: "adca56d3c0c142138f07de0d898d81f1" member_type: VOTER last_known_addr { host: "127.26.76.131" port: 34879 }, Status: LMP_MISMATCH, Last received: 0.0, Next index: 4, Last known committed idx: 3, Time since last communication: 0.000s
I20260713 09:10:31.050222 27862 consensus_queue.cc:1048] T 0706bae5b2674ba3a219b94ddb321aa0 P c42d45b98a2a4d9a81e62057b8640cfc [LEADER]: Connected to new peer: Peer: permanent_uuid: "afdf88170035445886ffcd37a4564a0b" member_type: VOTER last_known_addr { host: "127.26.76.130" port: 45257 }, Status: LMP_MISMATCH, Last received: 0.0, Next index: 4, Last known committed idx: 3, Time since last communication: 0.001s
I20260713 09:10:31.066056 27707 raft_consensus.cc:1275] T 238de0bfa06d44e2b68d994b81730b5f P adca56d3c0c142138f07de0d898d81f1 [term 3 FOLLOWER]: Refusing update from remote peer c42d45b98a2a4d9a81e62057b8640cfc: Log matching property violated. Preceding OpId in replica: term: 2 index: 2. Preceding OpId from leader: term: 3 index: 3. (index mismatch)
I20260713 09:10:31.068138 27862 consensus_queue.cc:1048] T 238de0bfa06d44e2b68d994b81730b5f P c42d45b98a2a4d9a81e62057b8640cfc [LEADER]: Connected to new peer: Peer: permanent_uuid: "adca56d3c0c142138f07de0d898d81f1" member_type: VOTER last_known_addr { host: "127.26.76.131" port: 34879 }, Status: LMP_MISMATCH, Last received: 0.0, Next index: 3, Last known committed idx: 2, Time since last communication: 0.000s
