I20260713 09:10:25.686488 27706 raft_consensus.cc:3060] T 0706bae5b2674ba3a219b94ddb321aa0 P adca56d3c0c142138f07de0d898d81f1 [term 0 FOLLOWER]: Advancing to term 1
I20260713 09:10:25.687024 27766 consensus_queue.cc:237] T 31a7ac8bb55e4c06826bc097e078c4d7 P c42d45b98a2a4d9a81e62057b8640cfc [LEADER]: Queue going to LEADER mode. State: All replicated index: 0, Majority replicated index: 0, Committed index: 0, Last appended: 0.0, Last appended by leader: 0, Current term: 1, Majority size: 2, State: 0, Mode: LEADER, active raft config: opid_index: -1 OBSOLETE_local: false peers { permanent_uuid: "adca56d3c0c142138f07de0d898d81f1" member_type: VOTER last_known_addr { host: "127.26.76.131" port: 34879 } } peers { permanent_uuid: "c42d45b98a2a4d9a81e62057b8640cfc" member_type: VOTER last_known_addr { host: "127.26.76.129" port: 45029 } } peers { permanent_uuid: "afdf88170035445886ffcd37a4564a0b" member_type: VOTER last_known_addr { host: "127.26.76.130" port: 45257 } }
I20260713 09:10:25.690470 27749 tablet_bootstrap.cc:492] T 3618f411f08f464b8d0ffce7e91ea636 P c42d45b98a2a4d9a81e62057b8640cfc: Bootstrap starting.
I20260713 09:10:25.692159 27559 tablet_service.cc:1917] Received RequestConsensusVote() RPC: tablet_id: "31a7ac8bb55e4c06826bc097e078c4d7" candidate_uuid: "afdf88170035445886ffcd37a4564a0b" candidate_term: 1 candidate_status { last_received { term: 0 index: 0 } } ignore_live_leader: false dest_uuid: "c42d45b98a2a4d9a81e62057b8640cfc" is_pre_election: true
W20260713 09:10:25.693432 27505 auto_rebalancer.cc:288] Could not retrieve cluster info: Service unavailable: Tablet not running
I20260713 09:10:25.694072 27559 tablet_service.cc:1917] Received RequestConsensusVote() RPC: tablet_id: "704ebd44c79f486881a8170f321c45d9" candidate_uuid: "afdf88170035445886ffcd37a4564a0b" candidate_term: 1 candidate_status { last_received { term: 0 index: 0 } } ignore_live_leader: false dest_uuid: "c42d45b98a2a4d9a81e62057b8640cfc" is_pre_election: true
I20260713 09:10:25.694649 27750 tablet_bootstrap.cc:654] T 31a7ac8bb55e4c06826bc097e078c4d7 P adca56d3c0c142138f07de0d898d81f1: Neither blocks nor log segments found. Creating new log.
I20260713 09:10:25.694810 27559 raft_consensus.cc:2468] T 704ebd44c79f486881a8170f321c45d9 P c42d45b98a2a4d9a81e62057b8640cfc [term 0 FOLLOWER]: Leader pre-election vote request: Granting yes vote for candidate afdf88170035445886ffcd37a4564a0b in term 0.
I20260713 09:10:25.695822 27558 tablet_service.cc:1917] Received RequestConsensusVote() RPC: tablet_id: "0706bae5b2674ba3a219b94ddb321aa0" candidate_uuid: "afdf88170035445886ffcd37a4564a0b" candidate_term: 1 candidate_status { last_received { term: 0 index: 0 } } ignore_live_leader: false dest_uuid: "c42d45b98a2a4d9a81e62057b8640cfc" is_pre_election: true
I20260713 09:10:25.696439 27558 raft_consensus.cc:2468] T 0706bae5b2674ba3a219b94ddb321aa0 P c42d45b98a2a4d9a81e62057b8640cfc [term 0 FOLLOWER]: Leader pre-election vote request: Granting yes vote for candidate afdf88170035445886ffcd37a4564a0b in term 0.
I20260713 09:10:25.694139 27706 raft_consensus.cc:2468] T 0706bae5b2674ba3a219b94ddb321aa0 P adca56d3c0c142138f07de0d898d81f1 [term 1 FOLLOWER]: Leader election vote request: Granting yes vote for candidate afdf88170035445886ffcd37a4564a0b in term 1.
I20260713 09:10:25.697121 27749 tablet_bootstrap.cc:654] T 3618f411f08f464b8d0ffce7e91ea636 P c42d45b98a2a4d9a81e62057b8640cfc: Neither blocks nor log segments found. Creating new log.
I20260713 09:10:25.697405 27557 tablet_service.cc:1917] Received RequestConsensusVote() RPC: tablet_id: "536ccc0721654c25b054c6e788289600" candidate_uuid: "afdf88170035445886ffcd37a4564a0b" candidate_term: 1 candidate_status { last_received { term: 0 index: 0 } } ignore_live_leader: false dest_uuid: "c42d45b98a2a4d9a81e62057b8640cfc" is_pre_election: true
I20260713 09:10:25.697649 27600 leader_election.cc:304] T 0706bae5b2674ba3a219b94ddb321aa0 P afdf88170035445886ffcd37a4564a0b [CANDIDATE]: Term 1 election: Election decided. Result: candidate won. Election summary: received 2 responses out of 3 voters: 2 yes votes; 0 no votes. yes voters: adca56d3c0c142138f07de0d898d81f1, afdf88170035445886ffcd37a4564a0b; no voters: 
I20260713 09:10:25.698405 27756 raft_consensus.cc:2804] T 0706bae5b2674ba3a219b94ddb321aa0 P afdf88170035445886ffcd37a4564a0b [term 1 FOLLOWER]: Leader election won for term 1
I20260713 09:10:25.698675 27556 tablet_service.cc:1917] Received RequestConsensusVote() RPC: tablet_id: "0706bae5b2674ba3a219b94ddb321aa0" candidate_uuid: "afdf88170035445886ffcd37a4564a0b" candidate_term: 1 candidate_status { last_received { term: 0 index: 0 } } ignore_live_leader: false dest_uuid: "c42d45b98a2a4d9a81e62057b8640cfc"
I20260713 09:10:25.699278 27556 raft_consensus.cc:3060] T 0706bae5b2674ba3a219b94ddb321aa0 P c42d45b98a2a4d9a81e62057b8640cfc [term 0 FOLLOWER]: Advancing to term 1
I20260713 09:10:25.700340 27750 tablet_bootstrap.cc:492] T 31a7ac8bb55e4c06826bc097e078c4d7 P adca56d3c0c142138f07de0d898d81f1: No bootstrap required, opened a new log
I20260713 09:10:25.700923 27750 ts_tablet_manager.cc:1403] T 31a7ac8bb55e4c06826bc097e078c4d7 P adca56d3c0c142138f07de0d898d81f1: Time spent bootstrapping tablet: real 0.022s	user 0.007s	sys 0.002s
I20260713 09:10:25.704236 27750 raft_consensus.cc:359] T 31a7ac8bb55e4c06826bc097e078c4d7 P adca56d3c0c142138f07de0d898d81f1 [term 0 FOLLOWER]: Replica starting. Triggering 0 pending ops. Active config: opid_index: -1 OBSOLETE_local: false peers { permanent_uuid: "adca56d3c0c142138f07de0d898d81f1" member_type: VOTER last_known_addr { host: "127.26.76.131" port: 34879 } } peers { permanent_uuid: "c42d45b98a2a4d9a81e62057b8640cfc" member_type: VOTER last_known_addr { host: "127.26.76.129" port: 45029 } } peers { permanent_uuid: "afdf88170035445886ffcd37a4564a0b" member_type: VOTER last_known_addr { host: "127.26.76.130" port: 45257 } }
I20260713 09:10:25.704905 27750 raft_consensus.cc:385] T 31a7ac8bb55e4c06826bc097e078c4d7 P adca56d3c0c142138f07de0d898d81f1 [term 0 FOLLOWER]: Consensus starting up: Expiring failure detector timer to make a prompt election more likely
I20260713 09:10:25.705183 27750 raft_consensus.cc:740] T 31a7ac8bb55e4c06826bc097e078c4d7 P adca56d3c0c142138f07de0d898d81f1 [term 0 FOLLOWER]: Becoming Follower/Learner. State: Replica: adca56d3c0c142138f07de0d898d81f1, State: Initialized, Role: FOLLOWER
I20260713 09:10:25.705844 27750 consensus_queue.cc:260] T 31a7ac8bb55e4c06826bc097e078c4d7 P adca56d3c0c142138f07de0d898d81f1 [NON_LEADER]: Queue going to NON_LEADER mode. State: All replicated index: 0, Majority replicated index: 0, Committed index: 0, Last appended: 0.0, Last appended by leader: 0, Current term: 0, Majority size: -1, State: 0, Mode: NON_LEADER, active raft config: opid_index: -1 OBSOLETE_local: false peers { permanent_uuid: "adca56d3c0c142138f07de0d898d81f1" member_type: VOTER last_known_addr { host: "127.26.76.131" port: 34879 } } peers { permanent_uuid: "c42d45b98a2a4d9a81e62057b8640cfc" member_type: VOTER last_known_addr { host: "127.26.76.129" port: 45029 } } peers { permanent_uuid: "afdf88170035445886ffcd37a4564a0b" member_type: VOTER last_known_addr { host: "127.26.76.130" port: 45257 } }
I20260713 09:10:25.708701 27750 ts_tablet_manager.cc:1434] T 31a7ac8bb55e4c06826bc097e078c4d7 P adca56d3c0c142138f07de0d898d81f1: Time spent starting tablet: real 0.007s	user 0.007s	sys 0.000s
I20260713 09:10:25.709856 27750 tablet_bootstrap.cc:492] T 536ccc0721654c25b054c6e788289600 P adca56d3c0c142138f07de0d898d81f1: Bootstrap starting.
I20260713 09:10:25.712231 27556 raft_consensus.cc:2468] T 0706bae5b2674ba3a219b94ddb321aa0 P c42d45b98a2a4d9a81e62057b8640cfc [term 1 FOLLOWER]: Leader election vote request: Granting yes vote for candidate afdf88170035445886ffcd37a4564a0b in term 1.
I20260713 09:10:25.715551 27748 tablet_bootstrap.cc:654] T 29652720c71d42edb7c4da41eec1a013 P afdf88170035445886ffcd37a4564a0b: Neither blocks nor log segments found. Creating new log.
I20260713 09:10:25.715952 27598 leader_election.cc:304] T 31a7ac8bb55e4c06826bc097e078c4d7 P afdf88170035445886ffcd37a4564a0b [CANDIDATE]: Term 1 pre-election: Election decided. Result: candidate lost. Election summary: received 3 responses out of 3 voters: 1 yes votes; 2 no votes. yes voters: afdf88170035445886ffcd37a4564a0b; no voters: adca56d3c0c142138f07de0d898d81f1, c42d45b98a2a4d9a81e62057b8640cfc
I20260713 09:10:25.717934 27750 tablet_bootstrap.cc:654] T 536ccc0721654c25b054c6e788289600 P adca56d3c0c142138f07de0d898d81f1: Neither blocks nor log segments found. Creating new log.
I20260713 09:10:25.722368 27785 raft_consensus.cc:2749] T 31a7ac8bb55e4c06826bc097e078c4d7 P afdf88170035445886ffcd37a4564a0b [term 1 FOLLOWER]: Leader pre-election lost for term 1. Reason: could not achieve majority
I20260713 09:10:25.722187 27457 catalog_manager.cc:5697] T 31a7ac8bb55e4c06826bc097e078c4d7 P c42d45b98a2a4d9a81e62057b8640cfc reported cstate change: term changed from 0 to 1, leader changed from <none> to c42d45b98a2a4d9a81e62057b8640cfc (127.26.76.129). New cstate: current_term: 1 leader_uuid: "c42d45b98a2a4d9a81e62057b8640cfc" committed_config { opid_index: -1 OBSOLETE_local: false peers { permanent_uuid: "adca56d3c0c142138f07de0d898d81f1" member_type: VOTER last_known_addr { host: "127.26.76.131" port: 34879 } health_report { overall_health: UNKNOWN } } peers { permanent_uuid: "c42d45b98a2a4d9a81e62057b8640cfc" member_type: VOTER last_known_addr { host: "127.26.76.129" port: 45029 } health_report { overall_health: HEALTHY } } peers { permanent_uuid: "afdf88170035445886ffcd37a4564a0b" member_type: VOTER last_known_addr { host: "127.26.76.130" port: 45257 } health_report { overall_health: UNKNOWN } } }
I20260713 09:10:25.723433 27598 leader_election.cc:304] T 704ebd44c79f486881a8170f321c45d9 P afdf88170035445886ffcd37a4564a0b [CANDIDATE]: Term 1 pre-election: Election decided. Result: candidate won. Election summary: received 3 responses out of 3 voters: 2 yes votes; 1 no votes. yes voters: afdf88170035445886ffcd37a4564a0b, c42d45b98a2a4d9a81e62057b8640cfc; no voters: adca56d3c0c142138f07de0d898d81f1
I20260713 09:10:25.724294 27785 raft_consensus.cc:2804] T 704ebd44c79f486881a8170f321c45d9 P afdf88170035445886ffcd37a4564a0b [term 0 FOLLOWER]: Leader pre-election won for term 1
I20260713 09:10:25.724776 27785 raft_consensus.cc:493] T 704ebd44c79f486881a8170f321c45d9 P afdf88170035445886ffcd37a4564a0b [term 0 FOLLOWER]: Starting leader election (no leader contacted us within the election timeout)
W20260713 09:10:25.725054 27598 leader_election.cc:343] T 536ccc0721654c25b054c6e788289600 P afdf88170035445886ffcd37a4564a0b [CANDIDATE]: Term 1 pre-election: Tablet error from VoteRequest() call to peer c42d45b98a2a4d9a81e62057b8640cfc (127.26.76.129:45029): Illegal state: must be running to vote when last-logged opid is not known
I20260713 09:10:25.725191 27785 raft_consensus.cc:3060] T 704ebd44c79f486881a8170f321c45d9 P afdf88170035445886ffcd37a4564a0b [term 0 FOLLOWER]: Advancing to term 1
I20260713 09:10:25.725668 27598 leader_election.cc:304] T 536ccc0721654c25b054c6e788289600 P afdf88170035445886ffcd37a4564a0b [CANDIDATE]: Term 1 pre-election: Election decided. Result: candidate lost. Election summary: received 3 responses out of 3 voters: 1 yes votes; 2 no votes. yes voters: afdf88170035445886ffcd37a4564a0b; no voters: adca56d3c0c142138f07de0d898d81f1, c42d45b98a2a4d9a81e62057b8640cfc
I20260713 09:10:25.731124 27783 raft_consensus.cc:2749] T 536ccc0721654c25b054c6e788289600 P afdf88170035445886ffcd37a4564a0b [term 0 FOLLOWER]: Leader pre-election lost for term 1. Reason: could not achieve majority
I20260713 09:10:25.733150 27757 raft_consensus.cc:493] T 31a7ac8bb55e4c06826bc097e078c4d7 P adca56d3c0c142138f07de0d898d81f1 [term 0 FOLLOWER]: Starting pre-election (no leader contacted us within the election timeout)
I20260713 09:10:25.733878 27757 raft_consensus.cc:515] T 31a7ac8bb55e4c06826bc097e078c4d7 P adca56d3c0c142138f07de0d898d81f1 [term 0 FOLLOWER]: Starting pre-election with config: opid_index: -1 OBSOLETE_local: false peers { permanent_uuid: "adca56d3c0c142138f07de0d898d81f1" member_type: VOTER last_known_addr { host: "127.26.76.131" port: 34879 } } peers { permanent_uuid: "c42d45b98a2a4d9a81e62057b8640cfc" member_type: VOTER last_known_addr { host: "127.26.76.129" port: 45029 } } peers { permanent_uuid: "afdf88170035445886ffcd37a4564a0b" member_type: VOTER last_known_addr { host: "127.26.76.130" port: 45257 } }
I20260713 09:10:25.734038 27756 raft_consensus.cc:697] T 0706bae5b2674ba3a219b94ddb321aa0 P afdf88170035445886ffcd37a4564a0b [term 1 LEADER]: Becoming Leader. State: Replica: afdf88170035445886ffcd37a4564a0b, State: Running, Role: LEADER
I20260713 09:10:25.735931 27757 leader_election.cc:290] T 31a7ac8bb55e4c06826bc097e078c4d7 P adca56d3c0c142138f07de0d898d81f1 [CANDIDATE]: Term 1 pre-election: Requested pre-vote from peers c42d45b98a2a4d9a81e62057b8640cfc (127.26.76.129:45029), afdf88170035445886ffcd37a4564a0b (127.26.76.130:45257)
I20260713 09:10:25.737238 27556 tablet_service.cc:1917] Received RequestConsensusVote() RPC: tablet_id: "31a7ac8bb55e4c06826bc097e078c4d7" candidate_uuid: "adca56d3c0c142138f07de0d898d81f1" candidate_term: 1 candidate_status { last_received { term: 0 index: 0 } } ignore_live_leader: false dest_uuid: "c42d45b98a2a4d9a81e62057b8640cfc" is_pre_election: true
I20260713 09:10:25.738502 27633 tablet_service.cc:1917] Received RequestConsensusVote() RPC: tablet_id: "31a7ac8bb55e4c06826bc097e078c4d7" candidate_uuid: "adca56d3c0c142138f07de0d898d81f1" candidate_term: 1 candidate_status { last_received { term: 0 index: 0 } } ignore_live_leader: false dest_uuid: "afdf88170035445886ffcd37a4564a0b" is_pre_election: true
I20260713 09:10:25.739377 27633 raft_consensus.cc:2393] T 31a7ac8bb55e4c06826bc097e078c4d7 P afdf88170035445886ffcd37a4564a0b [term 1 FOLLOWER]: Leader pre-election vote request: Denying vote to candidate adca56d3c0c142138f07de0d898d81f1 in current term 1: Already voted for candidate c42d45b98a2a4d9a81e62057b8640cfc in this term.
I20260713 09:10:25.739451 27757 raft_consensus.cc:493] T ae59590f21454c13b4151e88d6827a75 P adca56d3c0c142138f07de0d898d81f1 [term 0 FOLLOWER]: Starting pre-election (no leader contacted us within the election timeout)
I20260713 09:10:25.740082 27757 raft_consensus.cc:515] T ae59590f21454c13b4151e88d6827a75 P adca56d3c0c142138f07de0d898d81f1 [term 0 FOLLOWER]: Starting pre-election with config: opid_index: -1 OBSOLETE_local: false peers { permanent_uuid: "c42d45b98a2a4d9a81e62057b8640cfc" member_type: VOTER last_known_addr { host: "127.26.76.129" port: 45029 } } peers { permanent_uuid: "afdf88170035445886ffcd37a4564a0b" member_type: VOTER last_known_addr { host: "127.26.76.130" port: 45257 } } peers { permanent_uuid: "adca56d3c0c142138f07de0d898d81f1" member_type: VOTER last_known_addr { host: "127.26.76.131" port: 34879 } }
I20260713 09:10:25.741067 27672 leader_election.cc:304] T 31a7ac8bb55e4c06826bc097e078c4d7 P adca56d3c0c142138f07de0d898d81f1 [CANDIDATE]: Term 1 pre-election: Election decided. Result: candidate lost. Election summary: received 3 responses out of 3 voters: 1 yes votes; 2 no votes. yes voters: adca56d3c0c142138f07de0d898d81f1; no voters: afdf88170035445886ffcd37a4564a0b, c42d45b98a2a4d9a81e62057b8640cfc
I20260713 09:10:25.742543 27757 leader_election.cc:290] T ae59590f21454c13b4151e88d6827a75 P adca56d3c0c142138f07de0d898d81f1 [CANDIDATE]: Term 1 pre-election: Requested pre-vote from peers c42d45b98a2a4d9a81e62057b8640cfc (127.26.76.129:45029), afdf88170035445886ffcd37a4564a0b (127.26.76.130:45257)
I20260713 09:10:25.743189 27758 raft_consensus.cc:3060] T 31a7ac8bb55e4c06826bc097e078c4d7 P adca56d3c0c142138f07de0d898d81f1 [term 0 FOLLOWER]: Advancing to term 1
I20260713 09:10:25.746639 27749 tablet_bootstrap.cc:492] T 3618f411f08f464b8d0ffce7e91ea636 P c42d45b98a2a4d9a81e62057b8640cfc: No bootstrap required, opened a new log
I20260713 09:10:25.747176 27749 ts_tablet_manager.cc:1403] T 3618f411f08f464b8d0ffce7e91ea636 P c42d45b98a2a4d9a81e62057b8640cfc: Time spent bootstrapping tablet: real 0.057s	user 0.007s	sys 0.014s
I20260713 09:10:25.749554 27556 tablet_service.cc:1917] Received RequestConsensusVote() RPC: tablet_id: "ae59590f21454c13b4151e88d6827a75" candidate_uuid: "adca56d3c0c142138f07de0d898d81f1" candidate_term: 1 candidate_status { last_received { term: 0 index: 0 } } ignore_live_leader: false dest_uuid: "c42d45b98a2a4d9a81e62057b8640cfc" is_pre_election: true
I20260713 09:10:25.750366 27556 raft_consensus.cc:2468] T ae59590f21454c13b4151e88d6827a75 P c42d45b98a2a4d9a81e62057b8640cfc [term 0 FOLLOWER]: Leader pre-election vote request: Granting yes vote for candidate adca56d3c0c142138f07de0d898d81f1 in term 0.
I20260713 09:10:25.750507 27749 raft_consensus.cc:359] T 3618f411f08f464b8d0ffce7e91ea636 P c42d45b98a2a4d9a81e62057b8640cfc [term 0 FOLLOWER]: Replica starting. Triggering 0 pending ops. Active config: opid_index: -1 OBSOLETE_local: false peers { permanent_uuid: "c42d45b98a2a4d9a81e62057b8640cfc" member_type: VOTER last_known_addr { host: "127.26.76.129" port: 45029 } } peers { permanent_uuid: "afdf88170035445886ffcd37a4564a0b" member_type: VOTER last_known_addr { host: "127.26.76.130" port: 45257 } } peers { permanent_uuid: "adca56d3c0c142138f07de0d898d81f1" member_type: VOTER last_known_addr { host: "127.26.76.131" port: 34879 } }
I20260713 09:10:25.751374 27749 raft_consensus.cc:385] T 3618f411f08f464b8d0ffce7e91ea636 P c42d45b98a2a4d9a81e62057b8640cfc [term 0 FOLLOWER]: Consensus starting up: Expiring failure detector timer to make a prompt election more likely
I20260713 09:10:25.751703 27749 raft_consensus.cc:740] T 3618f411f08f464b8d0ffce7e91ea636 P c42d45b98a2a4d9a81e62057b8640cfc [term 0 FOLLOWER]: Becoming Follower/Learner. State: Replica: c42d45b98a2a4d9a81e62057b8640cfc, State: Initialized, Role: FOLLOWER
I20260713 09:10:25.753505 27749 consensus_queue.cc:260] T 3618f411f08f464b8d0ffce7e91ea636 P c42d45b98a2a4d9a81e62057b8640cfc [NON_LEADER]: Queue going to NON_LEADER mode. State: All replicated index: 0, Majority replicated index: 0, Committed index: 0, Last appended: 0.0, Last appended by leader: 0, Current term: 0, Majority size: -1, State: 0, Mode: NON_LEADER, active raft config: opid_index: -1 OBSOLETE_local: false peers { permanent_uuid: "c42d45b98a2a4d9a81e62057b8640cfc" member_type: VOTER last_known_addr { host: "127.26.76.129" port: 45029 } } peers { permanent_uuid: "afdf88170035445886ffcd37a4564a0b" member_type: VOTER last_known_addr { host: "127.26.76.130" port: 45257 } } peers { permanent_uuid: "adca56d3c0c142138f07de0d898d81f1" member_type: VOTER last_known_addr { host: "127.26.76.131" port: 34879 } }
I20260713 09:10:25.754717 27750 tablet_bootstrap.cc:492] T 536ccc0721654c25b054c6e788289600 P adca56d3c0c142138f07de0d898d81f1: No bootstrap required, opened a new log
I20260713 09:10:25.755172 27750 ts_tablet_manager.cc:1403] T 536ccc0721654c25b054c6e788289600 P adca56d3c0c142138f07de0d898d81f1: Time spent bootstrapping tablet: real 0.046s	user 0.018s	sys 0.013s
I20260713 09:10:25.755512 27633 tablet_service.cc:1917] Received RequestConsensusVote() RPC: tablet_id: "ae59590f21454c13b4151e88d6827a75" candidate_uuid: "adca56d3c0c142138f07de0d898d81f1" candidate_term: 1 candidate_status { last_received { term: 0 index: 0 } } ignore_live_leader: false dest_uuid: "afdf88170035445886ffcd37a4564a0b" is_pre_election: true
W20260713 09:10:25.757558 27672 leader_election.cc:343] T ae59590f21454c13b4151e88d6827a75 P adca56d3c0c142138f07de0d898d81f1 [CANDIDATE]: Term 1 pre-election: Tablet error from VoteRequest() call to peer afdf88170035445886ffcd37a4564a0b (127.26.76.130:45257): Illegal state: must be running to vote when last-logged opid is not known
I20260713 09:10:25.757794 27750 raft_consensus.cc:359] T 536ccc0721654c25b054c6e788289600 P adca56d3c0c142138f07de0d898d81f1 [term 0 FOLLOWER]: Replica starting. Triggering 0 pending ops. Active config: opid_index: -1 OBSOLETE_local: false peers { permanent_uuid: "c42d45b98a2a4d9a81e62057b8640cfc" member_type: VOTER last_known_addr { host: "127.26.76.129" port: 45029 } } peers { permanent_uuid: "afdf88170035445886ffcd37a4564a0b" member_type: VOTER last_known_addr { host: "127.26.76.130" port: 45257 } } peers { permanent_uuid: "adca56d3c0c142138f07de0d898d81f1" member_type: VOTER last_known_addr { host: "127.26.76.131" port: 34879 } }
I20260713 09:10:25.758579 27750 raft_consensus.cc:385] T 536ccc0721654c25b054c6e788289600 P adca56d3c0c142138f07de0d898d81f1 [term 0 FOLLOWER]: Consensus starting up: Expiring failure detector timer to make a prompt election more likely
I20260713 09:10:25.758499 27672 leader_election.cc:304] T ae59590f21454c13b4151e88d6827a75 P adca56d3c0c142138f07de0d898d81f1 [CANDIDATE]: Term 1 pre-election: Election decided. Result: candidate won. Election summary: received 3 responses out of 3 voters: 2 yes votes; 1 no votes. yes voters: adca56d3c0c142138f07de0d898d81f1, c42d45b98a2a4d9a81e62057b8640cfc; no voters: afdf88170035445886ffcd37a4564a0b
I20260713 09:10:25.759063 27750 raft_consensus.cc:740] T 536ccc0721654c25b054c6e788289600 P adca56d3c0c142138f07de0d898d81f1 [term 0 FOLLOWER]: Becoming Follower/Learner. State: Replica: adca56d3c0c142138f07de0d898d81f1, State: Initialized, Role: FOLLOWER
I20260713 09:10:25.759888 27750 consensus_queue.cc:260] T 536ccc0721654c25b054c6e788289600 P adca56d3c0c142138f07de0d898d81f1 [NON_LEADER]: Queue going to NON_LEADER mode. State: All replicated index: 0, Majority replicated index: 0, Committed index: 0, Last appended: 0.0, Last appended by leader: 0, Current term: 0, Majority size: -1, State: 0, Mode: NON_LEADER, active raft config: opid_index: -1 OBSOLETE_local: false peers { permanent_uuid: "c42d45b98a2a4d9a81e62057b8640cfc" member_type: VOTER last_known_addr { host: "127.26.76.129" port: 45029 } } peers { permanent_uuid: "afdf88170035445886ffcd37a4564a0b" member_type: VOTER last_known_addr { host: "127.26.76.130" port: 45257 } } peers { permanent_uuid: "adca56d3c0c142138f07de0d898d81f1" member_type: VOTER last_known_addr { host: "127.26.76.131" port: 34879 } }
I20260713 09:10:25.761759 27749 ts_tablet_manager.cc:1434] T 3618f411f08f464b8d0ffce7e91ea636 P c42d45b98a2a4d9a81e62057b8640cfc: Time spent starting tablet: real 0.014s	user 0.006s	sys 0.001s
I20260713 09:10:25.762647 27749 tablet_bootstrap.cc:492] T 536ccc0721654c25b054c6e788289600 P c42d45b98a2a4d9a81e62057b8640cfc: Bootstrap starting.
I20260713 09:10:25.763005 27758 raft_consensus.cc:2749] T 31a7ac8bb55e4c06826bc097e078c4d7 P adca56d3c0c142138f07de0d898d81f1 [term 1 FOLLOWER]: Leader pre-election lost for term 1. Reason: could not achieve majority
I20260713 09:10:25.763965 27757 raft_consensus.cc:2804] T ae59590f21454c13b4151e88d6827a75 P adca56d3c0c142138f07de0d898d81f1 [term 0 FOLLOWER]: Leader pre-election won for term 1
I20260713 09:10:25.764436 27757 raft_consensus.cc:493] T ae59590f21454c13b4151e88d6827a75 P adca56d3c0c142138f07de0d898d81f1 [term 0 FOLLOWER]: Starting leader election (no leader contacted us within the election timeout)
I20260713 09:10:25.764863 27757 raft_consensus.cc:3060] T ae59590f21454c13b4151e88d6827a75 P adca56d3c0c142138f07de0d898d81f1 [term 0 FOLLOWER]: Advancing to term 1
I20260713 09:10:25.767983 27749 tablet_bootstrap.cc:654] T 536ccc0721654c25b054c6e788289600 P c42d45b98a2a4d9a81e62057b8640cfc: Neither blocks nor log segments found. Creating new log.
I20260713 09:10:25.774884 27756 consensus_queue.cc:237] T 0706bae5b2674ba3a219b94ddb321aa0 P afdf88170035445886ffcd37a4564a0b [LEADER]: Queue going to LEADER mode. State: All replicated index: 0, Majority replicated index: 0, Committed index: 0, Last appended: 0.0, Last appended by leader: 0, Current term: 1, Majority size: 2, State: 0, Mode: LEADER, active raft config: opid_index: -1 OBSOLETE_local: false peers { permanent_uuid: "c42d45b98a2a4d9a81e62057b8640cfc" member_type: VOTER last_known_addr { host: "127.26.76.129" port: 45029 } } peers { permanent_uuid: "afdf88170035445886ffcd37a4564a0b" member_type: VOTER last_known_addr { host: "127.26.76.130" port: 45257 } } peers { permanent_uuid: "adca56d3c0c142138f07de0d898d81f1" member_type: VOTER last_known_addr { host: "127.26.76.131" port: 34879 } }
I20260713 09:10:25.777134 27749 tablet_bootstrap.cc:492] T 536ccc0721654c25b054c6e788289600 P c42d45b98a2a4d9a81e62057b8640cfc: No bootstrap required, opened a new log
I20260713 09:10:25.777709 27749 ts_tablet_manager.cc:1403] T 536ccc0721654c25b054c6e788289600 P c42d45b98a2a4d9a81e62057b8640cfc: Time spent bootstrapping tablet: real 0.015s	user 0.009s	sys 0.003s
I20260713 09:10:25.779174 27757 raft_consensus.cc:515] T ae59590f21454c13b4151e88d6827a75 P adca56d3c0c142138f07de0d898d81f1 [term 1 FOLLOWER]: Starting leader election with config: opid_index: -1 OBSOLETE_local: false peers { permanent_uuid: "c42d45b98a2a4d9a81e62057b8640cfc" member_type: VOTER last_known_addr { host: "127.26.76.129" port: 45029 } } peers { permanent_uuid: "afdf88170035445886ffcd37a4564a0b" member_type: VOTER last_known_addr { host: "127.26.76.130" port: 45257 } } peers { permanent_uuid: "adca56d3c0c142138f07de0d898d81f1" member_type: VOTER last_known_addr { host: "127.26.76.131" port: 34879 } }
I20260713 09:10:25.782737 27556 tablet_service.cc:1917] Received RequestConsensusVote() RPC: tablet_id: "ae59590f21454c13b4151e88d6827a75" candidate_uuid: "adca56d3c0c142138f07de0d898d81f1" candidate_term: 1 candidate_status { last_received { term: 0 index: 0 } } ignore_live_leader: false dest_uuid: "c42d45b98a2a4d9a81e62057b8640cfc"
I20260713 09:10:25.783461 27556 raft_consensus.cc:3060] T ae59590f21454c13b4151e88d6827a75 P c42d45b98a2a4d9a81e62057b8640cfc [term 0 FOLLOWER]: Advancing to term 1
I20260713 09:10:25.785960 27633 tablet_service.cc:1917] Received RequestConsensusVote() RPC: tablet_id: "ae59590f21454c13b4151e88d6827a75" candidate_uuid: "adca56d3c0c142138f07de0d898d81f1" candidate_term: 1 candidate_status { last_received { term: 0 index: 0 } } ignore_live_leader: false dest_uuid: "afdf88170035445886ffcd37a4564a0b"
W20260713 09:10:25.793300 27672 leader_election.cc:343] T ae59590f21454c13b4151e88d6827a75 P adca56d3c0c142138f07de0d898d81f1 [CANDIDATE]: Term 1 election: Tablet error from VoteRequest() call to peer afdf88170035445886ffcd37a4564a0b (127.26.76.130:45257): Illegal state: must be running to vote when last-logged opid is not known
I20260713 09:10:25.794305 27757 leader_election.cc:290] T ae59590f21454c13b4151e88d6827a75 P adca56d3c0c142138f07de0d898d81f1 [CANDIDATE]: Term 1 election: Requested vote from peers c42d45b98a2a4d9a81e62057b8640cfc (127.26.76.129:45029), afdf88170035445886ffcd37a4564a0b (127.26.76.130:45257)
I20260713 09:10:25.795971 27556 raft_consensus.cc:2468] T ae59590f21454c13b4151e88d6827a75 P c42d45b98a2a4d9a81e62057b8640cfc [term 1 FOLLOWER]: Leader election vote request: Granting yes vote for candidate adca56d3c0c142138f07de0d898d81f1 in term 1.
I20260713 09:10:25.796274 27750 ts_tablet_manager.cc:1434] T 536ccc0721654c25b054c6e788289600 P adca56d3c0c142138f07de0d898d81f1: Time spent starting tablet: real 0.041s	user 0.011s	sys 0.018s
I20260713 09:10:25.797224 27672 leader_election.cc:304] T ae59590f21454c13b4151e88d6827a75 P adca56d3c0c142138f07de0d898d81f1 [CANDIDATE]: Term 1 election: Election decided. Result: candidate won. Election summary: received 3 responses out of 3 voters: 2 yes votes; 1 no votes. yes voters: adca56d3c0c142138f07de0d898d81f1, c42d45b98a2a4d9a81e62057b8640cfc; no voters: afdf88170035445886ffcd37a4564a0b
I20260713 09:10:25.797492 27748 tablet_bootstrap.cc:492] T 29652720c71d42edb7c4da41eec1a013 P afdf88170035445886ffcd37a4564a0b: No bootstrap required, opened a new log
I20260713 09:10:25.797963 27748 ts_tablet_manager.cc:1403] T 29652720c71d42edb7c4da41eec1a013 P afdf88170035445886ffcd37a4564a0b: Time spent bootstrapping tablet: real 0.127s	user 0.033s	sys 0.049s
I20260713 09:10:25.798609 27788 raft_consensus.cc:2804] T ae59590f21454c13b4151e88d6827a75 P adca56d3c0c142138f07de0d898d81f1 [term 1 FOLLOWER]: Leader election won for term 1
I20260713 09:10:25.799106 27788 raft_consensus.cc:697] T ae59590f21454c13b4151e88d6827a75 P adca56d3c0c142138f07de0d898d81f1 [term 1 LEADER]: Becoming Leader. State: Replica: adca56d3c0c142138f07de0d898d81f1, State: Running, Role: LEADER
I20260713 09:10:25.800145 27750 tablet_bootstrap.cc:492] T 29652720c71d42edb7c4da41eec1a013 P adca56d3c0c142138f07de0d898d81f1: Bootstrap starting.
I20260713 09:10:25.799872 27788 consensus_queue.cc:237] T ae59590f21454c13b4151e88d6827a75 P adca56d3c0c142138f07de0d898d81f1 [LEADER]: Queue going to LEADER mode. State: All replicated index: 0, Majority replicated index: 0, Committed index: 0, Last appended: 0.0, Last appended by leader: 0, Current term: 1, Majority size: 2, State: 0, Mode: LEADER, active raft config: opid_index: -1 OBSOLETE_local: false peers { permanent_uuid: "c42d45b98a2a4d9a81e62057b8640cfc" member_type: VOTER last_known_addr { host: "127.26.76.129" port: 45029 } } peers { permanent_uuid: "afdf88170035445886ffcd37a4564a0b" member_type: VOTER last_known_addr { host: "127.26.76.130" port: 45257 } } peers { permanent_uuid: "adca56d3c0c142138f07de0d898d81f1" member_type: VOTER last_known_addr { host: "127.26.76.131" port: 34879 } }
I20260713 09:10:25.800469 27748 raft_consensus.cc:359] T 29652720c71d42edb7c4da41eec1a013 P afdf88170035445886ffcd37a4564a0b [term 0 FOLLOWER]: Replica starting. Triggering 0 pending ops. Active config: opid_index: -1 OBSOLETE_local: false peers { permanent_uuid: "c42d45b98a2a4d9a81e62057b8640cfc" member_type: VOTER last_known_addr { host: "127.26.76.129" port: 45029 } } peers { permanent_uuid: "afdf88170035445886ffcd37a4564a0b" member_type: VOTER last_known_addr { host: "127.26.76.130" port: 45257 } } peers { permanent_uuid: "adca56d3c0c142138f07de0d898d81f1" member_type: VOTER last_known_addr { host: "127.26.76.131" port: 34879 } }
I20260713 09:10:25.801102 27748 raft_consensus.cc:385] T 29652720c71d42edb7c4da41eec1a013 P afdf88170035445886ffcd37a4564a0b [term 0 FOLLOWER]: Consensus starting up: Expiring failure detector timer to make a prompt election more likely
I20260713 09:10:25.801378 27748 raft_consensus.cc:740] T 29652720c71d42edb7c4da41eec1a013 P afdf88170035445886ffcd37a4564a0b [term 0 FOLLOWER]: Becoming Follower/Learner. State: Replica: afdf88170035445886ffcd37a4564a0b, State: Initialized, Role: FOLLOWER
I20260713 09:10:25.781034 27749 raft_consensus.cc:359] T 536ccc0721654c25b054c6e788289600 P c42d45b98a2a4d9a81e62057b8640cfc [term 0 FOLLOWER]: Replica starting. Triggering 0 pending ops. Active config: opid_index: -1 OBSOLETE_local: false peers { permanent_uuid: "c42d45b98a2a4d9a81e62057b8640cfc" member_type: VOTER last_known_addr { host: "127.26.76.129" port: 45029 } } peers { permanent_uuid: "afdf88170035445886ffcd37a4564a0b" member_type: VOTER last_known_addr { host: "127.26.76.130" port: 45257 } } peers { permanent_uuid: "adca56d3c0c142138f07de0d898d81f1" member_type: VOTER last_known_addr { host: "127.26.76.131" port: 34879 } }
I20260713 09:10:25.802228 27749 raft_consensus.cc:385] T 536ccc0721654c25b054c6e788289600 P c42d45b98a2a4d9a81e62057b8640cfc [term 0 FOLLOWER]: Consensus starting up: Expiring failure detector timer to make a prompt election more likely
I20260713 09:10:25.801975 27748 consensus_queue.cc:260] T 29652720c71d42edb7c4da41eec1a013 P afdf88170035445886ffcd37a4564a0b [NON_LEADER]: Queue going to NON_LEADER mode. State: All replicated index: 0, Majority replicated index: 0, Committed index: 0, Last appended: 0.0, Last appended by leader: 0, Current term: 0, Majority size: -1, State: 0, Mode: NON_LEADER, active raft config: opid_index: -1 OBSOLETE_local: false peers { permanent_uuid: "c42d45b98a2a4d9a81e62057b8640cfc" member_type: VOTER last_known_addr { host: "127.26.76.129" port: 45029 } } peers { permanent_uuid: "afdf88170035445886ffcd37a4564a0b" member_type: VOTER last_known_addr { host: "127.26.76.130" port: 45257 } } peers { permanent_uuid: "adca56d3c0c142138f07de0d898d81f1" member_type: VOTER last_known_addr { host: "127.26.76.131" port: 34879 } }
I20260713 09:10:25.802491 27749 raft_consensus.cc:740] T 536ccc0721654c25b054c6e788289600 P c42d45b98a2a4d9a81e62057b8640cfc [term 0 FOLLOWER]: Becoming Follower/Learner. State: Replica: c42d45b98a2a4d9a81e62057b8640cfc, State: Initialized, Role: FOLLOWER
I20260713 09:10:25.803277 27749 consensus_queue.cc:260] T 536ccc0721654c25b054c6e788289600 P c42d45b98a2a4d9a81e62057b8640cfc [NON_LEADER]: Queue going to NON_LEADER mode. State: All replicated index: 0, Majority replicated index: 0, Committed index: 0, Last appended: 0.0, Last appended by leader: 0, Current term: 0, Majority size: -1, State: 0, Mode: NON_LEADER, active raft config: opid_index: -1 OBSOLETE_local: false peers { permanent_uuid: "c42d45b98a2a4d9a81e62057b8640cfc" member_type: VOTER last_known_addr { host: "127.26.76.129" port: 45029 } } peers { permanent_uuid: "afdf88170035445886ffcd37a4564a0b" member_type: VOTER last_known_addr { host: "127.26.76.130" port: 45257 } } peers { permanent_uuid: "adca56d3c0c142138f07de0d898d81f1" member_type: VOTER last_known_addr { host: "127.26.76.131" port: 34879 } }
I20260713 09:10:25.803851 27748 ts_tablet_manager.cc:1434] T 29652720c71d42edb7c4da41eec1a013 P afdf88170035445886ffcd37a4564a0b: Time spent starting tablet: real 0.006s	user 0.004s	sys 0.000s
I20260713 09:10:25.804641 27748 tablet_bootstrap.cc:492] T ae59590f21454c13b4151e88d6827a75 P afdf88170035445886ffcd37a4564a0b: Bootstrap starting.
I20260713 09:10:25.803297 27456 catalog_manager.cc:5697] T 0706bae5b2674ba3a219b94ddb321aa0 P afdf88170035445886ffcd37a4564a0b reported cstate change: term changed from 0 to 1, leader changed from <none> to afdf88170035445886ffcd37a4564a0b (127.26.76.130). New cstate: current_term: 1 leader_uuid: "afdf88170035445886ffcd37a4564a0b" committed_config { opid_index: -1 OBSOLETE_local: false peers { permanent_uuid: "c42d45b98a2a4d9a81e62057b8640cfc" member_type: VOTER last_known_addr { host: "127.26.76.129" port: 45029 } health_report { overall_health: UNKNOWN } } peers { permanent_uuid: "afdf88170035445886ffcd37a4564a0b" member_type: VOTER last_known_addr { host: "127.26.76.130" port: 45257 } health_report { overall_health: HEALTHY } } peers { permanent_uuid: "adca56d3c0c142138f07de0d898d81f1" member_type: VOTER last_known_addr { host: "127.26.76.131" port: 34879 } health_report { overall_health: UNKNOWN } } }
I20260713 09:10:25.807283 27750 tablet_bootstrap.cc:654] T 29652720c71d42edb7c4da41eec1a013 P adca56d3c0c142138f07de0d898d81f1: Neither blocks nor log segments found. Creating new log.
I20260713 09:10:25.807840 27749 ts_tablet_manager.cc:1434] T 536ccc0721654c25b054c6e788289600 P c42d45b98a2a4d9a81e62057b8640cfc: Time spent starting tablet: real 0.030s	user 0.004s	sys 0.002s
I20260713 09:10:25.808790 27749 tablet_bootstrap.cc:492] T 29652720c71d42edb7c4da41eec1a013 P c42d45b98a2a4d9a81e62057b8640cfc: Bootstrap starting.
I20260713 09:10:25.810011 27748 tablet_bootstrap.cc:654] T ae59590f21454c13b4151e88d6827a75 P afdf88170035445886ffcd37a4564a0b: Neither blocks nor log segments found. Creating new log.
I20260713 09:10:25.819546 27749 tablet_bootstrap.cc:654] T 29652720c71d42edb7c4da41eec1a013 P c42d45b98a2a4d9a81e62057b8640cfc: Neither blocks nor log segments found. Creating new log.
I20260713 09:10:25.826409 27748 tablet_bootstrap.cc:492] T ae59590f21454c13b4151e88d6827a75 P afdf88170035445886ffcd37a4564a0b: No bootstrap required, opened a new log
I20260713 09:10:25.826817 27748 ts_tablet_manager.cc:1403] T ae59590f21454c13b4151e88d6827a75 P afdf88170035445886ffcd37a4564a0b: Time spent bootstrapping tablet: real 0.022s	user 0.007s	sys 0.010s
I20260713 09:10:25.829241 27748 raft_consensus.cc:359] T ae59590f21454c13b4151e88d6827a75 P afdf88170035445886ffcd37a4564a0b [term 0 FOLLOWER]: Replica starting. Triggering 0 pending ops. Active config: opid_index: -1 OBSOLETE_local: false peers { permanent_uuid: "c42d45b98a2a4d9a81e62057b8640cfc" member_type: VOTER last_known_addr { host: "127.26.76.129" port: 45029 } } peers { permanent_uuid: "afdf88170035445886ffcd37a4564a0b" member_type: VOTER last_known_addr { host: "127.26.76.130" port: 45257 } } peers { permanent_uuid: "adca56d3c0c142138f07de0d898d81f1" member_type: VOTER last_known_addr { host: "127.26.76.131" port: 34879 } }
I20260713 09:10:25.829850 27748 raft_consensus.cc:385] T ae59590f21454c13b4151e88d6827a75 P afdf88170035445886ffcd37a4564a0b [term 0 FOLLOWER]: Consensus starting up: Expiring failure detector timer to make a prompt election more likely
I20260713 09:10:25.830209 27748 raft_consensus.cc:740] T ae59590f21454c13b4151e88d6827a75 P afdf88170035445886ffcd37a4564a0b [term 0 FOLLOWER]: Becoming Follower/Learner. State: Replica: afdf88170035445886ffcd37a4564a0b, State: Initialized, Role: FOLLOWER
I20260713 09:10:25.830753 27785 raft_consensus.cc:515] T 704ebd44c79f486881a8170f321c45d9 P afdf88170035445886ffcd37a4564a0b [term 1 FOLLOWER]: Starting leader election with config: opid_index: -1 OBSOLETE_local: false peers { permanent_uuid: "c42d45b98a2a4d9a81e62057b8640cfc" member_type: VOTER last_known_addr { host: "127.26.76.129" port: 45029 } } peers { permanent_uuid: "afdf88170035445886ffcd37a4564a0b" member_type: VOTER last_known_addr { host: "127.26.76.130" port: 45257 } } peers { permanent_uuid: "adca56d3c0c142138f07de0d898d81f1" member_type: VOTER last_known_addr { host: "127.26.76.131" port: 34879 } }
I20260713 09:10:25.830932 27748 consensus_queue.cc:260] T ae59590f21454c13b4151e88d6827a75 P afdf88170035445886ffcd37a4564a0b [NON_LEADER]: Queue going to NON_LEADER mode. State: All replicated index: 0, Majority replicated index: 0, Committed index: 0, Last appended: 0.0, Last appended by leader: 0, Current term: 0, Majority size: -1, State: 0, Mode: NON_LEADER, active raft config: opid_index: -1 OBSOLETE_local: false peers { permanent_uuid: "c42d45b98a2a4d9a81e62057b8640cfc" member_type: VOTER last_known_addr { host: "127.26.76.129" port: 45029 } } peers { permanent_uuid: "afdf88170035445886ffcd37a4564a0b" member_type: VOTER last_known_addr { host: "127.26.76.130" port: 45257 } } peers { permanent_uuid: "adca56d3c0c142138f07de0d898d81f1" member_type: VOTER last_known_addr { host: "127.26.76.131" port: 34879 } }
I20260713 09:10:25.833154 27748 ts_tablet_manager.cc:1434] T ae59590f21454c13b4151e88d6827a75 P afdf88170035445886ffcd37a4564a0b: Time spent starting tablet: real 0.006s	user 0.006s	sys 0.000s
I20260713 09:10:25.833962 27748 tablet_bootstrap.cc:492] T 238de0bfa06d44e2b68d994b81730b5f P afdf88170035445886ffcd37a4564a0b: Bootstrap starting.
I20260713 09:10:25.833885 27556 tablet_service.cc:1917] Received RequestConsensusVote() RPC: tablet_id: "704ebd44c79f486881a8170f321c45d9" candidate_uuid: "afdf88170035445886ffcd37a4564a0b" candidate_term: 1 candidate_status { last_received { term: 0 index: 0 } } ignore_live_leader: false dest_uuid: "c42d45b98a2a4d9a81e62057b8640cfc"
I20260713 09:10:25.834504 27556 raft_consensus.cc:3060] T 704ebd44c79f486881a8170f321c45d9 P c42d45b98a2a4d9a81e62057b8640cfc [term 0 FOLLOWER]: Advancing to term 1
I20260713 09:10:25.833704 27455 catalog_manager.cc:5697] T ae59590f21454c13b4151e88d6827a75 P adca56d3c0c142138f07de0d898d81f1 reported cstate change: term changed from 0 to 1, leader changed from <none> to adca56d3c0c142138f07de0d898d81f1 (127.26.76.131). New cstate: current_term: 1 leader_uuid: "adca56d3c0c142138f07de0d898d81f1" committed_config { opid_index: -1 OBSOLETE_local: false peers { permanent_uuid: "c42d45b98a2a4d9a81e62057b8640cfc" member_type: VOTER last_known_addr { host: "127.26.76.129" port: 45029 } health_report { overall_health: UNKNOWN } } peers { permanent_uuid: "afdf88170035445886ffcd37a4564a0b" member_type: VOTER last_known_addr { host: "127.26.76.130" port: 45257 } health_report { overall_health: UNKNOWN } } peers { permanent_uuid: "adca56d3c0c142138f07de0d898d81f1" member_type: VOTER last_known_addr { host: "127.26.76.131" port: 34879 } health_report { overall_health: HEALTHY } } }
I20260713 09:10:25.840457 27788 raft_consensus.cc:493] T e1e62b316b7448c283905e500a0bdec2 P adca56d3c0c142138f07de0d898d81f1 [term 0 FOLLOWER]: Starting pre-election (no leader contacted us within the election timeout)
I20260713 09:10:25.841043 27788 raft_consensus.cc:515] T e1e62b316b7448c283905e500a0bdec2 P adca56d3c0c142138f07de0d898d81f1 [term 0 FOLLOWER]: Starting pre-election with config: opid_index: -1 OBSOLETE_local: false peers { permanent_uuid: "c42d45b98a2a4d9a81e62057b8640cfc" member_type: VOTER last_known_addr { host: "127.26.76.129" port: 45029 } } peers { permanent_uuid: "afdf88170035445886ffcd37a4564a0b" member_type: VOTER last_known_addr { host: "127.26.76.130" port: 45257 } } peers { permanent_uuid: "adca56d3c0c142138f07de0d898d81f1" member_type: VOTER last_known_addr { host: "127.26.76.131" port: 34879 } }
I20260713 09:10:25.843497 27788 leader_election.cc:290] T e1e62b316b7448c283905e500a0bdec2 P adca56d3c0c142138f07de0d898d81f1 [CANDIDATE]: Term 1 pre-election: Requested pre-vote from peers c42d45b98a2a4d9a81e62057b8640cfc (127.26.76.129:45029), afdf88170035445886ffcd37a4564a0b (127.26.76.130:45257)
I20260713 09:10:25.844892 27557 tablet_service.cc:1917] Received RequestConsensusVote() RPC: tablet_id: "e1e62b316b7448c283905e500a0bdec2" candidate_uuid: "adca56d3c0c142138f07de0d898d81f1" candidate_term: 1 candidate_status { last_received { term: 0 index: 0 } } ignore_live_leader: false dest_uuid: "c42d45b98a2a4d9a81e62057b8640cfc" is_pre_election: true
I20260713 09:10:25.845103 27756 raft_consensus.cc:493] T 29652720c71d42edb7c4da41eec1a013 P afdf88170035445886ffcd37a4564a0b [term 0 FOLLOWER]: Starting pre-election (no leader contacted us within the election timeout)
I20260713 09:10:25.845463 27557 raft_consensus.cc:2468] T e1e62b316b7448c283905e500a0bdec2 P c42d45b98a2a4d9a81e62057b8640cfc [term 0 FOLLOWER]: Leader pre-election vote request: Granting yes vote for candidate adca56d3c0c142138f07de0d898d81f1 in term 0.
I20260713 09:10:25.845579 27749 tablet_bootstrap.cc:492] T 29652720c71d42edb7c4da41eec1a013 P c42d45b98a2a4d9a81e62057b8640cfc: No bootstrap required, opened a new log
I20260713 09:10:25.845551 27756 raft_consensus.cc:515] T 29652720c71d42edb7c4da41eec1a013 P afdf88170035445886ffcd37a4564a0b [term 0 FOLLOWER]: Starting pre-election with config: opid_index: -1 OBSOLETE_local: false peers { permanent_uuid: "c42d45b98a2a4d9a81e62057b8640cfc" member_type: VOTER last_known_addr { host: "127.26.76.129" port: 45029 } } peers { permanent_uuid: "afdf88170035445886ffcd37a4564a0b" member_type: VOTER last_known_addr { host: "127.26.76.130" port: 45257 } } peers { permanent_uuid: "adca56d3c0c142138f07de0d898d81f1" member_type: VOTER last_known_addr { host: "127.26.76.131" port: 34879 } }
I20260713 09:10:25.846752 27633 tablet_service.cc:1917] Received RequestConsensusVote() RPC: tablet_id: "e1e62b316b7448c283905e500a0bdec2" candidate_uuid: "adca56d3c0c142138f07de0d898d81f1" candidate_term: 1 candidate_status { last_received { term: 0 index: 0 } } ignore_live_leader: false dest_uuid: "afdf88170035445886ffcd37a4564a0b" is_pre_election: true
I20260713 09:10:25.847661 27633 raft_consensus.cc:2468] T e1e62b316b7448c283905e500a0bdec2 P afdf88170035445886ffcd37a4564a0b [term 0 FOLLOWER]: Leader pre-election vote request: Granting yes vote for candidate adca56d3c0c142138f07de0d898d81f1 in term 0.
I20260713 09:10:25.849159 27672 leader_election.cc:304] T e1e62b316b7448c283905e500a0bdec2 P adca56d3c0c142138f07de0d898d81f1 [CANDIDATE]: Term 1 pre-election: Election decided. Result: candidate won. Election summary: received 2 responses out of 3 voters: 2 yes votes; 0 no votes. yes voters: adca56d3c0c142138f07de0d898d81f1, afdf88170035445886ffcd37a4564a0b; no voters: 
I20260713 09:10:25.850155 27749 ts_tablet_manager.cc:1403] T 29652720c71d42edb7c4da41eec1a013 P c42d45b98a2a4d9a81e62057b8640cfc: Time spent bootstrapping tablet: real 0.042s	user 0.022s	sys 0.000s
I20260713 09:10:25.850531 27756 leader_election.cc:290] T 29652720c71d42edb7c4da41eec1a013 P afdf88170035445886ffcd37a4564a0b [CANDIDATE]: Term 1 pre-election: Requested pre-vote from peers c42d45b98a2a4d9a81e62057b8640cfc (127.26.76.129:45029), adca56d3c0c142138f07de0d898d81f1 (127.26.76.131:34879)
I20260713 09:10:25.851099 27557 tablet_service.cc:1917] Received RequestConsensusVote() RPC: tablet_id: "29652720c71d42edb7c4da41eec1a013" candidate_uuid: "afdf88170035445886ffcd37a4564a0b" candidate_term: 1 candidate_status { last_received { term: 0 index: 0 } } ignore_live_leader: false dest_uuid: "c42d45b98a2a4d9a81e62057b8640cfc" is_pre_election: true
I20260713 09:10:25.851835 27748 tablet_bootstrap.cc:654] T 238de0bfa06d44e2b68d994b81730b5f P afdf88170035445886ffcd37a4564a0b: Neither blocks nor log segments found. Creating new log.
I20260713 09:10:25.851699 27706 tablet_service.cc:1917] Received RequestConsensusVote() RPC: tablet_id: "29652720c71d42edb7c4da41eec1a013" candidate_uuid: "afdf88170035445886ffcd37a4564a0b" candidate_term: 1 candidate_status { last_received { term: 0 index: 0 } } ignore_live_leader: false dest_uuid: "adca56d3c0c142138f07de0d898d81f1" is_pre_election: true
I20260713 09:10:25.851783 27788 raft_consensus.cc:2804] T e1e62b316b7448c283905e500a0bdec2 P adca56d3c0c142138f07de0d898d81f1 [term 0 FOLLOWER]: Leader pre-election won for term 1
I20260713 09:10:25.852399 27788 raft_consensus.cc:493] T e1e62b316b7448c283905e500a0bdec2 P adca56d3c0c142138f07de0d898d81f1 [term 0 FOLLOWER]: Starting leader election (no leader contacted us within the election timeout)
I20260713 09:10:25.852814 27788 raft_consensus.cc:3060] T e1e62b316b7448c283905e500a0bdec2 P adca56d3c0c142138f07de0d898d81f1 [term 0 FOLLOWER]: Advancing to term 1
W20260713 09:10:25.853086 27600 leader_election.cc:343] T 29652720c71d42edb7c4da41eec1a013 P afdf88170035445886ffcd37a4564a0b [CANDIDATE]: Term 1 pre-election: Tablet error from VoteRequest() call to peer adca56d3c0c142138f07de0d898d81f1 (127.26.76.131:34879): Illegal state: must be running to vote when last-logged opid is not known
I20260713 09:10:25.853895 27556 raft_consensus.cc:2468] T 704ebd44c79f486881a8170f321c45d9 P c42d45b98a2a4d9a81e62057b8640cfc [term 1 FOLLOWER]: Leader election vote request: Granting yes vote for candidate afdf88170035445886ffcd37a4564a0b in term 1.
I20260713 09:10:25.854480 27785 leader_election.cc:290] T 704ebd44c79f486881a8170f321c45d9 P afdf88170035445886ffcd37a4564a0b [CANDIDATE]: Term 1 election: Requested vote from peers c42d45b98a2a4d9a81e62057b8640cfc (127.26.76.129:45029), adca56d3c0c142138f07de0d898d81f1 (127.26.76.131:34879)
I20260713 09:10:25.855021 27598 leader_election.cc:304] T 704ebd44c79f486881a8170f321c45d9 P afdf88170035445886ffcd37a4564a0b [CANDIDATE]: Term 1 election: Election decided. Result: candidate won. Election summary: received 2 responses out of 3 voters: 2 yes votes; 0 no votes. yes voters: afdf88170035445886ffcd37a4564a0b, c42d45b98a2a4d9a81e62057b8640cfc; no voters: 
I20260713 09:10:25.856896 27757 raft_consensus.cc:493] T 536ccc0721654c25b054c6e788289600 P adca56d3c0c142138f07de0d898d81f1 [term 0 FOLLOWER]: Starting pre-election (no leader contacted us within the election timeout)
I20260713 09:10:25.857235 27749 raft_consensus.cc:359] T 29652720c71d42edb7c4da41eec1a013 P c42d45b98a2a4d9a81e62057b8640cfc [term 0 FOLLOWER]: Replica starting. Triggering 0 pending ops. Active config: opid_index: -1 OBSOLETE_local: false peers { permanent_uuid: "c42d45b98a2a4d9a81e62057b8640cfc" member_type: VOTER last_known_addr { host: "127.26.76.129" port: 45029 } } peers { permanent_uuid: "afdf88170035445886ffcd37a4564a0b" member_type: VOTER last_known_addr { host: "127.26.76.130" port: 45257 } } peers { permanent_uuid: "adca56d3c0c142138f07de0d898d81f1" member_type: VOTER last_known_addr { host: "127.26.76.131" port: 34879 } }
I20260713 09:10:25.857338 27757 raft_consensus.cc:515] T 536ccc0721654c25b054c6e788289600 P adca56d3c0c142138f07de0d898d81f1 [term 0 FOLLOWER]: Starting pre-election with config: opid_index: -1 OBSOLETE_local: false peers { permanent_uuid: "c42d45b98a2a4d9a81e62057b8640cfc" member_type: VOTER last_known_addr { host: "127.26.76.129" port: 45029 } } peers { permanent_uuid: "afdf88170035445886ffcd37a4564a0b" member_type: VOTER last_known_addr { host: "127.26.76.130" port: 45257 } } peers { permanent_uuid: "adca56d3c0c142138f07de0d898d81f1" member_type: VOTER last_known_addr { host: "127.26.76.131" port: 34879 } }
I20260713 09:10:25.857884 27749 raft_consensus.cc:385] T 29652720c71d42edb7c4da41eec1a013 P c42d45b98a2a4d9a81e62057b8640cfc [term 0 FOLLOWER]: Consensus starting up: Expiring failure detector timer to make a prompt election more likely
I20260713 09:10:25.857990 27785 raft_consensus.cc:2804] T 704ebd44c79f486881a8170f321c45d9 P afdf88170035445886ffcd37a4564a0b [term 1 FOLLOWER]: Leader election won for term 1
I20260713 09:10:25.857990 27706 tablet_service.cc:1917] Received RequestConsensusVote() RPC: tablet_id: "704ebd44c79f486881a8170f321c45d9" candidate_uuid: "afdf88170035445886ffcd37a4564a0b" candidate_term: 1 candidate_status { last_received { term: 0 index: 0 } } ignore_live_leader: false dest_uuid: "adca56d3c0c142138f07de0d898d81f1"
I20260713 09:10:25.858242 27749 raft_consensus.cc:740] T 29652720c71d42edb7c4da41eec1a013 P c42d45b98a2a4d9a81e62057b8640cfc [term 0 FOLLOWER]: Becoming Follower/Learner. State: Replica: c42d45b98a2a4d9a81e62057b8640cfc, State: Initialized, Role: FOLLOWER
I20260713 09:10:25.858630 27785 raft_consensus.cc:697] T 704ebd44c79f486881a8170f321c45d9 P afdf88170035445886ffcd37a4564a0b [term 1 LEADER]: Becoming Leader. State: Replica: afdf88170035445886ffcd37a4564a0b, State: Running, Role: LEADER
I20260713 09:10:25.858717 27706 raft_consensus.cc:3060] T 704ebd44c79f486881a8170f321c45d9 P adca56d3c0c142138f07de0d898d81f1 [term 0 FOLLOWER]: Advancing to term 1
