I20260713 09:10:07.973906 32294 raft_consensus.cc:515] T 1b6d021790274ffea453109435dd8fd0 P 0e5e7f9e3735437b99b731be9a07018f [term 2 FOLLOWER]: Starting forced leader election with config: opid_index: -1 OBSOLETE_local: false peers { permanent_uuid: "0e5e7f9e3735437b99b731be9a07018f" member_type: VOTER last_known_addr { host: "127.31.104.1" port: 35033 } } peers { permanent_uuid: "3e276130f1594cbd908e2fef87ee2ad2" member_type: VOTER last_known_addr { host: "127.31.104.2" port: 33243 } } peers { permanent_uuid: "5f02f788eaed45a2bfc3417bebe3ce78" member_type: VOTER last_known_addr { host: "127.31.104.3" port: 35457 } }
I20260713 09:10:07.975596 32294 leader_election.cc:290] T 1b6d021790274ffea453109435dd8fd0 P 0e5e7f9e3735437b99b731be9a07018f [CANDIDATE]: Term 2 election: Requested vote from peers 3e276130f1594cbd908e2fef87ee2ad2 (127.31.104.2:33243), 5f02f788eaed45a2bfc3417bebe3ce78 (127.31.104.3:35457)
I20260713 09:10:07.976272 32368 tablet_service.cc:1917] Received RequestConsensusVote() RPC: tablet_id: "1b6d021790274ffea453109435dd8fd0" candidate_uuid: "0e5e7f9e3735437b99b731be9a07018f" candidate_term: 2 candidate_status { last_received { term: 1 index: 1 } } ignore_live_leader: true dest_uuid: "3e276130f1594cbd908e2fef87ee2ad2"
I20260713 09:10:07.976563 32443 tablet_service.cc:1917] Received RequestConsensusVote() RPC: tablet_id: "1b6d021790274ffea453109435dd8fd0" candidate_uuid: "0e5e7f9e3735437b99b731be9a07018f" candidate_term: 2 candidate_status { last_received { term: 1 index: 1 } } ignore_live_leader: true dest_uuid: "5f02f788eaed45a2bfc3417bebe3ce78"
I20260713 09:10:07.976819 32368 raft_consensus.cc:3060] T 1b6d021790274ffea453109435dd8fd0 P 3e276130f1594cbd908e2fef87ee2ad2 [term 1 FOLLOWER]: Advancing to term 2
I20260713 09:10:07.977113 32443 raft_consensus.cc:3055] T 1b6d021790274ffea453109435dd8fd0 P 5f02f788eaed45a2bfc3417bebe3ce78 [term 1 LEADER]: Stepping down as leader of term 1
I20260713 09:10:07.977399 32443 raft_consensus.cc:740] T 1b6d021790274ffea453109435dd8fd0 P 5f02f788eaed45a2bfc3417bebe3ce78 [term 1 LEADER]: Becoming Follower/Learner. State: Replica: 5f02f788eaed45a2bfc3417bebe3ce78, State: Running, Role: LEADER
I20260713 09:10:07.978006 32443 consensus_queue.cc:260] T 1b6d021790274ffea453109435dd8fd0 P 5f02f788eaed45a2bfc3417bebe3ce78 [NON_LEADER]: Queue going to NON_LEADER mode. State: All replicated index: 0, Majority replicated index: 1, Committed index: 1, Last appended: 1.1, Last appended by leader: 1, Current term: 1, Majority size: -1, State: 0, Mode: NON_LEADER, active raft config: opid_index: -1 OBSOLETE_local: false peers { permanent_uuid: "0e5e7f9e3735437b99b731be9a07018f" member_type: VOTER last_known_addr { host: "127.31.104.1" port: 35033 } } peers { permanent_uuid: "3e276130f1594cbd908e2fef87ee2ad2" member_type: VOTER last_known_addr { host: "127.31.104.2" port: 33243 } } peers { permanent_uuid: "5f02f788eaed45a2bfc3417bebe3ce78" member_type: VOTER last_known_addr { host: "127.31.104.3" port: 35457 } }
I20260713 09:10:07.978801 32443 raft_consensus.cc:3060] T 1b6d021790274ffea453109435dd8fd0 P 5f02f788eaed45a2bfc3417bebe3ce78 [term 1 FOLLOWER]: Advancing to term 2
I20260713 09:10:07.982487 32443 raft_consensus.cc:2468] T 1b6d021790274ffea453109435dd8fd0 P 5f02f788eaed45a2bfc3417bebe3ce78 [term 2 FOLLOWER]: Leader election vote request: Granting yes vote for candidate 0e5e7f9e3735437b99b731be9a07018f in term 2.
I20260713 09:10:07.982905 32368 raft_consensus.cc:2468] T 1b6d021790274ffea453109435dd8fd0 P 3e276130f1594cbd908e2fef87ee2ad2 [term 2 FOLLOWER]: Leader election vote request: Granting yes vote for candidate 0e5e7f9e3735437b99b731be9a07018f in term 2.
I20260713 09:10:07.983297 32260 leader_election.cc:304] T 1b6d021790274ffea453109435dd8fd0 P 0e5e7f9e3735437b99b731be9a07018f [CANDIDATE]: Term 2 election: Election decided. Result: candidate won. Election summary: received 2 responses out of 3 voters: 2 yes votes; 0 no votes. yes voters: 0e5e7f9e3735437b99b731be9a07018f, 5f02f788eaed45a2bfc3417bebe3ce78; no voters: 
I20260713 09:10:07.983991 32491 raft_consensus.cc:2804] T 1b6d021790274ffea453109435dd8fd0 P 0e5e7f9e3735437b99b731be9a07018f [term 2 FOLLOWER]: Leader election won for term 2
I20260713 09:10:07.984326 32491 raft_consensus.cc:697] T 1b6d021790274ffea453109435dd8fd0 P 0e5e7f9e3735437b99b731be9a07018f [term 2 LEADER]: Becoming Leader. State: Replica: 0e5e7f9e3735437b99b731be9a07018f, State: Running, Role: LEADER
I20260713 09:10:07.985380 32491 consensus_queue.cc:237] T 1b6d021790274ffea453109435dd8fd0 P 0e5e7f9e3735437b99b731be9a07018f [LEADER]: Queue going to LEADER mode. State: All replicated index: 0, Majority replicated index: 1, Committed index: 1, Last appended: 1.1, Last appended by leader: 1, Current term: 2, Majority size: 2, State: 0, Mode: LEADER, active raft config: opid_index: -1 OBSOLETE_local: false peers { permanent_uuid: "0e5e7f9e3735437b99b731be9a07018f" member_type: VOTER last_known_addr { host: "127.31.104.1" port: 35033 } } peers { permanent_uuid: "3e276130f1594cbd908e2fef87ee2ad2" member_type: VOTER last_known_addr { host: "127.31.104.2" port: 33243 } } peers { permanent_uuid: "5f02f788eaed45a2bfc3417bebe3ce78" member_type: VOTER last_known_addr { host: "127.31.104.3" port: 35457 } }
I20260713 09:10:07.991919 32192 catalog_manager.cc:5697] T 1b6d021790274ffea453109435dd8fd0 P 0e5e7f9e3735437b99b731be9a07018f reported cstate change: term changed from 1 to 2, leader changed from 5f02f788eaed45a2bfc3417bebe3ce78 (127.31.104.3) to 0e5e7f9e3735437b99b731be9a07018f (127.31.104.1). New cstate: current_term: 2 leader_uuid: "0e5e7f9e3735437b99b731be9a07018f" committed_config { opid_index: -1 OBSOLETE_local: false peers { permanent_uuid: "0e5e7f9e3735437b99b731be9a07018f" member_type: VOTER last_known_addr { host: "127.31.104.1" port: 35033 } health_report { overall_health: HEALTHY } } peers { permanent_uuid: "3e276130f1594cbd908e2fef87ee2ad2" member_type: VOTER last_known_addr { host: "127.31.104.2" port: 33243 } health_report { overall_health: UNKNOWN } } peers { permanent_uuid: "5f02f788eaed45a2bfc3417bebe3ce78" member_type: VOTER last_known_addr { host: "127.31.104.3" port: 35457 } health_report { overall_health: UNKNOWN } } }
I20260713 09:10:08.072438 32368 raft_consensus.cc:1275] T 2b2db2c63106463a9f3966f904bed25a P 3e276130f1594cbd908e2fef87ee2ad2 [term 2 FOLLOWER]: Refusing update from remote peer 0e5e7f9e3735437b99b731be9a07018f: Log matching property violated. Preceding OpId in replica: term: 1 index: 1. Preceding OpId from leader: term: 2 index: 2. (index mismatch)
I20260713 09:10:08.073563 32491 consensus_queue.cc:1048] T 2b2db2c63106463a9f3966f904bed25a P 0e5e7f9e3735437b99b731be9a07018f [LEADER]: Connected to new peer: Peer: permanent_uuid: "3e276130f1594cbd908e2fef87ee2ad2" member_type: VOTER last_known_addr { host: "127.31.104.2" port: 33243 }, Status: LMP_MISMATCH, Last received: 0.0, Next index: 2, Last known committed idx: 1, Time since last communication: 0.000s
I20260713 09:10:08.080366 32443 raft_consensus.cc:1275] T 2b2db2c63106463a9f3966f904bed25a P 5f02f788eaed45a2bfc3417bebe3ce78 [term 2 FOLLOWER]: Refusing update from remote peer 0e5e7f9e3735437b99b731be9a07018f: Log matching property violated. Preceding OpId in replica: term: 1 index: 1. Preceding OpId from leader: term: 2 index: 2. (index mismatch)
I20260713 09:10:08.081771 32491 consensus_queue.cc:1048] T 2b2db2c63106463a9f3966f904bed25a P 0e5e7f9e3735437b99b731be9a07018f [LEADER]: Connected to new peer: Peer: permanent_uuid: "5f02f788eaed45a2bfc3417bebe3ce78" member_type: VOTER last_known_addr { host: "127.31.104.3" port: 35457 }, Status: LMP_MISMATCH, Last received: 0.0, Next index: 2, Last known committed idx: 1, Time since last communication: 0.000s
I20260713 09:10:08.104513 32294 raft_consensus.cc:3060] T fe75019d0adc446fb9a1e0bdeb2a68ff P 0e5e7f9e3735437b99b731be9a07018f [term 1 FOLLOWER]: Advancing to term 2
I20260713 09:10:08.108515 32294 raft_consensus.cc:1275] T fe75019d0adc446fb9a1e0bdeb2a68ff P 0e5e7f9e3735437b99b731be9a07018f [term 2 FOLLOWER]: Refusing update from remote peer 3e276130f1594cbd908e2fef87ee2ad2: Log matching property violated. Preceding OpId in replica: term: 1 index: 1. Preceding OpId from leader: term: 2 index: 2. (index mismatch)
I20260713 09:10:08.109472 32536 consensus_queue.cc:1048] T fe75019d0adc446fb9a1e0bdeb2a68ff P 3e276130f1594cbd908e2fef87ee2ad2 [LEADER]: Connected to new peer: Peer: permanent_uuid: "0e5e7f9e3735437b99b731be9a07018f" member_type: VOTER last_known_addr { host: "127.31.104.1" port: 35033 }, Status: LMP_MISMATCH, Last received: 0.0, Next index: 2, Last known committed idx: 1, Time since last communication: 0.000s
I20260713 09:10:08.113389 32443 raft_consensus.cc:1275] T fe75019d0adc446fb9a1e0bdeb2a68ff P 5f02f788eaed45a2bfc3417bebe3ce78 [term 2 FOLLOWER]: Refusing update from remote peer 3e276130f1594cbd908e2fef87ee2ad2: Log matching property violated. Preceding OpId in replica: term: 1 index: 1. Preceding OpId from leader: term: 2 index: 2. (index mismatch)
I20260713 09:10:08.115116 32537 consensus_queue.cc:1048] T fe75019d0adc446fb9a1e0bdeb2a68ff P 3e276130f1594cbd908e2fef87ee2ad2 [LEADER]: Connected to new peer: Peer: permanent_uuid: "5f02f788eaed45a2bfc3417bebe3ce78" member_type: VOTER last_known_addr { host: "127.31.104.3" port: 35457 }, Status: LMP_MISMATCH, Last received: 0.0, Next index: 2, Last known committed idx: 1, Time since last communication: 0.000s
I20260713 09:10:08.133172 32443 raft_consensus.cc:1275] T 7c27075da2bd4ec78834b1096735fd67 P 5f02f788eaed45a2bfc3417bebe3ce78 [term 2 FOLLOWER]: Refusing update from remote peer 3e276130f1594cbd908e2fef87ee2ad2: Log matching property violated. Preceding OpId in replica: term: 1 index: 1. Preceding OpId from leader: term: 2 index: 2. (index mismatch)
I20260713 09:10:08.134078 32496 consensus_queue.cc:1048] T 7c27075da2bd4ec78834b1096735fd67 P 3e276130f1594cbd908e2fef87ee2ad2 [LEADER]: Connected to new peer: Peer: permanent_uuid: "5f02f788eaed45a2bfc3417bebe3ce78" member_type: VOTER last_known_addr { host: "127.31.104.3" port: 35457 }, Status: LMP_MISMATCH, Last received: 0.0, Next index: 2, Last known committed idx: 1, Time since last communication: 0.000s
I20260713 09:10:08.140825 32294 raft_consensus.cc:1275] T 7c27075da2bd4ec78834b1096735fd67 P 0e5e7f9e3735437b99b731be9a07018f [term 2 FOLLOWER]: Refusing update from remote peer 3e276130f1594cbd908e2fef87ee2ad2: Log matching property violated. Preceding OpId in replica: term: 1 index: 1. Preceding OpId from leader: term: 2 index: 2. (index mismatch)
I20260713 09:10:08.141978 32573 consensus_queue.cc:1048] T 7c27075da2bd4ec78834b1096735fd67 P 3e276130f1594cbd908e2fef87ee2ad2 [LEADER]: Connected to new peer: Peer: permanent_uuid: "0e5e7f9e3735437b99b731be9a07018f" member_type: VOTER last_known_addr { host: "127.31.104.1" port: 35033 }, Status: LMP_MISMATCH, Last received: 0.0, Next index: 2, Last known committed idx: 1, Time since last communication: 0.000s
I20260713 09:10:08.159008 32444 raft_consensus.cc:1275] T 82c13fc5e60a4fde89a2c29a106dede6 P 5f02f788eaed45a2bfc3417bebe3ce78 [term 2 FOLLOWER]: Refusing update from remote peer 3e276130f1594cbd908e2fef87ee2ad2: Log matching property violated. Preceding OpId in replica: term: 1 index: 1. Preceding OpId from leader: term: 2 index: 2. (index mismatch)
I20260713 09:10:08.159904 32573 consensus_queue.cc:1048] T 82c13fc5e60a4fde89a2c29a106dede6 P 3e276130f1594cbd908e2fef87ee2ad2 [LEADER]: Connected to new peer: Peer: permanent_uuid: "5f02f788eaed45a2bfc3417bebe3ce78" member_type: VOTER last_known_addr { host: "127.31.104.3" port: 35457 }, Status: LMP_MISMATCH, Last received: 0.0, Next index: 2, Last known committed idx: 1, Time since last communication: 0.000s
I20260713 09:10:08.165822 32294 raft_consensus.cc:1275] T 82c13fc5e60a4fde89a2c29a106dede6 P 0e5e7f9e3735437b99b731be9a07018f [term 2 FOLLOWER]: Refusing update from remote peer 3e276130f1594cbd908e2fef87ee2ad2: Log matching property violated. Preceding OpId in replica: term: 1 index: 1. Preceding OpId from leader: term: 2 index: 2. (index mismatch)
I20260713 09:10:08.167042 32537 consensus_queue.cc:1048] T 82c13fc5e60a4fde89a2c29a106dede6 P 3e276130f1594cbd908e2fef87ee2ad2 [LEADER]: Connected to new peer: Peer: permanent_uuid: "0e5e7f9e3735437b99b731be9a07018f" member_type: VOTER last_known_addr { host: "127.31.104.1" port: 35033 }, Status: LMP_MISMATCH, Last received: 0.0, Next index: 2, Last known committed idx: 1, Time since last communication: 0.000s
I20260713 09:10:08.335974 32368 raft_consensus.cc:1275] T 42add711bbd04776969d64ad5c429df1 P 3e276130f1594cbd908e2fef87ee2ad2 [term 2 FOLLOWER]: Refusing update from remote peer 5f02f788eaed45a2bfc3417bebe3ce78: Log matching property violated. Preceding OpId in replica: term: 1 index: 1. Preceding OpId from leader: term: 2 index: 2. (index mismatch)
I20260713 09:10:08.336933 32495 consensus_queue.cc:1048] T 42add711bbd04776969d64ad5c429df1 P 5f02f788eaed45a2bfc3417bebe3ce78 [LEADER]: Connected to new peer: Peer: permanent_uuid: "3e276130f1594cbd908e2fef87ee2ad2" member_type: VOTER last_known_addr { host: "127.31.104.2" port: 33243 }, Status: LMP_MISMATCH, Last received: 0.0, Next index: 2, Last known committed idx: 1, Time since last communication: 0.000s
I20260713 09:10:08.342906 32294 raft_consensus.cc:1275] T 42add711bbd04776969d64ad5c429df1 P 0e5e7f9e3735437b99b731be9a07018f [term 2 FOLLOWER]: Refusing update from remote peer 5f02f788eaed45a2bfc3417bebe3ce78: Log matching property violated. Preceding OpId in replica: term: 1 index: 1. Preceding OpId from leader: term: 2 index: 2. (index mismatch)
I20260713 09:10:08.344221 32534 consensus_queue.cc:1048] T 42add711bbd04776969d64ad5c429df1 P 5f02f788eaed45a2bfc3417bebe3ce78 [LEADER]: Connected to new peer: Peer: permanent_uuid: "0e5e7f9e3735437b99b731be9a07018f" member_type: VOTER last_known_addr { host: "127.31.104.1" port: 35033 }, Status: LMP_MISMATCH, Last received: 0.0, Next index: 2, Last known committed idx: 1, Time since last communication: 0.000s
I20260713 09:10:08.608392 32444 raft_consensus.cc:1275] T 1b6d021790274ffea453109435dd8fd0 P 5f02f788eaed45a2bfc3417bebe3ce78 [term 2 FOLLOWER]: Refusing update from remote peer 0e5e7f9e3735437b99b731be9a07018f: Log matching property violated. Preceding OpId in replica: term: 1 index: 1. Preceding OpId from leader: term: 2 index: 2. (index mismatch)
I20260713 09:10:08.609601 32491 consensus_queue.cc:1048] T 1b6d021790274ffea453109435dd8fd0 P 0e5e7f9e3735437b99b731be9a07018f [LEADER]: Connected to new peer: Peer: permanent_uuid: "5f02f788eaed45a2bfc3417bebe3ce78" member_type: VOTER last_known_addr { host: "127.31.104.3" port: 35457 }, Status: LMP_MISMATCH, Last received: 0.0, Next index: 2, Last known committed idx: 1, Time since last communication: 0.000s
I20260713 09:10:08.610237 32368 raft_consensus.cc:1275] T 1b6d021790274ffea453109435dd8fd0 P 3e276130f1594cbd908e2fef87ee2ad2 [term 2 FOLLOWER]: Refusing update from remote peer 0e5e7f9e3735437b99b731be9a07018f: Log matching property violated. Preceding OpId in replica: term: 1 index: 1. Preceding OpId from leader: term: 2 index: 2. (index mismatch)
I20260713 09:10:08.611346 32491 consensus_queue.cc:1048] T 1b6d021790274ffea453109435dd8fd0 P 0e5e7f9e3735437b99b731be9a07018f [LEADER]: Connected to new peer: Peer: permanent_uuid: "3e276130f1594cbd908e2fef87ee2ad2" member_type: VOTER last_known_addr { host: "127.31.104.2" port: 33243 }, Status: LMP_MISMATCH, Last received: 0.0, Next index: 2, Last known committed idx: 1, Time since last communication: 0.000s
I20260713 09:10:10.514957 32160 auto_leader_rebalancer-test.cc:320] The leader distribution is 
I20260713 09:10:10.515707 32160 auto_leader_rebalancer.cc:141] leader rebalance for table test-workload
I20260713 09:10:10.531467 32294 tablet_service.cc:2072] Received LeaderStepDown RPC: tablet_id: "1b6d021790274ffea453109435dd8fd0"
dest_uuid: "0e5e7f9e3735437b99b731be9a07018f"
mode: GRACEFUL
new_leader_uuid: "5f02f788eaed45a2bfc3417bebe3ce78"
 from {username='slave'} at 127.0.0.1:51586
I20260713 09:10:10.531936 32294 raft_consensus.cc:606] T 1b6d021790274ffea453109435dd8fd0 P 0e5e7f9e3735437b99b731be9a07018f [term 2 LEADER]: Received request to transfer leadership to TS 5f02f788eaed45a2bfc3417bebe3ce78
I20260713 09:10:10.540688 32368 tablet_service.cc:2072] Received LeaderStepDown RPC: tablet_id: "fe75019d0adc446fb9a1e0bdeb2a68ff"
dest_uuid: "3e276130f1594cbd908e2fef87ee2ad2"
mode: GRACEFUL
new_leader_uuid: "5f02f788eaed45a2bfc3417bebe3ce78"
 from {username='slave'} at 127.0.0.1:41322
I20260713 09:10:10.541082 32368 raft_consensus.cc:606] T fe75019d0adc446fb9a1e0bdeb2a68ff P 3e276130f1594cbd908e2fef87ee2ad2 [term 2 LEADER]: Received request to transfer leadership to TS 5f02f788eaed45a2bfc3417bebe3ce78
I20260713 09:10:10.542034 32160 auto_leader_rebalancer.cc:479] table: test-workload, leader rebalance finish, leader transfer count: 2
I20260713 09:10:10.542404 32160 auto_leader_rebalancer.cc:554] All tables' leader rebalancing finished this round
I20260713 09:10:10.744341 32584 raft_consensus.cc:993] T 1b6d021790274ffea453109435dd8fd0 P 0e5e7f9e3735437b99b731be9a07018f: : Instructing follower 5f02f788eaed45a2bfc3417bebe3ce78 to start an election
I20260713 09:10:10.744693 32579 raft_consensus.cc:1081] T 1b6d021790274ffea453109435dd8fd0 P 0e5e7f9e3735437b99b731be9a07018f [term 2 LEADER]: Signalling peer 5f02f788eaed45a2bfc3417bebe3ce78 to start an election
I20260713 09:10:10.745877 32443 tablet_service.cc:2044] Received Run Leader Election RPC: tablet_id: "1b6d021790274ffea453109435dd8fd0"
dest_uuid: "5f02f788eaed45a2bfc3417bebe3ce78"
 from {username='slave'} at 127.0.0.1:60790
I20260713 09:10:10.746243 32443 raft_consensus.cc:493] T 1b6d021790274ffea453109435dd8fd0 P 5f02f788eaed45a2bfc3417bebe3ce78 [term 2 FOLLOWER]: Starting forced leader election (received explicit request)
I20260713 09:10:10.746484 32443 raft_consensus.cc:3060] T 1b6d021790274ffea453109435dd8fd0 P 5f02f788eaed45a2bfc3417bebe3ce78 [term 2 FOLLOWER]: Advancing to term 3
I20260713 09:10:10.750080 32443 raft_consensus.cc:515] T 1b6d021790274ffea453109435dd8fd0 P 5f02f788eaed45a2bfc3417bebe3ce78 [term 3 FOLLOWER]: Starting forced leader election with config: opid_index: -1 OBSOLETE_local: false peers { permanent_uuid: "0e5e7f9e3735437b99b731be9a07018f" member_type: VOTER last_known_addr { host: "127.31.104.1" port: 35033 } } peers { permanent_uuid: "3e276130f1594cbd908e2fef87ee2ad2" member_type: VOTER last_known_addr { host: "127.31.104.2" port: 33243 } } peers { permanent_uuid: "5f02f788eaed45a2bfc3417bebe3ce78" member_type: VOTER last_known_addr { host: "127.31.104.3" port: 35457 } }
I20260713 09:10:10.752230 32294 tablet_service.cc:1917] Received RequestConsensusVote() RPC: tablet_id: "1b6d021790274ffea453109435dd8fd0" candidate_uuid: "5f02f788eaed45a2bfc3417bebe3ce78" candidate_term: 3 candidate_status { last_received { term: 2 index: 2 } } ignore_live_leader: true dest_uuid: "0e5e7f9e3735437b99b731be9a07018f"
I20260713 09:10:10.751741 32443 leader_election.cc:290] T 1b6d021790274ffea453109435dd8fd0 P 5f02f788eaed45a2bfc3417bebe3ce78 [CANDIDATE]: Term 3 election: Requested vote from peers 0e5e7f9e3735437b99b731be9a07018f (127.31.104.1:35033), 3e276130f1594cbd908e2fef87ee2ad2 (127.31.104.2:33243)
I20260713 09:10:10.752597 32368 tablet_service.cc:1917] Received RequestConsensusVote() RPC: tablet_id: "1b6d021790274ffea453109435dd8fd0" candidate_uuid: "5f02f788eaed45a2bfc3417bebe3ce78" candidate_term: 3 candidate_status { last_received { term: 2 index: 2 } } ignore_live_leader: true dest_uuid: "3e276130f1594cbd908e2fef87ee2ad2"
I20260713 09:10:10.752779 32294 raft_consensus.cc:3055] T 1b6d021790274ffea453109435dd8fd0 P 0e5e7f9e3735437b99b731be9a07018f [term 2 LEADER]: Stepping down as leader of term 2
I20260713 09:10:10.753095 32368 raft_consensus.cc:3060] T 1b6d021790274ffea453109435dd8fd0 P 3e276130f1594cbd908e2fef87ee2ad2 [term 2 FOLLOWER]: Advancing to term 3
I20260713 09:10:10.753150 32294 raft_consensus.cc:740] T 1b6d021790274ffea453109435dd8fd0 P 0e5e7f9e3735437b99b731be9a07018f [term 2 LEADER]: Becoming Follower/Learner. State: Replica: 0e5e7f9e3735437b99b731be9a07018f, State: Running, Role: LEADER
I20260713 09:10:10.753908 32294 consensus_queue.cc:260] T 1b6d021790274ffea453109435dd8fd0 P 0e5e7f9e3735437b99b731be9a07018f [NON_LEADER]: Queue going to NON_LEADER mode. State: All replicated index: 0, Majority replicated index: 2, Committed index: 2, Last appended: 2.2, Last appended by leader: 2, Current term: 2, Majority size: -1, State: 0, Mode: NON_LEADER, active raft config: opid_index: -1 OBSOLETE_local: false peers { permanent_uuid: "0e5e7f9e3735437b99b731be9a07018f" member_type: VOTER last_known_addr { host: "127.31.104.1" port: 35033 } } peers { permanent_uuid: "3e276130f1594cbd908e2fef87ee2ad2" member_type: VOTER last_known_addr { host: "127.31.104.2" port: 33243 } } peers { permanent_uuid: "5f02f788eaed45a2bfc3417bebe3ce78" member_type: VOTER last_known_addr { host: "127.31.104.3" port: 35457 } }
I20260713 09:10:10.754737 32294 raft_consensus.cc:3060] T 1b6d021790274ffea453109435dd8fd0 P 0e5e7f9e3735437b99b731be9a07018f [term 2 FOLLOWER]: Advancing to term 3
I20260713 09:10:10.757210 32368 raft_consensus.cc:2468] T 1b6d021790274ffea453109435dd8fd0 P 3e276130f1594cbd908e2fef87ee2ad2 [term 3 FOLLOWER]: Leader election vote request: Granting yes vote for candidate 5f02f788eaed45a2bfc3417bebe3ce78 in term 3.
I20260713 09:10:10.758052 32407 leader_election.cc:304] T 1b6d021790274ffea453109435dd8fd0 P 5f02f788eaed45a2bfc3417bebe3ce78 [CANDIDATE]: Term 3 election: Election decided. Result: candidate won. Election summary: received 2 responses out of 3 voters: 2 yes votes; 0 no votes. yes voters: 3e276130f1594cbd908e2fef87ee2ad2, 5f02f788eaed45a2bfc3417bebe3ce78; no voters: 
I20260713 09:10:10.758603 32580 raft_consensus.cc:2804] T 1b6d021790274ffea453109435dd8fd0 P 5f02f788eaed45a2bfc3417bebe3ce78 [term 3 FOLLOWER]: Leader election won for term 3
I20260713 09:10:10.758769 32294 raft_consensus.cc:2468] T 1b6d021790274ffea453109435dd8fd0 P 0e5e7f9e3735437b99b731be9a07018f [term 3 FOLLOWER]: Leader election vote request: Granting yes vote for candidate 5f02f788eaed45a2bfc3417bebe3ce78 in term 3.
I20260713 09:10:10.759678 32580 raft_consensus.cc:697] T 1b6d021790274ffea453109435dd8fd0 P 5f02f788eaed45a2bfc3417bebe3ce78 [term 3 LEADER]: Becoming Leader. State: Replica: 5f02f788eaed45a2bfc3417bebe3ce78, State: Running, Role: LEADER
I20260713 09:10:10.760293 32580 consensus_queue.cc:237] T 1b6d021790274ffea453109435dd8fd0 P 5f02f788eaed45a2bfc3417bebe3ce78 [LEADER]: Queue going to LEADER mode. State: All replicated index: 0, Majority replicated index: 2, Committed index: 2, Last appended: 2.2, Last appended by leader: 2, Current term: 3, Majority size: 2, State: 0, Mode: LEADER, active raft config: opid_index: -1 OBSOLETE_local: false peers { permanent_uuid: "0e5e7f9e3735437b99b731be9a07018f" member_type: VOTER last_known_addr { host: "127.31.104.1" port: 35033 } } peers { permanent_uuid: "3e276130f1594cbd908e2fef87ee2ad2" member_type: VOTER last_known_addr { host: "127.31.104.2" port: 33243 } } peers { permanent_uuid: "5f02f788eaed45a2bfc3417bebe3ce78" member_type: VOTER last_known_addr { host: "127.31.104.3" port: 35457 } }
I20260713 09:10:10.766355 32191 catalog_manager.cc:5697] T 1b6d021790274ffea453109435dd8fd0 P 5f02f788eaed45a2bfc3417bebe3ce78 reported cstate change: term changed from 2 to 3, leader changed from 0e5e7f9e3735437b99b731be9a07018f (127.31.104.1) to 5f02f788eaed45a2bfc3417bebe3ce78 (127.31.104.3). New cstate: current_term: 3 leader_uuid: "5f02f788eaed45a2bfc3417bebe3ce78" committed_config { opid_index: -1 OBSOLETE_local: false peers { permanent_uuid: "0e5e7f9e3735437b99b731be9a07018f" member_type: VOTER last_known_addr { host: "127.31.104.1" port: 35033 } health_report { overall_health: UNKNOWN } } peers { permanent_uuid: "3e276130f1594cbd908e2fef87ee2ad2" member_type: VOTER last_known_addr { host: "127.31.104.2" port: 33243 } health_report { overall_health: UNKNOWN } } peers { permanent_uuid: "5f02f788eaed45a2bfc3417bebe3ce78" member_type: VOTER last_known_addr { host: "127.31.104.3" port: 35457 } health_report { overall_health: HEALTHY } } }
I20260713 09:10:10.862435 32592 raft_consensus.cc:993] T fe75019d0adc446fb9a1e0bdeb2a68ff P 3e276130f1594cbd908e2fef87ee2ad2: : Instructing follower 5f02f788eaed45a2bfc3417bebe3ce78 to start an election
I20260713 09:10:10.862829 32496 raft_consensus.cc:1081] T fe75019d0adc446fb9a1e0bdeb2a68ff P 3e276130f1594cbd908e2fef87ee2ad2 [term 2 LEADER]: Signalling peer 5f02f788eaed45a2bfc3417bebe3ce78 to start an election
I20260713 09:10:10.864111 32443 tablet_service.cc:2044] Received Run Leader Election RPC: tablet_id: "fe75019d0adc446fb9a1e0bdeb2a68ff"
dest_uuid: "5f02f788eaed45a2bfc3417bebe3ce78"
 from {username='slave'} at 127.0.0.1:60778
I20260713 09:10:10.864482 32443 raft_consensus.cc:493] T fe75019d0adc446fb9a1e0bdeb2a68ff P 5f02f788eaed45a2bfc3417bebe3ce78 [term 2 FOLLOWER]: Starting forced leader election (received explicit request)
I20260713 09:10:10.864782 32443 raft_consensus.cc:3060] T fe75019d0adc446fb9a1e0bdeb2a68ff P 5f02f788eaed45a2bfc3417bebe3ce78 [term 2 FOLLOWER]: Advancing to term 3
I20260713 09:10:10.868218 32443 raft_consensus.cc:515] T fe75019d0adc446fb9a1e0bdeb2a68ff P 5f02f788eaed45a2bfc3417bebe3ce78 [term 3 FOLLOWER]: Starting forced leader election with config: opid_index: -1 OBSOLETE_local: false peers { permanent_uuid: "0e5e7f9e3735437b99b731be9a07018f" member_type: VOTER last_known_addr { host: "127.31.104.1" port: 35033 } } peers { permanent_uuid: "3e276130f1594cbd908e2fef87ee2ad2" member_type: VOTER last_known_addr { host: "127.31.104.2" port: 33243 } } peers { permanent_uuid: "5f02f788eaed45a2bfc3417bebe3ce78" member_type: VOTER last_known_addr { host: "127.31.104.3" port: 35457 } }
I20260713 09:10:10.869488 32443 leader_election.cc:290] T fe75019d0adc446fb9a1e0bdeb2a68ff P 5f02f788eaed45a2bfc3417bebe3ce78 [CANDIDATE]: Term 3 election: Requested vote from peers 0e5e7f9e3735437b99b731be9a07018f (127.31.104.1:35033), 3e276130f1594cbd908e2fef87ee2ad2 (127.31.104.2:33243)
I20260713 09:10:10.870199 32294 tablet_service.cc:1917] Received RequestConsensusVote() RPC: tablet_id: "fe75019d0adc446fb9a1e0bdeb2a68ff" candidate_uuid: "5f02f788eaed45a2bfc3417bebe3ce78" candidate_term: 3 candidate_status { last_received { term: 2 index: 2 } } ignore_live_leader: true dest_uuid: "0e5e7f9e3735437b99b731be9a07018f"
I20260713 09:10:10.870702 32294 raft_consensus.cc:3060] T fe75019d0adc446fb9a1e0bdeb2a68ff P 0e5e7f9e3735437b99b731be9a07018f [term 2 FOLLOWER]: Advancing to term 3
I20260713 09:10:10.870748 32368 tablet_service.cc:1917] Received RequestConsensusVote() RPC: tablet_id: "fe75019d0adc446fb9a1e0bdeb2a68ff" candidate_uuid: "5f02f788eaed45a2bfc3417bebe3ce78" candidate_term: 3 candidate_status { last_received { term: 2 index: 2 } } ignore_live_leader: true dest_uuid: "3e276130f1594cbd908e2fef87ee2ad2"
I20260713 09:10:10.871219 32368 raft_consensus.cc:3055] T fe75019d0adc446fb9a1e0bdeb2a68ff P 3e276130f1594cbd908e2fef87ee2ad2 [term 2 LEADER]: Stepping down as leader of term 2
I20260713 09:10:10.871486 32368 raft_consensus.cc:740] T fe75019d0adc446fb9a1e0bdeb2a68ff P 3e276130f1594cbd908e2fef87ee2ad2 [term 2 LEADER]: Becoming Follower/Learner. State: Replica: 3e276130f1594cbd908e2fef87ee2ad2, State: Running, Role: LEADER
I20260713 09:10:10.872083 32368 consensus_queue.cc:260] T fe75019d0adc446fb9a1e0bdeb2a68ff P 3e276130f1594cbd908e2fef87ee2ad2 [NON_LEADER]: Queue going to NON_LEADER mode. State: All replicated index: 0, Majority replicated index: 2, Committed index: 2, Last appended: 2.2, Last appended by leader: 2, Current term: 2, Majority size: -1, State: 0, Mode: NON_LEADER, active raft config: opid_index: -1 OBSOLETE_local: false peers { permanent_uuid: "0e5e7f9e3735437b99b731be9a07018f" member_type: VOTER last_known_addr { host: "127.31.104.1" port: 35033 } } peers { permanent_uuid: "3e276130f1594cbd908e2fef87ee2ad2" member_type: VOTER last_known_addr { host: "127.31.104.2" port: 33243 } } peers { permanent_uuid: "5f02f788eaed45a2bfc3417bebe3ce78" member_type: VOTER last_known_addr { host: "127.31.104.3" port: 35457 } }
I20260713 09:10:10.872886 32368 raft_consensus.cc:3060] T fe75019d0adc446fb9a1e0bdeb2a68ff P 3e276130f1594cbd908e2fef87ee2ad2 [term 2 FOLLOWER]: Advancing to term 3
I20260713 09:10:10.874326 32294 raft_consensus.cc:2468] T fe75019d0adc446fb9a1e0bdeb2a68ff P 0e5e7f9e3735437b99b731be9a07018f [term 3 FOLLOWER]: Leader election vote request: Granting yes vote for candidate 5f02f788eaed45a2bfc3417bebe3ce78 in term 3.
I20260713 09:10:10.875065 32410 leader_election.cc:304] T fe75019d0adc446fb9a1e0bdeb2a68ff P 5f02f788eaed45a2bfc3417bebe3ce78 [CANDIDATE]: Term 3 election: Election decided. Result: candidate won. Election summary: received 2 responses out of 3 voters: 2 yes votes; 0 no votes. yes voters: 0e5e7f9e3735437b99b731be9a07018f, 5f02f788eaed45a2bfc3417bebe3ce78; no voters: 
I20260713 09:10:10.875635 32580 raft_consensus.cc:2804] T fe75019d0adc446fb9a1e0bdeb2a68ff P 5f02f788eaed45a2bfc3417bebe3ce78 [term 3 FOLLOWER]: Leader election won for term 3
I20260713 09:10:10.875969 32580 raft_consensus.cc:697] T fe75019d0adc446fb9a1e0bdeb2a68ff P 5f02f788eaed45a2bfc3417bebe3ce78 [term 3 LEADER]: Becoming Leader. State: Replica: 5f02f788eaed45a2bfc3417bebe3ce78, State: Running, Role: LEADER
I20260713 09:10:10.876606 32580 consensus_queue.cc:237] T fe75019d0adc446fb9a1e0bdeb2a68ff P 5f02f788eaed45a2bfc3417bebe3ce78 [LEADER]: Queue going to LEADER mode. State: All replicated index: 0, Majority replicated index: 2, Committed index: 2, Last appended: 2.2, Last appended by leader: 2, Current term: 3, Majority size: 2, State: 0, Mode: LEADER, active raft config: opid_index: -1 OBSOLETE_local: false peers { permanent_uuid: "0e5e7f9e3735437b99b731be9a07018f" member_type: VOTER last_known_addr { host: "127.31.104.1" port: 35033 } } peers { permanent_uuid: "3e276130f1594cbd908e2fef87ee2ad2" member_type: VOTER last_known_addr { host: "127.31.104.2" port: 33243 } } peers { permanent_uuid: "5f02f788eaed45a2bfc3417bebe3ce78" member_type: VOTER last_known_addr { host: "127.31.104.3" port: 35457 } }
I20260713 09:10:10.876869 32368 raft_consensus.cc:2468] T fe75019d0adc446fb9a1e0bdeb2a68ff P 3e276130f1594cbd908e2fef87ee2ad2 [term 3 FOLLOWER]: Leader election vote request: Granting yes vote for candidate 5f02f788eaed45a2bfc3417bebe3ce78 in term 3.
I20260713 09:10:10.881937 32191 catalog_manager.cc:5697] T fe75019d0adc446fb9a1e0bdeb2a68ff P 5f02f788eaed45a2bfc3417bebe3ce78 reported cstate change: term changed from 2 to 3, leader changed from 3e276130f1594cbd908e2fef87ee2ad2 (127.31.104.2) to 5f02f788eaed45a2bfc3417bebe3ce78 (127.31.104.3). New cstate: current_term: 3 leader_uuid: "5f02f788eaed45a2bfc3417bebe3ce78" committed_config { opid_index: -1 OBSOLETE_local: false peers { permanent_uuid: "0e5e7f9e3735437b99b731be9a07018f" member_type: VOTER last_known_addr { host: "127.31.104.1" port: 35033 } health_report { overall_health: UNKNOWN } } peers { permanent_uuid: "3e276130f1594cbd908e2fef87ee2ad2" member_type: VOTER last_known_addr { host: "127.31.104.2" port: 33243 } health_report { overall_health: UNKNOWN } } peers { permanent_uuid: "5f02f788eaed45a2bfc3417bebe3ce78" member_type: VOTER last_known_addr { host: "127.31.104.3" port: 35457 } health_report { overall_health: HEALTHY } } }
I20260713 09:10:11.209801 32294 raft_consensus.cc:1275] T 1b6d021790274ffea453109435dd8fd0 P 0e5e7f9e3735437b99b731be9a07018f [term 3 FOLLOWER]: Refusing update from remote peer 5f02f788eaed45a2bfc3417bebe3ce78: Log matching property violated. Preceding OpId in replica: term: 2 index: 2. Preceding OpId from leader: term: 3 index: 3. (index mismatch)
I20260713 09:10:11.210683 32580 consensus_queue.cc:1048] T 1b6d021790274ffea453109435dd8fd0 P 5f02f788eaed45a2bfc3417bebe3ce78 [LEADER]: Connected to new peer: Peer: permanent_uuid: "0e5e7f9e3735437b99b731be9a07018f" member_type: VOTER last_known_addr { host: "127.31.104.1" port: 35033 }, Status: LMP_MISMATCH, Last received: 0.0, Next index: 3, Last known committed idx: 2, Time since last communication: 0.000s
I20260713 09:10:11.218936 32370 raft_consensus.cc:1275] T 1b6d021790274ffea453109435dd8fd0 P 3e276130f1594cbd908e2fef87ee2ad2 [term 3 FOLLOWER]: Refusing update from remote peer 5f02f788eaed45a2bfc3417bebe3ce78: Log matching property violated. Preceding OpId in replica: term: 2 index: 2. Preceding OpId from leader: term: 3 index: 3. (index mismatch)
I20260713 09:10:11.220858 32580 consensus_queue.cc:1048] T 1b6d021790274ffea453109435dd8fd0 P 5f02f788eaed45a2bfc3417bebe3ce78 [LEADER]: Connected to new peer: Peer: permanent_uuid: "3e276130f1594cbd908e2fef87ee2ad2" member_type: VOTER last_known_addr { host: "127.31.104.2" port: 33243 }, Status: LMP_MISMATCH, Last received: 0.0, Next index: 3, Last known committed idx: 2, Time since last communication: 0.000s
I20260713 09:10:11.288638 32370 raft_consensus.cc:1275] T fe75019d0adc446fb9a1e0bdeb2a68ff P 3e276130f1594cbd908e2fef87ee2ad2 [term 3 FOLLOWER]: Refusing update from remote peer 5f02f788eaed45a2bfc3417bebe3ce78: Log matching property violated. Preceding OpId in replica: term: 2 index: 2. Preceding OpId from leader: term: 3 index: 3. (index mismatch)
I20260713 09:10:11.289587 32580 consensus_queue.cc:1048] T fe75019d0adc446fb9a1e0bdeb2a68ff P 5f02f788eaed45a2bfc3417bebe3ce78 [LEADER]: Connected to new peer: Peer: permanent_uuid: "3e276130f1594cbd908e2fef87ee2ad2" member_type: VOTER last_known_addr { host: "127.31.104.2" port: 33243 }, Status: LMP_MISMATCH, Last received: 0.0, Next index: 3, Last known committed idx: 2, Time since last communication: 0.000s
I20260713 09:10:11.296900 32294 raft_consensus.cc:1275] T fe75019d0adc446fb9a1e0bdeb2a68ff P 0e5e7f9e3735437b99b731be9a07018f [term 3 FOLLOWER]: Refusing update from remote peer 5f02f788eaed45a2bfc3417bebe3ce78: Log matching property violated. Preceding OpId in replica: term: 2 index: 2. Preceding OpId from leader: term: 3 index: 3. (index mismatch)
I20260713 09:10:11.297932 32585 consensus_queue.cc:1048] T fe75019d0adc446fb9a1e0bdeb2a68ff P 5f02f788eaed45a2bfc3417bebe3ce78 [LEADER]: Connected to new peer: Peer: permanent_uuid: "0e5e7f9e3735437b99b731be9a07018f" member_type: VOTER last_known_addr { host: "127.31.104.1" port: 35033 }, Status: LMP_MISMATCH, Last received: 0.0, Next index: 3, Last known committed idx: 2, Time since last communication: 0.000s
I20260713 09:10:11.542991 32160 auto_leader_rebalancer.cc:141] leader rebalance for table test-workload
I20260713 09:10:11.551860 32294 tablet_service.cc:2072] Received LeaderStepDown RPC: tablet_id: "13b01c5f05eb4387a7e830b8bf47629f"
dest_uuid: "0e5e7f9e3735437b99b731be9a07018f"
mode: GRACEFUL
new_leader_uuid: "3e276130f1594cbd908e2fef87ee2ad2"
 from {username='slave'} at 127.0.0.1:42496
I20260713 09:10:11.552217 32294 raft_consensus.cc:606] T 13b01c5f05eb4387a7e830b8bf47629f P 0e5e7f9e3735437b99b731be9a07018f [term 1 LEADER]: Received request to transfer leadership to TS 3e276130f1594cbd908e2fef87ee2ad2
I20260713 09:10:11.555866 32294 tablet_service.cc:2072] Received LeaderStepDown RPC: tablet_id: "41cf1d6517fd43cfb4c516ac9ff2eb0e"
dest_uuid: "0e5e7f9e3735437b99b731be9a07018f"
mode: GRACEFUL
new_leader_uuid: "3e276130f1594cbd908e2fef87ee2ad2"
 from {username='slave'} at 127.0.0.1:42496
I20260713 09:10:11.556198 32294 raft_consensus.cc:606] T 41cf1d6517fd43cfb4c516ac9ff2eb0e P 0e5e7f9e3735437b99b731be9a07018f [term 1 LEADER]: Received request to transfer leadership to TS 3e276130f1594cbd908e2fef87ee2ad2
I20260713 09:10:11.559930 32443 tablet_service.cc:2072] Received LeaderStepDown RPC: tablet_id: "1b6d021790274ffea453109435dd8fd0"
dest_uuid: "5f02f788eaed45a2bfc3417bebe3ce78"
mode: GRACEFUL
new_leader_uuid: "3e276130f1594cbd908e2fef87ee2ad2"
 from {username='slave'} at 127.0.0.1:60804
I20260713 09:10:11.560297 32443 raft_consensus.cc:606] T 1b6d021790274ffea453109435dd8fd0 P 5f02f788eaed45a2bfc3417bebe3ce78 [term 3 LEADER]: Received request to transfer leadership to TS 3e276130f1594cbd908e2fef87ee2ad2
I20260713 09:10:11.564285 32294 tablet_service.cc:2072] Received LeaderStepDown RPC: tablet_id: "2b2db2c63106463a9f3966f904bed25a"
dest_uuid: "0e5e7f9e3735437b99b731be9a07018f"
mode: GRACEFUL
new_leader_uuid: "3e276130f1594cbd908e2fef87ee2ad2"
 from {username='slave'} at 127.0.0.1:42496
I20260713 09:10:11.564639 32294 raft_consensus.cc:606] T 2b2db2c63106463a9f3966f904bed25a P 0e5e7f9e3735437b99b731be9a07018f [term 2 LEADER]: Received request to transfer leadership to TS 3e276130f1594cbd908e2fef87ee2ad2
I20260713 09:10:11.570253 32443 tablet_service.cc:2072] Received LeaderStepDown RPC: tablet_id: "fe75019d0adc446fb9a1e0bdeb2a68ff"
dest_uuid: "5f02f788eaed45a2bfc3417bebe3ce78"
mode: GRACEFUL
new_leader_uuid: "3e276130f1594cbd908e2fef87ee2ad2"
 from {username='slave'} at 127.0.0.1:60804
I20260713 09:10:11.570623 32443 raft_consensus.cc:606] T fe75019d0adc446fb9a1e0bdeb2a68ff P 5f02f788eaed45a2bfc3417bebe3ce78 [term 3 LEADER]: Received request to transfer leadership to TS 3e276130f1594cbd908e2fef87ee2ad2
I20260713 09:10:11.716223 32579 raft_consensus.cc:993] T 41cf1d6517fd43cfb4c516ac9ff2eb0e P 0e5e7f9e3735437b99b731be9a07018f: : Instructing follower 3e276130f1594cbd908e2fef87ee2ad2 to start an election
I20260713 09:10:11.716571 32602 raft_consensus.cc:1081] T 41cf1d6517fd43cfb4c516ac9ff2eb0e P 0e5e7f9e3735437b99b731be9a07018f [term 1 LEADER]: Signalling peer 3e276130f1594cbd908e2fef87ee2ad2 to start an election
I20260713 09:10:11.717711 32370 tablet_service.cc:2044] Received Run Leader Election RPC: tablet_id: "41cf1d6517fd43cfb4c516ac9ff2eb0e"
dest_uuid: "3e276130f1594cbd908e2fef87ee2ad2"
 from {username='slave'} at 127.0.0.1:39020
I20260713 09:10:11.718076 32370 raft_consensus.cc:493] T 41cf1d6517fd43cfb4c516ac9ff2eb0e P 3e276130f1594cbd908e2fef87ee2ad2 [term 1 FOLLOWER]: Starting forced leader election (received explicit request)
I20260713 09:10:11.718303 32370 raft_consensus.cc:3060] T 41cf1d6517fd43cfb4c516ac9ff2eb0e P 3e276130f1594cbd908e2fef87ee2ad2 [term 1 FOLLOWER]: Advancing to term 2
I20260713 09:10:11.722182 32370 raft_consensus.cc:515] T 41cf1d6517fd43cfb4c516ac9ff2eb0e P 3e276130f1594cbd908e2fef87ee2ad2 [term 2 FOLLOWER]: Starting forced leader election with config: opid_index: -1 OBSOLETE_local: false peers { permanent_uuid: "0e5e7f9e3735437b99b731be9a07018f" member_type: VOTER last_known_addr { host: "127.31.104.1" port: 35033 } } peers { permanent_uuid: "3e276130f1594cbd908e2fef87ee2ad2" member_type: VOTER last_known_addr { host: "127.31.104.2" port: 33243 } } peers { permanent_uuid: "5f02f788eaed45a2bfc3417bebe3ce78" member_type: VOTER last_known_addr { host: "127.31.104.3" port: 35457 } }
I20260713 09:10:11.723495 32370 leader_election.cc:290] T 41cf1d6517fd43cfb4c516ac9ff2eb0e P 3e276130f1594cbd908e2fef87ee2ad2 [CANDIDATE]: Term 2 election: Requested vote from peers 0e5e7f9e3735437b99b731be9a07018f (127.31.104.1:35033), 5f02f788eaed45a2bfc3417bebe3ce78 (127.31.104.3:35457)
I20260713 09:10:11.724099 32294 tablet_service.cc:1917] Received RequestConsensusVote() RPC: tablet_id: "41cf1d6517fd43cfb4c516ac9ff2eb0e" candidate_uuid: "3e276130f1594cbd908e2fef87ee2ad2" candidate_term: 2 candidate_status { last_received { term: 1 index: 1 } } ignore_live_leader: true dest_uuid: "0e5e7f9e3735437b99b731be9a07018f"
I20260713 09:10:11.724289 32443 tablet_service.cc:1917] Received RequestConsensusVote() RPC: tablet_id: "41cf1d6517fd43cfb4c516ac9ff2eb0e" candidate_uuid: "3e276130f1594cbd908e2fef87ee2ad2" candidate_term: 2 candidate_status { last_received { term: 1 index: 1 } } ignore_live_leader: true dest_uuid: "5f02f788eaed45a2bfc3417bebe3ce78"
I20260713 09:10:11.724589 32294 raft_consensus.cc:3055] T 41cf1d6517fd43cfb4c516ac9ff2eb0e P 0e5e7f9e3735437b99b731be9a07018f [term 1 LEADER]: Stepping down as leader of term 1
I20260713 09:10:11.724757 32443 raft_consensus.cc:3060] T 41cf1d6517fd43cfb4c516ac9ff2eb0e P 5f02f788eaed45a2bfc3417bebe3ce78 [term 1 FOLLOWER]: Advancing to term 2
I20260713 09:10:11.724862 32294 raft_consensus.cc:740] T 41cf1d6517fd43cfb4c516ac9ff2eb0e P 0e5e7f9e3735437b99b731be9a07018f [term 1 LEADER]: Becoming Follower/Learner. State: Replica: 0e5e7f9e3735437b99b731be9a07018f, State: Running, Role: LEADER
I20260713 09:10:11.725473 32294 consensus_queue.cc:260] T 41cf1d6517fd43cfb4c516ac9ff2eb0e P 0e5e7f9e3735437b99b731be9a07018f [NON_LEADER]: Queue going to NON_LEADER mode. State: All replicated index: 0, Majority replicated index: 1, Committed index: 1, Last appended: 1.1, Last appended by leader: 1, Current term: 1, Majority size: -1, State: 0, Mode: NON_LEADER, active raft config: opid_index: -1 OBSOLETE_local: false peers { permanent_uuid: "0e5e7f9e3735437b99b731be9a07018f" member_type: VOTER last_known_addr { host: "127.31.104.1" port: 35033 } } peers { permanent_uuid: "3e276130f1594cbd908e2fef87ee2ad2" member_type: VOTER last_known_addr { host: "127.31.104.2" port: 33243 } } peers { permanent_uuid: "5f02f788eaed45a2bfc3417bebe3ce78" member_type: VOTER last_known_addr { host: "127.31.104.3" port: 35457 } }
I20260713 09:10:11.726174 32294 raft_consensus.cc:3060] T 41cf1d6517fd43cfb4c516ac9ff2eb0e P 0e5e7f9e3735437b99b731be9a07018f [term 1 FOLLOWER]: Advancing to term 2
I20260713 09:10:11.728878 32443 raft_consensus.cc:2468] T 41cf1d6517fd43cfb4c516ac9ff2eb0e P 5f02f788eaed45a2bfc3417bebe3ce78 [term 2 FOLLOWER]: Leader election vote request: Granting yes vote for candidate 3e276130f1594cbd908e2fef87ee2ad2 in term 2.
I20260713 09:10:11.729717 32335 leader_election.cc:304] T 41cf1d6517fd43cfb4c516ac9ff2eb0e P 3e276130f1594cbd908e2fef87ee2ad2 [CANDIDATE]: Term 2 election: Election decided. Result: candidate won. Election summary: received 2 responses out of 3 voters: 2 yes votes; 0 no votes. yes voters: 3e276130f1594cbd908e2fef87ee2ad2, 5f02f788eaed45a2bfc3417bebe3ce78; no voters: 
I20260713 09:10:11.730378 32496 raft_consensus.cc:2804] T 41cf1d6517fd43cfb4c516ac9ff2eb0e P 3e276130f1594cbd908e2fef87ee2ad2 [term 2 FOLLOWER]: Leader election won for term 2
I20260713 09:10:11.730800 32294 raft_consensus.cc:2468] T 41cf1d6517fd43cfb4c516ac9ff2eb0e P 0e5e7f9e3735437b99b731be9a07018f [term 2 FOLLOWER]: Leader election vote request: Granting yes vote for candidate 3e276130f1594cbd908e2fef87ee2ad2 in term 2.
I20260713 09:10:11.731278 32496 raft_consensus.cc:697] T 41cf1d6517fd43cfb4c516ac9ff2eb0e P 3e276130f1594cbd908e2fef87ee2ad2 [term 2 LEADER]: Becoming Leader. State: Replica: 3e276130f1594cbd908e2fef87ee2ad2, State: Running, Role: LEADER
I20260713 09:10:11.732066 32496 consensus_queue.cc:237] T 41cf1d6517fd43cfb4c516ac9ff2eb0e P 3e276130f1594cbd908e2fef87ee2ad2 [LEADER]: Queue going to LEADER mode. State: All replicated index: 0, Majority replicated index: 1, Committed index: 1, Last appended: 1.1, Last appended by leader: 1, Current term: 2, Majority size: 2, State: 0, Mode: LEADER, active raft config: opid_index: -1 OBSOLETE_local: false peers { permanent_uuid: "0e5e7f9e3735437b99b731be9a07018f" member_type: VOTER last_known_addr { host: "127.31.104.1" port: 35033 } } peers { permanent_uuid: "3e276130f1594cbd908e2fef87ee2ad2" member_type: VOTER last_known_addr { host: "127.31.104.2" port: 33243 } } peers { permanent_uuid: "5f02f788eaed45a2bfc3417bebe3ce78" member_type: VOTER last_known_addr { host: "127.31.104.3" port: 35457 } }
I20260713 09:10:11.737272 32191 catalog_manager.cc:5697] T 41cf1d6517fd43cfb4c516ac9ff2eb0e P 3e276130f1594cbd908e2fef87ee2ad2 reported cstate change: term changed from 1 to 2, leader changed from 0e5e7f9e3735437b99b731be9a07018f (127.31.104.1) to 3e276130f1594cbd908e2fef87ee2ad2 (127.31.104.2). New cstate: current_term: 2 leader_uuid: "3e276130f1594cbd908e2fef87ee2ad2" committed_config { opid_index: -1 OBSOLETE_local: false peers { permanent_uuid: "0e5e7f9e3735437b99b731be9a07018f" member_type: VOTER last_known_addr { host: "127.31.104.1" port: 35033 } health_report { overall_health: UNKNOWN } } peers { permanent_uuid: "3e276130f1594cbd908e2fef87ee2ad2" member_type: VOTER last_known_addr { host: "127.31.104.2" port: 33243 } health_report { overall_health: HEALTHY } } peers { permanent_uuid: "5f02f788eaed45a2bfc3417bebe3ce78" member_type: VOTER last_known_addr { host: "127.31.104.3" port: 35457 } health_report { overall_health: UNKNOWN } } }
I20260713 09:10:11.745388 32585 raft_consensus.cc:993] T fe75019d0adc446fb9a1e0bdeb2a68ff P 5f02f788eaed45a2bfc3417bebe3ce78: : Instructing follower 3e276130f1594cbd908e2fef87ee2ad2 to start an election
I20260713 09:10:11.745723 32580 raft_consensus.cc:1081] T fe75019d0adc446fb9a1e0bdeb2a68ff P 5f02f788eaed45a2bfc3417bebe3ce78 [term 3 LEADER]: Signalling peer 3e276130f1594cbd908e2fef87ee2ad2 to start an election
I20260713 09:10:11.746896 32370 tablet_service.cc:2044] Received Run Leader Election RPC: tablet_id: "fe75019d0adc446fb9a1e0bdeb2a68ff"
dest_uuid: "3e276130f1594cbd908e2fef87ee2ad2"
 from {username='slave'} at 127.0.0.1:39022
I20260713 09:10:11.747372 32370 raft_consensus.cc:493] T fe75019d0adc446fb9a1e0bdeb2a68ff P 3e276130f1594cbd908e2fef87ee2ad2 [term 3 FOLLOWER]: Starting forced leader election (received explicit request)
I20260713 09:10:11.747742 32370 raft_consensus.cc:3060] T fe75019d0adc446fb9a1e0bdeb2a68ff P 3e276130f1594cbd908e2fef87ee2ad2 [term 3 FOLLOWER]: Advancing to term 4
I20260713 09:10:11.751499 32370 raft_consensus.cc:515] T fe75019d0adc446fb9a1e0bdeb2a68ff P 3e276130f1594cbd908e2fef87ee2ad2 [term 4 FOLLOWER]: Starting forced leader election with config: opid_index: -1 OBSOLETE_local: false peers { permanent_uuid: "0e5e7f9e3735437b99b731be9a07018f" member_type: VOTER last_known_addr { host: "127.31.104.1" port: 35033 } } peers { permanent_uuid: "3e276130f1594cbd908e2fef87ee2ad2" member_type: VOTER last_known_addr { host: "127.31.104.2" port: 33243 } } peers { permanent_uuid: "5f02f788eaed45a2bfc3417bebe3ce78" member_type: VOTER last_known_addr { host: "127.31.104.3" port: 35457 } }
I20260713 09:10:11.752789 32370 leader_election.cc:290] T fe75019d0adc446fb9a1e0bdeb2a68ff P 3e276130f1594cbd908e2fef87ee2ad2 [CANDIDATE]: Term 4 election: Requested vote from peers 0e5e7f9e3735437b99b731be9a07018f (127.31.104.1:35033), 5f02f788eaed45a2bfc3417bebe3ce78 (127.31.104.3:35457)
I20260713 09:10:11.753351 32294 tablet_service.cc:1917] Received RequestConsensusVote() RPC: tablet_id: "fe75019d0adc446fb9a1e0bdeb2a68ff" candidate_uuid: "3e276130f1594cbd908e2fef87ee2ad2" candidate_term: 4 candidate_status { last_received { term: 3 index: 3 } } ignore_live_leader: true dest_uuid: "0e5e7f9e3735437b99b731be9a07018f"
I20260713 09:10:11.753539 32443 tablet_service.cc:1917] Received RequestConsensusVote() RPC: tablet_id: "fe75019d0adc446fb9a1e0bdeb2a68ff" candidate_uuid: "3e276130f1594cbd908e2fef87ee2ad2" candidate_term: 4 candidate_status { last_received { term: 3 index: 3 } } ignore_live_leader: true dest_uuid: "5f02f788eaed45a2bfc3417bebe3ce78"
I20260713 09:10:11.753814 32294 raft_consensus.cc:3060] T fe75019d0adc446fb9a1e0bdeb2a68ff P 0e5e7f9e3735437b99b731be9a07018f [term 3 FOLLOWER]: Advancing to term 4
I20260713 09:10:11.754001 32443 raft_consensus.cc:3055] T fe75019d0adc446fb9a1e0bdeb2a68ff P 5f02f788eaed45a2bfc3417bebe3ce78 [term 3 LEADER]: Stepping down as leader of term 3
I20260713 09:10:11.754283 32443 raft_consensus.cc:740] T fe75019d0adc446fb9a1e0bdeb2a68ff P 5f02f788eaed45a2bfc3417bebe3ce78 [term 3 LEADER]: Becoming Follower/Learner. State: Replica: 5f02f788eaed45a2bfc3417bebe3ce78, State: Running, Role: LEADER
I20260713 09:10:11.754839 32443 consensus_queue.cc:260] T fe75019d0adc446fb9a1e0bdeb2a68ff P 5f02f788eaed45a2bfc3417bebe3ce78 [NON_LEADER]: Queue going to NON_LEADER mode. State: All replicated index: 0, Majority replicated index: 3, Committed index: 3, Last appended: 3.3, Last appended by leader: 3, Current term: 3, Majority size: -1, State: 0, Mode: NON_LEADER, active raft config: opid_index: -1 OBSOLETE_local: false peers { permanent_uuid: "0e5e7f9e3735437b99b731be9a07018f" member_type: VOTER last_known_addr { host: "127.31.104.1" port: 35033 } } peers { permanent_uuid: "3e276130f1594cbd908e2fef87ee2ad2" member_type: VOTER last_known_addr { host: "127.31.104.2" port: 33243 } } peers { permanent_uuid: "5f02f788eaed45a2bfc3417bebe3ce78" member_type: VOTER last_known_addr { host: "127.31.104.3" port: 35457 } }
I20260713 09:10:11.755573 32443 raft_consensus.cc:3060] T fe75019d0adc446fb9a1e0bdeb2a68ff P 5f02f788eaed45a2bfc3417bebe3ce78 [term 3 FOLLOWER]: Advancing to term 4
I20260713 09:10:11.757202 32294 raft_consensus.cc:2468] T fe75019d0adc446fb9a1e0bdeb2a68ff P 0e5e7f9e3735437b99b731be9a07018f [term 4 FOLLOWER]: Leader election vote request: Granting yes vote for candidate 3e276130f1594cbd908e2fef87ee2ad2 in term 4.
I20260713 09:10:11.757921 32336 leader_election.cc:304] T fe75019d0adc446fb9a1e0bdeb2a68ff P 3e276130f1594cbd908e2fef87ee2ad2 [CANDIDATE]: Term 4 election: Election decided. Result: candidate won. Election summary: received 2 responses out of 3 voters: 2 yes votes; 0 no votes. yes voters: 0e5e7f9e3735437b99b731be9a07018f, 3e276130f1594cbd908e2fef87ee2ad2; no voters: 
I20260713 09:10:11.758466 32496 raft_consensus.cc:2804] T fe75019d0adc446fb9a1e0bdeb2a68ff P 3e276130f1594cbd908e2fef87ee2ad2 [term 4 FOLLOWER]: Leader election won for term 4
I20260713 09:10:11.758795 32496 raft_consensus.cc:697] T fe75019d0adc446fb9a1e0bdeb2a68ff P 3e276130f1594cbd908e2fef87ee2ad2 [term 4 LEADER]: Becoming Leader. State: Replica: 3e276130f1594cbd908e2fef87ee2ad2, State: Running, Role: LEADER
I20260713 09:10:11.758991 32443 raft_consensus.cc:2468] T fe75019d0adc446fb9a1e0bdeb2a68ff P 5f02f788eaed45a2bfc3417bebe3ce78 [term 4 FOLLOWER]: Leader election vote request: Granting yes vote for candidate 3e276130f1594cbd908e2fef87ee2ad2 in term 4.
