I20260713 09:10:17.101615   509 raft_consensus.cc:515] T 94f6c432894542e88debb42ee1a2d8e9 P b4659a14f35d47febfe970c51432fa56 [term 1 FOLLOWER]: Starting leader election with config: opid_index: -1 OBSOLETE_local: false peers { permanent_uuid: "b4659a14f35d47febfe970c51432fa56" member_type: VOTER last_known_addr { host: "127.31.104.1" port: 40031 } } peers { permanent_uuid: "e01fd793a1934edfb0bac43510083c73" member_type: VOTER last_known_addr { host: "127.31.104.2" port: 46111 } } peers { permanent_uuid: "de5e92e7c74346ce8f619394c175ddd9" member_type: VOTER last_known_addr { host: "127.31.104.3" port: 38549 } }
I20260713 09:10:17.102711   504 ts_tablet_manager.cc:1434] T 0bb628ecb54e471bb41594ec53dedc6a P b4659a14f35d47febfe970c51432fa56: Time spent starting tablet: real 0.005s	user 0.004s	sys 0.000s
I20260713 09:10:17.103513   504 tablet_bootstrap.cc:492] T 2880b2fecacd4d88b0bc70b288804a54 P b4659a14f35d47febfe970c51432fa56: Bootstrap starting.
I20260713 09:10:17.104085   389 tablet_service.cc:1917] Received RequestConsensusVote() RPC: tablet_id: "94f6c432894542e88debb42ee1a2d8e9" candidate_uuid: "b4659a14f35d47febfe970c51432fa56" candidate_term: 1 candidate_status { last_received { term: 0 index: 0 } } ignore_live_leader: false dest_uuid: "e01fd793a1934edfb0bac43510083c73"
I20260713 09:10:17.104604   389 raft_consensus.cc:3060] T 94f6c432894542e88debb42ee1a2d8e9 P e01fd793a1934edfb0bac43510083c73 [term 0 FOLLOWER]: Advancing to term 1
I20260713 09:10:17.105026   505 tablet_bootstrap.cc:654] T 94f6c432894542e88debb42ee1a2d8e9 P de5e92e7c74346ce8f619394c175ddd9: Neither blocks nor log segments found. Creating new log.
I20260713 09:10:17.109470   504 tablet_bootstrap.cc:654] T 2880b2fecacd4d88b0bc70b288804a54 P b4659a14f35d47febfe970c51432fa56: Neither blocks nor log segments found. Creating new log.
I20260713 09:10:17.110620   389 raft_consensus.cc:2468] T 94f6c432894542e88debb42ee1a2d8e9 P e01fd793a1934edfb0bac43510083c73 [term 1 FOLLOWER]: Leader election vote request: Granting yes vote for candidate b4659a14f35d47febfe970c51432fa56 in term 1.
I20260713 09:10:17.111737   509 leader_election.cc:290] T 94f6c432894542e88debb42ee1a2d8e9 P b4659a14f35d47febfe970c51432fa56 [CANDIDATE]: Term 1 election: Requested vote from peers e01fd793a1934edfb0bac43510083c73 (127.31.104.2:46111), de5e92e7c74346ce8f619394c175ddd9 (127.31.104.3:38549)
I20260713 09:10:17.113910   464 tablet_service.cc:1917] Received RequestConsensusVote() RPC: tablet_id: "94f6c432894542e88debb42ee1a2d8e9" candidate_uuid: "b4659a14f35d47febfe970c51432fa56" candidate_term: 1 candidate_status { last_received { term: 0 index: 0 } } ignore_live_leader: false dest_uuid: "de5e92e7c74346ce8f619394c175ddd9" is_pre_election: true
I20260713 09:10:17.115986   463 tablet_service.cc:1917] Received RequestConsensusVote() RPC: tablet_id: "94f6c432894542e88debb42ee1a2d8e9" candidate_uuid: "b4659a14f35d47febfe970c51432fa56" candidate_term: 1 candidate_status { last_received { term: 0 index: 0 } } ignore_live_leader: false dest_uuid: "de5e92e7c74346ce8f619394c175ddd9"
I20260713 09:10:17.118366 32747 leader_election.cc:304] T 94f6c432894542e88debb42ee1a2d8e9 P b4659a14f35d47febfe970c51432fa56 [CANDIDATE]: Term 1 election: Election decided. Result: candidate won. Election summary: received 2 responses out of 3 voters: 2 yes votes; 0 no votes. yes voters: b4659a14f35d47febfe970c51432fa56, e01fd793a1934edfb0bac43510083c73; no voters: 
I20260713 09:10:17.119222   509 raft_consensus.cc:2804] T 94f6c432894542e88debb42ee1a2d8e9 P b4659a14f35d47febfe970c51432fa56 [term 1 FOLLOWER]: Leader election won for term 1
I20260713 09:10:17.119782   509 raft_consensus.cc:697] T 94f6c432894542e88debb42ee1a2d8e9 P b4659a14f35d47febfe970c51432fa56 [term 1 LEADER]: Becoming Leader. State: Replica: b4659a14f35d47febfe970c51432fa56, State: Running, Role: LEADER
I20260713 09:10:17.119352 32675 catalog_manager.cc:5697] T cbb62498c2954ae89b0847cb06e4f50e P de5e92e7c74346ce8f619394c175ddd9 reported cstate change: term changed from 0 to 1, leader changed from <none> to de5e92e7c74346ce8f619394c175ddd9 (127.31.104.3). New cstate: current_term: 1 leader_uuid: "de5e92e7c74346ce8f619394c175ddd9" committed_config { opid_index: -1 OBSOLETE_local: false peers { permanent_uuid: "b4659a14f35d47febfe970c51432fa56" member_type: VOTER last_known_addr { host: "127.31.104.1" port: 40031 } health_report { overall_health: UNKNOWN } } peers { permanent_uuid: "e01fd793a1934edfb0bac43510083c73" member_type: VOTER last_known_addr { host: "127.31.104.2" port: 46111 } health_report { overall_health: UNKNOWN } } peers { permanent_uuid: "de5e92e7c74346ce8f619394c175ddd9" member_type: VOTER last_known_addr { host: "127.31.104.3" port: 38549 } health_report { overall_health: HEALTHY } } }
W20260713 09:10:17.119773 32748 leader_election.cc:343] T 94f6c432894542e88debb42ee1a2d8e9 P b4659a14f35d47febfe970c51432fa56 [CANDIDATE]: Term 1 pre-election: Tablet error from VoteRequest() call to peer de5e92e7c74346ce8f619394c175ddd9 (127.31.104.3:38549): Illegal state: must be running to vote when last-logged opid is not known
I20260713 09:10:17.120640   509 consensus_queue.cc:237] T 94f6c432894542e88debb42ee1a2d8e9 P b4659a14f35d47febfe970c51432fa56 [LEADER]: Queue going to LEADER mode. State: All replicated index: 0, Majority replicated index: 0, Committed index: 0, Last appended: 0.0, Last appended by leader: 0, Current term: 1, Majority size: 2, State: 0, Mode: LEADER, active raft config: opid_index: -1 OBSOLETE_local: false peers { permanent_uuid: "b4659a14f35d47febfe970c51432fa56" member_type: VOTER last_known_addr { host: "127.31.104.1" port: 40031 } } peers { permanent_uuid: "e01fd793a1934edfb0bac43510083c73" member_type: VOTER last_known_addr { host: "127.31.104.2" port: 46111 } } peers { permanent_uuid: "de5e92e7c74346ce8f619394c175ddd9" member_type: VOTER last_known_addr { host: "127.31.104.3" port: 38549 } }
W20260713 09:10:17.121186 32748 leader_election.cc:343] T 94f6c432894542e88debb42ee1a2d8e9 P b4659a14f35d47febfe970c51432fa56 [CANDIDATE]: Term 1 election: Tablet error from VoteRequest() call to peer de5e92e7c74346ce8f619394c175ddd9 (127.31.104.3:38549): Illegal state: must be running to vote when last-logged opid is not known
I20260713 09:10:17.116328   505 tablet_bootstrap.cc:492] T 94f6c432894542e88debb42ee1a2d8e9 P de5e92e7c74346ce8f619394c175ddd9: No bootstrap required, opened a new log
I20260713 09:10:17.116360   506 tablet_bootstrap.cc:492] T d54cafbd6bc54994b711458bfc675492 P e01fd793a1934edfb0bac43510083c73: No bootstrap required, opened a new log
I20260713 09:10:17.123749   504 tablet_bootstrap.cc:492] T 2880b2fecacd4d88b0bc70b288804a54 P b4659a14f35d47febfe970c51432fa56: No bootstrap required, opened a new log
I20260713 09:10:17.123819   506 ts_tablet_manager.cc:1403] T d54cafbd6bc54994b711458bfc675492 P e01fd793a1934edfb0bac43510083c73: Time spent bootstrapping tablet: real 0.116s	user 0.012s	sys 0.014s
I20260713 09:10:17.124090   504 ts_tablet_manager.cc:1403] T 2880b2fecacd4d88b0bc70b288804a54 P b4659a14f35d47febfe970c51432fa56: Time spent bootstrapping tablet: real 0.021s	user 0.008s	sys 0.003s
I20260713 09:10:17.125190   505 ts_tablet_manager.cc:1403] T 94f6c432894542e88debb42ee1a2d8e9 P de5e92e7c74346ce8f619394c175ddd9: Time spent bootstrapping tablet: real 0.027s	user 0.005s	sys 0.011s
I20260713 09:10:17.126294   504 raft_consensus.cc:359] T 2880b2fecacd4d88b0bc70b288804a54 P b4659a14f35d47febfe970c51432fa56 [term 0 FOLLOWER]: Replica starting. Triggering 0 pending ops. Active config: opid_index: -1 OBSOLETE_local: false peers { permanent_uuid: "b4659a14f35d47febfe970c51432fa56" member_type: VOTER last_known_addr { host: "127.31.104.1" port: 40031 } } peers { permanent_uuid: "e01fd793a1934edfb0bac43510083c73" member_type: VOTER last_known_addr { host: "127.31.104.2" port: 46111 } } peers { permanent_uuid: "de5e92e7c74346ce8f619394c175ddd9" member_type: VOTER last_known_addr { host: "127.31.104.3" port: 38549 } }
I20260713 09:10:17.126959   504 raft_consensus.cc:385] T 2880b2fecacd4d88b0bc70b288804a54 P b4659a14f35d47febfe970c51432fa56 [term 0 FOLLOWER]: Consensus starting up: Expiring failure detector timer to make a prompt election more likely
I20260713 09:10:17.126659   506 raft_consensus.cc:359] T d54cafbd6bc54994b711458bfc675492 P e01fd793a1934edfb0bac43510083c73 [term 0 FOLLOWER]: Replica starting. Triggering 0 pending ops. Active config: opid_index: -1 OBSOLETE_local: false peers { permanent_uuid: "b4659a14f35d47febfe970c51432fa56" member_type: VOTER last_known_addr { host: "127.31.104.1" port: 40031 } } peers { permanent_uuid: "e01fd793a1934edfb0bac43510083c73" member_type: VOTER last_known_addr { host: "127.31.104.2" port: 46111 } } peers { permanent_uuid: "de5e92e7c74346ce8f619394c175ddd9" member_type: VOTER last_known_addr { host: "127.31.104.3" port: 38549 } }
I20260713 09:10:17.127224   504 raft_consensus.cc:740] T 2880b2fecacd4d88b0bc70b288804a54 P b4659a14f35d47febfe970c51432fa56 [term 0 FOLLOWER]: Becoming Follower/Learner. State: Replica: b4659a14f35d47febfe970c51432fa56, State: Initialized, Role: FOLLOWER
I20260713 09:10:17.127363   506 raft_consensus.cc:385] T d54cafbd6bc54994b711458bfc675492 P e01fd793a1934edfb0bac43510083c73 [term 0 FOLLOWER]: Consensus starting up: Expiring failure detector timer to make a prompt election more likely
I20260713 09:10:17.127329   505 raft_consensus.cc:359] T 94f6c432894542e88debb42ee1a2d8e9 P de5e92e7c74346ce8f619394c175ddd9 [term 0 FOLLOWER]: Replica starting. Triggering 0 pending ops. Active config: opid_index: -1 OBSOLETE_local: false peers { permanent_uuid: "b4659a14f35d47febfe970c51432fa56" member_type: VOTER last_known_addr { host: "127.31.104.1" port: 40031 } } peers { permanent_uuid: "e01fd793a1934edfb0bac43510083c73" member_type: VOTER last_known_addr { host: "127.31.104.2" port: 46111 } } peers { permanent_uuid: "de5e92e7c74346ce8f619394c175ddd9" member_type: VOTER last_known_addr { host: "127.31.104.3" port: 38549 } }
I20260713 09:10:17.127878   506 raft_consensus.cc:740] T d54cafbd6bc54994b711458bfc675492 P e01fd793a1934edfb0bac43510083c73 [term 0 FOLLOWER]: Becoming Follower/Learner. State: Replica: e01fd793a1934edfb0bac43510083c73, State: Initialized, Role: FOLLOWER
I20260713 09:10:17.128085   505 raft_consensus.cc:385] T 94f6c432894542e88debb42ee1a2d8e9 P de5e92e7c74346ce8f619394c175ddd9 [term 0 FOLLOWER]: Consensus starting up: Expiring failure detector timer to make a prompt election more likely
I20260713 09:10:17.131834   505 raft_consensus.cc:740] T 94f6c432894542e88debb42ee1a2d8e9 P de5e92e7c74346ce8f619394c175ddd9 [term 0 FOLLOWER]: Becoming Follower/Learner. State: Replica: de5e92e7c74346ce8f619394c175ddd9, State: Initialized, Role: FOLLOWER
I20260713 09:10:17.128127   504 consensus_queue.cc:260] T 2880b2fecacd4d88b0bc70b288804a54 P b4659a14f35d47febfe970c51432fa56 [NON_LEADER]: Queue going to NON_LEADER mode. State: All replicated index: 0, Majority replicated index: 0, Committed index: 0, Last appended: 0.0, Last appended by leader: 0, Current term: 0, Majority size: -1, State: 0, Mode: NON_LEADER, active raft config: opid_index: -1 OBSOLETE_local: false peers { permanent_uuid: "b4659a14f35d47febfe970c51432fa56" member_type: VOTER last_known_addr { host: "127.31.104.1" port: 40031 } } peers { permanent_uuid: "e01fd793a1934edfb0bac43510083c73" member_type: VOTER last_known_addr { host: "127.31.104.2" port: 46111 } } peers { permanent_uuid: "de5e92e7c74346ce8f619394c175ddd9" member_type: VOTER last_known_addr { host: "127.31.104.3" port: 38549 } }
I20260713 09:10:17.132231   506 consensus_queue.cc:260] T d54cafbd6bc54994b711458bfc675492 P e01fd793a1934edfb0bac43510083c73 [NON_LEADER]: Queue going to NON_LEADER mode. State: All replicated index: 0, Majority replicated index: 0, Committed index: 0, Last appended: 0.0, Last appended by leader: 0, Current term: 0, Majority size: -1, State: 0, Mode: NON_LEADER, active raft config: opid_index: -1 OBSOLETE_local: false peers { permanent_uuid: "b4659a14f35d47febfe970c51432fa56" member_type: VOTER last_known_addr { host: "127.31.104.1" port: 40031 } } peers { permanent_uuid: "e01fd793a1934edfb0bac43510083c73" member_type: VOTER last_known_addr { host: "127.31.104.2" port: 46111 } } peers { permanent_uuid: "de5e92e7c74346ce8f619394c175ddd9" member_type: VOTER last_known_addr { host: "127.31.104.3" port: 38549 } }
I20260713 09:10:17.132474   505 consensus_queue.cc:260] T 94f6c432894542e88debb42ee1a2d8e9 P de5e92e7c74346ce8f619394c175ddd9 [NON_LEADER]: Queue going to NON_LEADER mode. State: All replicated index: 0, Majority replicated index: 0, Committed index: 0, Last appended: 0.0, Last appended by leader: 0, Current term: 0, Majority size: -1, State: 0, Mode: NON_LEADER, active raft config: opid_index: -1 OBSOLETE_local: false peers { permanent_uuid: "b4659a14f35d47febfe970c51432fa56" member_type: VOTER last_known_addr { host: "127.31.104.1" port: 40031 } } peers { permanent_uuid: "e01fd793a1934edfb0bac43510083c73" member_type: VOTER last_known_addr { host: "127.31.104.2" port: 46111 } } peers { permanent_uuid: "de5e92e7c74346ce8f619394c175ddd9" member_type: VOTER last_known_addr { host: "127.31.104.3" port: 38549 } }
I20260713 09:10:17.133890   504 ts_tablet_manager.cc:1434] T 2880b2fecacd4d88b0bc70b288804a54 P b4659a14f35d47febfe970c51432fa56: Time spent starting tablet: real 0.010s	user 0.001s	sys 0.007s
I20260713 09:10:17.134383   505 ts_tablet_manager.cc:1434] T 94f6c432894542e88debb42ee1a2d8e9 P de5e92e7c74346ce8f619394c175ddd9: Time spent starting tablet: real 0.009s	user 0.001s	sys 0.004s
I20260713 09:10:17.134831   504 tablet_bootstrap.cc:492] T 3ad1389aa46c4f3f9e36a15e04c087e0 P b4659a14f35d47febfe970c51432fa56: Bootstrap starting.
I20260713 09:10:17.135142   505 tablet_bootstrap.cc:492] T 0bfc6f0e67a443b889761f7e77eb2356 P de5e92e7c74346ce8f619394c175ddd9: Bootstrap starting.
I20260713 09:10:17.140231   506 ts_tablet_manager.cc:1434] T d54cafbd6bc54994b711458bfc675492 P e01fd793a1934edfb0bac43510083c73: Time spent starting tablet: real 0.016s	user 0.004s	sys 0.006s
I20260713 09:10:17.140751   504 tablet_bootstrap.cc:654] T 3ad1389aa46c4f3f9e36a15e04c087e0 P b4659a14f35d47febfe970c51432fa56: Neither blocks nor log segments found. Creating new log.
I20260713 09:10:17.144023   505 tablet_bootstrap.cc:654] T 0bfc6f0e67a443b889761f7e77eb2356 P de5e92e7c74346ce8f619394c175ddd9: Neither blocks nor log segments found. Creating new log.
I20260713 09:10:17.144770   506 tablet_bootstrap.cc:492] T 596c5035c93243fc9ca933514a729050 P e01fd793a1934edfb0bac43510083c73: Bootstrap starting.
I20260713 09:10:17.151320   506 tablet_bootstrap.cc:654] T 596c5035c93243fc9ca933514a729050 P e01fd793a1934edfb0bac43510083c73: Neither blocks nor log segments found. Creating new log.
I20260713 09:10:17.156980   505 tablet_bootstrap.cc:492] T 0bfc6f0e67a443b889761f7e77eb2356 P de5e92e7c74346ce8f619394c175ddd9: No bootstrap required, opened a new log
I20260713 09:10:17.157380   504 tablet_bootstrap.cc:492] T 3ad1389aa46c4f3f9e36a15e04c087e0 P b4659a14f35d47febfe970c51432fa56: No bootstrap required, opened a new log
I20260713 09:10:17.157382   505 ts_tablet_manager.cc:1403] T 0bfc6f0e67a443b889761f7e77eb2356 P de5e92e7c74346ce8f619394c175ddd9: Time spent bootstrapping tablet: real 0.022s	user 0.015s	sys 0.002s
I20260713 09:10:17.157972   504 ts_tablet_manager.cc:1403] T 3ad1389aa46c4f3f9e36a15e04c087e0 P b4659a14f35d47febfe970c51432fa56: Time spent bootstrapping tablet: real 0.023s	user 0.015s	sys 0.003s
I20260713 09:10:17.158039   506 tablet_bootstrap.cc:492] T 596c5035c93243fc9ca933514a729050 P e01fd793a1934edfb0bac43510083c73: No bootstrap required, opened a new log
I20260713 09:10:17.158586   506 ts_tablet_manager.cc:1403] T 596c5035c93243fc9ca933514a729050 P e01fd793a1934edfb0bac43510083c73: Time spent bootstrapping tablet: real 0.014s	user 0.011s	sys 0.000s
I20260713 09:10:17.160070   505 raft_consensus.cc:359] T 0bfc6f0e67a443b889761f7e77eb2356 P de5e92e7c74346ce8f619394c175ddd9 [term 0 FOLLOWER]: Replica starting. Triggering 0 pending ops. Active config: opid_index: -1 OBSOLETE_local: false peers { permanent_uuid: "b4659a14f35d47febfe970c51432fa56" member_type: VOTER last_known_addr { host: "127.31.104.1" port: 40031 } } peers { permanent_uuid: "e01fd793a1934edfb0bac43510083c73" member_type: VOTER last_known_addr { host: "127.31.104.2" port: 46111 } } peers { permanent_uuid: "de5e92e7c74346ce8f619394c175ddd9" member_type: VOTER last_known_addr { host: "127.31.104.3" port: 38549 } }
I20260713 09:10:17.160719   505 raft_consensus.cc:385] T 0bfc6f0e67a443b889761f7e77eb2356 P de5e92e7c74346ce8f619394c175ddd9 [term 0 FOLLOWER]: Consensus starting up: Expiring failure detector timer to make a prompt election more likely
I20260713 09:10:17.161043   505 raft_consensus.cc:740] T 0bfc6f0e67a443b889761f7e77eb2356 P de5e92e7c74346ce8f619394c175ddd9 [term 0 FOLLOWER]: Becoming Follower/Learner. State: Replica: de5e92e7c74346ce8f619394c175ddd9, State: Initialized, Role: FOLLOWER
I20260713 09:10:17.161150   506 raft_consensus.cc:359] T 596c5035c93243fc9ca933514a729050 P e01fd793a1934edfb0bac43510083c73 [term 0 FOLLOWER]: Replica starting. Triggering 0 pending ops. Active config: opid_index: -1 OBSOLETE_local: false peers { permanent_uuid: "b4659a14f35d47febfe970c51432fa56" member_type: VOTER last_known_addr { host: "127.31.104.1" port: 40031 } } peers { permanent_uuid: "e01fd793a1934edfb0bac43510083c73" member_type: VOTER last_known_addr { host: "127.31.104.2" port: 46111 } } peers { permanent_uuid: "de5e92e7c74346ce8f619394c175ddd9" member_type: VOTER last_known_addr { host: "127.31.104.3" port: 38549 } }
I20260713 09:10:17.161805   506 raft_consensus.cc:385] T 596c5035c93243fc9ca933514a729050 P e01fd793a1934edfb0bac43510083c73 [term 0 FOLLOWER]: Consensus starting up: Expiring failure detector timer to make a prompt election more likely
I20260713 09:10:17.161829   505 consensus_queue.cc:260] T 0bfc6f0e67a443b889761f7e77eb2356 P de5e92e7c74346ce8f619394c175ddd9 [NON_LEADER]: Queue going to NON_LEADER mode. State: All replicated index: 0, Majority replicated index: 0, Committed index: 0, Last appended: 0.0, Last appended by leader: 0, Current term: 0, Majority size: -1, State: 0, Mode: NON_LEADER, active raft config: opid_index: -1 OBSOLETE_local: false peers { permanent_uuid: "b4659a14f35d47febfe970c51432fa56" member_type: VOTER last_known_addr { host: "127.31.104.1" port: 40031 } } peers { permanent_uuid: "e01fd793a1934edfb0bac43510083c73" member_type: VOTER last_known_addr { host: "127.31.104.2" port: 46111 } } peers { permanent_uuid: "de5e92e7c74346ce8f619394c175ddd9" member_type: VOTER last_known_addr { host: "127.31.104.3" port: 38549 } }
I20260713 09:10:17.162216   506 raft_consensus.cc:740] T 596c5035c93243fc9ca933514a729050 P e01fd793a1934edfb0bac43510083c73 [term 0 FOLLOWER]: Becoming Follower/Learner. State: Replica: e01fd793a1934edfb0bac43510083c73, State: Initialized, Role: FOLLOWER
I20260713 09:10:17.162120 32677 catalog_manager.cc:5697] T 94f6c432894542e88debb42ee1a2d8e9 P b4659a14f35d47febfe970c51432fa56 reported cstate change: term changed from 0 to 1, leader changed from <none> to b4659a14f35d47febfe970c51432fa56 (127.31.104.1). New cstate: current_term: 1 leader_uuid: "b4659a14f35d47febfe970c51432fa56" committed_config { opid_index: -1 OBSOLETE_local: false peers { permanent_uuid: "b4659a14f35d47febfe970c51432fa56" member_type: VOTER last_known_addr { host: "127.31.104.1" port: 40031 } health_report { overall_health: HEALTHY } } peers { permanent_uuid: "e01fd793a1934edfb0bac43510083c73" member_type: VOTER last_known_addr { host: "127.31.104.2" port: 46111 } health_report { overall_health: UNKNOWN } } peers { permanent_uuid: "de5e92e7c74346ce8f619394c175ddd9" member_type: VOTER last_known_addr { host: "127.31.104.3" port: 38549 } health_report { overall_health: UNKNOWN } } }
I20260713 09:10:17.162959   506 consensus_queue.cc:260] T 596c5035c93243fc9ca933514a729050 P e01fd793a1934edfb0bac43510083c73 [NON_LEADER]: Queue going to NON_LEADER mode. State: All replicated index: 0, Majority replicated index: 0, Committed index: 0, Last appended: 0.0, Last appended by leader: 0, Current term: 0, Majority size: -1, State: 0, Mode: NON_LEADER, active raft config: opid_index: -1 OBSOLETE_local: false peers { permanent_uuid: "b4659a14f35d47febfe970c51432fa56" member_type: VOTER last_known_addr { host: "127.31.104.1" port: 40031 } } peers { permanent_uuid: "e01fd793a1934edfb0bac43510083c73" member_type: VOTER last_known_addr { host: "127.31.104.2" port: 46111 } } peers { permanent_uuid: "de5e92e7c74346ce8f619394c175ddd9" member_type: VOTER last_known_addr { host: "127.31.104.3" port: 38549 } }
I20260713 09:10:17.162145   509 raft_consensus.cc:493] T d54cafbd6bc54994b711458bfc675492 P b4659a14f35d47febfe970c51432fa56 [term 0 FOLLOWER]: Starting pre-election (no leader contacted us within the election timeout)
I20260713 09:10:17.163746   505 ts_tablet_manager.cc:1434] T 0bfc6f0e67a443b889761f7e77eb2356 P de5e92e7c74346ce8f619394c175ddd9: Time spent starting tablet: real 0.006s	user 0.005s	sys 0.000s
I20260713 09:10:17.163867   509 raft_consensus.cc:515] T d54cafbd6bc54994b711458bfc675492 P b4659a14f35d47febfe970c51432fa56 [term 0 FOLLOWER]: Starting pre-election with config: opid_index: -1 OBSOLETE_local: false peers { permanent_uuid: "b4659a14f35d47febfe970c51432fa56" member_type: VOTER last_known_addr { host: "127.31.104.1" port: 40031 } } peers { permanent_uuid: "e01fd793a1934edfb0bac43510083c73" member_type: VOTER last_known_addr { host: "127.31.104.2" port: 46111 } } peers { permanent_uuid: "de5e92e7c74346ce8f619394c175ddd9" member_type: VOTER last_known_addr { host: "127.31.104.3" port: 38549 } }
I20260713 09:10:17.164530   505 tablet_bootstrap.cc:492] T 9ca1c2d058cd462b8e8f4224dff51a6b P de5e92e7c74346ce8f619394c175ddd9: Bootstrap starting.
I20260713 09:10:17.165711   509 leader_election.cc:290] T d54cafbd6bc54994b711458bfc675492 P b4659a14f35d47febfe970c51432fa56 [CANDIDATE]: Term 1 pre-election: Requested pre-vote from peers e01fd793a1934edfb0bac43510083c73 (127.31.104.2:46111), de5e92e7c74346ce8f619394c175ddd9 (127.31.104.3:38549)
I20260713 09:10:17.166671   463 tablet_service.cc:1917] Received RequestConsensusVote() RPC: tablet_id: "d54cafbd6bc54994b711458bfc675492" candidate_uuid: "b4659a14f35d47febfe970c51432fa56" candidate_term: 1 candidate_status { last_received { term: 0 index: 0 } } ignore_live_leader: false dest_uuid: "de5e92e7c74346ce8f619394c175ddd9" is_pre_election: true
I20260713 09:10:17.167209   463 raft_consensus.cc:2468] T d54cafbd6bc54994b711458bfc675492 P de5e92e7c74346ce8f619394c175ddd9 [term 0 FOLLOWER]: Leader pre-election vote request: Granting yes vote for candidate b4659a14f35d47febfe970c51432fa56 in term 0.
I20260713 09:10:17.168073   506 ts_tablet_manager.cc:1434] T 596c5035c93243fc9ca933514a729050 P e01fd793a1934edfb0bac43510083c73: Time spent starting tablet: real 0.009s	user 0.006s	sys 0.000s
I20260713 09:10:17.168500   389 tablet_service.cc:1917] Received RequestConsensusVote() RPC: tablet_id: "d54cafbd6bc54994b711458bfc675492" candidate_uuid: "b4659a14f35d47febfe970c51432fa56" candidate_term: 1 candidate_status { last_received { term: 0 index: 0 } } ignore_live_leader: false dest_uuid: "e01fd793a1934edfb0bac43510083c73" is_pre_election: true
I20260713 09:10:17.168934   506 tablet_bootstrap.cc:492] T 0bfc6f0e67a443b889761f7e77eb2356 P e01fd793a1934edfb0bac43510083c73: Bootstrap starting.
I20260713 09:10:17.169025   389 raft_consensus.cc:2468] T d54cafbd6bc54994b711458bfc675492 P e01fd793a1934edfb0bac43510083c73 [term 0 FOLLOWER]: Leader pre-election vote request: Granting yes vote for candidate b4659a14f35d47febfe970c51432fa56 in term 0.
I20260713 09:10:17.169838   505 tablet_bootstrap.cc:654] T 9ca1c2d058cd462b8e8f4224dff51a6b P de5e92e7c74346ce8f619394c175ddd9: Neither blocks nor log segments found. Creating new log.
I20260713 09:10:17.170312 32748 leader_election.cc:304] T d54cafbd6bc54994b711458bfc675492 P b4659a14f35d47febfe970c51432fa56 [CANDIDATE]: Term 1 pre-election: Election decided. Result: candidate won. Election summary: received 2 responses out of 3 voters: 2 yes votes; 0 no votes. yes voters: b4659a14f35d47febfe970c51432fa56, de5e92e7c74346ce8f619394c175ddd9; no voters: 
I20260713 09:10:17.171159   535 raft_consensus.cc:493] T 00048626ad2f41cbba1138196f04d68d P b4659a14f35d47febfe970c51432fa56 [term 0 FOLLOWER]: Starting pre-election (no leader contacted us within the election timeout)
I20260713 09:10:17.171589   535 raft_consensus.cc:515] T 00048626ad2f41cbba1138196f04d68d P b4659a14f35d47febfe970c51432fa56 [term 0 FOLLOWER]: Starting pre-election with config: opid_index: -1 OBSOLETE_local: false peers { permanent_uuid: "b4659a14f35d47febfe970c51432fa56" member_type: VOTER last_known_addr { host: "127.31.104.1" port: 40031 } } peers { permanent_uuid: "e01fd793a1934edfb0bac43510083c73" member_type: VOTER last_known_addr { host: "127.31.104.2" port: 46111 } } peers { permanent_uuid: "de5e92e7c74346ce8f619394c175ddd9" member_type: VOTER last_known_addr { host: "127.31.104.3" port: 38549 } }
I20260713 09:10:17.173527   535 leader_election.cc:290] T 00048626ad2f41cbba1138196f04d68d P b4659a14f35d47febfe970c51432fa56 [CANDIDATE]: Term 1 pre-election: Requested pre-vote from peers e01fd793a1934edfb0bac43510083c73 (127.31.104.2:46111), de5e92e7c74346ce8f619394c175ddd9 (127.31.104.3:38549)
I20260713 09:10:17.173946   535 raft_consensus.cc:2804] T d54cafbd6bc54994b711458bfc675492 P b4659a14f35d47febfe970c51432fa56 [term 0 FOLLOWER]: Leader pre-election won for term 1
I20260713 09:10:17.174247   535 raft_consensus.cc:493] T d54cafbd6bc54994b711458bfc675492 P b4659a14f35d47febfe970c51432fa56 [term 0 FOLLOWER]: Starting leader election (no leader contacted us within the election timeout)
I20260713 09:10:17.174561   535 raft_consensus.cc:3060] T d54cafbd6bc54994b711458bfc675492 P b4659a14f35d47febfe970c51432fa56 [term 0 FOLLOWER]: Advancing to term 1
I20260713 09:10:17.175537   506 tablet_bootstrap.cc:654] T 0bfc6f0e67a443b889761f7e77eb2356 P e01fd793a1934edfb0bac43510083c73: Neither blocks nor log segments found. Creating new log.
I20260713 09:10:17.160471   504 raft_consensus.cc:359] T 3ad1389aa46c4f3f9e36a15e04c087e0 P b4659a14f35d47febfe970c51432fa56 [term 0 FOLLOWER]: Replica starting. Triggering 0 pending ops. Active config: opid_index: -1 OBSOLETE_local: false peers { permanent_uuid: "b4659a14f35d47febfe970c51432fa56" member_type: VOTER last_known_addr { host: "127.31.104.1" port: 40031 } } peers { permanent_uuid: "e01fd793a1934edfb0bac43510083c73" member_type: VOTER last_known_addr { host: "127.31.104.2" port: 46111 } } peers { permanent_uuid: "de5e92e7c74346ce8f619394c175ddd9" member_type: VOTER last_known_addr { host: "127.31.104.3" port: 38549 } }
I20260713 09:10:17.177196   504 raft_consensus.cc:385] T 3ad1389aa46c4f3f9e36a15e04c087e0 P b4659a14f35d47febfe970c51432fa56 [term 0 FOLLOWER]: Consensus starting up: Expiring failure detector timer to make a prompt election more likely
I20260713 09:10:17.177466   504 raft_consensus.cc:740] T 3ad1389aa46c4f3f9e36a15e04c087e0 P b4659a14f35d47febfe970c51432fa56 [term 0 FOLLOWER]: Becoming Follower/Learner. State: Replica: b4659a14f35d47febfe970c51432fa56, State: Initialized, Role: FOLLOWER
I20260713 09:10:17.178013   504 consensus_queue.cc:260] T 3ad1389aa46c4f3f9e36a15e04c087e0 P b4659a14f35d47febfe970c51432fa56 [NON_LEADER]: Queue going to NON_LEADER mode. State: All replicated index: 0, Majority replicated index: 0, Committed index: 0, Last appended: 0.0, Last appended by leader: 0, Current term: 0, Majority size: -1, State: 0, Mode: NON_LEADER, active raft config: opid_index: -1 OBSOLETE_local: false peers { permanent_uuid: "b4659a14f35d47febfe970c51432fa56" member_type: VOTER last_known_addr { host: "127.31.104.1" port: 40031 } } peers { permanent_uuid: "e01fd793a1934edfb0bac43510083c73" member_type: VOTER last_known_addr { host: "127.31.104.2" port: 46111 } } peers { permanent_uuid: "de5e92e7c74346ce8f619394c175ddd9" member_type: VOTER last_known_addr { host: "127.31.104.3" port: 38549 } }
I20260713 09:10:17.179829   504 ts_tablet_manager.cc:1434] T 3ad1389aa46c4f3f9e36a15e04c087e0 P b4659a14f35d47febfe970c51432fa56: Time spent starting tablet: real 0.021s	user 0.005s	sys 0.000s
I20260713 09:10:17.181305   463 tablet_service.cc:1917] Received RequestConsensusVote() RPC: tablet_id: "00048626ad2f41cbba1138196f04d68d" candidate_uuid: "b4659a14f35d47febfe970c51432fa56" candidate_term: 1 candidate_status { last_received { term: 0 index: 0 } } ignore_live_leader: false dest_uuid: "de5e92e7c74346ce8f619394c175ddd9" is_pre_election: true
I20260713 09:10:17.181517   505 tablet_bootstrap.cc:492] T 9ca1c2d058cd462b8e8f4224dff51a6b P de5e92e7c74346ce8f619394c175ddd9: No bootstrap required, opened a new log
I20260713 09:10:17.181937   505 ts_tablet_manager.cc:1403] T 9ca1c2d058cd462b8e8f4224dff51a6b P de5e92e7c74346ce8f619394c175ddd9: Time spent bootstrapping tablet: real 0.018s	user 0.009s	sys 0.007s
I20260713 09:10:17.181851   463 raft_consensus.cc:2468] T 00048626ad2f41cbba1138196f04d68d P de5e92e7c74346ce8f619394c175ddd9 [term 0 FOLLOWER]: Leader pre-election vote request: Granting yes vote for candidate b4659a14f35d47febfe970c51432fa56 in term 0.
I20260713 09:10:17.183094   389 tablet_service.cc:1917] Received RequestConsensusVote() RPC: tablet_id: "00048626ad2f41cbba1138196f04d68d" candidate_uuid: "b4659a14f35d47febfe970c51432fa56" candidate_term: 1 candidate_status { last_received { term: 0 index: 0 } } ignore_live_leader: false dest_uuid: "e01fd793a1934edfb0bac43510083c73" is_pre_election: true
W20260713 09:10:17.184213 32747 leader_election.cc:343] T 00048626ad2f41cbba1138196f04d68d P b4659a14f35d47febfe970c51432fa56 [CANDIDATE]: Term 1 pre-election: Tablet error from VoteRequest() call to peer e01fd793a1934edfb0bac43510083c73 (127.31.104.2:46111): Illegal state: must be running to vote when last-logged opid is not known
I20260713 09:10:17.184289   505 raft_consensus.cc:359] T 9ca1c2d058cd462b8e8f4224dff51a6b P de5e92e7c74346ce8f619394c175ddd9 [term 0 FOLLOWER]: Replica starting. Triggering 0 pending ops. Active config: opid_index: -1 OBSOLETE_local: false peers { permanent_uuid: "b4659a14f35d47febfe970c51432fa56" member_type: VOTER last_known_addr { host: "127.31.104.1" port: 40031 } } peers { permanent_uuid: "e01fd793a1934edfb0bac43510083c73" member_type: VOTER last_known_addr { host: "127.31.104.2" port: 46111 } } peers { permanent_uuid: "de5e92e7c74346ce8f619394c175ddd9" member_type: VOTER last_known_addr { host: "127.31.104.3" port: 38549 } }
I20260713 09:10:17.184952   505 raft_consensus.cc:385] T 9ca1c2d058cd462b8e8f4224dff51a6b P de5e92e7c74346ce8f619394c175ddd9 [term 0 FOLLOWER]: Consensus starting up: Expiring failure detector timer to make a prompt election more likely
I20260713 09:10:17.184839 32748 leader_election.cc:304] T 00048626ad2f41cbba1138196f04d68d P b4659a14f35d47febfe970c51432fa56 [CANDIDATE]: Term 1 pre-election: Election decided. Result: candidate won. Election summary: received 3 responses out of 3 voters: 2 yes votes; 1 no votes. yes voters: b4659a14f35d47febfe970c51432fa56, de5e92e7c74346ce8f619394c175ddd9; no voters: e01fd793a1934edfb0bac43510083c73
I20260713 09:10:17.185310   505 raft_consensus.cc:740] T 9ca1c2d058cd462b8e8f4224dff51a6b P de5e92e7c74346ce8f619394c175ddd9 [term 0 FOLLOWER]: Becoming Follower/Learner. State: Replica: de5e92e7c74346ce8f619394c175ddd9, State: Initialized, Role: FOLLOWER
I20260713 09:10:17.185854   509 raft_consensus.cc:2804] T 00048626ad2f41cbba1138196f04d68d P b4659a14f35d47febfe970c51432fa56 [term 0 FOLLOWER]: Leader pre-election won for term 1
I20260713 09:10:17.186192   509 raft_consensus.cc:493] T 00048626ad2f41cbba1138196f04d68d P b4659a14f35d47febfe970c51432fa56 [term 0 FOLLOWER]: Starting leader election (no leader contacted us within the election timeout)
I20260713 09:10:17.186529   509 raft_consensus.cc:3060] T 00048626ad2f41cbba1138196f04d68d P b4659a14f35d47febfe970c51432fa56 [term 0 FOLLOWER]: Advancing to term 1
I20260713 09:10:17.186287   505 consensus_queue.cc:260] T 9ca1c2d058cd462b8e8f4224dff51a6b P de5e92e7c74346ce8f619394c175ddd9 [NON_LEADER]: Queue going to NON_LEADER mode. State: All replicated index: 0, Majority replicated index: 0, Committed index: 0, Last appended: 0.0, Last appended by leader: 0, Current term: 0, Majority size: -1, State: 0, Mode: NON_LEADER, active raft config: opid_index: -1 OBSOLETE_local: false peers { permanent_uuid: "b4659a14f35d47febfe970c51432fa56" member_type: VOTER last_known_addr { host: "127.31.104.1" port: 40031 } } peers { permanent_uuid: "e01fd793a1934edfb0bac43510083c73" member_type: VOTER last_known_addr { host: "127.31.104.2" port: 46111 } } peers { permanent_uuid: "de5e92e7c74346ce8f619394c175ddd9" member_type: VOTER last_known_addr { host: "127.31.104.3" port: 38549 } }
I20260713 09:10:17.188457   505 ts_tablet_manager.cc:1434] T 9ca1c2d058cd462b8e8f4224dff51a6b P de5e92e7c74346ce8f619394c175ddd9: Time spent starting tablet: real 0.006s	user 0.006s	sys 0.000s
I20260713 09:10:17.189972   535 raft_consensus.cc:515] T d54cafbd6bc54994b711458bfc675492 P b4659a14f35d47febfe970c51432fa56 [term 1 FOLLOWER]: Starting leader election with config: opid_index: -1 OBSOLETE_local: false peers { permanent_uuid: "b4659a14f35d47febfe970c51432fa56" member_type: VOTER last_known_addr { host: "127.31.104.1" port: 40031 } } peers { permanent_uuid: "e01fd793a1934edfb0bac43510083c73" member_type: VOTER last_known_addr { host: "127.31.104.2" port: 46111 } } peers { permanent_uuid: "de5e92e7c74346ce8f619394c175ddd9" member_type: VOTER last_known_addr { host: "127.31.104.3" port: 38549 } }
I20260713 09:10:17.191224   509 raft_consensus.cc:515] T 00048626ad2f41cbba1138196f04d68d P b4659a14f35d47febfe970c51432fa56 [term 1 FOLLOWER]: Starting leader election with config: opid_index: -1 OBSOLETE_local: false peers { permanent_uuid: "b4659a14f35d47febfe970c51432fa56" member_type: VOTER last_known_addr { host: "127.31.104.1" port: 40031 } } peers { permanent_uuid: "e01fd793a1934edfb0bac43510083c73" member_type: VOTER last_known_addr { host: "127.31.104.2" port: 46111 } } peers { permanent_uuid: "de5e92e7c74346ce8f619394c175ddd9" member_type: VOTER last_known_addr { host: "127.31.104.3" port: 38549 } }
I20260713 09:10:17.192452   389 tablet_service.cc:1917] Received RequestConsensusVote() RPC: tablet_id: "d54cafbd6bc54994b711458bfc675492" candidate_uuid: "b4659a14f35d47febfe970c51432fa56" candidate_term: 1 candidate_status { last_received { term: 0 index: 0 } } ignore_live_leader: false dest_uuid: "e01fd793a1934edfb0bac43510083c73"
I20260713 09:10:17.192690   463 tablet_service.cc:1917] Received RequestConsensusVote() RPC: tablet_id: "d54cafbd6bc54994b711458bfc675492" candidate_uuid: "b4659a14f35d47febfe970c51432fa56" candidate_term: 1 candidate_status { last_received { term: 0 index: 0 } } ignore_live_leader: false dest_uuid: "de5e92e7c74346ce8f619394c175ddd9"
I20260713 09:10:17.192978   509 leader_election.cc:290] T 00048626ad2f41cbba1138196f04d68d P b4659a14f35d47febfe970c51432fa56 [CANDIDATE]: Term 1 election: Requested vote from peers e01fd793a1934edfb0bac43510083c73 (127.31.104.2:46111), de5e92e7c74346ce8f619394c175ddd9 (127.31.104.3:38549)
I20260713 09:10:17.193233   463 raft_consensus.cc:3060] T d54cafbd6bc54994b711458bfc675492 P de5e92e7c74346ce8f619394c175ddd9 [term 0 FOLLOWER]: Advancing to term 1
I20260713 09:10:17.194585   506 tablet_bootstrap.cc:492] T 0bfc6f0e67a443b889761f7e77eb2356 P e01fd793a1934edfb0bac43510083c73: No bootstrap required, opened a new log
W20260713 09:10:17.194665 32728 auto_rebalancer.cc:288] Could not retrieve cluster info: Service unavailable: Tablet not running
I20260713 09:10:17.195050   506 ts_tablet_manager.cc:1403] T 0bfc6f0e67a443b889761f7e77eb2356 P e01fd793a1934edfb0bac43510083c73: Time spent bootstrapping tablet: real 0.026s	user 0.013s	sys 0.000s
I20260713 09:10:17.195719   388 tablet_service.cc:1917] Received RequestConsensusVote() RPC: tablet_id: "00048626ad2f41cbba1138196f04d68d" candidate_uuid: "b4659a14f35d47febfe970c51432fa56" candidate_term: 1 candidate_status { last_received { term: 0 index: 0 } } ignore_live_leader: false dest_uuid: "e01fd793a1934edfb0bac43510083c73"
I20260713 09:10:17.196538   464 tablet_service.cc:1917] Received RequestConsensusVote() RPC: tablet_id: "00048626ad2f41cbba1138196f04d68d" candidate_uuid: "b4659a14f35d47febfe970c51432fa56" candidate_term: 1 candidate_status { last_received { term: 0 index: 0 } } ignore_live_leader: false dest_uuid: "de5e92e7c74346ce8f619394c175ddd9"
W20260713 09:10:17.196910 32747 leader_election.cc:343] T 00048626ad2f41cbba1138196f04d68d P b4659a14f35d47febfe970c51432fa56 [CANDIDATE]: Term 1 election: Tablet error from VoteRequest() call to peer e01fd793a1934edfb0bac43510083c73 (127.31.104.2:46111): Illegal state: must be running to vote when last-logged opid is not known
I20260713 09:10:17.197027   464 raft_consensus.cc:3060] T 00048626ad2f41cbba1138196f04d68d P de5e92e7c74346ce8f619394c175ddd9 [term 0 FOLLOWER]: Advancing to term 1
I20260713 09:10:17.197472   389 raft_consensus.cc:3060] T d54cafbd6bc54994b711458bfc675492 P e01fd793a1934edfb0bac43510083c73 [term 0 FOLLOWER]: Advancing to term 1
I20260713 09:10:17.197597   506 raft_consensus.cc:359] T 0bfc6f0e67a443b889761f7e77eb2356 P e01fd793a1934edfb0bac43510083c73 [term 0 FOLLOWER]: Replica starting. Triggering 0 pending ops. Active config: opid_index: -1 OBSOLETE_local: false peers { permanent_uuid: "b4659a14f35d47febfe970c51432fa56" member_type: VOTER last_known_addr { host: "127.31.104.1" port: 40031 } } peers { permanent_uuid: "e01fd793a1934edfb0bac43510083c73" member_type: VOTER last_known_addr { host: "127.31.104.2" port: 46111 } } peers { permanent_uuid: "de5e92e7c74346ce8f619394c175ddd9" member_type: VOTER last_known_addr { host: "127.31.104.3" port: 38549 } }
I20260713 09:10:17.198262   506 raft_consensus.cc:385] T 0bfc6f0e67a443b889761f7e77eb2356 P e01fd793a1934edfb0bac43510083c73 [term 0 FOLLOWER]: Consensus starting up: Expiring failure detector timer to make a prompt election more likely
I20260713 09:10:17.198524   506 raft_consensus.cc:740] T 0bfc6f0e67a443b889761f7e77eb2356 P e01fd793a1934edfb0bac43510083c73 [term 0 FOLLOWER]: Becoming Follower/Learner. State: Replica: e01fd793a1934edfb0bac43510083c73, State: Initialized, Role: FOLLOWER
I20260713 09:10:17.199150   506 consensus_queue.cc:260] T 0bfc6f0e67a443b889761f7e77eb2356 P e01fd793a1934edfb0bac43510083c73 [NON_LEADER]: Queue going to NON_LEADER mode. State: All replicated index: 0, Majority replicated index: 0, Committed index: 0, Last appended: 0.0, Last appended by leader: 0, Current term: 0, Majority size: -1, State: 0, Mode: NON_LEADER, active raft config: opid_index: -1 OBSOLETE_local: false peers { permanent_uuid: "b4659a14f35d47febfe970c51432fa56" member_type: VOTER last_known_addr { host: "127.31.104.1" port: 40031 } } peers { permanent_uuid: "e01fd793a1934edfb0bac43510083c73" member_type: VOTER last_known_addr { host: "127.31.104.2" port: 46111 } } peers { permanent_uuid: "de5e92e7c74346ce8f619394c175ddd9" member_type: VOTER last_known_addr { host: "127.31.104.3" port: 38549 } }
I20260713 09:10:17.203090   464 raft_consensus.cc:2468] T 00048626ad2f41cbba1138196f04d68d P de5e92e7c74346ce8f619394c175ddd9 [term 1 FOLLOWER]: Leader election vote request: Granting yes vote for candidate b4659a14f35d47febfe970c51432fa56 in term 1.
I20260713 09:10:17.203369   389 raft_consensus.cc:2468] T d54cafbd6bc54994b711458bfc675492 P e01fd793a1934edfb0bac43510083c73 [term 1 FOLLOWER]: Leader election vote request: Granting yes vote for candidate b4659a14f35d47febfe970c51432fa56 in term 1.
I20260713 09:10:17.204715 32747 leader_election.cc:304] T d54cafbd6bc54994b711458bfc675492 P b4659a14f35d47febfe970c51432fa56 [CANDIDATE]: Term 1 election: Election decided. Result: candidate won. Election summary: received 2 responses out of 3 voters: 2 yes votes; 0 no votes. yes voters: b4659a14f35d47febfe970c51432fa56, e01fd793a1934edfb0bac43510083c73; no voters: 
I20260713 09:10:17.205646   509 raft_consensus.cc:2804] T d54cafbd6bc54994b711458bfc675492 P b4659a14f35d47febfe970c51432fa56 [term 1 FOLLOWER]: Leader election won for term 1
I20260713 09:10:17.207324   506 ts_tablet_manager.cc:1434] T 0bfc6f0e67a443b889761f7e77eb2356 P e01fd793a1934edfb0bac43510083c73: Time spent starting tablet: real 0.012s	user 0.002s	sys 0.003s
I20260713 09:10:17.207676   532 raft_consensus.cc:493] T 94f6c432894542e88debb42ee1a2d8e9 P de5e92e7c74346ce8f619394c175ddd9 [term 0 FOLLOWER]: Starting pre-election (no leader contacted us within the election timeout)
I20260713 09:10:17.207842   463 raft_consensus.cc:2468] T d54cafbd6bc54994b711458bfc675492 P de5e92e7c74346ce8f619394c175ddd9 [term 1 FOLLOWER]: Leader election vote request: Granting yes vote for candidate b4659a14f35d47febfe970c51432fa56 in term 1.
I20260713 09:10:17.208132   532 raft_consensus.cc:515] T 94f6c432894542e88debb42ee1a2d8e9 P de5e92e7c74346ce8f619394c175ddd9 [term 0 FOLLOWER]: Starting pre-election with config: opid_index: -1 OBSOLETE_local: false peers { permanent_uuid: "b4659a14f35d47febfe970c51432fa56" member_type: VOTER last_known_addr { host: "127.31.104.1" port: 40031 } } peers { permanent_uuid: "e01fd793a1934edfb0bac43510083c73" member_type: VOTER last_known_addr { host: "127.31.104.2" port: 46111 } } peers { permanent_uuid: "de5e92e7c74346ce8f619394c175ddd9" member_type: VOTER last_known_addr { host: "127.31.104.3" port: 38549 } }
I20260713 09:10:17.209542 32748 leader_election.cc:304] T 00048626ad2f41cbba1138196f04d68d P b4659a14f35d47febfe970c51432fa56 [CANDIDATE]: Term 1 election: Election decided. Result: candidate won. Election summary: received 3 responses out of 3 voters: 2 yes votes; 1 no votes. yes voters: b4659a14f35d47febfe970c51432fa56, de5e92e7c74346ce8f619394c175ddd9; no voters: e01fd793a1934edfb0bac43510083c73
I20260713 09:10:17.210014   532 leader_election.cc:290] T 94f6c432894542e88debb42ee1a2d8e9 P de5e92e7c74346ce8f619394c175ddd9 [CANDIDATE]: Term 1 pre-election: Requested pre-vote from peers b4659a14f35d47febfe970c51432fa56 (127.31.104.1:40031), e01fd793a1934edfb0bac43510083c73 (127.31.104.2:46111)
I20260713 09:10:17.211505   389 tablet_service.cc:1917] Received RequestConsensusVote() RPC: tablet_id: "94f6c432894542e88debb42ee1a2d8e9" candidate_uuid: "de5e92e7c74346ce8f619394c175ddd9" candidate_term: 1 candidate_status { last_received { term: 0 index: 0 } } ignore_live_leader: false dest_uuid: "e01fd793a1934edfb0bac43510083c73" is_pre_election: true
I20260713 09:10:17.211460   314 tablet_service.cc:1917] Received RequestConsensusVote() RPC: tablet_id: "94f6c432894542e88debb42ee1a2d8e9" candidate_uuid: "de5e92e7c74346ce8f619394c175ddd9" candidate_term: 1 candidate_status { last_received { term: 0 index: 0 } } ignore_live_leader: false dest_uuid: "b4659a14f35d47febfe970c51432fa56" is_pre_election: true
I20260713 09:10:17.212246   389 raft_consensus.cc:2393] T 94f6c432894542e88debb42ee1a2d8e9 P e01fd793a1934edfb0bac43510083c73 [term 1 FOLLOWER]: Leader pre-election vote request: Denying vote to candidate de5e92e7c74346ce8f619394c175ddd9 in current term 1: Already voted for candidate b4659a14f35d47febfe970c51432fa56 in this term.
I20260713 09:10:17.213137   428 leader_election.cc:304] T 94f6c432894542e88debb42ee1a2d8e9 P de5e92e7c74346ce8f619394c175ddd9 [CANDIDATE]: Term 1 pre-election: Election decided. Result: candidate lost. Election summary: received 3 responses out of 3 voters: 1 yes votes; 2 no votes. yes voters: de5e92e7c74346ce8f619394c175ddd9; no voters: b4659a14f35d47febfe970c51432fa56, e01fd793a1934edfb0bac43510083c73
I20260713 09:10:17.214337   532 raft_consensus.cc:3060] T 94f6c432894542e88debb42ee1a2d8e9 P de5e92e7c74346ce8f619394c175ddd9 [term 0 FOLLOWER]: Advancing to term 1
I20260713 09:10:17.215349   535 leader_election.cc:290] T d54cafbd6bc54994b711458bfc675492 P b4659a14f35d47febfe970c51432fa56 [CANDIDATE]: Term 1 election: Requested vote from peers e01fd793a1934edfb0bac43510083c73 (127.31.104.2:46111), de5e92e7c74346ce8f619394c175ddd9 (127.31.104.3:38549)
I20260713 09:10:17.216161   535 raft_consensus.cc:2804] T 00048626ad2f41cbba1138196f04d68d P b4659a14f35d47febfe970c51432fa56 [term 1 FOLLOWER]: Leader election won for term 1
I20260713 09:10:17.216398   506 tablet_bootstrap.cc:492] T 00048626ad2f41cbba1138196f04d68d P e01fd793a1934edfb0bac43510083c73: Bootstrap starting.
I20260713 09:10:17.217798   535 raft_consensus.cc:697] T 00048626ad2f41cbba1138196f04d68d P b4659a14f35d47febfe970c51432fa56 [term 1 LEADER]: Becoming Leader. State: Replica: b4659a14f35d47febfe970c51432fa56, State: Running, Role: LEADER
I20260713 09:10:17.218576   535 consensus_queue.cc:237] T 00048626ad2f41cbba1138196f04d68d P b4659a14f35d47febfe970c51432fa56 [LEADER]: Queue going to LEADER mode. State: All replicated index: 0, Majority replicated index: 0, Committed index: 0, Last appended: 0.0, Last appended by leader: 0, Current term: 1, Majority size: 2, State: 0, Mode: LEADER, active raft config: opid_index: -1 OBSOLETE_local: false peers { permanent_uuid: "b4659a14f35d47febfe970c51432fa56" member_type: VOTER last_known_addr { host: "127.31.104.1" port: 40031 } } peers { permanent_uuid: "e01fd793a1934edfb0bac43510083c73" member_type: VOTER last_known_addr { host: "127.31.104.2" port: 46111 } } peers { permanent_uuid: "de5e92e7c74346ce8f619394c175ddd9" member_type: VOTER last_known_addr { host: "127.31.104.3" port: 38549 } }
I20260713 09:10:17.222641   532 raft_consensus.cc:2749] T 94f6c432894542e88debb42ee1a2d8e9 P de5e92e7c74346ce8f619394c175ddd9 [term 1 FOLLOWER]: Leader pre-election lost for term 1. Reason: could not achieve majority
I20260713 09:10:17.222903   506 tablet_bootstrap.cc:654] T 00048626ad2f41cbba1138196f04d68d P e01fd793a1934edfb0bac43510083c73: Neither blocks nor log segments found. Creating new log.
I20260713 09:10:17.223758   509 raft_consensus.cc:697] T d54cafbd6bc54994b711458bfc675492 P b4659a14f35d47febfe970c51432fa56 [term 1 LEADER]: Becoming Leader. State: Replica: b4659a14f35d47febfe970c51432fa56, State: Running, Role: LEADER
I20260713 09:10:17.224556   509 consensus_queue.cc:237] T d54cafbd6bc54994b711458bfc675492 P b4659a14f35d47febfe970c51432fa56 [LEADER]: Queue going to LEADER mode. State: All replicated index: 0, Majority replicated index: 0, Committed index: 0, Last appended: 0.0, Last appended by leader: 0, Current term: 1, Majority size: 2, State: 0, Mode: LEADER, active raft config: opid_index: -1 OBSOLETE_local: false peers { permanent_uuid: "b4659a14f35d47febfe970c51432fa56" member_type: VOTER last_known_addr { host: "127.31.104.1" port: 40031 } } peers { permanent_uuid: "e01fd793a1934edfb0bac43510083c73" member_type: VOTER last_known_addr { host: "127.31.104.2" port: 46111 } } peers { permanent_uuid: "de5e92e7c74346ce8f619394c175ddd9" member_type: VOTER last_known_addr { host: "127.31.104.3" port: 38549 } }
I20260713 09:10:17.227972   506 tablet_bootstrap.cc:492] T 00048626ad2f41cbba1138196f04d68d P e01fd793a1934edfb0bac43510083c73: No bootstrap required, opened a new log
I20260713 09:10:17.228341   506 ts_tablet_manager.cc:1403] T 00048626ad2f41cbba1138196f04d68d P e01fd793a1934edfb0bac43510083c73: Time spent bootstrapping tablet: real 0.012s	user 0.010s	sys 0.001s
I20260713 09:10:17.230295   506 raft_consensus.cc:359] T 00048626ad2f41cbba1138196f04d68d P e01fd793a1934edfb0bac43510083c73 [term 0 FOLLOWER]: Replica starting. Triggering 0 pending ops. Active config: opid_index: -1 OBSOLETE_local: false peers { permanent_uuid: "b4659a14f35d47febfe970c51432fa56" member_type: VOTER last_known_addr { host: "127.31.104.1" port: 40031 } } peers { permanent_uuid: "e01fd793a1934edfb0bac43510083c73" member_type: VOTER last_known_addr { host: "127.31.104.2" port: 46111 } } peers { permanent_uuid: "de5e92e7c74346ce8f619394c175ddd9" member_type: VOTER last_known_addr { host: "127.31.104.3" port: 38549 } }
I20260713 09:10:17.230736   506 raft_consensus.cc:385] T 00048626ad2f41cbba1138196f04d68d P e01fd793a1934edfb0bac43510083c73 [term 0 FOLLOWER]: Consensus starting up: Expiring failure detector timer to make a prompt election more likely
I20260713 09:10:17.230950   506 raft_consensus.cc:740] T 00048626ad2f41cbba1138196f04d68d P e01fd793a1934edfb0bac43510083c73 [term 0 FOLLOWER]: Becoming Follower/Learner. State: Replica: e01fd793a1934edfb0bac43510083c73, State: Initialized, Role: FOLLOWER
I20260713 09:10:17.231503   506 consensus_queue.cc:260] T 00048626ad2f41cbba1138196f04d68d P e01fd793a1934edfb0bac43510083c73 [NON_LEADER]: Queue going to NON_LEADER mode. State: All replicated index: 0, Majority replicated index: 0, Committed index: 0, Last appended: 0.0, Last appended by leader: 0, Current term: 0, Majority size: -1, State: 0, Mode: NON_LEADER, active raft config: opid_index: -1 OBSOLETE_local: false peers { permanent_uuid: "b4659a14f35d47febfe970c51432fa56" member_type: VOTER last_known_addr { host: "127.31.104.1" port: 40031 } } peers { permanent_uuid: "e01fd793a1934edfb0bac43510083c73" member_type: VOTER last_known_addr { host: "127.31.104.2" port: 46111 } } peers { permanent_uuid: "de5e92e7c74346ce8f619394c175ddd9" member_type: VOTER last_known_addr { host: "127.31.104.3" port: 38549 } }
