I20260713 09:10:07.561051 27725 raft_consensus.cc:385] T 11abbc80afc547879acf11b59bffd1c6 P 7cd74ee7413f4987896b41dc5eef670a [term 0 FOLLOWER]: Consensus starting up: Expiring failure detector timer to make a prompt election more likely
I20260713 09:10:07.561345 27725 raft_consensus.cc:740] T 11abbc80afc547879acf11b59bffd1c6 P 7cd74ee7413f4987896b41dc5eef670a [term 0 FOLLOWER]: Becoming Follower/Learner. State: Replica: 7cd74ee7413f4987896b41dc5eef670a, State: Initialized, Role: FOLLOWER
I20260713 09:10:07.562093 27725 consensus_queue.cc:260] T 11abbc80afc547879acf11b59bffd1c6 P 7cd74ee7413f4987896b41dc5eef670a [NON_LEADER]: Queue going to NON_LEADER mode. State: All replicated index: 0, Majority replicated index: 0, Committed index: 0, Last appended: 0.0, Last appended by leader: 0, Current term: 0, Majority size: -1, State: 0, Mode: NON_LEADER, active raft config: opid_index: -1 OBSOLETE_local: false peers { permanent_uuid: "1ffdc9e000de489db0d18de484189ed2" member_type: VOTER last_known_addr { host: "127.26.192.193" port: 46275 } } peers { permanent_uuid: "047e0eca312d4e3a882413afc08c067f" member_type: VOTER last_known_addr { host: "127.26.192.194" port: 43671 } } peers { permanent_uuid: "7cd74ee7413f4987896b41dc5eef670a" member_type: VOTER last_known_addr { host: "127.26.192.195" port: 38263 } }
I20260713 09:10:07.564625 27725 ts_tablet_manager.cc:1434] T 11abbc80afc547879acf11b59bffd1c6 P 7cd74ee7413f4987896b41dc5eef670a: Time spent starting tablet: real 0.007s	user 0.004s	sys 0.002s
I20260713 09:10:07.566704 27725 tablet_bootstrap.cc:492] T c43484c6746245a1b3e47b06b31b4f4b P 7cd74ee7413f4987896b41dc5eef670a: Bootstrap starting.
I20260713 09:10:07.573055 27725 tablet_bootstrap.cc:654] T c43484c6746245a1b3e47b06b31b4f4b P 7cd74ee7413f4987896b41dc5eef670a: Neither blocks nor log segments found. Creating new log.
I20260713 09:10:07.577709 27725 tablet_bootstrap.cc:492] T c43484c6746245a1b3e47b06b31b4f4b P 7cd74ee7413f4987896b41dc5eef670a: No bootstrap required, opened a new log
I20260713 09:10:07.578032 27725 ts_tablet_manager.cc:1403] T c43484c6746245a1b3e47b06b31b4f4b P 7cd74ee7413f4987896b41dc5eef670a: Time spent bootstrapping tablet: real 0.012s	user 0.003s	sys 0.006s
I20260713 09:10:07.579825 27725 raft_consensus.cc:359] T c43484c6746245a1b3e47b06b31b4f4b P 7cd74ee7413f4987896b41dc5eef670a [term 0 FOLLOWER]: Replica starting. Triggering 0 pending ops. Active config: opid_index: -1 OBSOLETE_local: false peers { permanent_uuid: "1ffdc9e000de489db0d18de484189ed2" member_type: VOTER last_known_addr { host: "127.26.192.193" port: 46275 } } peers { permanent_uuid: "047e0eca312d4e3a882413afc08c067f" member_type: VOTER last_known_addr { host: "127.26.192.194" port: 43671 } } peers { permanent_uuid: "7cd74ee7413f4987896b41dc5eef670a" member_type: VOTER last_known_addr { host: "127.26.192.195" port: 38263 } }
I20260713 09:10:07.580399 27725 raft_consensus.cc:385] T c43484c6746245a1b3e47b06b31b4f4b P 7cd74ee7413f4987896b41dc5eef670a [term 0 FOLLOWER]: Consensus starting up: Expiring failure detector timer to make a prompt election more likely
I20260713 09:10:07.580618 27725 raft_consensus.cc:740] T c43484c6746245a1b3e47b06b31b4f4b P 7cd74ee7413f4987896b41dc5eef670a [term 0 FOLLOWER]: Becoming Follower/Learner. State: Replica: 7cd74ee7413f4987896b41dc5eef670a, State: Initialized, Role: FOLLOWER
I20260713 09:10:07.581135 27725 consensus_queue.cc:260] T c43484c6746245a1b3e47b06b31b4f4b P 7cd74ee7413f4987896b41dc5eef670a [NON_LEADER]: Queue going to NON_LEADER mode. State: All replicated index: 0, Majority replicated index: 0, Committed index: 0, Last appended: 0.0, Last appended by leader: 0, Current term: 0, Majority size: -1, State: 0, Mode: NON_LEADER, active raft config: opid_index: -1 OBSOLETE_local: false peers { permanent_uuid: "1ffdc9e000de489db0d18de484189ed2" member_type: VOTER last_known_addr { host: "127.26.192.193" port: 46275 } } peers { permanent_uuid: "047e0eca312d4e3a882413afc08c067f" member_type: VOTER last_known_addr { host: "127.26.192.194" port: 43671 } } peers { permanent_uuid: "7cd74ee7413f4987896b41dc5eef670a" member_type: VOTER last_known_addr { host: "127.26.192.195" port: 38263 } }
I20260713 09:10:07.582537 27725 ts_tablet_manager.cc:1434] T c43484c6746245a1b3e47b06b31b4f4b P 7cd74ee7413f4987896b41dc5eef670a: Time spent starting tablet: real 0.004s	user 0.003s	sys 0.000s
I20260713 09:10:07.583231 27725 tablet_bootstrap.cc:492] T 6d026d62a1d345529febedfe7d9d011b P 7cd74ee7413f4987896b41dc5eef670a: Bootstrap starting.
I20260713 09:10:07.587880 27725 tablet_bootstrap.cc:654] T 6d026d62a1d345529febedfe7d9d011b P 7cd74ee7413f4987896b41dc5eef670a: Neither blocks nor log segments found. Creating new log.
I20260713 09:10:07.592576 27725 tablet_bootstrap.cc:492] T 6d026d62a1d345529febedfe7d9d011b P 7cd74ee7413f4987896b41dc5eef670a: No bootstrap required, opened a new log
I20260713 09:10:07.592957 27725 ts_tablet_manager.cc:1403] T 6d026d62a1d345529febedfe7d9d011b P 7cd74ee7413f4987896b41dc5eef670a: Time spent bootstrapping tablet: real 0.010s	user 0.007s	sys 0.000s
I20260713 09:10:07.594911 27725 raft_consensus.cc:359] T 6d026d62a1d345529febedfe7d9d011b P 7cd74ee7413f4987896b41dc5eef670a [term 0 FOLLOWER]: Replica starting. Triggering 0 pending ops. Active config: opid_index: -1 OBSOLETE_local: false peers { permanent_uuid: "1ffdc9e000de489db0d18de484189ed2" member_type: VOTER last_known_addr { host: "127.26.192.193" port: 46275 } } peers { permanent_uuid: "047e0eca312d4e3a882413afc08c067f" member_type: VOTER last_known_addr { host: "127.26.192.194" port: 43671 } } peers { permanent_uuid: "7cd74ee7413f4987896b41dc5eef670a" member_type: VOTER last_known_addr { host: "127.26.192.195" port: 38263 } }
I20260713 09:10:07.595585 27725 raft_consensus.cc:385] T 6d026d62a1d345529febedfe7d9d011b P 7cd74ee7413f4987896b41dc5eef670a [term 0 FOLLOWER]: Consensus starting up: Expiring failure detector timer to make a prompt election more likely
I20260713 09:10:07.595841 27725 raft_consensus.cc:740] T 6d026d62a1d345529febedfe7d9d011b P 7cd74ee7413f4987896b41dc5eef670a [term 0 FOLLOWER]: Becoming Follower/Learner. State: Replica: 7cd74ee7413f4987896b41dc5eef670a, State: Initialized, Role: FOLLOWER
I20260713 09:10:07.596474 27725 consensus_queue.cc:260] T 6d026d62a1d345529febedfe7d9d011b P 7cd74ee7413f4987896b41dc5eef670a [NON_LEADER]: Queue going to NON_LEADER mode. State: All replicated index: 0, Majority replicated index: 0, Committed index: 0, Last appended: 0.0, Last appended by leader: 0, Current term: 0, Majority size: -1, State: 0, Mode: NON_LEADER, active raft config: opid_index: -1 OBSOLETE_local: false peers { permanent_uuid: "1ffdc9e000de489db0d18de484189ed2" member_type: VOTER last_known_addr { host: "127.26.192.193" port: 46275 } } peers { permanent_uuid: "047e0eca312d4e3a882413afc08c067f" member_type: VOTER last_known_addr { host: "127.26.192.194" port: 43671 } } peers { permanent_uuid: "7cd74ee7413f4987896b41dc5eef670a" member_type: VOTER last_known_addr { host: "127.26.192.195" port: 38263 } }
I20260713 09:10:07.598307 27725 ts_tablet_manager.cc:1434] T 6d026d62a1d345529febedfe7d9d011b P 7cd74ee7413f4987896b41dc5eef670a: Time spent starting tablet: real 0.005s	user 0.004s	sys 0.000s
I20260713 09:10:07.598778 27760 raft_consensus.cc:493] T 4c7c54ffa59249edaae4fb0031723a36 P 047e0eca312d4e3a882413afc08c067f [term 0 FOLLOWER]: Starting pre-election (no leader contacted us within the election timeout)
I20260713 09:10:07.599212 27760 raft_consensus.cc:515] T 4c7c54ffa59249edaae4fb0031723a36 P 047e0eca312d4e3a882413afc08c067f [term 0 FOLLOWER]: Starting pre-election with config: opid_index: -1 OBSOLETE_local: false peers { permanent_uuid: "1ffdc9e000de489db0d18de484189ed2" member_type: VOTER last_known_addr { host: "127.26.192.193" port: 46275 } } peers { permanent_uuid: "047e0eca312d4e3a882413afc08c067f" member_type: VOTER last_known_addr { host: "127.26.192.194" port: 43671 } } peers { permanent_uuid: "7cd74ee7413f4987896b41dc5eef670a" member_type: VOTER last_known_addr { host: "127.26.192.195" port: 38263 } }
I20260713 09:10:07.601145 27760 leader_election.cc:290] T 4c7c54ffa59249edaae4fb0031723a36 P 047e0eca312d4e3a882413afc08c067f [CANDIDATE]: Term 1 pre-election: Requested pre-vote from peers 1ffdc9e000de489db0d18de484189ed2 (127.26.192.193:46275), 7cd74ee7413f4987896b41dc5eef670a (127.26.192.195:38263)
I20260713 09:10:07.601832 27529 tablet_service.cc:1917] Received RequestConsensusVote() RPC: tablet_id: "4c7c54ffa59249edaae4fb0031723a36" candidate_uuid: "047e0eca312d4e3a882413afc08c067f" candidate_term: 1 candidate_status { last_received { term: 0 index: 0 } } ignore_live_leader: false dest_uuid: "1ffdc9e000de489db0d18de484189ed2" is_pre_election: true
I20260713 09:10:07.602480 27678 tablet_service.cc:1917] Received RequestConsensusVote() RPC: tablet_id: "4c7c54ffa59249edaae4fb0031723a36" candidate_uuid: "047e0eca312d4e3a882413afc08c067f" candidate_term: 1 candidate_status { last_received { term: 0 index: 0 } } ignore_live_leader: false dest_uuid: "7cd74ee7413f4987896b41dc5eef670a" is_pre_election: true
I20260713 09:10:07.602475 27529 raft_consensus.cc:2468] T 4c7c54ffa59249edaae4fb0031723a36 P 1ffdc9e000de489db0d18de484189ed2 [term 0 FOLLOWER]: Leader pre-election vote request: Granting yes vote for candidate 047e0eca312d4e3a882413afc08c067f in term 0.
I20260713 09:10:07.603181 27678 raft_consensus.cc:2468] T 4c7c54ffa59249edaae4fb0031723a36 P 7cd74ee7413f4987896b41dc5eef670a [term 0 FOLLOWER]: Leader pre-election vote request: Granting yes vote for candidate 047e0eca312d4e3a882413afc08c067f in term 0.
I20260713 09:10:07.604066 27570 leader_election.cc:304] T 4c7c54ffa59249edaae4fb0031723a36 P 047e0eca312d4e3a882413afc08c067f [CANDIDATE]: Term 1 pre-election: Election decided. Result: candidate won. Election summary: received 2 responses out of 3 voters: 2 yes votes; 0 no votes. yes voters: 047e0eca312d4e3a882413afc08c067f, 1ffdc9e000de489db0d18de484189ed2; no voters: 
I20260713 09:10:07.604897 27760 raft_consensus.cc:2804] T 4c7c54ffa59249edaae4fb0031723a36 P 047e0eca312d4e3a882413afc08c067f [term 0 FOLLOWER]: Leader pre-election won for term 1
I20260713 09:10:07.605257 27760 raft_consensus.cc:493] T 4c7c54ffa59249edaae4fb0031723a36 P 047e0eca312d4e3a882413afc08c067f [term 0 FOLLOWER]: Starting leader election (no leader contacted us within the election timeout)
I20260713 09:10:07.605604 27760 raft_consensus.cc:3060] T 4c7c54ffa59249edaae4fb0031723a36 P 047e0eca312d4e3a882413afc08c067f [term 0 FOLLOWER]: Advancing to term 1
I20260713 09:10:07.611538 27760 raft_consensus.cc:515] T 4c7c54ffa59249edaae4fb0031723a36 P 047e0eca312d4e3a882413afc08c067f [term 1 FOLLOWER]: Starting leader election with config: opid_index: -1 OBSOLETE_local: false peers { permanent_uuid: "1ffdc9e000de489db0d18de484189ed2" member_type: VOTER last_known_addr { host: "127.26.192.193" port: 46275 } } peers { permanent_uuid: "047e0eca312d4e3a882413afc08c067f" member_type: VOTER last_known_addr { host: "127.26.192.194" port: 43671 } } peers { permanent_uuid: "7cd74ee7413f4987896b41dc5eef670a" member_type: VOTER last_known_addr { host: "127.26.192.195" port: 38263 } }
I20260713 09:10:07.613937 27529 tablet_service.cc:1917] Received RequestConsensusVote() RPC: tablet_id: "4c7c54ffa59249edaae4fb0031723a36" candidate_uuid: "047e0eca312d4e3a882413afc08c067f" candidate_term: 1 candidate_status { last_received { term: 0 index: 0 } } ignore_live_leader: false dest_uuid: "1ffdc9e000de489db0d18de484189ed2"
I20260713 09:10:07.614123 27678 tablet_service.cc:1917] Received RequestConsensusVote() RPC: tablet_id: "4c7c54ffa59249edaae4fb0031723a36" candidate_uuid: "047e0eca312d4e3a882413afc08c067f" candidate_term: 1 candidate_status { last_received { term: 0 index: 0 } } ignore_live_leader: false dest_uuid: "7cd74ee7413f4987896b41dc5eef670a"
I20260713 09:10:07.614530 27529 raft_consensus.cc:3060] T 4c7c54ffa59249edaae4fb0031723a36 P 1ffdc9e000de489db0d18de484189ed2 [term 0 FOLLOWER]: Advancing to term 1
I20260713 09:10:07.614619 27678 raft_consensus.cc:3060] T 4c7c54ffa59249edaae4fb0031723a36 P 7cd74ee7413f4987896b41dc5eef670a [term 0 FOLLOWER]: Advancing to term 1
I20260713 09:10:07.613621 27760 leader_election.cc:290] T 4c7c54ffa59249edaae4fb0031723a36 P 047e0eca312d4e3a882413afc08c067f [CANDIDATE]: Term 1 election: Requested vote from peers 1ffdc9e000de489db0d18de484189ed2 (127.26.192.193:46275), 7cd74ee7413f4987896b41dc5eef670a (127.26.192.195:38263)
I20260713 09:10:07.619683 27678 raft_consensus.cc:2468] T 4c7c54ffa59249edaae4fb0031723a36 P 7cd74ee7413f4987896b41dc5eef670a [term 1 FOLLOWER]: Leader election vote request: Granting yes vote for candidate 047e0eca312d4e3a882413afc08c067f in term 1.
I20260713 09:10:07.620714 27569 leader_election.cc:304] T 4c7c54ffa59249edaae4fb0031723a36 P 047e0eca312d4e3a882413afc08c067f [CANDIDATE]: Term 1 election: Election decided. Result: candidate won. Election summary: received 2 responses out of 3 voters: 2 yes votes; 0 no votes. yes voters: 047e0eca312d4e3a882413afc08c067f, 7cd74ee7413f4987896b41dc5eef670a; no voters: 
I20260713 09:10:07.621385 27760 raft_consensus.cc:2804] T 4c7c54ffa59249edaae4fb0031723a36 P 047e0eca312d4e3a882413afc08c067f [term 1 FOLLOWER]: Leader election won for term 1
I20260713 09:10:07.621541 27529 raft_consensus.cc:2468] T 4c7c54ffa59249edaae4fb0031723a36 P 1ffdc9e000de489db0d18de484189ed2 [term 1 FOLLOWER]: Leader election vote request: Granting yes vote for candidate 047e0eca312d4e3a882413afc08c067f in term 1.
I20260713 09:10:07.621848 27760 raft_consensus.cc:697] T 4c7c54ffa59249edaae4fb0031723a36 P 047e0eca312d4e3a882413afc08c067f [term 1 LEADER]: Becoming Leader. State: Replica: 047e0eca312d4e3a882413afc08c067f, State: Running, Role: LEADER
I20260713 09:10:07.622704 27760 consensus_queue.cc:237] T 4c7c54ffa59249edaae4fb0031723a36 P 047e0eca312d4e3a882413afc08c067f [LEADER]: Queue going to LEADER mode. State: All replicated index: 0, Majority replicated index: 0, Committed index: 0, Last appended: 0.0, Last appended by leader: 0, Current term: 1, Majority size: 2, State: 0, Mode: LEADER, active raft config: opid_index: -1 OBSOLETE_local: false peers { permanent_uuid: "1ffdc9e000de489db0d18de484189ed2" member_type: VOTER last_known_addr { host: "127.26.192.193" port: 46275 } } peers { permanent_uuid: "047e0eca312d4e3a882413afc08c067f" member_type: VOTER last_known_addr { host: "127.26.192.194" port: 43671 } } peers { permanent_uuid: "7cd74ee7413f4987896b41dc5eef670a" member_type: VOTER last_known_addr { host: "127.26.192.195" port: 38263 } }
I20260713 09:10:07.630478 27425 catalog_manager.cc:5697] T 4c7c54ffa59249edaae4fb0031723a36 P 047e0eca312d4e3a882413afc08c067f reported cstate change: term changed from 0 to 1, leader changed from <none> to 047e0eca312d4e3a882413afc08c067f (127.26.192.194). New cstate: current_term: 1 leader_uuid: "047e0eca312d4e3a882413afc08c067f" committed_config { opid_index: -1 OBSOLETE_local: false peers { permanent_uuid: "1ffdc9e000de489db0d18de484189ed2" member_type: VOTER last_known_addr { host: "127.26.192.193" port: 46275 } health_report { overall_health: UNKNOWN } } peers { permanent_uuid: "047e0eca312d4e3a882413afc08c067f" member_type: VOTER last_known_addr { host: "127.26.192.194" port: 43671 } health_report { overall_health: HEALTHY } } peers { permanent_uuid: "7cd74ee7413f4987896b41dc5eef670a" member_type: VOTER last_known_addr { host: "127.26.192.195" port: 38263 } health_report { overall_health: UNKNOWN } } }
I20260713 09:10:07.678524 27678 raft_consensus.cc:1240] T 3554c28e68e84a9c8cc81bbccb7e6688 P 7cd74ee7413f4987896b41dc5eef670a [term 2 FOLLOWER]: Rejecting Update request from peer 1ffdc9e000de489db0d18de484189ed2 for earlier term 1. Current term is 2. Ops: []
I20260713 09:10:07.680013 27757 consensus_queue.cc:1059] T 3554c28e68e84a9c8cc81bbccb7e6688 P 1ffdc9e000de489db0d18de484189ed2 [LEADER]: Peer responded invalid term: Peer: permanent_uuid: "7cd74ee7413f4987896b41dc5eef670a" member_type: VOTER last_known_addr { host: "127.26.192.195" port: 38263 }, Status: INVALID_TERM, Last received: 0.0, Next index: 1, Last known committed idx: 0, Time since last communication: 0.001s
I20260713 09:10:07.680997 27728 raft_consensus.cc:3055] T 3554c28e68e84a9c8cc81bbccb7e6688 P 1ffdc9e000de489db0d18de484189ed2 [term 1 LEADER]: Stepping down as leader of term 1
I20260713 09:10:07.681363 27728 raft_consensus.cc:740] T 3554c28e68e84a9c8cc81bbccb7e6688 P 1ffdc9e000de489db0d18de484189ed2 [term 1 LEADER]: Becoming Follower/Learner. State: Replica: 1ffdc9e000de489db0d18de484189ed2, State: Running, Role: LEADER
I20260713 09:10:07.682540 27728 consensus_queue.cc:260] T 3554c28e68e84a9c8cc81bbccb7e6688 P 1ffdc9e000de489db0d18de484189ed2 [NON_LEADER]: Queue going to NON_LEADER mode. State: All replicated index: 0, Majority replicated index: 0, Committed index: 0, Last appended: 1.1, Last appended by leader: 1, Current term: 1, Majority size: -1, State: 0, Mode: NON_LEADER, active raft config: opid_index: -1 OBSOLETE_local: false peers { permanent_uuid: "1ffdc9e000de489db0d18de484189ed2" member_type: VOTER last_known_addr { host: "127.26.192.193" port: 46275 } } peers { permanent_uuid: "047e0eca312d4e3a882413afc08c067f" member_type: VOTER last_known_addr { host: "127.26.192.194" port: 43671 } } peers { permanent_uuid: "7cd74ee7413f4987896b41dc5eef670a" member_type: VOTER last_known_addr { host: "127.26.192.195" port: 38263 } }
I20260713 09:10:07.683876 27728 raft_consensus.cc:3060] T 3554c28e68e84a9c8cc81bbccb7e6688 P 1ffdc9e000de489db0d18de484189ed2 [term 1 FOLLOWER]: Advancing to term 2
I20260713 09:10:07.725999 27760 raft_consensus.cc:493] T 15fece48613043db8a888eb22edfd616 P 047e0eca312d4e3a882413afc08c067f [term 0 FOLLOWER]: Starting pre-election (no leader contacted us within the election timeout)
I20260713 09:10:07.726514 27760 raft_consensus.cc:515] T 15fece48613043db8a888eb22edfd616 P 047e0eca312d4e3a882413afc08c067f [term 0 FOLLOWER]: Starting pre-election with config: opid_index: -1 OBSOLETE_local: false peers { permanent_uuid: "1ffdc9e000de489db0d18de484189ed2" member_type: VOTER last_known_addr { host: "127.26.192.193" port: 46275 } } peers { permanent_uuid: "047e0eca312d4e3a882413afc08c067f" member_type: VOTER last_known_addr { host: "127.26.192.194" port: 43671 } } peers { permanent_uuid: "7cd74ee7413f4987896b41dc5eef670a" member_type: VOTER last_known_addr { host: "127.26.192.195" port: 38263 } }
I20260713 09:10:07.728302 27760 leader_election.cc:290] T 15fece48613043db8a888eb22edfd616 P 047e0eca312d4e3a882413afc08c067f [CANDIDATE]: Term 1 pre-election: Requested pre-vote from peers 1ffdc9e000de489db0d18de484189ed2 (127.26.192.193:46275), 7cd74ee7413f4987896b41dc5eef670a (127.26.192.195:38263)
I20260713 09:10:07.729166 27529 tablet_service.cc:1917] Received RequestConsensusVote() RPC: tablet_id: "15fece48613043db8a888eb22edfd616" candidate_uuid: "047e0eca312d4e3a882413afc08c067f" candidate_term: 1 candidate_status { last_received { term: 0 index: 0 } } ignore_live_leader: false dest_uuid: "1ffdc9e000de489db0d18de484189ed2" is_pre_election: true
I20260713 09:10:07.729837 27529 raft_consensus.cc:2468] T 15fece48613043db8a888eb22edfd616 P 1ffdc9e000de489db0d18de484189ed2 [term 0 FOLLOWER]: Leader pre-election vote request: Granting yes vote for candidate 047e0eca312d4e3a882413afc08c067f in term 0.
I20260713 09:10:07.729966 27678 tablet_service.cc:1917] Received RequestConsensusVote() RPC: tablet_id: "15fece48613043db8a888eb22edfd616" candidate_uuid: "047e0eca312d4e3a882413afc08c067f" candidate_term: 1 candidate_status { last_received { term: 0 index: 0 } } ignore_live_leader: false dest_uuid: "7cd74ee7413f4987896b41dc5eef670a" is_pre_election: true
I20260713 09:10:07.730605 27678 raft_consensus.cc:2468] T 15fece48613043db8a888eb22edfd616 P 7cd74ee7413f4987896b41dc5eef670a [term 0 FOLLOWER]: Leader pre-election vote request: Granting yes vote for candidate 047e0eca312d4e3a882413afc08c067f in term 0.
I20260713 09:10:07.730906 27570 leader_election.cc:304] T 15fece48613043db8a888eb22edfd616 P 047e0eca312d4e3a882413afc08c067f [CANDIDATE]: Term 1 pre-election: Election decided. Result: candidate won. Election summary: received 2 responses out of 3 voters: 2 yes votes; 0 no votes. yes voters: 047e0eca312d4e3a882413afc08c067f, 1ffdc9e000de489db0d18de484189ed2; no voters: 
I20260713 09:10:07.731727 27760 raft_consensus.cc:2804] T 15fece48613043db8a888eb22edfd616 P 047e0eca312d4e3a882413afc08c067f [term 0 FOLLOWER]: Leader pre-election won for term 1
I20260713 09:10:07.732097 27760 raft_consensus.cc:493] T 15fece48613043db8a888eb22edfd616 P 047e0eca312d4e3a882413afc08c067f [term 0 FOLLOWER]: Starting leader election (no leader contacted us within the election timeout)
I20260713 09:10:07.732376 27760 raft_consensus.cc:3060] T 15fece48613043db8a888eb22edfd616 P 047e0eca312d4e3a882413afc08c067f [term 0 FOLLOWER]: Advancing to term 1
I20260713 09:10:07.736601 27760 raft_consensus.cc:515] T 15fece48613043db8a888eb22edfd616 P 047e0eca312d4e3a882413afc08c067f [term 1 FOLLOWER]: Starting leader election with config: opid_index: -1 OBSOLETE_local: false peers { permanent_uuid: "1ffdc9e000de489db0d18de484189ed2" member_type: VOTER last_known_addr { host: "127.26.192.193" port: 46275 } } peers { permanent_uuid: "047e0eca312d4e3a882413afc08c067f" member_type: VOTER last_known_addr { host: "127.26.192.194" port: 43671 } } peers { permanent_uuid: "7cd74ee7413f4987896b41dc5eef670a" member_type: VOTER last_known_addr { host: "127.26.192.195" port: 38263 } }
I20260713 09:10:07.738397 27760 leader_election.cc:290] T 15fece48613043db8a888eb22edfd616 P 047e0eca312d4e3a882413afc08c067f [CANDIDATE]: Term 1 election: Requested vote from peers 1ffdc9e000de489db0d18de484189ed2 (127.26.192.193:46275), 7cd74ee7413f4987896b41dc5eef670a (127.26.192.195:38263)
I20260713 09:10:07.739192 27529 tablet_service.cc:1917] Received RequestConsensusVote() RPC: tablet_id: "15fece48613043db8a888eb22edfd616" candidate_uuid: "047e0eca312d4e3a882413afc08c067f" candidate_term: 1 candidate_status { last_received { term: 0 index: 0 } } ignore_live_leader: false dest_uuid: "1ffdc9e000de489db0d18de484189ed2"
I20260713 09:10:07.739365 27678 tablet_service.cc:1917] Received RequestConsensusVote() RPC: tablet_id: "15fece48613043db8a888eb22edfd616" candidate_uuid: "047e0eca312d4e3a882413afc08c067f" candidate_term: 1 candidate_status { last_received { term: 0 index: 0 } } ignore_live_leader: false dest_uuid: "7cd74ee7413f4987896b41dc5eef670a"
I20260713 09:10:07.739849 27529 raft_consensus.cc:3060] T 15fece48613043db8a888eb22edfd616 P 1ffdc9e000de489db0d18de484189ed2 [term 0 FOLLOWER]: Advancing to term 1
I20260713 09:10:07.739988 27678 raft_consensus.cc:3060] T 15fece48613043db8a888eb22edfd616 P 7cd74ee7413f4987896b41dc5eef670a [term 0 FOLLOWER]: Advancing to term 1
I20260713 09:10:07.745002 27678 raft_consensus.cc:2468] T 15fece48613043db8a888eb22edfd616 P 7cd74ee7413f4987896b41dc5eef670a [term 1 FOLLOWER]: Leader election vote request: Granting yes vote for candidate 047e0eca312d4e3a882413afc08c067f in term 1.
I20260713 09:10:07.746824 27569 leader_election.cc:304] T 15fece48613043db8a888eb22edfd616 P 047e0eca312d4e3a882413afc08c067f [CANDIDATE]: Term 1 election: Election decided. Result: candidate won. Election summary: received 2 responses out of 3 voters: 2 yes votes; 0 no votes. yes voters: 047e0eca312d4e3a882413afc08c067f, 7cd74ee7413f4987896b41dc5eef670a; no voters: 
I20260713 09:10:07.747222 27529 raft_consensus.cc:2468] T 15fece48613043db8a888eb22edfd616 P 1ffdc9e000de489db0d18de484189ed2 [term 1 FOLLOWER]: Leader election vote request: Granting yes vote for candidate 047e0eca312d4e3a882413afc08c067f in term 1.
I20260713 09:10:07.747830 27760 raft_consensus.cc:2804] T 15fece48613043db8a888eb22edfd616 P 047e0eca312d4e3a882413afc08c067f [term 1 FOLLOWER]: Leader election won for term 1
I20260713 09:10:07.748354 27760 raft_consensus.cc:697] T 15fece48613043db8a888eb22edfd616 P 047e0eca312d4e3a882413afc08c067f [term 1 LEADER]: Becoming Leader. State: Replica: 047e0eca312d4e3a882413afc08c067f, State: Running, Role: LEADER
I20260713 09:10:07.749351 27760 consensus_queue.cc:237] T 15fece48613043db8a888eb22edfd616 P 047e0eca312d4e3a882413afc08c067f [LEADER]: Queue going to LEADER mode. State: All replicated index: 0, Majority replicated index: 0, Committed index: 0, Last appended: 0.0, Last appended by leader: 0, Current term: 1, Majority size: 2, State: 0, Mode: LEADER, active raft config: opid_index: -1 OBSOLETE_local: false peers { permanent_uuid: "1ffdc9e000de489db0d18de484189ed2" member_type: VOTER last_known_addr { host: "127.26.192.193" port: 46275 } } peers { permanent_uuid: "047e0eca312d4e3a882413afc08c067f" member_type: VOTER last_known_addr { host: "127.26.192.194" port: 43671 } } peers { permanent_uuid: "7cd74ee7413f4987896b41dc5eef670a" member_type: VOTER last_known_addr { host: "127.26.192.195" port: 38263 } }
I20260713 09:10:07.756808 27425 catalog_manager.cc:5697] T 15fece48613043db8a888eb22edfd616 P 047e0eca312d4e3a882413afc08c067f reported cstate change: term changed from 0 to 1, leader changed from <none> to 047e0eca312d4e3a882413afc08c067f (127.26.192.194). New cstate: current_term: 1 leader_uuid: "047e0eca312d4e3a882413afc08c067f" committed_config { opid_index: -1 OBSOLETE_local: false peers { permanent_uuid: "1ffdc9e000de489db0d18de484189ed2" member_type: VOTER last_known_addr { host: "127.26.192.193" port: 46275 } health_report { overall_health: UNKNOWN } } peers { permanent_uuid: "047e0eca312d4e3a882413afc08c067f" member_type: VOTER last_known_addr { host: "127.26.192.194" port: 43671 } health_report { overall_health: HEALTHY } } peers { permanent_uuid: "7cd74ee7413f4987896b41dc5eef670a" member_type: VOTER last_known_addr { host: "127.26.192.195" port: 38263 } health_report { overall_health: UNKNOWN } } }
I20260713 09:10:07.813263 27781 raft_consensus.cc:493] T 11abbc80afc547879acf11b59bffd1c6 P 7cd74ee7413f4987896b41dc5eef670a [term 0 FOLLOWER]: Starting pre-election (no leader contacted us within the election timeout)
I20260713 09:10:07.813861 27781 raft_consensus.cc:515] T 11abbc80afc547879acf11b59bffd1c6 P 7cd74ee7413f4987896b41dc5eef670a [term 0 FOLLOWER]: Starting pre-election with config: opid_index: -1 OBSOLETE_local: false peers { permanent_uuid: "1ffdc9e000de489db0d18de484189ed2" member_type: VOTER last_known_addr { host: "127.26.192.193" port: 46275 } } peers { permanent_uuid: "047e0eca312d4e3a882413afc08c067f" member_type: VOTER last_known_addr { host: "127.26.192.194" port: 43671 } } peers { permanent_uuid: "7cd74ee7413f4987896b41dc5eef670a" member_type: VOTER last_known_addr { host: "127.26.192.195" port: 38263 } }
I20260713 09:10:07.816017 27728 consensus_queue.cc:1048] T 223888ca629e4086a085ffa81912d1bf P 1ffdc9e000de489db0d18de484189ed2 [LEADER]: Connected to new peer: Peer: permanent_uuid: "047e0eca312d4e3a882413afc08c067f" member_type: VOTER last_known_addr { host: "127.26.192.194" port: 43671 }, Status: LMP_MISMATCH, Last received: 0.0, Next index: 1, Last known committed idx: 0, Time since last communication: 0.000s
I20260713 09:10:07.816773 27754 raft_consensus.cc:493] T 6d026d62a1d345529febedfe7d9d011b P 7cd74ee7413f4987896b41dc5eef670a [term 0 FOLLOWER]: Starting pre-election (no leader contacted us within the election timeout)
I20260713 09:10:07.817207 27754 raft_consensus.cc:515] T 6d026d62a1d345529febedfe7d9d011b P 7cd74ee7413f4987896b41dc5eef670a [term 0 FOLLOWER]: Starting pre-election with config: opid_index: -1 OBSOLETE_local: false peers { permanent_uuid: "1ffdc9e000de489db0d18de484189ed2" member_type: VOTER last_known_addr { host: "127.26.192.193" port: 46275 } } peers { permanent_uuid: "047e0eca312d4e3a882413afc08c067f" member_type: VOTER last_known_addr { host: "127.26.192.194" port: 43671 } } peers { permanent_uuid: "7cd74ee7413f4987896b41dc5eef670a" member_type: VOTER last_known_addr { host: "127.26.192.195" port: 38263 } }
I20260713 09:10:07.817619 27602 tablet_service.cc:1917] Received RequestConsensusVote() RPC: tablet_id: "11abbc80afc547879acf11b59bffd1c6" candidate_uuid: "7cd74ee7413f4987896b41dc5eef670a" candidate_term: 1 candidate_status { last_received { term: 0 index: 0 } } ignore_live_leader: false dest_uuid: "047e0eca312d4e3a882413afc08c067f" is_pre_election: true
I20260713 09:10:07.818406 27602 raft_consensus.cc:2393] T 11abbc80afc547879acf11b59bffd1c6 P 047e0eca312d4e3a882413afc08c067f [term 1 FOLLOWER]: Leader pre-election vote request: Denying vote to candidate 7cd74ee7413f4987896b41dc5eef670a in current term 1: Already voted for candidate 1ffdc9e000de489db0d18de484189ed2 in this term.
I20260713 09:10:07.818454 27529 tablet_service.cc:1917] Received RequestConsensusVote() RPC: tablet_id: "11abbc80afc547879acf11b59bffd1c6" candidate_uuid: "7cd74ee7413f4987896b41dc5eef670a" candidate_term: 1 candidate_status { last_received { term: 0 index: 0 } } ignore_live_leader: false dest_uuid: "1ffdc9e000de489db0d18de484189ed2" is_pre_election: true
I20260713 09:10:07.819223 27754 leader_election.cc:290] T 6d026d62a1d345529febedfe7d9d011b P 7cd74ee7413f4987896b41dc5eef670a [CANDIDATE]: Term 1 pre-election: Requested pre-vote from peers 1ffdc9e000de489db0d18de484189ed2 (127.26.192.193:46275), 047e0eca312d4e3a882413afc08c067f (127.26.192.194:43671)
I20260713 09:10:07.820336 27644 leader_election.cc:304] T 11abbc80afc547879acf11b59bffd1c6 P 7cd74ee7413f4987896b41dc5eef670a [CANDIDATE]: Term 1 pre-election: Election decided. Result: candidate lost. Election summary: received 3 responses out of 3 voters: 1 yes votes; 2 no votes. yes voters: 7cd74ee7413f4987896b41dc5eef670a; no voters: 047e0eca312d4e3a882413afc08c067f, 1ffdc9e000de489db0d18de484189ed2
I20260713 09:10:07.821182 27754 raft_consensus.cc:3060] T 11abbc80afc547879acf11b59bffd1c6 P 7cd74ee7413f4987896b41dc5eef670a [term 0 FOLLOWER]: Advancing to term 1
I20260713 09:10:07.816049 27781 leader_election.cc:290] T 11abbc80afc547879acf11b59bffd1c6 P 7cd74ee7413f4987896b41dc5eef670a [CANDIDATE]: Term 1 pre-election: Requested pre-vote from peers 1ffdc9e000de489db0d18de484189ed2 (127.26.192.193:46275), 047e0eca312d4e3a882413afc08c067f (127.26.192.194:43671)
I20260713 09:10:07.821327 27602 tablet_service.cc:1917] Received RequestConsensusVote() RPC: tablet_id: "6d026d62a1d345529febedfe7d9d011b" candidate_uuid: "7cd74ee7413f4987896b41dc5eef670a" candidate_term: 1 candidate_status { last_received { term: 0 index: 0 } } ignore_live_leader: false dest_uuid: "047e0eca312d4e3a882413afc08c067f" is_pre_election: true
I20260713 09:10:07.822624 27602 raft_consensus.cc:2393] T 6d026d62a1d345529febedfe7d9d011b P 047e0eca312d4e3a882413afc08c067f [term 1 FOLLOWER]: Leader pre-election vote request: Denying vote to candidate 7cd74ee7413f4987896b41dc5eef670a in current term 1: Already voted for candidate 1ffdc9e000de489db0d18de484189ed2 in this term.
I20260713 09:10:07.824141 27529 tablet_service.cc:1917] Received RequestConsensusVote() RPC: tablet_id: "6d026d62a1d345529febedfe7d9d011b" candidate_uuid: "7cd74ee7413f4987896b41dc5eef670a" candidate_term: 1 candidate_status { last_received { term: 0 index: 0 } } ignore_live_leader: false dest_uuid: "1ffdc9e000de489db0d18de484189ed2" is_pre_election: true
I20260713 09:10:07.825572 27644 leader_election.cc:304] T 6d026d62a1d345529febedfe7d9d011b P 7cd74ee7413f4987896b41dc5eef670a [CANDIDATE]: Term 1 pre-election: Election decided. Result: candidate lost. Election summary: received 3 responses out of 3 voters: 1 yes votes; 2 no votes. yes voters: 7cd74ee7413f4987896b41dc5eef670a; no voters: 047e0eca312d4e3a882413afc08c067f, 1ffdc9e000de489db0d18de484189ed2
I20260713 09:10:07.826761 27781 raft_consensus.cc:3060] T 6d026d62a1d345529febedfe7d9d011b P 7cd74ee7413f4987896b41dc5eef670a [term 0 FOLLOWER]: Advancing to term 1
I20260713 09:10:07.830756 27754 raft_consensus.cc:2749] T 11abbc80afc547879acf11b59bffd1c6 P 7cd74ee7413f4987896b41dc5eef670a [term 1 FOLLOWER]: Leader pre-election lost for term 1. Reason: could not achieve majority
I20260713 09:10:07.833480 27781 raft_consensus.cc:2749] T 6d026d62a1d345529febedfe7d9d011b P 7cd74ee7413f4987896b41dc5eef670a [term 1 FOLLOWER]: Leader pre-election lost for term 1. Reason: could not achieve majority
I20260713 09:10:07.837780 27761 consensus_queue.cc:1048] T 223888ca629e4086a085ffa81912d1bf P 1ffdc9e000de489db0d18de484189ed2 [LEADER]: Connected to new peer: Peer: permanent_uuid: "7cd74ee7413f4987896b41dc5eef670a" member_type: VOTER last_known_addr { host: "127.26.192.195" port: 38263 }, Status: LMP_MISMATCH, Last received: 0.0, Next index: 1, Last known committed idx: 0, Time since last communication: 0.000s
I20260713 09:10:07.855190 27529 raft_consensus.cc:1275] T 3554c28e68e84a9c8cc81bbccb7e6688 P 1ffdc9e000de489db0d18de484189ed2 [term 2 FOLLOWER]: Refusing update from remote peer 047e0eca312d4e3a882413afc08c067f: Log matching property violated. Preceding OpId in replica: term: 1 index: 1. Preceding OpId from leader: term: 2 index: 1. (term mismatch)
I20260713 09:10:07.855628 27529 pending_rounds.cc:85] T 3554c28e68e84a9c8cc81bbccb7e6688 P 1ffdc9e000de489db0d18de484189ed2: Aborting all ops after (but not including) 0
I20260713 09:10:07.855928 27529 pending_rounds.cc:107] T 3554c28e68e84a9c8cc81bbccb7e6688 P 1ffdc9e000de489db0d18de484189ed2: Aborting uncommitted NO_OP operation due to leader change: 1.1
I20260713 09:10:07.856194 27529 raft_consensus.cc:2889] T 3554c28e68e84a9c8cc81bbccb7e6688 P 1ffdc9e000de489db0d18de484189ed2 [term 2 FOLLOWER]: NO_OP replication failed: Aborted: Op aborted by new leader
I20260713 09:10:07.857868 27760 consensus_queue.cc:1048] T 3554c28e68e84a9c8cc81bbccb7e6688 P 047e0eca312d4e3a882413afc08c067f [LEADER]: Connected to new peer: Peer: permanent_uuid: "1ffdc9e000de489db0d18de484189ed2" member_type: VOTER last_known_addr { host: "127.26.192.193" port: 46275 }, Status: LMP_MISMATCH, Last received: 0.0, Next index: 1, Last known committed idx: 0, Time since last communication: 0.000s
I20260713 09:10:07.860702 27781 raft_consensus.cc:493] T c43484c6746245a1b3e47b06b31b4f4b P 7cd74ee7413f4987896b41dc5eef670a [term 0 FOLLOWER]: Starting pre-election (no leader contacted us within the election timeout)
I20260713 09:10:07.861168 27781 raft_consensus.cc:515] T c43484c6746245a1b3e47b06b31b4f4b P 7cd74ee7413f4987896b41dc5eef670a [term 0 FOLLOWER]: Starting pre-election with config: opid_index: -1 OBSOLETE_local: false peers { permanent_uuid: "1ffdc9e000de489db0d18de484189ed2" member_type: VOTER last_known_addr { host: "127.26.192.193" port: 46275 } } peers { permanent_uuid: "047e0eca312d4e3a882413afc08c067f" member_type: VOTER last_known_addr { host: "127.26.192.194" port: 43671 } } peers { permanent_uuid: "7cd74ee7413f4987896b41dc5eef670a" member_type: VOTER last_known_addr { host: "127.26.192.195" port: 38263 } }
I20260713 09:10:07.863153 27781 leader_election.cc:290] T c43484c6746245a1b3e47b06b31b4f4b P 7cd74ee7413f4987896b41dc5eef670a [CANDIDATE]: Term 1 pre-election: Requested pre-vote from peers 1ffdc9e000de489db0d18de484189ed2 (127.26.192.193:46275), 047e0eca312d4e3a882413afc08c067f (127.26.192.194:43671)
I20260713 09:10:07.863821 27530 tablet_service.cc:1917] Received RequestConsensusVote() RPC: tablet_id: "c43484c6746245a1b3e47b06b31b4f4b" candidate_uuid: "7cd74ee7413f4987896b41dc5eef670a" candidate_term: 1 candidate_status { last_received { term: 0 index: 0 } } ignore_live_leader: false dest_uuid: "1ffdc9e000de489db0d18de484189ed2" is_pre_election: true
I20260713 09:10:07.864619 27530 raft_consensus.cc:2393] T c43484c6746245a1b3e47b06b31b4f4b P 1ffdc9e000de489db0d18de484189ed2 [term 1 FOLLOWER]: Leader pre-election vote request: Denying vote to candidate 7cd74ee7413f4987896b41dc5eef670a in current term 1: Already voted for candidate 047e0eca312d4e3a882413afc08c067f in this term.
I20260713 09:10:07.864629 27604 tablet_service.cc:1917] Received RequestConsensusVote() RPC: tablet_id: "c43484c6746245a1b3e47b06b31b4f4b" candidate_uuid: "7cd74ee7413f4987896b41dc5eef670a" candidate_term: 1 candidate_status { last_received { term: 0 index: 0 } } ignore_live_leader: false dest_uuid: "047e0eca312d4e3a882413afc08c067f" is_pre_election: true
I20260713 09:10:07.866832 27644 leader_election.cc:304] T c43484c6746245a1b3e47b06b31b4f4b P 7cd74ee7413f4987896b41dc5eef670a [CANDIDATE]: Term 1 pre-election: Election decided. Result: candidate lost. Election summary: received 3 responses out of 3 voters: 1 yes votes; 2 no votes. yes voters: 7cd74ee7413f4987896b41dc5eef670a; no voters: 047e0eca312d4e3a882413afc08c067f, 1ffdc9e000de489db0d18de484189ed2
I20260713 09:10:07.867936 27781 raft_consensus.cc:3060] T c43484c6746245a1b3e47b06b31b4f4b P 7cd74ee7413f4987896b41dc5eef670a [term 0 FOLLOWER]: Advancing to term 1
I20260713 09:10:07.872247 27678 raft_consensus.cc:1275] T 3554c28e68e84a9c8cc81bbccb7e6688 P 7cd74ee7413f4987896b41dc5eef670a [term 2 FOLLOWER]: Refusing update from remote peer 047e0eca312d4e3a882413afc08c067f: Log matching property violated. Preceding OpId in replica: term: 0 index: 0. Preceding OpId from leader: term: 2 index: 1. (index mismatch)
I20260713 09:10:07.873641 27762 consensus_queue.cc:1048] T 3554c28e68e84a9c8cc81bbccb7e6688 P 047e0eca312d4e3a882413afc08c067f [LEADER]: Connected to new peer: Peer: permanent_uuid: "7cd74ee7413f4987896b41dc5eef670a" member_type: VOTER last_known_addr { host: "127.26.192.195" port: 38263 }, Status: LMP_MISMATCH, Last received: 0.0, Next index: 1, Last known committed idx: 0, Time since last communication: 0.000s
I20260713 09:10:07.877496 27781 raft_consensus.cc:2749] T c43484c6746245a1b3e47b06b31b4f4b P 7cd74ee7413f4987896b41dc5eef670a [term 1 FOLLOWER]: Leader pre-election lost for term 1. Reason: could not achieve majority
I20260713 09:10:07.927188 27754 raft_consensus.cc:493] T d0fa45dcfd3d40ccaf29cb552063d90d P 7cd74ee7413f4987896b41dc5eef670a [term 0 FOLLOWER]: Starting pre-election (no leader contacted us within the election timeout)
I20260713 09:10:07.927726 27754 raft_consensus.cc:515] T d0fa45dcfd3d40ccaf29cb552063d90d P 7cd74ee7413f4987896b41dc5eef670a [term 0 FOLLOWER]: Starting pre-election with config: opid_index: -1 OBSOLETE_local: false peers { permanent_uuid: "1ffdc9e000de489db0d18de484189ed2" member_type: VOTER last_known_addr { host: "127.26.192.193" port: 46275 } } peers { permanent_uuid: "047e0eca312d4e3a882413afc08c067f" member_type: VOTER last_known_addr { host: "127.26.192.194" port: 43671 } } peers { permanent_uuid: "7cd74ee7413f4987896b41dc5eef670a" member_type: VOTER last_known_addr { host: "127.26.192.195" port: 38263 } }
I20260713 09:10:07.929497 27754 leader_election.cc:290] T d0fa45dcfd3d40ccaf29cb552063d90d P 7cd74ee7413f4987896b41dc5eef670a [CANDIDATE]: Term 1 pre-election: Requested pre-vote from peers 1ffdc9e000de489db0d18de484189ed2 (127.26.192.193:46275), 047e0eca312d4e3a882413afc08c067f (127.26.192.194:43671)
I20260713 09:10:07.930315 27529 tablet_service.cc:1917] Received RequestConsensusVote() RPC: tablet_id: "d0fa45dcfd3d40ccaf29cb552063d90d" candidate_uuid: "7cd74ee7413f4987896b41dc5eef670a" candidate_term: 1 candidate_status { last_received { term: 0 index: 0 } } ignore_live_leader: false dest_uuid: "1ffdc9e000de489db0d18de484189ed2" is_pre_election: true
I20260713 09:10:07.930594 27604 tablet_service.cc:1917] Received RequestConsensusVote() RPC: tablet_id: "d0fa45dcfd3d40ccaf29cb552063d90d" candidate_uuid: "7cd74ee7413f4987896b41dc5eef670a" candidate_term: 1 candidate_status { last_received { term: 0 index: 0 } } ignore_live_leader: false dest_uuid: "047e0eca312d4e3a882413afc08c067f" is_pre_election: true
I20260713 09:10:07.931180 27529 raft_consensus.cc:2393] T d0fa45dcfd3d40ccaf29cb552063d90d P 1ffdc9e000de489db0d18de484189ed2 [term 1 FOLLOWER]: Leader pre-election vote request: Denying vote to candidate 7cd74ee7413f4987896b41dc5eef670a in current term 1: Already voted for candidate 1ffdc9e000de489db0d18de484189ed2 in this term.
I20260713 09:10:07.931391 27604 raft_consensus.cc:2393] T d0fa45dcfd3d40ccaf29cb552063d90d P 047e0eca312d4e3a882413afc08c067f [term 1 FOLLOWER]: Leader pre-election vote request: Denying vote to candidate 7cd74ee7413f4987896b41dc5eef670a in current term 1: Already voted for candidate 047e0eca312d4e3a882413afc08c067f in this term.
I20260713 09:10:07.932438 27645 leader_election.cc:304] T d0fa45dcfd3d40ccaf29cb552063d90d P 7cd74ee7413f4987896b41dc5eef670a [CANDIDATE]: Term 1 pre-election: Election decided. Result: candidate lost. Election summary: received 3 responses out of 3 voters: 1 yes votes; 2 no votes. yes voters: 7cd74ee7413f4987896b41dc5eef670a; no voters: 047e0eca312d4e3a882413afc08c067f, 1ffdc9e000de489db0d18de484189ed2
I20260713 09:10:07.933079 27754 raft_consensus.cc:3060] T d0fa45dcfd3d40ccaf29cb552063d90d P 7cd74ee7413f4987896b41dc5eef670a [term 0 FOLLOWER]: Advancing to term 1
I20260713 09:10:07.937698 27762 consensus_queue.cc:1048] T c43484c6746245a1b3e47b06b31b4f4b P 047e0eca312d4e3a882413afc08c067f [LEADER]: Connected to new peer: Peer: permanent_uuid: "7cd74ee7413f4987896b41dc5eef670a" member_type: VOTER last_known_addr { host: "127.26.192.195" port: 38263 }, Status: LMP_MISMATCH, Last received: 0.0, Next index: 1, Last known committed idx: 0, Time since last communication: 0.000s
I20260713 09:10:07.939605 27754 raft_consensus.cc:2749] T d0fa45dcfd3d40ccaf29cb552063d90d P 7cd74ee7413f4987896b41dc5eef670a [term 1 FOLLOWER]: Leader pre-election lost for term 1. Reason: could not achieve majority
I20260713 09:10:07.950213 27760 consensus_queue.cc:1048] T c43484c6746245a1b3e47b06b31b4f4b P 047e0eca312d4e3a882413afc08c067f [LEADER]: Connected to new peer: Peer: permanent_uuid: "1ffdc9e000de489db0d18de484189ed2" member_type: VOTER last_known_addr { host: "127.26.192.193" port: 46275 }, Status: LMP_MISMATCH, Last received: 0.0, Next index: 1, Last known committed idx: 0, Time since last communication: 0.000s
I20260713 09:10:08.010545 27760 consensus_queue.cc:1048] T 4c7c54ffa59249edaae4fb0031723a36 P 047e0eca312d4e3a882413afc08c067f [LEADER]: Connected to new peer: Peer: permanent_uuid: "1ffdc9e000de489db0d18de484189ed2" member_type: VOTER last_known_addr { host: "127.26.192.193" port: 46275 }, Status: LMP_MISMATCH, Last received: 0.0, Next index: 1, Last known committed idx: 0, Time since last communication: 0.000s
I20260713 09:10:08.020327 27761 consensus_queue.cc:1048] T 6d026d62a1d345529febedfe7d9d011b P 1ffdc9e000de489db0d18de484189ed2 [LEADER]: Connected to new peer: Peer: permanent_uuid: "047e0eca312d4e3a882413afc08c067f" member_type: VOTER last_known_addr { host: "127.26.192.194" port: 43671 }, Status: LMP_MISMATCH, Last received: 0.0, Next index: 1, Last known committed idx: 0, Time since last communication: 0.000s
I20260713 09:10:08.027885 27760 consensus_queue.cc:1048] T 4c7c54ffa59249edaae4fb0031723a36 P 047e0eca312d4e3a882413afc08c067f [LEADER]: Connected to new peer: Peer: permanent_uuid: "7cd74ee7413f4987896b41dc5eef670a" member_type: VOTER last_known_addr { host: "127.26.192.195" port: 38263 }, Status: LMP_MISMATCH, Last received: 0.0, Next index: 1, Last known committed idx: 0, Time since last communication: 0.000s
I20260713 09:10:08.034030 27728 consensus_queue.cc:1048] T 6d026d62a1d345529febedfe7d9d011b P 1ffdc9e000de489db0d18de484189ed2 [LEADER]: Connected to new peer: Peer: permanent_uuid: "7cd74ee7413f4987896b41dc5eef670a" member_type: VOTER last_known_addr { host: "127.26.192.195" port: 38263 }, Status: LMP_MISMATCH, Last received: 0.0, Next index: 1, Last known committed idx: 0, Time since last communication: 0.000s
I20260713 09:10:08.099581 27757 consensus_queue.cc:1048] T 11abbc80afc547879acf11b59bffd1c6 P 1ffdc9e000de489db0d18de484189ed2 [LEADER]: Connected to new peer: Peer: permanent_uuid: "7cd74ee7413f4987896b41dc5eef670a" member_type: VOTER last_known_addr { host: "127.26.192.195" port: 38263 }, Status: LMP_MISMATCH, Last received: 0.0, Next index: 1, Last known committed idx: 0, Time since last communication: 0.000s
I20260713 09:10:08.116632 27757 consensus_queue.cc:1048] T 11abbc80afc547879acf11b59bffd1c6 P 1ffdc9e000de489db0d18de484189ed2 [LEADER]: Connected to new peer: Peer: permanent_uuid: "047e0eca312d4e3a882413afc08c067f" member_type: VOTER last_known_addr { host: "127.26.192.194" port: 43671 }, Status: LMP_MISMATCH, Last received: 0.0, Next index: 1, Last known committed idx: 0, Time since last communication: 0.000s
I20260713 09:10:08.362809 27760 consensus_queue.cc:1048] T 15fece48613043db8a888eb22edfd616 P 047e0eca312d4e3a882413afc08c067f [LEADER]: Connected to new peer: Peer: permanent_uuid: "1ffdc9e000de489db0d18de484189ed2" member_type: VOTER last_known_addr { host: "127.26.192.193" port: 46275 }, Status: LMP_MISMATCH, Last received: 0.0, Next index: 1, Last known committed idx: 0, Time since last communication: 0.000s
I20260713 09:10:08.368077 27762 consensus_queue.cc:1048] T 15fece48613043db8a888eb22edfd616 P 047e0eca312d4e3a882413afc08c067f [LEADER]: Connected to new peer: Peer: permanent_uuid: "7cd74ee7413f4987896b41dc5eef670a" member_type: VOTER last_known_addr { host: "127.26.192.195" port: 38263 }, Status: LMP_MISMATCH, Last received: 0.0, Next index: 1, Last known committed idx: 0, Time since last communication: 0.001s
W20260713 09:10:08.518582 27474 auto_rebalancer.cc:288] Could not retrieve cluster info: Service unavailable: Tablet not running
I20260713 09:10:09.089708 27757 raft_consensus.cc:493] T d0fa45dcfd3d40ccaf29cb552063d90d P 1ffdc9e000de489db0d18de484189ed2 [term 1 FOLLOWER]: Starting pre-election (no leader contacted us within the election timeout)
I20260713 09:10:09.090231 27757 raft_consensus.cc:515] T d0fa45dcfd3d40ccaf29cb552063d90d P 1ffdc9e000de489db0d18de484189ed2 [term 1 FOLLOWER]: Starting pre-election with config: opid_index: -1 OBSOLETE_local: false peers { permanent_uuid: "1ffdc9e000de489db0d18de484189ed2" member_type: VOTER last_known_addr { host: "127.26.192.193" port: 46275 } } peers { permanent_uuid: "047e0eca312d4e3a882413afc08c067f" member_type: VOTER last_known_addr { host: "127.26.192.194" port: 43671 } } peers { permanent_uuid: "7cd74ee7413f4987896b41dc5eef670a" member_type: VOTER last_known_addr { host: "127.26.192.195" port: 38263 } }
I20260713 09:10:09.091892 27757 leader_election.cc:290] T d0fa45dcfd3d40ccaf29cb552063d90d P 1ffdc9e000de489db0d18de484189ed2 [CANDIDATE]: Term 2 pre-election: Requested pre-vote from peers 047e0eca312d4e3a882413afc08c067f (127.26.192.194:43671), 7cd74ee7413f4987896b41dc5eef670a (127.26.192.195:38263)
I20260713 09:10:09.092778 27604 tablet_service.cc:1917] Received RequestConsensusVote() RPC: tablet_id: "d0fa45dcfd3d40ccaf29cb552063d90d" candidate_uuid: "1ffdc9e000de489db0d18de484189ed2" candidate_term: 2 candidate_status { last_received { term: 0 index: 0 } } ignore_live_leader: false dest_uuid: "047e0eca312d4e3a882413afc08c067f" is_pre_election: true
I20260713 09:10:09.093037 27679 tablet_service.cc:1917] Received RequestConsensusVote() RPC: tablet_id: "d0fa45dcfd3d40ccaf29cb552063d90d" candidate_uuid: "1ffdc9e000de489db0d18de484189ed2" candidate_term: 2 candidate_status { last_received { term: 0 index: 0 } } ignore_live_leader: false dest_uuid: "7cd74ee7413f4987896b41dc5eef670a" is_pre_election: true
I20260713 09:10:09.093302 27604 raft_consensus.cc:2468] T d0fa45dcfd3d40ccaf29cb552063d90d P 047e0eca312d4e3a882413afc08c067f [term 1 FOLLOWER]: Leader pre-election vote request: Granting yes vote for candidate 1ffdc9e000de489db0d18de484189ed2 in term 1.
I20260713 09:10:09.093585 27679 raft_consensus.cc:2468] T d0fa45dcfd3d40ccaf29cb552063d90d P 7cd74ee7413f4987896b41dc5eef670a [term 1 FOLLOWER]: Leader pre-election vote request: Granting yes vote for candidate 1ffdc9e000de489db0d18de484189ed2 in term 1.
I20260713 09:10:09.094411 27496 leader_election.cc:304] T d0fa45dcfd3d40ccaf29cb552063d90d P 1ffdc9e000de489db0d18de484189ed2 [CANDIDATE]: Term 2 pre-election: Election decided. Result: candidate won. Election summary: received 2 responses out of 3 voters: 2 yes votes; 0 no votes. yes voters: 047e0eca312d4e3a882413afc08c067f, 1ffdc9e000de489db0d18de484189ed2; no voters: 
I20260713 09:10:09.095187 27757 raft_consensus.cc:2804] T d0fa45dcfd3d40ccaf29cb552063d90d P 1ffdc9e000de489db0d18de484189ed2 [term 1 FOLLOWER]: Leader pre-election won for term 2
I20260713 09:10:09.095528 27757 raft_consensus.cc:493] T d0fa45dcfd3d40ccaf29cb552063d90d P 1ffdc9e000de489db0d18de484189ed2 [term 1 FOLLOWER]: Starting leader election (no leader contacted us within the election timeout)
I20260713 09:10:09.095837 27757 raft_consensus.cc:3060] T d0fa45dcfd3d40ccaf29cb552063d90d P 1ffdc9e000de489db0d18de484189ed2 [term 1 FOLLOWER]: Advancing to term 2
I20260713 09:10:09.100524 27757 raft_consensus.cc:515] T d0fa45dcfd3d40ccaf29cb552063d90d P 1ffdc9e000de489db0d18de484189ed2 [term 2 FOLLOWER]: Starting leader election with config: opid_index: -1 OBSOLETE_local: false peers { permanent_uuid: "1ffdc9e000de489db0d18de484189ed2" member_type: VOTER last_known_addr { host: "127.26.192.193" port: 46275 } } peers { permanent_uuid: "047e0eca312d4e3a882413afc08c067f" member_type: VOTER last_known_addr { host: "127.26.192.194" port: 43671 } } peers { permanent_uuid: "7cd74ee7413f4987896b41dc5eef670a" member_type: VOTER last_known_addr { host: "127.26.192.195" port: 38263 } }
I20260713 09:10:09.102100 27757 leader_election.cc:290] T d0fa45dcfd3d40ccaf29cb552063d90d P 1ffdc9e000de489db0d18de484189ed2 [CANDIDATE]: Term 2 election: Requested vote from peers 047e0eca312d4e3a882413afc08c067f (127.26.192.194:43671), 7cd74ee7413f4987896b41dc5eef670a (127.26.192.195:38263)
I20260713 09:10:09.103016 27679 tablet_service.cc:1917] Received RequestConsensusVote() RPC: tablet_id: "d0fa45dcfd3d40ccaf29cb552063d90d" candidate_uuid: "1ffdc9e000de489db0d18de484189ed2" candidate_term: 2 candidate_status { last_received { term: 0 index: 0 } } ignore_live_leader: false dest_uuid: "7cd74ee7413f4987896b41dc5eef670a"
