I20260713 09:10:30.681728 28528 raft_consensus.cc:2272] T ebc6a6b2107749d5a733d6c3f90284db P 36f6264592c74cbb8b3db0ba6318a3b0 [term 1 FOLLOWER]: Raft consensus is shut down!
I20260713 09:10:30.681926 28529 raft_consensus.cc:2272] T 50a733e871c14cf18b2fa82a7fe6467b P 9d9fe4c756114d6f9a89642c673bcb09 [term 1 FOLLOWER]: Raft consensus is shut down!
I20260713 09:10:30.679796 28527 tablet_replica.cc:333] T 3babc5ccdb294f28814e8b2abba99698 P b769ea36b28c405c86e4f279b918b91f: stopping tablet replica
I20260713 09:10:30.683084 27888 catalog_manager.cc:5210] ChangeConfig:REMOVE_PEER RPC for tablet 18c4deca591a4ebda8c09cc4ef3312d4 with cas_config_opid_index 3: ChangeConfig:REMOVE_PEER succeeded (attempt 1)
I20260713 09:10:30.683225 28527 raft_consensus.cc:2243] T 3babc5ccdb294f28814e8b2abba99698 P b769ea36b28c405c86e4f279b918b91f [term 1 FOLLOWER]: Raft consensus shutting down.
I20260713 09:10:30.683894 28527 raft_consensus.cc:2272] T 3babc5ccdb294f28814e8b2abba99698 P b769ea36b28c405c86e4f279b918b91f [term 1 FOLLOWER]: Raft consensus is shut down!
I20260713 09:10:30.685288 28529 ts_tablet_manager.cc:1916] T 50a733e871c14cf18b2fa82a7fe6467b P 9d9fe4c756114d6f9a89642c673bcb09: Deleting tablet data with delete state TABLET_DATA_TOMBSTONED
I20260713 09:10:30.690726 28527 ts_tablet_manager.cc:1916] T 3babc5ccdb294f28814e8b2abba99698 P b769ea36b28c405c86e4f279b918b91f: Deleting tablet data with delete state TABLET_DATA_TOMBSTONED
I20260713 09:10:30.687897 28528 ts_tablet_manager.cc:1916] T ebc6a6b2107749d5a733d6c3f90284db P 36f6264592c74cbb8b3db0ba6318a3b0: Deleting tablet data with delete state TABLET_DATA_TOMBSTONED
I20260713 09:10:30.699687 28529 ts_tablet_manager.cc:1929] T 50a733e871c14cf18b2fa82a7fe6467b P 9d9fe4c756114d6f9a89642c673bcb09: tablet deleted with delete type TABLET_DATA_TOMBSTONED: last-logged OpId 1.3
I20260713 09:10:30.700117 28529 log.cc:1199] T 50a733e871c14cf18b2fa82a7fe6467b P 9d9fe4c756114d6f9a89642c673bcb09: Deleting WAL directory at /tmp/dist-test-task07y4TK/test-tmp/auto_leader_rebalancer-test.0.LeaderRebalancerTest.AddTserver.1783933802043400-26915-0/minicluster-data/ts-2-root/wals/50a733e871c14cf18b2fa82a7fe6467b
I20260713 09:10:30.701644 28529 tablet_replica.cc:333] T 18c4deca591a4ebda8c09cc4ef3312d4 P 9d9fe4c756114d6f9a89642c673bcb09: stopping tablet replica
I20260713 09:10:30.701658 27887 catalog_manager.cc:5028] TS 9d9fe4c756114d6f9a89642c673bcb09 (127.26.72.195:38125): tablet 50a733e871c14cf18b2fa82a7fe6467b (table test-workload [id=0fdb4e29e70f4beea9459059ccee8dce]) successfully deleted
I20260713 09:10:30.702689 28529 raft_consensus.cc:2243] T 18c4deca591a4ebda8c09cc4ef3312d4 P 9d9fe4c756114d6f9a89642c673bcb09 [term 1 FOLLOWER]: Raft consensus shutting down.
I20260713 09:10:30.703375 28529 raft_consensus.cc:2272] T 18c4deca591a4ebda8c09cc4ef3312d4 P 9d9fe4c756114d6f9a89642c673bcb09 [term 1 FOLLOWER]: Raft consensus is shut down!
I20260713 09:10:30.704020 28527 ts_tablet_manager.cc:1929] T 3babc5ccdb294f28814e8b2abba99698 P b769ea36b28c405c86e4f279b918b91f: tablet deleted with delete type TABLET_DATA_TOMBSTONED: last-logged OpId 1.3
I20260713 09:10:30.704411 28527 log.cc:1199] T 3babc5ccdb294f28814e8b2abba99698 P b769ea36b28c405c86e4f279b918b91f: Deleting WAL directory at /tmp/dist-test-task07y4TK/test-tmp/auto_leader_rebalancer-test.0.LeaderRebalancerTest.AddTserver.1783933802043400-26915-0/minicluster-data/ts-1-root/wals/3babc5ccdb294f28814e8b2abba99698
I20260713 09:10:30.705983 27888 catalog_manager.cc:5028] TS b769ea36b28c405c86e4f279b918b91f (127.26.72.194:42433): tablet 3babc5ccdb294f28814e8b2abba99698 (table test-workload [id=0fdb4e29e70f4beea9459059ccee8dce]) successfully deleted
I20260713 09:10:30.706188 28529 ts_tablet_manager.cc:1916] T 18c4deca591a4ebda8c09cc4ef3312d4 P 9d9fe4c756114d6f9a89642c673bcb09: Deleting tablet data with delete state TABLET_DATA_TOMBSTONED
I20260713 09:10:30.706764 28528 ts_tablet_manager.cc:1929] T ebc6a6b2107749d5a733d6c3f90284db P 36f6264592c74cbb8b3db0ba6318a3b0: tablet deleted with delete type TABLET_DATA_TOMBSTONED: last-logged OpId 1.3
I20260713 09:10:30.707134 28528 log.cc:1199] T ebc6a6b2107749d5a733d6c3f90284db P 36f6264592c74cbb8b3db0ba6318a3b0: Deleting WAL directory at /tmp/dist-test-task07y4TK/test-tmp/auto_leader_rebalancer-test.0.LeaderRebalancerTest.AddTserver.1783933802043400-26915-0/minicluster-data/ts-0-root/wals/ebc6a6b2107749d5a733d6c3f90284db
I20260713 09:10:30.708467 27888 catalog_manager.cc:5028] TS 36f6264592c74cbb8b3db0ba6318a3b0 (127.26.72.193:39591): tablet ebc6a6b2107749d5a733d6c3f90284db (table test-workload [id=0fdb4e29e70f4beea9459059ccee8dce]) successfully deleted
I20260713 09:10:30.715601 28529 ts_tablet_manager.cc:1929] T 18c4deca591a4ebda8c09cc4ef3312d4 P 9d9fe4c756114d6f9a89642c673bcb09: tablet deleted with delete type TABLET_DATA_TOMBSTONED: last-logged OpId 1.3
I20260713 09:10:30.715893 28529 log.cc:1199] T 18c4deca591a4ebda8c09cc4ef3312d4 P 9d9fe4c756114d6f9a89642c673bcb09: Deleting WAL directory at /tmp/dist-test-task07y4TK/test-tmp/auto_leader_rebalancer-test.0.LeaderRebalancerTest.AddTserver.1783933802043400-26915-0/minicluster-data/ts-2-root/wals/18c4deca591a4ebda8c09cc4ef3312d4
I20260713 09:10:30.716861 27887 catalog_manager.cc:5028] TS 9d9fe4c756114d6f9a89642c673bcb09 (127.26.72.195:38125): tablet 18c4deca591a4ebda8c09cc4ef3312d4 (table test-workload [id=0fdb4e29e70f4beea9459059ccee8dce]) successfully deleted
I20260713 09:10:31.709442 28080 consensus_queue.cc:237] T 560fcd701f734b03b13c362861090afe P b769ea36b28c405c86e4f279b918b91f [LEADER]: Queue going to LEADER mode. State: All replicated index: 0, Majority replicated index: 1, Committed index: 1, Last appended: 1.1, Last appended by leader: 0, Current term: 1, Majority size: 2, State: 0, Mode: LEADER, active raft config: opid_index: 2 OBSOLETE_local: false peers { permanent_uuid: "b769ea36b28c405c86e4f279b918b91f" member_type: VOTER last_known_addr { host: "127.26.72.194" port: 42433 } } peers { permanent_uuid: "9d9fe4c756114d6f9a89642c673bcb09" member_type: VOTER last_known_addr { host: "127.26.72.195" port: 38125 } } peers { permanent_uuid: "36f6264592c74cbb8b3db0ba6318a3b0" member_type: VOTER last_known_addr { host: "127.26.72.193" port: 39591 } attrs { replace: true } } peers { permanent_uuid: "f8c776440f2649748b9b08ff571b4b5a" member_type: NON_VOTER last_known_addr { host: "127.26.72.196" port: 38109 } attrs { promote: true } }
W20260713 09:10:31.714931 28045 consensus_peers.cc:597] T 560fcd701f734b03b13c362861090afe P b769ea36b28c405c86e4f279b918b91f -> Peer f8c776440f2649748b9b08ff571b4b5a (127.26.72.196:38109): Couldn't send request to peer f8c776440f2649748b9b08ff571b4b5a. Error code: TABLET_NOT_FOUND (6). Status: Not found: Tablet not found: 560fcd701f734b03b13c362861090afe. This is attempt 1: this message will repeat every 5th retry.
I20260713 09:10:31.715656 28005 raft_consensus.cc:1275] T 560fcd701f734b03b13c362861090afe P 36f6264592c74cbb8b3db0ba6318a3b0 [term 1 FOLLOWER]: Refusing update from remote peer b769ea36b28c405c86e4f279b918b91f: Log matching property violated. Preceding OpId in replica: term: 1 index: 1. Preceding OpId from leader: term: 1 index: 2. (index mismatch)
I20260713 09:10:31.716696 28149 raft_consensus.cc:1275] T 560fcd701f734b03b13c362861090afe P 9d9fe4c756114d6f9a89642c673bcb09 [term 1 FOLLOWER]: Refusing update from remote peer b769ea36b28c405c86e4f279b918b91f: Log matching property violated. Preceding OpId in replica: term: 1 index: 1. Preceding OpId from leader: term: 1 index: 2. (index mismatch)
I20260713 09:10:31.716822 28532 consensus_queue.cc:1048] T 560fcd701f734b03b13c362861090afe P b769ea36b28c405c86e4f279b918b91f [LEADER]: Connected to new peer: Peer: permanent_uuid: "36f6264592c74cbb8b3db0ba6318a3b0" member_type: VOTER last_known_addr { host: "127.26.72.193" port: 39591 } attrs { replace: true }, Status: LMP_MISMATCH, Last received: 0.0, Next index: 2, Last known committed idx: 1, Time since last communication: 0.000s
I20260713 09:10:31.717975 28534 consensus_queue.cc:1048] T 560fcd701f734b03b13c362861090afe P b769ea36b28c405c86e4f279b918b91f [LEADER]: Connected to new peer: Peer: permanent_uuid: "9d9fe4c756114d6f9a89642c673bcb09" member_type: VOTER last_known_addr { host: "127.26.72.195" port: 38125 }, Status: LMP_MISMATCH, Last received: 0.0, Next index: 2, Last known committed idx: 1, Time since last communication: 0.000s
I20260713 09:10:31.724444 28532 raft_consensus.cc:2955] T 560fcd701f734b03b13c362861090afe P b769ea36b28c405c86e4f279b918b91f [term 1 LEADER]: Committing config change with OpId 1.2: config changed from index -1 to 2, NON_VOTER f8c776440f2649748b9b08ff571b4b5a (127.26.72.196) added. New config: { opid_index: 2 OBSOLETE_local: false peers { permanent_uuid: "b769ea36b28c405c86e4f279b918b91f" member_type: VOTER last_known_addr { host: "127.26.72.194" port: 42433 } } peers { permanent_uuid: "9d9fe4c756114d6f9a89642c673bcb09" member_type: VOTER last_known_addr { host: "127.26.72.195" port: 38125 } } peers { permanent_uuid: "36f6264592c74cbb8b3db0ba6318a3b0" member_type: VOTER last_known_addr { host: "127.26.72.193" port: 39591 } attrs { replace: true } } peers { permanent_uuid: "f8c776440f2649748b9b08ff571b4b5a" member_type: NON_VOTER last_known_addr { host: "127.26.72.196" port: 38109 } attrs { promote: true } } }
I20260713 09:10:31.726022 28004 raft_consensus.cc:2955] T 560fcd701f734b03b13c362861090afe P 36f6264592c74cbb8b3db0ba6318a3b0 [term 1 FOLLOWER]: Committing config change with OpId 1.2: config changed from index -1 to 2, NON_VOTER f8c776440f2649748b9b08ff571b4b5a (127.26.72.196) added. New config: { opid_index: 2 OBSOLETE_local: false peers { permanent_uuid: "b769ea36b28c405c86e4f279b918b91f" member_type: VOTER last_known_addr { host: "127.26.72.194" port: 42433 } } peers { permanent_uuid: "9d9fe4c756114d6f9a89642c673bcb09" member_type: VOTER last_known_addr { host: "127.26.72.195" port: 38125 } } peers { permanent_uuid: "36f6264592c74cbb8b3db0ba6318a3b0" member_type: VOTER last_known_addr { host: "127.26.72.193" port: 39591 } attrs { replace: true } } peers { permanent_uuid: "f8c776440f2649748b9b08ff571b4b5a" member_type: NON_VOTER last_known_addr { host: "127.26.72.196" port: 38109 } attrs { promote: true } } }
I20260713 09:10:31.726389 28149 raft_consensus.cc:2955] T 560fcd701f734b03b13c362861090afe P 9d9fe4c756114d6f9a89642c673bcb09 [term 1 FOLLOWER]: Committing config change with OpId 1.2: config changed from index -1 to 2, NON_VOTER f8c776440f2649748b9b08ff571b4b5a (127.26.72.196) added. New config: { opid_index: 2 OBSOLETE_local: false peers { permanent_uuid: "b769ea36b28c405c86e4f279b918b91f" member_type: VOTER last_known_addr { host: "127.26.72.194" port: 42433 } } peers { permanent_uuid: "9d9fe4c756114d6f9a89642c673bcb09" member_type: VOTER last_known_addr { host: "127.26.72.195" port: 38125 } } peers { permanent_uuid: "36f6264592c74cbb8b3db0ba6318a3b0" member_type: VOTER last_known_addr { host: "127.26.72.193" port: 39591 } attrs { replace: true } } peers { permanent_uuid: "f8c776440f2649748b9b08ff571b4b5a" member_type: NON_VOTER last_known_addr { host: "127.26.72.196" port: 38109 } attrs { promote: true } } }
I20260713 09:10:31.736423 27901 catalog_manager.cc:5697] T 560fcd701f734b03b13c362861090afe P b769ea36b28c405c86e4f279b918b91f reported cstate change: config changed from index -1 to 2, NON_VOTER f8c776440f2649748b9b08ff571b4b5a (127.26.72.196) added. New cstate: current_term: 1 leader_uuid: "b769ea36b28c405c86e4f279b918b91f" committed_config { opid_index: 2 OBSOLETE_local: false peers { permanent_uuid: "b769ea36b28c405c86e4f279b918b91f" member_type: VOTER last_known_addr { host: "127.26.72.194" port: 42433 } health_report { overall_health: HEALTHY } } peers { permanent_uuid: "9d9fe4c756114d6f9a89642c673bcb09" member_type: VOTER last_known_addr { host: "127.26.72.195" port: 38125 } health_report { overall_health: HEALTHY } } peers { permanent_uuid: "36f6264592c74cbb8b3db0ba6318a3b0" member_type: VOTER last_known_addr { host: "127.26.72.193" port: 39591 } attrs { replace: true } health_report { overall_health: HEALTHY } } peers { permanent_uuid: "f8c776440f2649748b9b08ff571b4b5a" member_type: NON_VOTER last_known_addr { host: "127.26.72.196" port: 38109 } attrs { promote: true } health_report { overall_health: UNKNOWN } } }
I20260713 09:10:31.740500 28005 consensus_queue.cc:237] T e45f8fbb94834a45bd48ac9fc9c1f10e P 36f6264592c74cbb8b3db0ba6318a3b0 [LEADER]: Queue going to LEADER mode. State: All replicated index: 0, Majority replicated index: 1, Committed index: 1, Last appended: 1.1, Last appended by leader: 0, Current term: 1, Majority size: 2, State: 0, Mode: LEADER, active raft config: opid_index: 2 OBSOLETE_local: false peers { permanent_uuid: "36f6264592c74cbb8b3db0ba6318a3b0" member_type: VOTER last_known_addr { host: "127.26.72.193" port: 39591 } } peers { permanent_uuid: "b769ea36b28c405c86e4f279b918b91f" member_type: VOTER last_known_addr { host: "127.26.72.194" port: 42433 } attrs { replace: true } } peers { permanent_uuid: "9d9fe4c756114d6f9a89642c673bcb09" member_type: VOTER last_known_addr { host: "127.26.72.195" port: 38125 } } peers { permanent_uuid: "f8c776440f2649748b9b08ff571b4b5a" member_type: NON_VOTER last_known_addr { host: "127.26.72.196" port: 38109 } attrs { promote: true } }
I20260713 09:10:31.748095 28149 raft_consensus.cc:1275] T e45f8fbb94834a45bd48ac9fc9c1f10e P 9d9fe4c756114d6f9a89642c673bcb09 [term 1 FOLLOWER]: Refusing update from remote peer 36f6264592c74cbb8b3db0ba6318a3b0: Log matching property violated. Preceding OpId in replica: term: 1 index: 1. Preceding OpId from leader: term: 1 index: 2. (index mismatch)
W20260713 09:10:31.748579 27970 consensus_peers.cc:597] T e45f8fbb94834a45bd48ac9fc9c1f10e P 36f6264592c74cbb8b3db0ba6318a3b0 -> Peer f8c776440f2649748b9b08ff571b4b5a (127.26.72.196:38109): Couldn't send request to peer f8c776440f2649748b9b08ff571b4b5a. Error code: TABLET_NOT_FOUND (6). Status: Not found: Tablet not found: e45f8fbb94834a45bd48ac9fc9c1f10e. This is attempt 1: this message will repeat every 5th retry.
I20260713 09:10:31.749311 28499 consensus_queue.cc:1048] T e45f8fbb94834a45bd48ac9fc9c1f10e P 36f6264592c74cbb8b3db0ba6318a3b0 [LEADER]: Connected to new peer: Peer: permanent_uuid: "9d9fe4c756114d6f9a89642c673bcb09" member_type: VOTER last_known_addr { host: "127.26.72.195" port: 38125 }, Status: LMP_MISMATCH, Last received: 0.0, Next index: 2, Last known committed idx: 1, Time since last communication: 0.000s
I20260713 09:10:31.749439 28080 raft_consensus.cc:1275] T e45f8fbb94834a45bd48ac9fc9c1f10e P b769ea36b28c405c86e4f279b918b91f [term 1 FOLLOWER]: Refusing update from remote peer 36f6264592c74cbb8b3db0ba6318a3b0: Log matching property violated. Preceding OpId in replica: term: 1 index: 1. Preceding OpId from leader: term: 1 index: 2. (index mismatch)
I20260713 09:10:31.750975 28251 consensus_queue.cc:1048] T e45f8fbb94834a45bd48ac9fc9c1f10e P 36f6264592c74cbb8b3db0ba6318a3b0 [LEADER]: Connected to new peer: Peer: permanent_uuid: "b769ea36b28c405c86e4f279b918b91f" member_type: VOTER last_known_addr { host: "127.26.72.194" port: 42433 } attrs { replace: true }, Status: LMP_MISMATCH, Last received: 0.0, Next index: 2, Last known committed idx: 1, Time since last communication: 0.000s
I20260713 09:10:31.762732 28499 raft_consensus.cc:2955] T e45f8fbb94834a45bd48ac9fc9c1f10e P 36f6264592c74cbb8b3db0ba6318a3b0 [term 1 LEADER]: Committing config change with OpId 1.2: config changed from index -1 to 2, NON_VOTER f8c776440f2649748b9b08ff571b4b5a (127.26.72.196) added. New config: { opid_index: 2 OBSOLETE_local: false peers { permanent_uuid: "36f6264592c74cbb8b3db0ba6318a3b0" member_type: VOTER last_known_addr { host: "127.26.72.193" port: 39591 } } peers { permanent_uuid: "b769ea36b28c405c86e4f279b918b91f" member_type: VOTER last_known_addr { host: "127.26.72.194" port: 42433 } attrs { replace: true } } peers { permanent_uuid: "9d9fe4c756114d6f9a89642c673bcb09" member_type: VOTER last_known_addr { host: "127.26.72.195" port: 38125 } } peers { permanent_uuid: "f8c776440f2649748b9b08ff571b4b5a" member_type: NON_VOTER last_known_addr { host: "127.26.72.196" port: 38109 } attrs { promote: true } } }
I20260713 09:10:31.765326 28078 raft_consensus.cc:2955] T e45f8fbb94834a45bd48ac9fc9c1f10e P b769ea36b28c405c86e4f279b918b91f [term 1 FOLLOWER]: Committing config change with OpId 1.2: config changed from index -1 to 2, NON_VOTER f8c776440f2649748b9b08ff571b4b5a (127.26.72.196) added. New config: { opid_index: 2 OBSOLETE_local: false peers { permanent_uuid: "36f6264592c74cbb8b3db0ba6318a3b0" member_type: VOTER last_known_addr { host: "127.26.72.193" port: 39591 } } peers { permanent_uuid: "b769ea36b28c405c86e4f279b918b91f" member_type: VOTER last_known_addr { host: "127.26.72.194" port: 42433 } attrs { replace: true } } peers { permanent_uuid: "9d9fe4c756114d6f9a89642c673bcb09" member_type: VOTER last_known_addr { host: "127.26.72.195" port: 38125 } } peers { permanent_uuid: "f8c776440f2649748b9b08ff571b4b5a" member_type: NON_VOTER last_known_addr { host: "127.26.72.196" port: 38109 } attrs { promote: true } } }
I20260713 09:10:31.765568 28149 raft_consensus.cc:2955] T e45f8fbb94834a45bd48ac9fc9c1f10e P 9d9fe4c756114d6f9a89642c673bcb09 [term 1 FOLLOWER]: Committing config change with OpId 1.2: config changed from index -1 to 2, NON_VOTER f8c776440f2649748b9b08ff571b4b5a (127.26.72.196) added. New config: { opid_index: 2 OBSOLETE_local: false peers { permanent_uuid: "36f6264592c74cbb8b3db0ba6318a3b0" member_type: VOTER last_known_addr { host: "127.26.72.193" port: 39591 } } peers { permanent_uuid: "b769ea36b28c405c86e4f279b918b91f" member_type: VOTER last_known_addr { host: "127.26.72.194" port: 42433 } attrs { replace: true } } peers { permanent_uuid: "9d9fe4c756114d6f9a89642c673bcb09" member_type: VOTER last_known_addr { host: "127.26.72.195" port: 38125 } } peers { permanent_uuid: "f8c776440f2649748b9b08ff571b4b5a" member_type: NON_VOTER last_known_addr { host: "127.26.72.196" port: 38109 } attrs { promote: true } } }
I20260713 09:10:31.786567 27899 catalog_manager.cc:5697] T e45f8fbb94834a45bd48ac9fc9c1f10e P b769ea36b28c405c86e4f279b918b91f reported cstate change: config changed from index -1 to 2, NON_VOTER f8c776440f2649748b9b08ff571b4b5a (127.26.72.196) added. New cstate: current_term: 1 leader_uuid: "36f6264592c74cbb8b3db0ba6318a3b0" committed_config { opid_index: 2 OBSOLETE_local: false peers { permanent_uuid: "36f6264592c74cbb8b3db0ba6318a3b0" member_type: VOTER last_known_addr { host: "127.26.72.193" port: 39591 } } peers { permanent_uuid: "b769ea36b28c405c86e4f279b918b91f" member_type: VOTER last_known_addr { host: "127.26.72.194" port: 42433 } attrs { replace: true } } peers { permanent_uuid: "9d9fe4c756114d6f9a89642c673bcb09" member_type: VOTER last_known_addr { host: "127.26.72.195" port: 38125 } } peers { permanent_uuid: "f8c776440f2649748b9b08ff571b4b5a" member_type: NON_VOTER last_known_addr { host: "127.26.72.196" port: 38109 } attrs { promote: true } } }
I20260713 09:10:31.787680 28005 consensus_queue.cc:237] T 928694e432464d8497013c12b7afd290 P 36f6264592c74cbb8b3db0ba6318a3b0 [LEADER]: Queue going to LEADER mode. State: All replicated index: 0, Majority replicated index: 1, Committed index: 1, Last appended: 1.1, Last appended by leader: 0, Current term: 1, Majority size: 2, State: 0, Mode: LEADER, active raft config: opid_index: 2 OBSOLETE_local: false peers { permanent_uuid: "36f6264592c74cbb8b3db0ba6318a3b0" member_type: VOTER last_known_addr { host: "127.26.72.193" port: 39591 } } peers { permanent_uuid: "b769ea36b28c405c86e4f279b918b91f" member_type: VOTER last_known_addr { host: "127.26.72.194" port: 42433 } attrs { replace: true } } peers { permanent_uuid: "9d9fe4c756114d6f9a89642c673bcb09" member_type: VOTER last_known_addr { host: "127.26.72.195" port: 38125 } } peers { permanent_uuid: "f8c776440f2649748b9b08ff571b4b5a" member_type: NON_VOTER last_known_addr { host: "127.26.72.196" port: 38109 } attrs { promote: true } }
W20260713 09:10:31.795308 27970 consensus_peers.cc:597] T 928694e432464d8497013c12b7afd290 P 36f6264592c74cbb8b3db0ba6318a3b0 -> Peer f8c776440f2649748b9b08ff571b4b5a (127.26.72.196:38109): Couldn't send request to peer f8c776440f2649748b9b08ff571b4b5a. Error code: TABLET_NOT_FOUND (6). Status: Not found: Tablet not found: 928694e432464d8497013c12b7afd290. This is attempt 1: this message will repeat every 5th retry.
I20260713 09:10:31.803324 28080 raft_consensus.cc:1275] T 928694e432464d8497013c12b7afd290 P b769ea36b28c405c86e4f279b918b91f [term 1 FOLLOWER]: Refusing update from remote peer 36f6264592c74cbb8b3db0ba6318a3b0: Log matching property violated. Preceding OpId in replica: term: 1 index: 1. Preceding OpId from leader: term: 1 index: 2. (index mismatch)
I20260713 09:10:31.805133 28545 consensus_queue.cc:1048] T 928694e432464d8497013c12b7afd290 P 36f6264592c74cbb8b3db0ba6318a3b0 [LEADER]: Connected to new peer: Peer: permanent_uuid: "b769ea36b28c405c86e4f279b918b91f" member_type: VOTER last_known_addr { host: "127.26.72.194" port: 42433 } attrs { replace: true }, Status: LMP_MISMATCH, Last received: 0.0, Next index: 2, Last known committed idx: 1, Time since last communication: 0.000s
I20260713 09:10:31.807617 28149 raft_consensus.cc:1275] T 928694e432464d8497013c12b7afd290 P 9d9fe4c756114d6f9a89642c673bcb09 [term 1 FOLLOWER]: Refusing update from remote peer 36f6264592c74cbb8b3db0ba6318a3b0: Log matching property violated. Preceding OpId in replica: term: 1 index: 1. Preceding OpId from leader: term: 1 index: 2. (index mismatch)
I20260713 09:10:31.810161 28546 consensus_queue.cc:1048] T 928694e432464d8497013c12b7afd290 P 36f6264592c74cbb8b3db0ba6318a3b0 [LEADER]: Connected to new peer: Peer: permanent_uuid: "9d9fe4c756114d6f9a89642c673bcb09" member_type: VOTER last_known_addr { host: "127.26.72.195" port: 38125 }, Status: LMP_MISMATCH, Last received: 0.0, Next index: 2, Last known committed idx: 1, Time since last communication: 0.000s
I20260713 09:10:31.815836 28545 raft_consensus.cc:2955] T 928694e432464d8497013c12b7afd290 P 36f6264592c74cbb8b3db0ba6318a3b0 [term 1 LEADER]: Committing config change with OpId 1.2: config changed from index -1 to 2, NON_VOTER f8c776440f2649748b9b08ff571b4b5a (127.26.72.196) added. New config: { opid_index: 2 OBSOLETE_local: false peers { permanent_uuid: "36f6264592c74cbb8b3db0ba6318a3b0" member_type: VOTER last_known_addr { host: "127.26.72.193" port: 39591 } } peers { permanent_uuid: "b769ea36b28c405c86e4f279b918b91f" member_type: VOTER last_known_addr { host: "127.26.72.194" port: 42433 } attrs { replace: true } } peers { permanent_uuid: "9d9fe4c756114d6f9a89642c673bcb09" member_type: VOTER last_known_addr { host: "127.26.72.195" port: 38125 } } peers { permanent_uuid: "f8c776440f2649748b9b08ff571b4b5a" member_type: NON_VOTER last_known_addr { host: "127.26.72.196" port: 38109 } attrs { promote: true } } }
I20260713 09:10:31.817891 28080 raft_consensus.cc:2955] T 928694e432464d8497013c12b7afd290 P b769ea36b28c405c86e4f279b918b91f [term 1 FOLLOWER]: Committing config change with OpId 1.2: config changed from index -1 to 2, NON_VOTER f8c776440f2649748b9b08ff571b4b5a (127.26.72.196) added. New config: { opid_index: 2 OBSOLETE_local: false peers { permanent_uuid: "36f6264592c74cbb8b3db0ba6318a3b0" member_type: VOTER last_known_addr { host: "127.26.72.193" port: 39591 } } peers { permanent_uuid: "b769ea36b28c405c86e4f279b918b91f" member_type: VOTER last_known_addr { host: "127.26.72.194" port: 42433 } attrs { replace: true } } peers { permanent_uuid: "9d9fe4c756114d6f9a89642c673bcb09" member_type: VOTER last_known_addr { host: "127.26.72.195" port: 38125 } } peers { permanent_uuid: "f8c776440f2649748b9b08ff571b4b5a" member_type: NON_VOTER last_known_addr { host: "127.26.72.196" port: 38109 } attrs { promote: true } } }
I20260713 09:10:31.821269 28149 raft_consensus.cc:2955] T 928694e432464d8497013c12b7afd290 P 9d9fe4c756114d6f9a89642c673bcb09 [term 1 FOLLOWER]: Committing config change with OpId 1.2: config changed from index -1 to 2, NON_VOTER f8c776440f2649748b9b08ff571b4b5a (127.26.72.196) added. New config: { opid_index: 2 OBSOLETE_local: false peers { permanent_uuid: "36f6264592c74cbb8b3db0ba6318a3b0" member_type: VOTER last_known_addr { host: "127.26.72.193" port: 39591 } } peers { permanent_uuid: "b769ea36b28c405c86e4f279b918b91f" member_type: VOTER last_known_addr { host: "127.26.72.194" port: 42433 } attrs { replace: true } } peers { permanent_uuid: "9d9fe4c756114d6f9a89642c673bcb09" member_type: VOTER last_known_addr { host: "127.26.72.195" port: 38125 } } peers { permanent_uuid: "f8c776440f2649748b9b08ff571b4b5a" member_type: NON_VOTER last_known_addr { host: "127.26.72.196" port: 38109 } attrs { promote: true } } }
I20260713 09:10:31.829385 27901 catalog_manager.cc:5697] T 928694e432464d8497013c12b7afd290 P 36f6264592c74cbb8b3db0ba6318a3b0 reported cstate change: config changed from index -1 to 2, NON_VOTER f8c776440f2649748b9b08ff571b4b5a (127.26.72.196) added. New cstate: current_term: 1 leader_uuid: "36f6264592c74cbb8b3db0ba6318a3b0" committed_config { opid_index: 2 OBSOLETE_local: false peers { permanent_uuid: "36f6264592c74cbb8b3db0ba6318a3b0" member_type: VOTER last_known_addr { host: "127.26.72.193" port: 39591 } health_report { overall_health: HEALTHY } } peers { permanent_uuid: "b769ea36b28c405c86e4f279b918b91f" member_type: VOTER last_known_addr { host: "127.26.72.194" port: 42433 } attrs { replace: true } health_report { overall_health: HEALTHY } } peers { permanent_uuid: "9d9fe4c756114d6f9a89642c673bcb09" member_type: VOTER last_known_addr { host: "127.26.72.195" port: 38125 } health_report { overall_health: HEALTHY } } peers { permanent_uuid: "f8c776440f2649748b9b08ff571b4b5a" member_type: NON_VOTER last_known_addr { host: "127.26.72.196" port: 38109 } attrs { promote: true } health_report { overall_health: UNKNOWN } } }
I20260713 09:10:31.829916 28005 consensus_queue.cc:237] T 9930684fce6f48c79677ae19adb4824a P 36f6264592c74cbb8b3db0ba6318a3b0 [LEADER]: Queue going to LEADER mode. State: All replicated index: 0, Majority replicated index: 1, Committed index: 1, Last appended: 1.1, Last appended by leader: 0, Current term: 1, Majority size: 2, State: 0, Mode: LEADER, active raft config: opid_index: 2 OBSOLETE_local: false peers { permanent_uuid: "36f6264592c74cbb8b3db0ba6318a3b0" member_type: VOTER last_known_addr { host: "127.26.72.193" port: 39591 } } peers { permanent_uuid: "b769ea36b28c405c86e4f279b918b91f" member_type: VOTER last_known_addr { host: "127.26.72.194" port: 42433 } } peers { permanent_uuid: "9d9fe4c756114d6f9a89642c673bcb09" member_type: VOTER last_known_addr { host: "127.26.72.195" port: 38125 } attrs { replace: true } } peers { permanent_uuid: "f8c776440f2649748b9b08ff571b4b5a" member_type: NON_VOTER last_known_addr { host: "127.26.72.196" port: 38109 } attrs { promote: true } }
I20260713 09:10:31.839315 28149 raft_consensus.cc:1275] T 9930684fce6f48c79677ae19adb4824a P 9d9fe4c756114d6f9a89642c673bcb09 [term 1 FOLLOWER]: Refusing update from remote peer 36f6264592c74cbb8b3db0ba6318a3b0: Log matching property violated. Preceding OpId in replica: term: 1 index: 1. Preceding OpId from leader: term: 1 index: 2. (index mismatch)
W20260713 09:10:31.840552 27970 consensus_peers.cc:597] T 9930684fce6f48c79677ae19adb4824a P 36f6264592c74cbb8b3db0ba6318a3b0 -> Peer f8c776440f2649748b9b08ff571b4b5a (127.26.72.196:38109): Couldn't send request to peer f8c776440f2649748b9b08ff571b4b5a. Error code: TABLET_NOT_FOUND (6). Status: Not found: Tablet not found: 9930684fce6f48c79677ae19adb4824a. This is attempt 1: this message will repeat every 5th retry.
I20260713 09:10:31.840651 28544 consensus_queue.cc:1048] T 9930684fce6f48c79677ae19adb4824a P 36f6264592c74cbb8b3db0ba6318a3b0 [LEADER]: Connected to new peer: Peer: permanent_uuid: "9d9fe4c756114d6f9a89642c673bcb09" member_type: VOTER last_known_addr { host: "127.26.72.195" port: 38125 } attrs { replace: true }, Status: LMP_MISMATCH, Last received: 0.0, Next index: 2, Last known committed idx: 1, Time since last communication: 0.000s
I20260713 09:10:31.841611 28080 raft_consensus.cc:1275] T 9930684fce6f48c79677ae19adb4824a P b769ea36b28c405c86e4f279b918b91f [term 1 FOLLOWER]: Refusing update from remote peer 36f6264592c74cbb8b3db0ba6318a3b0: Log matching property violated. Preceding OpId in replica: term: 1 index: 1. Preceding OpId from leader: term: 1 index: 2. (index mismatch)
I20260713 09:10:31.843291 28546 consensus_queue.cc:1048] T 9930684fce6f48c79677ae19adb4824a P 36f6264592c74cbb8b3db0ba6318a3b0 [LEADER]: Connected to new peer: Peer: permanent_uuid: "b769ea36b28c405c86e4f279b918b91f" member_type: VOTER last_known_addr { host: "127.26.72.194" port: 42433 }, Status: LMP_MISMATCH, Last received: 0.0, Next index: 2, Last known committed idx: 1, Time since last communication: 0.000s
I20260713 09:10:31.847849 28545 raft_consensus.cc:2955] T 9930684fce6f48c79677ae19adb4824a P 36f6264592c74cbb8b3db0ba6318a3b0 [term 1 LEADER]: Committing config change with OpId 1.2: config changed from index -1 to 2, NON_VOTER f8c776440f2649748b9b08ff571b4b5a (127.26.72.196) added. New config: { opid_index: 2 OBSOLETE_local: false peers { permanent_uuid: "36f6264592c74cbb8b3db0ba6318a3b0" member_type: VOTER last_known_addr { host: "127.26.72.193" port: 39591 } } peers { permanent_uuid: "b769ea36b28c405c86e4f279b918b91f" member_type: VOTER last_known_addr { host: "127.26.72.194" port: 42433 } } peers { permanent_uuid: "9d9fe4c756114d6f9a89642c673bcb09" member_type: VOTER last_known_addr { host: "127.26.72.195" port: 38125 } attrs { replace: true } } peers { permanent_uuid: "f8c776440f2649748b9b08ff571b4b5a" member_type: NON_VOTER last_known_addr { host: "127.26.72.196" port: 38109 } attrs { promote: true } } }
I20260713 09:10:31.854274 28149 raft_consensus.cc:2955] T 9930684fce6f48c79677ae19adb4824a P 9d9fe4c756114d6f9a89642c673bcb09 [term 1 FOLLOWER]: Committing config change with OpId 1.2: config changed from index -1 to 2, NON_VOTER f8c776440f2649748b9b08ff571b4b5a (127.26.72.196) added. New config: { opid_index: 2 OBSOLETE_local: false peers { permanent_uuid: "36f6264592c74cbb8b3db0ba6318a3b0" member_type: VOTER last_known_addr { host: "127.26.72.193" port: 39591 } } peers { permanent_uuid: "b769ea36b28c405c86e4f279b918b91f" member_type: VOTER last_known_addr { host: "127.26.72.194" port: 42433 } } peers { permanent_uuid: "9d9fe4c756114d6f9a89642c673bcb09" member_type: VOTER last_known_addr { host: "127.26.72.195" port: 38125 } attrs { replace: true } } peers { permanent_uuid: "f8c776440f2649748b9b08ff571b4b5a" member_type: NON_VOTER last_known_addr { host: "127.26.72.196" port: 38109 } attrs { promote: true } } }
I20260713 09:10:31.864660 27899 catalog_manager.cc:5697] T 9930684fce6f48c79677ae19adb4824a P 36f6264592c74cbb8b3db0ba6318a3b0 reported cstate change: config changed from index -1 to 2, NON_VOTER f8c776440f2649748b9b08ff571b4b5a (127.26.72.196) added. New cstate: current_term: 1 leader_uuid: "36f6264592c74cbb8b3db0ba6318a3b0" committed_config { opid_index: 2 OBSOLETE_local: false peers { permanent_uuid: "36f6264592c74cbb8b3db0ba6318a3b0" member_type: VOTER last_known_addr { host: "127.26.72.193" port: 39591 } health_report { overall_health: HEALTHY } } peers { permanent_uuid: "b769ea36b28c405c86e4f279b918b91f" member_type: VOTER last_known_addr { host: "127.26.72.194" port: 42433 } health_report { overall_health: HEALTHY } } peers { permanent_uuid: "9d9fe4c756114d6f9a89642c673bcb09" member_type: VOTER last_known_addr { host: "127.26.72.195" port: 38125 } attrs { replace: true } health_report { overall_health: HEALTHY } } peers { permanent_uuid: "f8c776440f2649748b9b08ff571b4b5a" member_type: NON_VOTER last_known_addr { host: "127.26.72.196" port: 38109 } attrs { promote: true } health_report { overall_health: UNKNOWN } } }
I20260713 09:10:31.865067 28080 raft_consensus.cc:2955] T 9930684fce6f48c79677ae19adb4824a P b769ea36b28c405c86e4f279b918b91f [term 1 FOLLOWER]: Committing config change with OpId 1.2: config changed from index -1 to 2, NON_VOTER f8c776440f2649748b9b08ff571b4b5a (127.26.72.196) added. New config: { opid_index: 2 OBSOLETE_local: false peers { permanent_uuid: "36f6264592c74cbb8b3db0ba6318a3b0" member_type: VOTER last_known_addr { host: "127.26.72.193" port: 39591 } } peers { permanent_uuid: "b769ea36b28c405c86e4f279b918b91f" member_type: VOTER last_known_addr { host: "127.26.72.194" port: 42433 } } peers { permanent_uuid: "9d9fe4c756114d6f9a89642c673bcb09" member_type: VOTER last_known_addr { host: "127.26.72.195" port: 38125 } attrs { replace: true } } peers { permanent_uuid: "f8c776440f2649748b9b08ff571b4b5a" member_type: NON_VOTER last_known_addr { host: "127.26.72.196" port: 38109 } attrs { promote: true } } }
I20260713 09:10:32.254240 28554 ts_tablet_manager.cc:933] T 9930684fce6f48c79677ae19adb4824a P f8c776440f2649748b9b08ff571b4b5a: Initiating tablet copy from peer 36f6264592c74cbb8b3db0ba6318a3b0 (127.26.72.193:39591)
I20260713 09:10:32.256003 28554 tablet_copy_client.cc:323] T 9930684fce6f48c79677ae19adb4824a P f8c776440f2649748b9b08ff571b4b5a: tablet copy: Beginning tablet copy session from remote peer at address 127.26.72.193:39591
I20260713 09:10:32.257434 28015 tablet_copy_service.cc:140] P 36f6264592c74cbb8b3db0ba6318a3b0: Received BeginTabletCopySession request for tablet 9930684fce6f48c79677ae19adb4824a from peer f8c776440f2649748b9b08ff571b4b5a ({username='slave'} at 127.0.0.1:41946)
I20260713 09:10:32.257901 28015 tablet_copy_service.cc:161] P 36f6264592c74cbb8b3db0ba6318a3b0: Beginning new tablet copy session on tablet 9930684fce6f48c79677ae19adb4824a from peer f8c776440f2649748b9b08ff571b4b5a at {username='slave'} at 127.0.0.1:41946: session id = f8c776440f2649748b9b08ff571b4b5a-9930684fce6f48c79677ae19adb4824a
I20260713 09:10:32.262364 28015 tablet_copy_source_session.cc:215] T 9930684fce6f48c79677ae19adb4824a P 36f6264592c74cbb8b3db0ba6318a3b0: Tablet Copy: opened 0 blocks and 1 log segments
I20260713 09:10:32.264878 28554 data_dirs.cc:400] Could only allocate 1 dirs of requested 3 for tablet 9930684fce6f48c79677ae19adb4824a. 1 dirs total, 0 dirs full, 0 dirs failed
I20260713 09:10:32.267155 28556 ts_tablet_manager.cc:933] T e45f8fbb94834a45bd48ac9fc9c1f10e P f8c776440f2649748b9b08ff571b4b5a: Initiating tablet copy from peer 36f6264592c74cbb8b3db0ba6318a3b0 (127.26.72.193:39591)
I20260713 09:10:32.269083 28556 tablet_copy_client.cc:323] T e45f8fbb94834a45bd48ac9fc9c1f10e P f8c776440f2649748b9b08ff571b4b5a: tablet copy: Beginning tablet copy session from remote peer at address 127.26.72.193:39591
I20260713 09:10:32.270661 28015 tablet_copy_service.cc:140] P 36f6264592c74cbb8b3db0ba6318a3b0: Received BeginTabletCopySession request for tablet e45f8fbb94834a45bd48ac9fc9c1f10e from peer f8c776440f2649748b9b08ff571b4b5a ({username='slave'} at 127.0.0.1:41946)
I20260713 09:10:32.271049 28015 tablet_copy_service.cc:161] P 36f6264592c74cbb8b3db0ba6318a3b0: Beginning new tablet copy session on tablet e45f8fbb94834a45bd48ac9fc9c1f10e from peer f8c776440f2649748b9b08ff571b4b5a at {username='slave'} at 127.0.0.1:41946: session id = f8c776440f2649748b9b08ff571b4b5a-e45f8fbb94834a45bd48ac9fc9c1f10e
I20260713 09:10:32.275152 28015 tablet_copy_source_session.cc:215] T e45f8fbb94834a45bd48ac9fc9c1f10e P 36f6264592c74cbb8b3db0ba6318a3b0: Tablet Copy: opened 0 blocks and 1 log segments
I20260713 09:10:32.277335 28556 data_dirs.cc:400] Could only allocate 1 dirs of requested 3 for tablet e45f8fbb94834a45bd48ac9fc9c1f10e. 1 dirs total, 0 dirs full, 0 dirs failed
I20260713 09:10:32.279003 28554 tablet_copy_client.cc:806] T 9930684fce6f48c79677ae19adb4824a P f8c776440f2649748b9b08ff571b4b5a: tablet copy: Starting download of 0 data blocks...
I20260713 09:10:32.279520 28554 tablet_copy_client.cc:670] T 9930684fce6f48c79677ae19adb4824a P f8c776440f2649748b9b08ff571b4b5a: tablet copy: Starting download of 1 WAL segments...
I20260713 09:10:32.288064 28554 tablet_copy_client.cc:538] T 9930684fce6f48c79677ae19adb4824a P f8c776440f2649748b9b08ff571b4b5a: tablet copy: Tablet Copy complete. Replacing tablet superblock.
I20260713 09:10:32.288472 28558 ts_tablet_manager.cc:933] T 928694e432464d8497013c12b7afd290 P f8c776440f2649748b9b08ff571b4b5a: Initiating tablet copy from peer 36f6264592c74cbb8b3db0ba6318a3b0 (127.26.72.193:39591)
I20260713 09:10:32.300467 28554 tablet_bootstrap.cc:492] T 9930684fce6f48c79677ae19adb4824a P f8c776440f2649748b9b08ff571b4b5a: Bootstrap starting.
I20260713 09:10:32.302053 28558 tablet_copy_client.cc:323] T 928694e432464d8497013c12b7afd290 P f8c776440f2649748b9b08ff571b4b5a: tablet copy: Beginning tablet copy session from remote peer at address 127.26.72.193:39591
I20260713 09:10:32.300447 28561 ts_tablet_manager.cc:933] T 560fcd701f734b03b13c362861090afe P f8c776440f2649748b9b08ff571b4b5a: Initiating tablet copy from peer b769ea36b28c405c86e4f279b918b91f (127.26.72.194:42433)
I20260713 09:10:32.303659 28015 tablet_copy_service.cc:140] P 36f6264592c74cbb8b3db0ba6318a3b0: Received BeginTabletCopySession request for tablet 928694e432464d8497013c12b7afd290 from peer f8c776440f2649748b9b08ff571b4b5a ({username='slave'} at 127.0.0.1:41946)
I20260713 09:10:32.304188 28015 tablet_copy_service.cc:161] P 36f6264592c74cbb8b3db0ba6318a3b0: Beginning new tablet copy session on tablet 928694e432464d8497013c12b7afd290 from peer f8c776440f2649748b9b08ff571b4b5a at {username='slave'} at 127.0.0.1:41946: session id = f8c776440f2649748b9b08ff571b4b5a-928694e432464d8497013c12b7afd290
I20260713 09:10:32.311203 28015 tablet_copy_source_session.cc:215] T 928694e432464d8497013c12b7afd290 P 36f6264592c74cbb8b3db0ba6318a3b0: Tablet Copy: opened 0 blocks and 1 log segments
I20260713 09:10:32.314208 28558 data_dirs.cc:400] Could only allocate 1 dirs of requested 3 for tablet 928694e432464d8497013c12b7afd290. 1 dirs total, 0 dirs full, 0 dirs failed
I20260713 09:10:32.325865 28556 tablet_copy_client.cc:806] T e45f8fbb94834a45bd48ac9fc9c1f10e P f8c776440f2649748b9b08ff571b4b5a: tablet copy: Starting download of 0 data blocks...
I20260713 09:10:32.326776 28556 tablet_copy_client.cc:670] T e45f8fbb94834a45bd48ac9fc9c1f10e P f8c776440f2649748b9b08ff571b4b5a: tablet copy: Starting download of 1 WAL segments...
I20260713 09:10:32.331043 28556 tablet_copy_client.cc:538] T e45f8fbb94834a45bd48ac9fc9c1f10e P f8c776440f2649748b9b08ff571b4b5a: tablet copy: Tablet Copy complete. Replacing tablet superblock.
I20260713 09:10:32.332084 28558 tablet_copy_client.cc:806] T 928694e432464d8497013c12b7afd290 P f8c776440f2649748b9b08ff571b4b5a: tablet copy: Starting download of 0 data blocks...
I20260713 09:10:32.332578 28558 tablet_copy_client.cc:670] T 928694e432464d8497013c12b7afd290 P f8c776440f2649748b9b08ff571b4b5a: tablet copy: Starting download of 1 WAL segments...
I20260713 09:10:32.337849 28558 tablet_copy_client.cc:538] T 928694e432464d8497013c12b7afd290 P f8c776440f2649748b9b08ff571b4b5a: tablet copy: Tablet Copy complete. Replacing tablet superblock.
I20260713 09:10:32.340878 28561 tablet_copy_client.cc:323] T 560fcd701f734b03b13c362861090afe P f8c776440f2649748b9b08ff571b4b5a: tablet copy: Beginning tablet copy session from remote peer at address 127.26.72.194:42433
I20260713 09:10:32.343822 28090 tablet_copy_service.cc:140] P b769ea36b28c405c86e4f279b918b91f: Received BeginTabletCopySession request for tablet 560fcd701f734b03b13c362861090afe from peer f8c776440f2649748b9b08ff571b4b5a ({username='slave'} at 127.0.0.1:54446)
I20260713 09:10:32.344328 28090 tablet_copy_service.cc:161] P b769ea36b28c405c86e4f279b918b91f: Beginning new tablet copy session on tablet 560fcd701f734b03b13c362861090afe from peer f8c776440f2649748b9b08ff571b4b5a at {username='slave'} at 127.0.0.1:54446: session id = f8c776440f2649748b9b08ff571b4b5a-560fcd701f734b03b13c362861090afe
I20260713 09:10:32.351528 28090 tablet_copy_source_session.cc:215] T 560fcd701f734b03b13c362861090afe P b769ea36b28c405c86e4f279b918b91f: Tablet Copy: opened 0 blocks and 1 log segments
I20260713 09:10:32.353601 28554 tablet_bootstrap.cc:492] T 9930684fce6f48c79677ae19adb4824a P f8c776440f2649748b9b08ff571b4b5a: Bootstrap replayed 1/1 log segments. Stats: ops{read=2 overwritten=0 applied=2 ignored=0} inserts{seen=0 ignored=0} mutations{seen=0 ignored=0} orphaned_commits=0. Pending: 0 replicates
I20260713 09:10:32.354306 28556 tablet_bootstrap.cc:492] T e45f8fbb94834a45bd48ac9fc9c1f10e P f8c776440f2649748b9b08ff571b4b5a: Bootstrap starting.
I20260713 09:10:32.354616 28554 tablet_bootstrap.cc:492] T 9930684fce6f48c79677ae19adb4824a P f8c776440f2649748b9b08ff571b4b5a: Bootstrap complete.
I20260713 09:10:32.354768 28561 data_dirs.cc:400] Could only allocate 1 dirs of requested 3 for tablet 560fcd701f734b03b13c362861090afe. 1 dirs total, 0 dirs full, 0 dirs failed
I20260713 09:10:32.355355 28554 ts_tablet_manager.cc:1403] T 9930684fce6f48c79677ae19adb4824a P f8c776440f2649748b9b08ff571b4b5a: Time spent bootstrapping tablet: real 0.055s	user 0.017s	sys 0.011s
I20260713 09:10:32.358505 28554 raft_consensus.cc:359] T 9930684fce6f48c79677ae19adb4824a P f8c776440f2649748b9b08ff571b4b5a [term 1 LEARNER]: Replica starting. Triggering 0 pending ops. Active config: opid_index: 2 OBSOLETE_local: false peers { permanent_uuid: "36f6264592c74cbb8b3db0ba6318a3b0" member_type: VOTER last_known_addr { host: "127.26.72.193" port: 39591 } } peers { permanent_uuid: "b769ea36b28c405c86e4f279b918b91f" member_type: VOTER last_known_addr { host: "127.26.72.194" port: 42433 } } peers { permanent_uuid: "9d9fe4c756114d6f9a89642c673bcb09" member_type: VOTER last_known_addr { host: "127.26.72.195" port: 38125 } attrs { replace: true } } peers { permanent_uuid: "f8c776440f2649748b9b08ff571b4b5a" member_type: NON_VOTER last_known_addr { host: "127.26.72.196" port: 38109 } attrs { promote: true } }
I20260713 09:10:32.360001 28558 tablet_bootstrap.cc:492] T 928694e432464d8497013c12b7afd290 P f8c776440f2649748b9b08ff571b4b5a: Bootstrap starting.
I20260713 09:10:32.359942 28554 raft_consensus.cc:740] T 9930684fce6f48c79677ae19adb4824a P f8c776440f2649748b9b08ff571b4b5a [term 1 LEARNER]: Becoming Follower/Learner. State: Replica: f8c776440f2649748b9b08ff571b4b5a, State: Initialized, Role: LEARNER
I20260713 09:10:32.362500 28554 consensus_queue.cc:260] T 9930684fce6f48c79677ae19adb4824a P f8c776440f2649748b9b08ff571b4b5a [NON_LEADER]: Queue going to NON_LEADER mode. State: All replicated index: 0, Majority replicated index: 0, Committed index: 2, Last appended: 1.2, Last appended by leader: 2, Current term: 0, Majority size: -1, State: 0, Mode: NON_LEADER, active raft config: opid_index: 2 OBSOLETE_local: false peers { permanent_uuid: "36f6264592c74cbb8b3db0ba6318a3b0" member_type: VOTER last_known_addr { host: "127.26.72.193" port: 39591 } } peers { permanent_uuid: "b769ea36b28c405c86e4f279b918b91f" member_type: VOTER last_known_addr { host: "127.26.72.194" port: 42433 } } peers { permanent_uuid: "9d9fe4c756114d6f9a89642c673bcb09" member_type: VOTER last_known_addr { host: "127.26.72.195" port: 38125 } attrs { replace: true } } peers { permanent_uuid: "f8c776440f2649748b9b08ff571b4b5a" member_type: NON_VOTER last_known_addr { host: "127.26.72.196" port: 38109 } attrs { promote: true } }
I20260713 09:10:32.423370 28554 ts_tablet_manager.cc:1434] T 9930684fce6f48c79677ae19adb4824a P f8c776440f2649748b9b08ff571b4b5a: Time spent starting tablet: real 0.068s	user 0.008s	sys 0.002s
I20260713 09:10:32.442754 28561 tablet_copy_client.cc:806] T 560fcd701f734b03b13c362861090afe P f8c776440f2649748b9b08ff571b4b5a: tablet copy: Starting download of 0 data blocks...
I20260713 09:10:32.443085 28015 tablet_copy_service.cc:342] P 36f6264592c74cbb8b3db0ba6318a3b0: Request end of tablet copy session f8c776440f2649748b9b08ff571b4b5a-9930684fce6f48c79677ae19adb4824a received from {username='slave'} at 127.0.0.1:41946
I20260713 09:10:32.443761 28015 tablet_copy_service.cc:434] P 36f6264592c74cbb8b3db0ba6318a3b0: ending tablet copy session f8c776440f2649748b9b08ff571b4b5a-9930684fce6f48c79677ae19adb4824a on tablet 9930684fce6f48c79677ae19adb4824a with peer f8c776440f2649748b9b08ff571b4b5a
I20260713 09:10:32.443404 28561 tablet_copy_client.cc:670] T 560fcd701f734b03b13c362861090afe P f8c776440f2649748b9b08ff571b4b5a: tablet copy: Starting download of 1 WAL segments...
I20260713 09:10:32.456043 28561 tablet_copy_client.cc:538] T 560fcd701f734b03b13c362861090afe P f8c776440f2649748b9b08ff571b4b5a: tablet copy: Tablet Copy complete. Replacing tablet superblock.
I20260713 09:10:32.465767 28558 tablet_bootstrap.cc:492] T 928694e432464d8497013c12b7afd290 P f8c776440f2649748b9b08ff571b4b5a: Bootstrap replayed 1/1 log segments. Stats: ops{read=2 overwritten=0 applied=2 ignored=0} inserts{seen=0 ignored=0} mutations{seen=0 ignored=0} orphaned_commits=0. Pending: 0 replicates
I20260713 09:10:32.466531 28556 tablet_bootstrap.cc:492] T e45f8fbb94834a45bd48ac9fc9c1f10e P f8c776440f2649748b9b08ff571b4b5a: Bootstrap replayed 1/1 log segments. Stats: ops{read=2 overwritten=0 applied=2 ignored=0} inserts{seen=0 ignored=0} mutations{seen=0 ignored=0} orphaned_commits=0. Pending: 0 replicates
I20260713 09:10:32.466665 28558 tablet_bootstrap.cc:492] T 928694e432464d8497013c12b7afd290 P f8c776440f2649748b9b08ff571b4b5a: Bootstrap complete.
I20260713 09:10:32.467412 28556 tablet_bootstrap.cc:492] T e45f8fbb94834a45bd48ac9fc9c1f10e P f8c776440f2649748b9b08ff571b4b5a: Bootstrap complete.
I20260713 09:10:32.467537 28558 ts_tablet_manager.cc:1403] T 928694e432464d8497013c12b7afd290 P f8c776440f2649748b9b08ff571b4b5a: Time spent bootstrapping tablet: real 0.108s	user 0.019s	sys 0.000s
I20260713 09:10:32.468138 28556 ts_tablet_manager.cc:1403] T e45f8fbb94834a45bd48ac9fc9c1f10e P f8c776440f2649748b9b08ff571b4b5a: Time spent bootstrapping tablet: real 0.114s	user 0.020s	sys 0.007s
I20260713 09:10:32.471706 28558 raft_consensus.cc:359] T 928694e432464d8497013c12b7afd290 P f8c776440f2649748b9b08ff571b4b5a [term 1 LEARNER]: Replica starting. Triggering 0 pending ops. Active config: opid_index: 2 OBSOLETE_local: false peers { permanent_uuid: "36f6264592c74cbb8b3db0ba6318a3b0" member_type: VOTER last_known_addr { host: "127.26.72.193" port: 39591 } } peers { permanent_uuid: "b769ea36b28c405c86e4f279b918b91f" member_type: VOTER last_known_addr { host: "127.26.72.194" port: 42433 } attrs { replace: true } } peers { permanent_uuid: "9d9fe4c756114d6f9a89642c673bcb09" member_type: VOTER last_known_addr { host: "127.26.72.195" port: 38125 } } peers { permanent_uuid: "f8c776440f2649748b9b08ff571b4b5a" member_type: NON_VOTER last_known_addr { host: "127.26.72.196" port: 38109 } attrs { promote: true } }
I20260713 09:10:32.473100 28558 raft_consensus.cc:740] T 928694e432464d8497013c12b7afd290 P f8c776440f2649748b9b08ff571b4b5a [term 1 LEARNER]: Becoming Follower/Learner. State: Replica: f8c776440f2649748b9b08ff571b4b5a, State: Initialized, Role: LEARNER
I20260713 09:10:32.473824 28558 consensus_queue.cc:260] T 928694e432464d8497013c12b7afd290 P f8c776440f2649748b9b08ff571b4b5a [NON_LEADER]: Queue going to NON_LEADER mode. State: All replicated index: 0, Majority replicated index: 0, Committed index: 2, Last appended: 1.2, Last appended by leader: 2, Current term: 0, Majority size: -1, State: 0, Mode: NON_LEADER, active raft config: opid_index: 2 OBSOLETE_local: false peers { permanent_uuid: "36f6264592c74cbb8b3db0ba6318a3b0" member_type: VOTER last_known_addr { host: "127.26.72.193" port: 39591 } } peers { permanent_uuid: "b769ea36b28c405c86e4f279b918b91f" member_type: VOTER last_known_addr { host: "127.26.72.194" port: 42433 } attrs { replace: true } } peers { permanent_uuid: "9d9fe4c756114d6f9a89642c673bcb09" member_type: VOTER last_known_addr { host: "127.26.72.195" port: 38125 } } peers { permanent_uuid: "f8c776440f2649748b9b08ff571b4b5a" member_type: NON_VOTER last_known_addr { host: "127.26.72.196" port: 38109 } attrs { promote: true } }
I20260713 09:10:32.474570 28561 tablet_bootstrap.cc:492] T 560fcd701f734b03b13c362861090afe P f8c776440f2649748b9b08ff571b4b5a: Bootstrap starting.
I20260713 09:10:32.471911 28556 raft_consensus.cc:359] T e45f8fbb94834a45bd48ac9fc9c1f10e P f8c776440f2649748b9b08ff571b4b5a [term 1 LEARNER]: Replica starting. Triggering 0 pending ops. Active config: opid_index: 2 OBSOLETE_local: false peers { permanent_uuid: "36f6264592c74cbb8b3db0ba6318a3b0" member_type: VOTER last_known_addr { host: "127.26.72.193" port: 39591 } } peers { permanent_uuid: "b769ea36b28c405c86e4f279b918b91f" member_type: VOTER last_known_addr { host: "127.26.72.194" port: 42433 } attrs { replace: true } } peers { permanent_uuid: "9d9fe4c756114d6f9a89642c673bcb09" member_type: VOTER last_known_addr { host: "127.26.72.195" port: 38125 } } peers { permanent_uuid: "f8c776440f2649748b9b08ff571b4b5a" member_type: NON_VOTER last_known_addr { host: "127.26.72.196" port: 38109 } attrs { promote: true } }
I20260713 09:10:32.477720 28556 raft_consensus.cc:740] T e45f8fbb94834a45bd48ac9fc9c1f10e P f8c776440f2649748b9b08ff571b4b5a [term 1 LEARNER]: Becoming Follower/Learner. State: Replica: f8c776440f2649748b9b08ff571b4b5a, State: Initialized, Role: LEARNER
