I20260713 09:10:34.091881 22076 fs_manager.cc:730] Time spent opening block manager: real 0.003s	user 0.000s	sys 0.002s
I20260713 09:10:34.092278 22076 fs_manager.cc:647] Opened local filesystem: /tmp/dist-test-taskCQwxc7/test-tmp/auto_leader_rebalancer-test.0.LeaderRebalancerTest.AddTserver.1783933802076088-22076-0/minicluster-data/ts-3-root
uuid: "ab0ee14af1234a98a375fe995a09fee6"
format_stamp: "Formatted at 2026-07-13 09:10:34 on dist-test-slave-7wch"
I20260713 09:10:34.092644 22076 fs_report.cc:389] FS layout report
--------------------
wal directory: /tmp/dist-test-taskCQwxc7/test-tmp/auto_leader_rebalancer-test.0.LeaderRebalancerTest.AddTserver.1783933802076088-22076-0/minicluster-data/ts-3-root
metadata directory: /tmp/dist-test-taskCQwxc7/test-tmp/auto_leader_rebalancer-test.0.LeaderRebalancerTest.AddTserver.1783933802076088-22076-0/minicluster-data/ts-3-root
1 data directories: /tmp/dist-test-taskCQwxc7/test-tmp/auto_leader_rebalancer-test.0.LeaderRebalancerTest.AddTserver.1783933802076088-22076-0/minicluster-data/ts-3-root/data
Total live blocks: 0
Total live bytes: 0
Total live bytes (after alignment): 0
Total number of LBM containers: 0 (0 full)
Did not check for missing blocks
Did not check for orphaned blocks
Total full LBM containers with extra space: 0 (0 repaired)
Total full LBM container extra space in bytes: 0 (0 repaired)
Total incomplete LBM containers: 0 (0 repaired)
Total LBM partial records: 0 (0 repaired)
Total corrupted LBM metadata records in RocksDB: 0 (0 repaired)
I20260713 09:10:34.118330 22076 rpc_server.cc:225] running with OpenSSL 1.1.1  11 Sep 2018
I20260713 09:10:34.120302 22076 kserver.cc:163] Server-wide thread pool size limit: 3276
I20260713 09:10:34.122778 22076 txn_system_client.cc:432] TxnSystemClient initialization is disabled...
I20260713 09:10:34.126508 22076 ts_tablet_manager.cc:585] Loaded tablet metadata (0 total tablets, 0 live tablets)
I20260713 09:10:34.126814 22076 ts_tablet_manager.cc:531] Time spent load tablet metadata: real 0.000s	user 0.000s	sys 0.000s
I20260713 09:10:34.127151 22076 ts_tablet_manager.cc:616] Registered 0 tablets
I20260713 09:10:34.127399 22076 ts_tablet_manager.cc:595] Time spent register tablets: real 0.000s	user 0.000s	sys 0.000s
I20260713 09:10:34.232860 22076 rpc_server.cc:307] RPC server started. Bound to: 127.21.143.4:35325
I20260713 09:10:34.233084 23697 acceptor_pool.cc:272] collecting diagnostics on the listening RPC socket 127.21.143.4:35325 every 8 connection(s)
I20260713 09:10:34.240240 22076 auto_leader_rebalancer-test.cc:392] add a tserver: ab0ee14af1234a98a375fe995a09fee6
I20260713 09:10:34.257557 23698 heartbeater.cc:344] Connected to a master server at 127.21.143.62:42291
I20260713 09:10:34.258067 23698 heartbeater.cc:461] Registering TS with master...
I20260713 09:10:34.259090 23698 heartbeater.cc:507] Master 127.21.143.62:42291 requested a full tablet report, sending...
I20260713 09:10:34.261394 23123 ts_manager.cc:194] Registered new tserver with Master: ab0ee14af1234a98a375fe995a09fee6 (127.21.143.4:35325)
I20260713 09:10:34.262825 23123 master_service.cc:502] Signed X509 certificate for tserver {username='slave'} at 127.0.0.1:56198
I20260713 09:10:34.382201 23535 consensus_queue.cc:1048] T ab0936f7fe974da5bbaa8b349341eefb P 272b85a7df37488c80e82af159d371b1 [LEADER]: Connected to new peer: Peer: permanent_uuid: "11748082a35f406bb1db720d2a8201b3" member_type: VOTER last_known_addr { host: "127.21.143.3" port: 42121 }, Status: LMP_MISMATCH, Last received: 0.0, Next index: 1, Last known committed idx: 0, Time since last communication: 0.000s
I20260713 09:10:34.383358 23590 consensus_queue.cc:1048] T ab0936f7fe974da5bbaa8b349341eefb P 272b85a7df37488c80e82af159d371b1 [LEADER]: Connected to new peer: Peer: permanent_uuid: "dca0cd2bff824aec898de52a33e841c0" member_type: VOTER last_known_addr { host: "127.21.143.1" port: 46619 }, Status: LMP_MISMATCH, Last received: 0.0, Next index: 1, Last known committed idx: 0, Time since last communication: 0.000s
I20260713 09:10:34.734416 23373 consensus_queue.cc:237] T 038cc8368dea45ec8b2716b2c2f625d6 P 11748082a35f406bb1db720d2a8201b3 [LEADER]: Queue going to LEADER mode. State: All replicated index: 0, Majority replicated index: 1, Committed index: 1, Last appended: 1.1, Last appended by leader: 0, Current term: 1, Majority size: 2, State: 0, Mode: LEADER, active raft config: opid_index: 2 OBSOLETE_local: false peers { permanent_uuid: "dca0cd2bff824aec898de52a33e841c0" member_type: VOTER last_known_addr { host: "127.21.143.1" port: 46619 } } peers { permanent_uuid: "272b85a7df37488c80e82af159d371b1" member_type: VOTER last_known_addr { host: "127.21.143.2" port: 33391 } attrs { replace: true } } peers { permanent_uuid: "11748082a35f406bb1db720d2a8201b3" member_type: VOTER last_known_addr { host: "127.21.143.3" port: 42121 } } peers { permanent_uuid: "ab0ee14af1234a98a375fe995a09fee6" member_type: NON_VOTER last_known_addr { host: "127.21.143.4" port: 35325 } attrs { promote: true } }
I20260713 09:10:34.742132 23298 raft_consensus.cc:1275] T 038cc8368dea45ec8b2716b2c2f625d6 P 272b85a7df37488c80e82af159d371b1 [term 1 FOLLOWER]: Refusing update from remote peer 11748082a35f406bb1db720d2a8201b3: Log matching property violated. Preceding OpId in replica: term: 1 index: 1. Preceding OpId from leader: term: 1 index: 2. (index mismatch)
I20260713 09:10:34.742238 23223 raft_consensus.cc:1275] T 038cc8368dea45ec8b2716b2c2f625d6 P dca0cd2bff824aec898de52a33e841c0 [term 1 FOLLOWER]: Refusing update from remote peer 11748082a35f406bb1db720d2a8201b3: Log matching property violated. Preceding OpId in replica: term: 1 index: 1. Preceding OpId from leader: term: 1 index: 2. (index mismatch)
I20260713 09:10:34.745812 23616 consensus_queue.cc:1048] T 038cc8368dea45ec8b2716b2c2f625d6 P 11748082a35f406bb1db720d2a8201b3 [LEADER]: Connected to new peer: Peer: permanent_uuid: "dca0cd2bff824aec898de52a33e841c0" member_type: VOTER last_known_addr { host: "127.21.143.1" port: 46619 }, Status: LMP_MISMATCH, Last received: 0.0, Next index: 2, Last known committed idx: 1, Time since last communication: 0.000s
I20260713 09:10:34.748699 23616 consensus_queue.cc:1048] T 038cc8368dea45ec8b2716b2c2f625d6 P 11748082a35f406bb1db720d2a8201b3 [LEADER]: Connected to new peer: Peer: permanent_uuid: "272b85a7df37488c80e82af159d371b1" member_type: VOTER last_known_addr { host: "127.21.143.2" port: 33391 } attrs { replace: true }, Status: LMP_MISMATCH, Last received: 0.0, Next index: 2, Last known committed idx: 1, Time since last communication: 0.001s
W20260713 09:10:34.759724 23339 consensus_peers.cc:597] T 038cc8368dea45ec8b2716b2c2f625d6 P 11748082a35f406bb1db720d2a8201b3 -> Peer ab0ee14af1234a98a375fe995a09fee6 (127.21.143.4:35325): Couldn't send request to peer ab0ee14af1234a98a375fe995a09fee6. Error code: TABLET_NOT_FOUND (6). Status: Not found: Tablet not found: 038cc8368dea45ec8b2716b2c2f625d6. This is attempt 1: this message will repeat every 5th retry.
I20260713 09:10:34.761972 23521 raft_consensus.cc:2955] T 038cc8368dea45ec8b2716b2c2f625d6 P 11748082a35f406bb1db720d2a8201b3 [term 1 LEADER]: Committing config change with OpId 1.2: config changed from index -1 to 2, NON_VOTER ab0ee14af1234a98a375fe995a09fee6 (127.21.143.4) added. New config: { opid_index: 2 OBSOLETE_local: false peers { permanent_uuid: "dca0cd2bff824aec898de52a33e841c0" member_type: VOTER last_known_addr { host: "127.21.143.1" port: 46619 } } peers { permanent_uuid: "272b85a7df37488c80e82af159d371b1" member_type: VOTER last_known_addr { host: "127.21.143.2" port: 33391 } attrs { replace: true } } peers { permanent_uuid: "11748082a35f406bb1db720d2a8201b3" member_type: VOTER last_known_addr { host: "127.21.143.3" port: 42121 } } peers { permanent_uuid: "ab0ee14af1234a98a375fe995a09fee6" member_type: NON_VOTER last_known_addr { host: "127.21.143.4" port: 35325 } attrs { promote: true } } }
I20260713 09:10:34.764693 23301 raft_consensus.cc:2955] T 038cc8368dea45ec8b2716b2c2f625d6 P 272b85a7df37488c80e82af159d371b1 [term 1 FOLLOWER]: Committing config change with OpId 1.2: config changed from index -1 to 2, NON_VOTER ab0ee14af1234a98a375fe995a09fee6 (127.21.143.4) added. New config: { opid_index: 2 OBSOLETE_local: false peers { permanent_uuid: "dca0cd2bff824aec898de52a33e841c0" member_type: VOTER last_known_addr { host: "127.21.143.1" port: 46619 } } peers { permanent_uuid: "272b85a7df37488c80e82af159d371b1" member_type: VOTER last_known_addr { host: "127.21.143.2" port: 33391 } attrs { replace: true } } peers { permanent_uuid: "11748082a35f406bb1db720d2a8201b3" member_type: VOTER last_known_addr { host: "127.21.143.3" port: 42121 } } peers { permanent_uuid: "ab0ee14af1234a98a375fe995a09fee6" member_type: NON_VOTER last_known_addr { host: "127.21.143.4" port: 35325 } attrs { promote: true } } }
I20260713 09:10:34.770617 23223 raft_consensus.cc:2955] T 038cc8368dea45ec8b2716b2c2f625d6 P dca0cd2bff824aec898de52a33e841c0 [term 1 FOLLOWER]: Committing config change with OpId 1.2: config changed from index -1 to 2, NON_VOTER ab0ee14af1234a98a375fe995a09fee6 (127.21.143.4) added. New config: { opid_index: 2 OBSOLETE_local: false peers { permanent_uuid: "dca0cd2bff824aec898de52a33e841c0" member_type: VOTER last_known_addr { host: "127.21.143.1" port: 46619 } } peers { permanent_uuid: "272b85a7df37488c80e82af159d371b1" member_type: VOTER last_known_addr { host: "127.21.143.2" port: 33391 } attrs { replace: true } } peers { permanent_uuid: "11748082a35f406bb1db720d2a8201b3" member_type: VOTER last_known_addr { host: "127.21.143.3" port: 42121 } } peers { permanent_uuid: "ab0ee14af1234a98a375fe995a09fee6" member_type: NON_VOTER last_known_addr { host: "127.21.143.4" port: 35325 } attrs { promote: true } } }
I20260713 09:10:34.779167 23124 catalog_manager.cc:5697] T 038cc8368dea45ec8b2716b2c2f625d6 P 272b85a7df37488c80e82af159d371b1 reported cstate change: config changed from index -1 to 2, NON_VOTER ab0ee14af1234a98a375fe995a09fee6 (127.21.143.4) added. New cstate: current_term: 1 leader_uuid: "11748082a35f406bb1db720d2a8201b3" committed_config { opid_index: 2 OBSOLETE_local: false peers { permanent_uuid: "dca0cd2bff824aec898de52a33e841c0" member_type: VOTER last_known_addr { host: "127.21.143.1" port: 46619 } } peers { permanent_uuid: "272b85a7df37488c80e82af159d371b1" member_type: VOTER last_known_addr { host: "127.21.143.2" port: 33391 } attrs { replace: true } } peers { permanent_uuid: "11748082a35f406bb1db720d2a8201b3" member_type: VOTER last_known_addr { host: "127.21.143.3" port: 42121 } } peers { permanent_uuid: "ab0ee14af1234a98a375fe995a09fee6" member_type: NON_VOTER last_known_addr { host: "127.21.143.4" port: 35325 } attrs { promote: true } } }
I20260713 09:10:34.820935 23301 consensus_queue.cc:237] T 9e59c046a63f4e00beeb30fb83e15e7b P 272b85a7df37488c80e82af159d371b1 [LEADER]: Queue going to LEADER mode. State: All replicated index: 0, Majority replicated index: 1, Committed index: 1, Last appended: 2.1, Last appended by leader: 0, Current term: 2, Majority size: 2, State: 0, Mode: LEADER, active raft config: opid_index: 2 OBSOLETE_local: false peers { permanent_uuid: "dca0cd2bff824aec898de52a33e841c0" member_type: VOTER last_known_addr { host: "127.21.143.1" port: 46619 } attrs { replace: true } } peers { permanent_uuid: "272b85a7df37488c80e82af159d371b1" member_type: VOTER last_known_addr { host: "127.21.143.2" port: 33391 } } peers { permanent_uuid: "11748082a35f406bb1db720d2a8201b3" member_type: VOTER last_known_addr { host: "127.21.143.3" port: 42121 } } peers { permanent_uuid: "ab0ee14af1234a98a375fe995a09fee6" member_type: NON_VOTER last_known_addr { host: "127.21.143.4" port: 35325 } attrs { promote: true } }
I20260713 09:10:34.830472 23223 raft_consensus.cc:1275] T 9e59c046a63f4e00beeb30fb83e15e7b P dca0cd2bff824aec898de52a33e841c0 [term 2 FOLLOWER]: Refusing update from remote peer 272b85a7df37488c80e82af159d371b1: Log matching property violated. Preceding OpId in replica: term: 2 index: 1. Preceding OpId from leader: term: 2 index: 2. (index mismatch)
I20260713 09:10:34.832250 23535 consensus_queue.cc:1048] T 9e59c046a63f4e00beeb30fb83e15e7b P 272b85a7df37488c80e82af159d371b1 [LEADER]: Connected to new peer: Peer: permanent_uuid: "dca0cd2bff824aec898de52a33e841c0" member_type: VOTER last_known_addr { host: "127.21.143.1" port: 46619 } attrs { replace: true }, Status: LMP_MISMATCH, Last received: 0.0, Next index: 2, Last known committed idx: 1, Time since last communication: 0.001s
I20260713 09:10:34.832891 23373 raft_consensus.cc:1275] T 9e59c046a63f4e00beeb30fb83e15e7b P 11748082a35f406bb1db720d2a8201b3 [term 2 FOLLOWER]: Refusing update from remote peer 272b85a7df37488c80e82af159d371b1: Log matching property violated. Preceding OpId in replica: term: 2 index: 1. Preceding OpId from leader: term: 2 index: 2. (index mismatch)
I20260713 09:10:34.834954 23535 consensus_queue.cc:1048] T 9e59c046a63f4e00beeb30fb83e15e7b P 272b85a7df37488c80e82af159d371b1 [LEADER]: Connected to new peer: Peer: permanent_uuid: "11748082a35f406bb1db720d2a8201b3" member_type: VOTER last_known_addr { host: "127.21.143.3" port: 42121 }, Status: LMP_MISMATCH, Last received: 0.0, Next index: 2, Last known committed idx: 1, Time since last communication: 0.000s
W20260713 09:10:34.844554 23265 consensus_peers.cc:597] T 9e59c046a63f4e00beeb30fb83e15e7b P 272b85a7df37488c80e82af159d371b1 -> Peer ab0ee14af1234a98a375fe995a09fee6 (127.21.143.4:35325): Couldn't send request to peer ab0ee14af1234a98a375fe995a09fee6. Error code: TABLET_NOT_FOUND (6). Status: Not found: Tablet not found: 9e59c046a63f4e00beeb30fb83e15e7b. This is attempt 1: this message will repeat every 5th retry.
I20260713 09:10:34.857328 23475 raft_consensus.cc:2955] T 9e59c046a63f4e00beeb30fb83e15e7b P 272b85a7df37488c80e82af159d371b1 [term 2 LEADER]: Committing config change with OpId 2.2: config changed from index -1 to 2, NON_VOTER ab0ee14af1234a98a375fe995a09fee6 (127.21.143.4) added. New config: { opid_index: 2 OBSOLETE_local: false peers { permanent_uuid: "dca0cd2bff824aec898de52a33e841c0" member_type: VOTER last_known_addr { host: "127.21.143.1" port: 46619 } attrs { replace: true } } peers { permanent_uuid: "272b85a7df37488c80e82af159d371b1" member_type: VOTER last_known_addr { host: "127.21.143.2" port: 33391 } } peers { permanent_uuid: "11748082a35f406bb1db720d2a8201b3" member_type: VOTER last_known_addr { host: "127.21.143.3" port: 42121 } } peers { permanent_uuid: "ab0ee14af1234a98a375fe995a09fee6" member_type: NON_VOTER last_known_addr { host: "127.21.143.4" port: 35325 } attrs { promote: true } } }
I20260713 09:10:34.858821 23223 raft_consensus.cc:2955] T 9e59c046a63f4e00beeb30fb83e15e7b P dca0cd2bff824aec898de52a33e841c0 [term 2 FOLLOWER]: Committing config change with OpId 2.2: config changed from index -1 to 2, NON_VOTER ab0ee14af1234a98a375fe995a09fee6 (127.21.143.4) added. New config: { opid_index: 2 OBSOLETE_local: false peers { permanent_uuid: "dca0cd2bff824aec898de52a33e841c0" member_type: VOTER last_known_addr { host: "127.21.143.1" port: 46619 } attrs { replace: true } } peers { permanent_uuid: "272b85a7df37488c80e82af159d371b1" member_type: VOTER last_known_addr { host: "127.21.143.2" port: 33391 } } peers { permanent_uuid: "11748082a35f406bb1db720d2a8201b3" member_type: VOTER last_known_addr { host: "127.21.143.3" port: 42121 } } peers { permanent_uuid: "ab0ee14af1234a98a375fe995a09fee6" member_type: NON_VOTER last_known_addr { host: "127.21.143.4" port: 35325 } attrs { promote: true } } }
I20260713 09:10:34.864398 23373 raft_consensus.cc:2955] T 9e59c046a63f4e00beeb30fb83e15e7b P 11748082a35f406bb1db720d2a8201b3 [term 2 FOLLOWER]: Committing config change with OpId 2.2: config changed from index -1 to 2, NON_VOTER ab0ee14af1234a98a375fe995a09fee6 (127.21.143.4) added. New config: { opid_index: 2 OBSOLETE_local: false peers { permanent_uuid: "dca0cd2bff824aec898de52a33e841c0" member_type: VOTER last_known_addr { host: "127.21.143.1" port: 46619 } attrs { replace: true } } peers { permanent_uuid: "272b85a7df37488c80e82af159d371b1" member_type: VOTER last_known_addr { host: "127.21.143.2" port: 33391 } } peers { permanent_uuid: "11748082a35f406bb1db720d2a8201b3" member_type: VOTER last_known_addr { host: "127.21.143.3" port: 42121 } } peers { permanent_uuid: "ab0ee14af1234a98a375fe995a09fee6" member_type: NON_VOTER last_known_addr { host: "127.21.143.4" port: 35325 } attrs { promote: true } } }
I20260713 09:10:34.874348 23121 catalog_manager.cc:5697] T 9e59c046a63f4e00beeb30fb83e15e7b P dca0cd2bff824aec898de52a33e841c0 reported cstate change: config changed from index -1 to 2, NON_VOTER ab0ee14af1234a98a375fe995a09fee6 (127.21.143.4) added. New cstate: current_term: 2 leader_uuid: "272b85a7df37488c80e82af159d371b1" committed_config { opid_index: 2 OBSOLETE_local: false peers { permanent_uuid: "dca0cd2bff824aec898de52a33e841c0" member_type: VOTER last_known_addr { host: "127.21.143.1" port: 46619 } attrs { replace: true } } peers { permanent_uuid: "272b85a7df37488c80e82af159d371b1" member_type: VOTER last_known_addr { host: "127.21.143.2" port: 33391 } } peers { permanent_uuid: "11748082a35f406bb1db720d2a8201b3" member_type: VOTER last_known_addr { host: "127.21.143.3" port: 42121 } } peers { permanent_uuid: "ab0ee14af1234a98a375fe995a09fee6" member_type: NON_VOTER last_known_addr { host: "127.21.143.4" port: 35325 } attrs { promote: true } } }
I20260713 09:10:34.895021 23223 consensus_queue.cc:237] T 41f123ca675c4899bc493563fa345a62 P dca0cd2bff824aec898de52a33e841c0 [LEADER]: Queue going to LEADER mode. State: All replicated index: 0, Majority replicated index: 1, Committed index: 1, Last appended: 1.1, Last appended by leader: 0, Current term: 1, Majority size: 2, State: 0, Mode: LEADER, active raft config: opid_index: 2 OBSOLETE_local: false peers { permanent_uuid: "dca0cd2bff824aec898de52a33e841c0" member_type: VOTER last_known_addr { host: "127.21.143.1" port: 46619 } } peers { permanent_uuid: "272b85a7df37488c80e82af159d371b1" member_type: VOTER last_known_addr { host: "127.21.143.2" port: 33391 } } peers { permanent_uuid: "11748082a35f406bb1db720d2a8201b3" member_type: VOTER last_known_addr { host: "127.21.143.3" port: 42121 } attrs { replace: true } } peers { permanent_uuid: "ab0ee14af1234a98a375fe995a09fee6" member_type: NON_VOTER last_known_addr { host: "127.21.143.4" port: 35325 } attrs { promote: true } }
I20260713 09:10:34.902475 23373 raft_consensus.cc:1275] T 41f123ca675c4899bc493563fa345a62 P 11748082a35f406bb1db720d2a8201b3 [term 1 FOLLOWER]: Refusing update from remote peer dca0cd2bff824aec898de52a33e841c0: Log matching property violated. Preceding OpId in replica: term: 1 index: 1. Preceding OpId from leader: term: 1 index: 2. (index mismatch)
I20260713 09:10:34.904031 23301 raft_consensus.cc:1275] T 41f123ca675c4899bc493563fa345a62 P 272b85a7df37488c80e82af159d371b1 [term 1 FOLLOWER]: Refusing update from remote peer dca0cd2bff824aec898de52a33e841c0: Log matching property violated. Preceding OpId in replica: term: 1 index: 1. Preceding OpId from leader: term: 1 index: 2. (index mismatch)
I20260713 09:10:34.908604 23471 consensus_queue.cc:1048] T 41f123ca675c4899bc493563fa345a62 P dca0cd2bff824aec898de52a33e841c0 [LEADER]: Connected to new peer: Peer: permanent_uuid: "272b85a7df37488c80e82af159d371b1" member_type: VOTER last_known_addr { host: "127.21.143.2" port: 33391 }, Status: LMP_MISMATCH, Last received: 0.0, Next index: 2, Last known committed idx: 1, Time since last communication: 0.000s
I20260713 09:10:34.909685 23468 consensus_queue.cc:1048] T 41f123ca675c4899bc493563fa345a62 P dca0cd2bff824aec898de52a33e841c0 [LEADER]: Connected to new peer: Peer: permanent_uuid: "11748082a35f406bb1db720d2a8201b3" member_type: VOTER last_known_addr { host: "127.21.143.3" port: 42121 } attrs { replace: true }, Status: LMP_MISMATCH, Last received: 0.0, Next index: 2, Last known committed idx: 1, Time since last communication: 0.000s
I20260713 09:10:34.918721 23704 raft_consensus.cc:2955] T 41f123ca675c4899bc493563fa345a62 P dca0cd2bff824aec898de52a33e841c0 [term 1 LEADER]: Committing config change with OpId 1.2: config changed from index -1 to 2, NON_VOTER ab0ee14af1234a98a375fe995a09fee6 (127.21.143.4) added. New config: { opid_index: 2 OBSOLETE_local: false peers { permanent_uuid: "dca0cd2bff824aec898de52a33e841c0" member_type: VOTER last_known_addr { host: "127.21.143.1" port: 46619 } } peers { permanent_uuid: "272b85a7df37488c80e82af159d371b1" member_type: VOTER last_known_addr { host: "127.21.143.2" port: 33391 } } peers { permanent_uuid: "11748082a35f406bb1db720d2a8201b3" member_type: VOTER last_known_addr { host: "127.21.143.3" port: 42121 } attrs { replace: true } } peers { permanent_uuid: "ab0ee14af1234a98a375fe995a09fee6" member_type: NON_VOTER last_known_addr { host: "127.21.143.4" port: 35325 } attrs { promote: true } } }
I20260713 09:10:34.920482 23298 raft_consensus.cc:2955] T 41f123ca675c4899bc493563fa345a62 P 272b85a7df37488c80e82af159d371b1 [term 1 FOLLOWER]: Committing config change with OpId 1.2: config changed from index -1 to 2, NON_VOTER ab0ee14af1234a98a375fe995a09fee6 (127.21.143.4) added. New config: { opid_index: 2 OBSOLETE_local: false peers { permanent_uuid: "dca0cd2bff824aec898de52a33e841c0" member_type: VOTER last_known_addr { host: "127.21.143.1" port: 46619 } } peers { permanent_uuid: "272b85a7df37488c80e82af159d371b1" member_type: VOTER last_known_addr { host: "127.21.143.2" port: 33391 } } peers { permanent_uuid: "11748082a35f406bb1db720d2a8201b3" member_type: VOTER last_known_addr { host: "127.21.143.3" port: 42121 } attrs { replace: true } } peers { permanent_uuid: "ab0ee14af1234a98a375fe995a09fee6" member_type: NON_VOTER last_known_addr { host: "127.21.143.4" port: 35325 } attrs { promote: true } } }
I20260713 09:10:34.926096 23373 raft_consensus.cc:2955] T 41f123ca675c4899bc493563fa345a62 P 11748082a35f406bb1db720d2a8201b3 [term 1 FOLLOWER]: Committing config change with OpId 1.2: config changed from index -1 to 2, NON_VOTER ab0ee14af1234a98a375fe995a09fee6 (127.21.143.4) added. New config: { opid_index: 2 OBSOLETE_local: false peers { permanent_uuid: "dca0cd2bff824aec898de52a33e841c0" member_type: VOTER last_known_addr { host: "127.21.143.1" port: 46619 } } peers { permanent_uuid: "272b85a7df37488c80e82af159d371b1" member_type: VOTER last_known_addr { host: "127.21.143.2" port: 33391 } } peers { permanent_uuid: "11748082a35f406bb1db720d2a8201b3" member_type: VOTER last_known_addr { host: "127.21.143.3" port: 42121 } attrs { replace: true } } peers { permanent_uuid: "ab0ee14af1234a98a375fe995a09fee6" member_type: NON_VOTER last_known_addr { host: "127.21.143.4" port: 35325 } attrs { promote: true } } }
W20260713 09:10:34.936308 23190 consensus_peers.cc:597] T 41f123ca675c4899bc493563fa345a62 P dca0cd2bff824aec898de52a33e841c0 -> Peer ab0ee14af1234a98a375fe995a09fee6 (127.21.143.4:35325): Couldn't send request to peer ab0ee14af1234a98a375fe995a09fee6. Error code: TABLET_NOT_FOUND (6). Status: Not found: Tablet not found: 41f123ca675c4899bc493563fa345a62. This is attempt 1: this message will repeat every 5th retry.
I20260713 09:10:34.939457 23375 consensus_queue.cc:237] T 669122cb5a7448f3ae310e08b113dba3 P 11748082a35f406bb1db720d2a8201b3 [LEADER]: Queue going to LEADER mode. State: All replicated index: 0, Majority replicated index: 1, Committed index: 1, Last appended: 1.1, Last appended by leader: 0, Current term: 1, Majority size: 2, State: 0, Mode: LEADER, active raft config: opid_index: 2 OBSOLETE_local: false peers { permanent_uuid: "dca0cd2bff824aec898de52a33e841c0" member_type: VOTER last_known_addr { host: "127.21.143.1" port: 46619 } } peers { permanent_uuid: "272b85a7df37488c80e82af159d371b1" member_type: VOTER last_known_addr { host: "127.21.143.2" port: 33391 } attrs { replace: true } } peers { permanent_uuid: "11748082a35f406bb1db720d2a8201b3" member_type: VOTER last_known_addr { host: "127.21.143.3" port: 42121 } } peers { permanent_uuid: "ab0ee14af1234a98a375fe995a09fee6" member_type: NON_VOTER last_known_addr { host: "127.21.143.4" port: 35325 } attrs { promote: true } }
I20260713 09:10:34.939391 23124 catalog_manager.cc:5697] T 41f123ca675c4899bc493563fa345a62 P dca0cd2bff824aec898de52a33e841c0 reported cstate change: config changed from index -1 to 2, NON_VOTER ab0ee14af1234a98a375fe995a09fee6 (127.21.143.4) added. New cstate: current_term: 1 leader_uuid: "dca0cd2bff824aec898de52a33e841c0" committed_config { opid_index: 2 OBSOLETE_local: false peers { permanent_uuid: "dca0cd2bff824aec898de52a33e841c0" member_type: VOTER last_known_addr { host: "127.21.143.1" port: 46619 } health_report { overall_health: HEALTHY } } peers { permanent_uuid: "272b85a7df37488c80e82af159d371b1" member_type: VOTER last_known_addr { host: "127.21.143.2" port: 33391 } health_report { overall_health: HEALTHY } } peers { permanent_uuid: "11748082a35f406bb1db720d2a8201b3" member_type: VOTER last_known_addr { host: "127.21.143.3" port: 42121 } attrs { replace: true } health_report { overall_health: HEALTHY } } peers { permanent_uuid: "ab0ee14af1234a98a375fe995a09fee6" member_type: NON_VOTER last_known_addr { host: "127.21.143.4" port: 35325 } attrs { promote: true } health_report { overall_health: UNKNOWN } } }
W20260713 09:10:34.958009 23339 consensus_peers.cc:597] T 669122cb5a7448f3ae310e08b113dba3 P 11748082a35f406bb1db720d2a8201b3 -> Peer ab0ee14af1234a98a375fe995a09fee6 (127.21.143.4:35325): Couldn't send request to peer ab0ee14af1234a98a375fe995a09fee6. Error code: TABLET_NOT_FOUND (6). Status: Not found: Tablet not found: 669122cb5a7448f3ae310e08b113dba3. This is attempt 1: this message will repeat every 5th retry.
I20260713 09:10:34.958370 23298 raft_consensus.cc:1275] T 669122cb5a7448f3ae310e08b113dba3 P 272b85a7df37488c80e82af159d371b1 [term 1 FOLLOWER]: Refusing update from remote peer 11748082a35f406bb1db720d2a8201b3: Log matching property violated. Preceding OpId in replica: term: 1 index: 1. Preceding OpId from leader: term: 1 index: 2. (index mismatch)
I20260713 09:10:34.960027 23521 consensus_queue.cc:1048] T 669122cb5a7448f3ae310e08b113dba3 P 11748082a35f406bb1db720d2a8201b3 [LEADER]: Connected to new peer: Peer: permanent_uuid: "272b85a7df37488c80e82af159d371b1" member_type: VOTER last_known_addr { host: "127.21.143.2" port: 33391 } attrs { replace: true }, Status: LMP_MISMATCH, Last received: 0.0, Next index: 2, Last known committed idx: 1, Time since last communication: 0.000s
I20260713 09:10:34.960268 23223 raft_consensus.cc:1275] T 669122cb5a7448f3ae310e08b113dba3 P dca0cd2bff824aec898de52a33e841c0 [term 1 FOLLOWER]: Refusing update from remote peer 11748082a35f406bb1db720d2a8201b3: Log matching property violated. Preceding OpId in replica: term: 1 index: 1. Preceding OpId from leader: term: 1 index: 2. (index mismatch)
I20260713 09:10:34.961723 23616 consensus_queue.cc:1048] T 669122cb5a7448f3ae310e08b113dba3 P 11748082a35f406bb1db720d2a8201b3 [LEADER]: Connected to new peer: Peer: permanent_uuid: "dca0cd2bff824aec898de52a33e841c0" member_type: VOTER last_known_addr { host: "127.21.143.1" port: 46619 }, Status: LMP_MISMATCH, Last received: 0.0, Next index: 2, Last known committed idx: 1, Time since last communication: 0.000s
I20260713 09:10:34.968182 23521 raft_consensus.cc:2955] T 669122cb5a7448f3ae310e08b113dba3 P 11748082a35f406bb1db720d2a8201b3 [term 1 LEADER]: Committing config change with OpId 1.2: config changed from index -1 to 2, NON_VOTER ab0ee14af1234a98a375fe995a09fee6 (127.21.143.4) added. New config: { opid_index: 2 OBSOLETE_local: false peers { permanent_uuid: "dca0cd2bff824aec898de52a33e841c0" member_type: VOTER last_known_addr { host: "127.21.143.1" port: 46619 } } peers { permanent_uuid: "272b85a7df37488c80e82af159d371b1" member_type: VOTER last_known_addr { host: "127.21.143.2" port: 33391 } attrs { replace: true } } peers { permanent_uuid: "11748082a35f406bb1db720d2a8201b3" member_type: VOTER last_known_addr { host: "127.21.143.3" port: 42121 } } peers { permanent_uuid: "ab0ee14af1234a98a375fe995a09fee6" member_type: NON_VOTER last_known_addr { host: "127.21.143.4" port: 35325 } attrs { promote: true } } }
I20260713 09:10:34.970376 23298 raft_consensus.cc:2955] T 669122cb5a7448f3ae310e08b113dba3 P 272b85a7df37488c80e82af159d371b1 [term 1 FOLLOWER]: Committing config change with OpId 1.2: config changed from index -1 to 2, NON_VOTER ab0ee14af1234a98a375fe995a09fee6 (127.21.143.4) added. New config: { opid_index: 2 OBSOLETE_local: false peers { permanent_uuid: "dca0cd2bff824aec898de52a33e841c0" member_type: VOTER last_known_addr { host: "127.21.143.1" port: 46619 } } peers { permanent_uuid: "272b85a7df37488c80e82af159d371b1" member_type: VOTER last_known_addr { host: "127.21.143.2" port: 33391 } attrs { replace: true } } peers { permanent_uuid: "11748082a35f406bb1db720d2a8201b3" member_type: VOTER last_known_addr { host: "127.21.143.3" port: 42121 } } peers { permanent_uuid: "ab0ee14af1234a98a375fe995a09fee6" member_type: NON_VOTER last_known_addr { host: "127.21.143.4" port: 35325 } attrs { promote: true } } }
I20260713 09:10:34.972353 23223 raft_consensus.cc:2955] T 669122cb5a7448f3ae310e08b113dba3 P dca0cd2bff824aec898de52a33e841c0 [term 1 FOLLOWER]: Committing config change with OpId 1.2: config changed from index -1 to 2, NON_VOTER ab0ee14af1234a98a375fe995a09fee6 (127.21.143.4) added. New config: { opid_index: 2 OBSOLETE_local: false peers { permanent_uuid: "dca0cd2bff824aec898de52a33e841c0" member_type: VOTER last_known_addr { host: "127.21.143.1" port: 46619 } } peers { permanent_uuid: "272b85a7df37488c80e82af159d371b1" member_type: VOTER last_known_addr { host: "127.21.143.2" port: 33391 } attrs { replace: true } } peers { permanent_uuid: "11748082a35f406bb1db720d2a8201b3" member_type: VOTER last_known_addr { host: "127.21.143.3" port: 42121 } } peers { permanent_uuid: "ab0ee14af1234a98a375fe995a09fee6" member_type: NON_VOTER last_known_addr { host: "127.21.143.4" port: 35325 } attrs { promote: true } } }
I20260713 09:10:34.985615 23123 catalog_manager.cc:5697] T 669122cb5a7448f3ae310e08b113dba3 P 272b85a7df37488c80e82af159d371b1 reported cstate change: config changed from index -1 to 2, NON_VOTER ab0ee14af1234a98a375fe995a09fee6 (127.21.143.4) added. New cstate: current_term: 1 leader_uuid: "11748082a35f406bb1db720d2a8201b3" committed_config { opid_index: 2 OBSOLETE_local: false peers { permanent_uuid: "dca0cd2bff824aec898de52a33e841c0" member_type: VOTER last_known_addr { host: "127.21.143.1" port: 46619 } } peers { permanent_uuid: "272b85a7df37488c80e82af159d371b1" member_type: VOTER last_known_addr { host: "127.21.143.2" port: 33391 } attrs { replace: true } } peers { permanent_uuid: "11748082a35f406bb1db720d2a8201b3" member_type: VOTER last_known_addr { host: "127.21.143.3" port: 42121 } } peers { permanent_uuid: "ab0ee14af1234a98a375fe995a09fee6" member_type: NON_VOTER last_known_addr { host: "127.21.143.4" port: 35325 } attrs { promote: true } } }
I20260713 09:10:35.265662 23698 heartbeater.cc:499] Master 127.21.143.62:42291 was elected leader, sending a full tablet report...
I20260713 09:10:35.267970 23729 ts_tablet_manager.cc:933] T 9e59c046a63f4e00beeb30fb83e15e7b P ab0ee14af1234a98a375fe995a09fee6: Initiating tablet copy from peer 272b85a7df37488c80e82af159d371b1 (127.21.143.2:33391)
I20260713 09:10:35.270218 23729 tablet_copy_client.cc:323] T 9e59c046a63f4e00beeb30fb83e15e7b P ab0ee14af1234a98a375fe995a09fee6: tablet copy: Beginning tablet copy session from remote peer at address 127.21.143.2:33391
I20260713 09:10:35.288089 23312 tablet_copy_service.cc:140] P 272b85a7df37488c80e82af159d371b1: Received BeginTabletCopySession request for tablet 9e59c046a63f4e00beeb30fb83e15e7b from peer ab0ee14af1234a98a375fe995a09fee6 ({username='slave'} at 127.0.0.1:38904)
I20260713 09:10:35.288771 23312 tablet_copy_service.cc:161] P 272b85a7df37488c80e82af159d371b1: Beginning new tablet copy session on tablet 9e59c046a63f4e00beeb30fb83e15e7b from peer ab0ee14af1234a98a375fe995a09fee6 at {username='slave'} at 127.0.0.1:38904: session id = ab0ee14af1234a98a375fe995a09fee6-9e59c046a63f4e00beeb30fb83e15e7b
I20260713 09:10:35.294811 23312 tablet_copy_source_session.cc:215] T 9e59c046a63f4e00beeb30fb83e15e7b P 272b85a7df37488c80e82af159d371b1: Tablet Copy: opened 0 blocks and 1 log segments
I20260713 09:10:35.298242 23729 data_dirs.cc:400] Could only allocate 1 dirs of requested 3 for tablet 9e59c046a63f4e00beeb30fb83e15e7b. 1 dirs total, 0 dirs full, 0 dirs failed
I20260713 09:10:35.314481 23729 tablet_copy_client.cc:806] T 9e59c046a63f4e00beeb30fb83e15e7b P ab0ee14af1234a98a375fe995a09fee6: tablet copy: Starting download of 0 data blocks...
I20260713 09:10:35.315450 23729 tablet_copy_client.cc:670] T 9e59c046a63f4e00beeb30fb83e15e7b P ab0ee14af1234a98a375fe995a09fee6: tablet copy: Starting download of 1 WAL segments...
I20260713 09:10:35.320297 23729 tablet_copy_client.cc:538] T 9e59c046a63f4e00beeb30fb83e15e7b P ab0ee14af1234a98a375fe995a09fee6: tablet copy: Tablet Copy complete. Replacing tablet superblock.
I20260713 09:10:35.325273 23732 ts_tablet_manager.cc:933] T 038cc8368dea45ec8b2716b2c2f625d6 P ab0ee14af1234a98a375fe995a09fee6: Initiating tablet copy from peer 11748082a35f406bb1db720d2a8201b3 (127.21.143.3:42121)
I20260713 09:10:35.327291 23732 tablet_copy_client.cc:323] T 038cc8368dea45ec8b2716b2c2f625d6 P ab0ee14af1234a98a375fe995a09fee6: tablet copy: Beginning tablet copy session from remote peer at address 127.21.143.3:42121
I20260713 09:10:35.330420 23729 tablet_bootstrap.cc:492] T 9e59c046a63f4e00beeb30fb83e15e7b P ab0ee14af1234a98a375fe995a09fee6: Bootstrap starting.
I20260713 09:10:35.343756 23386 tablet_copy_service.cc:140] P 11748082a35f406bb1db720d2a8201b3: Received BeginTabletCopySession request for tablet 038cc8368dea45ec8b2716b2c2f625d6 from peer ab0ee14af1234a98a375fe995a09fee6 ({username='slave'} at 127.0.0.1:49910)
I20260713 09:10:35.344476 23386 tablet_copy_service.cc:161] P 11748082a35f406bb1db720d2a8201b3: Beginning new tablet copy session on tablet 038cc8368dea45ec8b2716b2c2f625d6 from peer ab0ee14af1234a98a375fe995a09fee6 at {username='slave'} at 127.0.0.1:49910: session id = ab0ee14af1234a98a375fe995a09fee6-038cc8368dea45ec8b2716b2c2f625d6
I20260713 09:10:35.350739 23729 tablet_bootstrap.cc:492] T 9e59c046a63f4e00beeb30fb83e15e7b P ab0ee14af1234a98a375fe995a09fee6: Bootstrap replayed 1/1 log segments. Stats: ops{read=2 overwritten=0 applied=2 ignored=0} inserts{seen=0 ignored=0} mutations{seen=0 ignored=0} orphaned_commits=0. Pending: 0 replicates
I20260713 09:10:35.351648 23729 tablet_bootstrap.cc:492] T 9e59c046a63f4e00beeb30fb83e15e7b P ab0ee14af1234a98a375fe995a09fee6: Bootstrap complete.
I20260713 09:10:35.352228 23729 ts_tablet_manager.cc:1403] T 9e59c046a63f4e00beeb30fb83e15e7b P ab0ee14af1234a98a375fe995a09fee6: Time spent bootstrapping tablet: real 0.022s	user 0.010s	sys 0.008s
I20260713 09:10:35.353258 23386 tablet_copy_source_session.cc:215] T 038cc8368dea45ec8b2716b2c2f625d6 P 11748082a35f406bb1db720d2a8201b3: Tablet Copy: opened 0 blocks and 1 log segments
I20260713 09:10:35.355805 23729 raft_consensus.cc:359] T 9e59c046a63f4e00beeb30fb83e15e7b P ab0ee14af1234a98a375fe995a09fee6 [term 2 LEARNER]: Replica starting. Triggering 0 pending ops. Active config: opid_index: 2 OBSOLETE_local: false peers { permanent_uuid: "dca0cd2bff824aec898de52a33e841c0" member_type: VOTER last_known_addr { host: "127.21.143.1" port: 46619 } attrs { replace: true } } peers { permanent_uuid: "272b85a7df37488c80e82af159d371b1" member_type: VOTER last_known_addr { host: "127.21.143.2" port: 33391 } } peers { permanent_uuid: "11748082a35f406bb1db720d2a8201b3" member_type: VOTER last_known_addr { host: "127.21.143.3" port: 42121 } } peers { permanent_uuid: "ab0ee14af1234a98a375fe995a09fee6" member_type: NON_VOTER last_known_addr { host: "127.21.143.4" port: 35325 } attrs { promote: true } }
I20260713 09:10:35.356666 23729 raft_consensus.cc:740] T 9e59c046a63f4e00beeb30fb83e15e7b P ab0ee14af1234a98a375fe995a09fee6 [term 2 LEARNER]: Becoming Follower/Learner. State: Replica: ab0ee14af1234a98a375fe995a09fee6, State: Initialized, Role: LEARNER
I20260713 09:10:35.357604 23732 data_dirs.cc:400] Could only allocate 1 dirs of requested 3 for tablet 038cc8368dea45ec8b2716b2c2f625d6. 1 dirs total, 0 dirs full, 0 dirs failed
I20260713 09:10:35.357335 23729 consensus_queue.cc:260] T 9e59c046a63f4e00beeb30fb83e15e7b P ab0ee14af1234a98a375fe995a09fee6 [NON_LEADER]: Queue going to NON_LEADER mode. State: All replicated index: 0, Majority replicated index: 0, Committed index: 2, Last appended: 2.2, Last appended by leader: 2, Current term: 0, Majority size: -1, State: 0, Mode: NON_LEADER, active raft config: opid_index: 2 OBSOLETE_local: false peers { permanent_uuid: "dca0cd2bff824aec898de52a33e841c0" member_type: VOTER last_known_addr { host: "127.21.143.1" port: 46619 } attrs { replace: true } } peers { permanent_uuid: "272b85a7df37488c80e82af159d371b1" member_type: VOTER last_known_addr { host: "127.21.143.2" port: 33391 } } peers { permanent_uuid: "11748082a35f406bb1db720d2a8201b3" member_type: VOTER last_known_addr { host: "127.21.143.3" port: 42121 } } peers { permanent_uuid: "ab0ee14af1234a98a375fe995a09fee6" member_type: NON_VOTER last_known_addr { host: "127.21.143.4" port: 35325 } attrs { promote: true } }
I20260713 09:10:35.362703 23729 ts_tablet_manager.cc:1434] T 9e59c046a63f4e00beeb30fb83e15e7b P ab0ee14af1234a98a375fe995a09fee6: Time spent starting tablet: real 0.010s	user 0.008s	sys 0.004s
I20260713 09:10:35.365564 23312 tablet_copy_service.cc:342] P 272b85a7df37488c80e82af159d371b1: Request end of tablet copy session ab0ee14af1234a98a375fe995a09fee6-9e59c046a63f4e00beeb30fb83e15e7b received from {username='slave'} at 127.0.0.1:38904
I20260713 09:10:35.366093 23312 tablet_copy_service.cc:434] P 272b85a7df37488c80e82af159d371b1: ending tablet copy session ab0ee14af1234a98a375fe995a09fee6-9e59c046a63f4e00beeb30fb83e15e7b on tablet 9e59c046a63f4e00beeb30fb83e15e7b with peer ab0ee14af1234a98a375fe995a09fee6
I20260713 09:10:35.376758 23732 tablet_copy_client.cc:806] T 038cc8368dea45ec8b2716b2c2f625d6 P ab0ee14af1234a98a375fe995a09fee6: tablet copy: Starting download of 0 data blocks...
I20260713 09:10:35.377372 23732 tablet_copy_client.cc:670] T 038cc8368dea45ec8b2716b2c2f625d6 P ab0ee14af1234a98a375fe995a09fee6: tablet copy: Starting download of 1 WAL segments...
I20260713 09:10:35.381162 23732 tablet_copy_client.cc:538] T 038cc8368dea45ec8b2716b2c2f625d6 P ab0ee14af1234a98a375fe995a09fee6: tablet copy: Tablet Copy complete. Replacing tablet superblock.
I20260713 09:10:35.387477 23732 tablet_bootstrap.cc:492] T 038cc8368dea45ec8b2716b2c2f625d6 P ab0ee14af1234a98a375fe995a09fee6: Bootstrap starting.
I20260713 09:10:35.407819 23732 tablet_bootstrap.cc:492] T 038cc8368dea45ec8b2716b2c2f625d6 P ab0ee14af1234a98a375fe995a09fee6: Bootstrap replayed 1/1 log segments. Stats: ops{read=2 overwritten=0 applied=2 ignored=0} inserts{seen=0 ignored=0} mutations{seen=0 ignored=0} orphaned_commits=0. Pending: 0 replicates
I20260713 09:10:35.408705 23732 tablet_bootstrap.cc:492] T 038cc8368dea45ec8b2716b2c2f625d6 P ab0ee14af1234a98a375fe995a09fee6: Bootstrap complete.
I20260713 09:10:35.409345 23732 ts_tablet_manager.cc:1403] T 038cc8368dea45ec8b2716b2c2f625d6 P ab0ee14af1234a98a375fe995a09fee6: Time spent bootstrapping tablet: real 0.022s	user 0.022s	sys 0.001s
I20260713 09:10:35.411845 23732 raft_consensus.cc:359] T 038cc8368dea45ec8b2716b2c2f625d6 P ab0ee14af1234a98a375fe995a09fee6 [term 1 LEARNER]: Replica starting. Triggering 0 pending ops. Active config: opid_index: 2 OBSOLETE_local: false peers { permanent_uuid: "dca0cd2bff824aec898de52a33e841c0" member_type: VOTER last_known_addr { host: "127.21.143.1" port: 46619 } } peers { permanent_uuid: "272b85a7df37488c80e82af159d371b1" member_type: VOTER last_known_addr { host: "127.21.143.2" port: 33391 } attrs { replace: true } } peers { permanent_uuid: "11748082a35f406bb1db720d2a8201b3" member_type: VOTER last_known_addr { host: "127.21.143.3" port: 42121 } } peers { permanent_uuid: "ab0ee14af1234a98a375fe995a09fee6" member_type: NON_VOTER last_known_addr { host: "127.21.143.4" port: 35325 } attrs { promote: true } }
I20260713 09:10:35.412734 23732 raft_consensus.cc:740] T 038cc8368dea45ec8b2716b2c2f625d6 P ab0ee14af1234a98a375fe995a09fee6 [term 1 LEARNER]: Becoming Follower/Learner. State: Replica: ab0ee14af1234a98a375fe995a09fee6, State: Initialized, Role: LEARNER
I20260713 09:10:35.413407 23732 consensus_queue.cc:260] T 038cc8368dea45ec8b2716b2c2f625d6 P ab0ee14af1234a98a375fe995a09fee6 [NON_LEADER]: Queue going to NON_LEADER mode. State: All replicated index: 0, Majority replicated index: 0, Committed index: 2, Last appended: 1.2, Last appended by leader: 2, Current term: 0, Majority size: -1, State: 0, Mode: NON_LEADER, active raft config: opid_index: 2 OBSOLETE_local: false peers { permanent_uuid: "dca0cd2bff824aec898de52a33e841c0" member_type: VOTER last_known_addr { host: "127.21.143.1" port: 46619 } } peers { permanent_uuid: "272b85a7df37488c80e82af159d371b1" member_type: VOTER last_known_addr { host: "127.21.143.2" port: 33391 } attrs { replace: true } } peers { permanent_uuid: "11748082a35f406bb1db720d2a8201b3" member_type: VOTER last_known_addr { host: "127.21.143.3" port: 42121 } } peers { permanent_uuid: "ab0ee14af1234a98a375fe995a09fee6" member_type: NON_VOTER last_known_addr { host: "127.21.143.4" port: 35325 } attrs { promote: true } }
I20260713 09:10:35.415573 23732 ts_tablet_manager.cc:1434] T 038cc8368dea45ec8b2716b2c2f625d6 P ab0ee14af1234a98a375fe995a09fee6: Time spent starting tablet: real 0.006s	user 0.004s	sys 0.000s
I20260713 09:10:35.417363 23386 tablet_copy_service.cc:342] P 11748082a35f406bb1db720d2a8201b3: Request end of tablet copy session ab0ee14af1234a98a375fe995a09fee6-038cc8368dea45ec8b2716b2c2f625d6 received from {username='slave'} at 127.0.0.1:49910
I20260713 09:10:35.417788 23386 tablet_copy_service.cc:434] P 11748082a35f406bb1db720d2a8201b3: ending tablet copy session ab0ee14af1234a98a375fe995a09fee6-038cc8368dea45ec8b2716b2c2f625d6 on tablet 038cc8368dea45ec8b2716b2c2f625d6 with peer ab0ee14af1234a98a375fe995a09fee6
I20260713 09:10:35.457008 23732 ts_tablet_manager.cc:933] T 41f123ca675c4899bc493563fa345a62 P ab0ee14af1234a98a375fe995a09fee6: Initiating tablet copy from peer dca0cd2bff824aec898de52a33e841c0 (127.21.143.1:46619)
I20260713 09:10:35.458675 23732 tablet_copy_client.cc:323] T 41f123ca675c4899bc493563fa345a62 P ab0ee14af1234a98a375fe995a09fee6: tablet copy: Beginning tablet copy session from remote peer at address 127.21.143.1:46619
I20260713 09:10:35.470443 23237 tablet_copy_service.cc:140] P dca0cd2bff824aec898de52a33e841c0: Received BeginTabletCopySession request for tablet 41f123ca675c4899bc493563fa345a62 from peer ab0ee14af1234a98a375fe995a09fee6 ({username='slave'} at 127.0.0.1:46200)
I20260713 09:10:35.471029 23237 tablet_copy_service.cc:161] P dca0cd2bff824aec898de52a33e841c0: Beginning new tablet copy session on tablet 41f123ca675c4899bc493563fa345a62 from peer ab0ee14af1234a98a375fe995a09fee6 at {username='slave'} at 127.0.0.1:46200: session id = ab0ee14af1234a98a375fe995a09fee6-41f123ca675c4899bc493563fa345a62
I20260713 09:10:35.477026 23237 tablet_copy_source_session.cc:215] T 41f123ca675c4899bc493563fa345a62 P dca0cd2bff824aec898de52a33e841c0: Tablet Copy: opened 0 blocks and 1 log segments
I20260713 09:10:35.480027 23732 data_dirs.cc:400] Could only allocate 1 dirs of requested 3 for tablet 41f123ca675c4899bc493563fa345a62. 1 dirs total, 0 dirs full, 0 dirs failed
I20260713 09:10:35.492305 23732 tablet_copy_client.cc:806] T 41f123ca675c4899bc493563fa345a62 P ab0ee14af1234a98a375fe995a09fee6: tablet copy: Starting download of 0 data blocks...
I20260713 09:10:35.492944 23732 tablet_copy_client.cc:670] T 41f123ca675c4899bc493563fa345a62 P ab0ee14af1234a98a375fe995a09fee6: tablet copy: Starting download of 1 WAL segments...
I20260713 09:10:35.496790 23732 tablet_copy_client.cc:538] T 41f123ca675c4899bc493563fa345a62 P ab0ee14af1234a98a375fe995a09fee6: tablet copy: Tablet Copy complete. Replacing tablet superblock.
I20260713 09:10:35.503486 23732 tablet_bootstrap.cc:492] T 41f123ca675c4899bc493563fa345a62 P ab0ee14af1234a98a375fe995a09fee6: Bootstrap starting.
I20260713 09:10:35.520340 23732 tablet_bootstrap.cc:492] T 41f123ca675c4899bc493563fa345a62 P ab0ee14af1234a98a375fe995a09fee6: Bootstrap replayed 1/1 log segments. Stats: ops{read=2 overwritten=0 applied=2 ignored=0} inserts{seen=0 ignored=0} mutations{seen=0 ignored=0} orphaned_commits=0. Pending: 0 replicates
I20260713 09:10:35.521304 23732 tablet_bootstrap.cc:492] T 41f123ca675c4899bc493563fa345a62 P ab0ee14af1234a98a375fe995a09fee6: Bootstrap complete.
I20260713 09:10:35.521970 23732 ts_tablet_manager.cc:1403] T 41f123ca675c4899bc493563fa345a62 P ab0ee14af1234a98a375fe995a09fee6: Time spent bootstrapping tablet: real 0.019s	user 0.012s	sys 0.007s
I20260713 09:10:35.524861 23732 raft_consensus.cc:359] T 41f123ca675c4899bc493563fa345a62 P ab0ee14af1234a98a375fe995a09fee6 [term 1 LEARNER]: Replica starting. Triggering 0 pending ops. Active config: opid_index: 2 OBSOLETE_local: false peers { permanent_uuid: "dca0cd2bff824aec898de52a33e841c0" member_type: VOTER last_known_addr { host: "127.21.143.1" port: 46619 } } peers { permanent_uuid: "272b85a7df37488c80e82af159d371b1" member_type: VOTER last_known_addr { host: "127.21.143.2" port: 33391 } } peers { permanent_uuid: "11748082a35f406bb1db720d2a8201b3" member_type: VOTER last_known_addr { host: "127.21.143.3" port: 42121 } attrs { replace: true } } peers { permanent_uuid: "ab0ee14af1234a98a375fe995a09fee6" member_type: NON_VOTER last_known_addr { host: "127.21.143.4" port: 35325 } attrs { promote: true } }
I20260713 09:10:35.525717 23732 raft_consensus.cc:740] T 41f123ca675c4899bc493563fa345a62 P ab0ee14af1234a98a375fe995a09fee6 [term 1 LEARNER]: Becoming Follower/Learner. State: Replica: ab0ee14af1234a98a375fe995a09fee6, State: Initialized, Role: LEARNER
I20260713 09:10:35.526351 23732 consensus_queue.cc:260] T 41f123ca675c4899bc493563fa345a62 P ab0ee14af1234a98a375fe995a09fee6 [NON_LEADER]: Queue going to NON_LEADER mode. State: All replicated index: 0, Majority replicated index: 0, Committed index: 2, Last appended: 1.2, Last appended by leader: 2, Current term: 0, Majority size: -1, State: 0, Mode: NON_LEADER, active raft config: opid_index: 2 OBSOLETE_local: false peers { permanent_uuid: "dca0cd2bff824aec898de52a33e841c0" member_type: VOTER last_known_addr { host: "127.21.143.1" port: 46619 } } peers { permanent_uuid: "272b85a7df37488c80e82af159d371b1" member_type: VOTER last_known_addr { host: "127.21.143.2" port: 33391 } } peers { permanent_uuid: "11748082a35f406bb1db720d2a8201b3" member_type: VOTER last_known_addr { host: "127.21.143.3" port: 42121 } attrs { replace: true } } peers { permanent_uuid: "ab0ee14af1234a98a375fe995a09fee6" member_type: NON_VOTER last_known_addr { host: "127.21.143.4" port: 35325 } attrs { promote: true } }
I20260713 09:10:35.528620 23732 ts_tablet_manager.cc:1434] T 41f123ca675c4899bc493563fa345a62 P ab0ee14af1234a98a375fe995a09fee6: Time spent starting tablet: real 0.006s	user 0.004s	sys 0.000s
I20260713 09:10:35.530810 23729 ts_tablet_manager.cc:933] T 669122cb5a7448f3ae310e08b113dba3 P ab0ee14af1234a98a375fe995a09fee6: Initiating tablet copy from peer 11748082a35f406bb1db720d2a8201b3 (127.21.143.3:42121)
I20260713 09:10:35.530794 23237 tablet_copy_service.cc:342] P dca0cd2bff824aec898de52a33e841c0: Request end of tablet copy session ab0ee14af1234a98a375fe995a09fee6-41f123ca675c4899bc493563fa345a62 received from {username='slave'} at 127.0.0.1:46200
I20260713 09:10:35.531368 23237 tablet_copy_service.cc:434] P dca0cd2bff824aec898de52a33e841c0: ending tablet copy session ab0ee14af1234a98a375fe995a09fee6-41f123ca675c4899bc493563fa345a62 on tablet 41f123ca675c4899bc493563fa345a62 with peer ab0ee14af1234a98a375fe995a09fee6
I20260713 09:10:35.535449 23729 tablet_copy_client.cc:323] T 669122cb5a7448f3ae310e08b113dba3 P ab0ee14af1234a98a375fe995a09fee6: tablet copy: Beginning tablet copy session from remote peer at address 127.21.143.3:42121
I20260713 09:10:35.537274 23386 tablet_copy_service.cc:140] P 11748082a35f406bb1db720d2a8201b3: Received BeginTabletCopySession request for tablet 669122cb5a7448f3ae310e08b113dba3 from peer ab0ee14af1234a98a375fe995a09fee6 ({username='slave'} at 127.0.0.1:49910)
I20260713 09:10:35.537840 23386 tablet_copy_service.cc:161] P 11748082a35f406bb1db720d2a8201b3: Beginning new tablet copy session on tablet 669122cb5a7448f3ae310e08b113dba3 from peer ab0ee14af1234a98a375fe995a09fee6 at {username='slave'} at 127.0.0.1:49910: session id = ab0ee14af1234a98a375fe995a09fee6-669122cb5a7448f3ae310e08b113dba3
I20260713 09:10:35.548338 23386 tablet_copy_source_session.cc:215] T 669122cb5a7448f3ae310e08b113dba3 P 11748082a35f406bb1db720d2a8201b3: Tablet Copy: opened 0 blocks and 1 log segments
I20260713 09:10:35.551719 23729 data_dirs.cc:400] Could only allocate 1 dirs of requested 3 for tablet 669122cb5a7448f3ae310e08b113dba3. 1 dirs total, 0 dirs full, 0 dirs failed
I20260713 09:10:35.563627 23729 tablet_copy_client.cc:806] T 669122cb5a7448f3ae310e08b113dba3 P ab0ee14af1234a98a375fe995a09fee6: tablet copy: Starting download of 0 data blocks...
I20260713 09:10:35.564157 23729 tablet_copy_client.cc:670] T 669122cb5a7448f3ae310e08b113dba3 P ab0ee14af1234a98a375fe995a09fee6: tablet copy: Starting download of 1 WAL segments...
I20260713 09:10:35.567795 23729 tablet_copy_client.cc:538] T 669122cb5a7448f3ae310e08b113dba3 P ab0ee14af1234a98a375fe995a09fee6: tablet copy: Tablet Copy complete. Replacing tablet superblock.
I20260713 09:10:35.576695 23729 tablet_bootstrap.cc:492] T 669122cb5a7448f3ae310e08b113dba3 P ab0ee14af1234a98a375fe995a09fee6: Bootstrap starting.
