I20260713 09:10:29.634449 28710 raft_consensus.cc:515] T b22b5eb726104ba78c5262ea6f38df4e P 1b9eae5d2b1f40308d76f0dbb8b93873 [term 1 FOLLOWER]: Starting leader election with config: opid_index: -1 OBSOLETE_local: false peers { permanent_uuid: "704d4d3057cc40069f33882f3c0ef197" member_type: VOTER last_known_addr { host: "127.26.164.193" port: 45507 } } peers { permanent_uuid: "c8c7f48e481748dda1aa60a0f05ae933" member_type: VOTER last_known_addr { host: "127.26.164.194" port: 44051 } } peers { permanent_uuid: "1b9eae5d2b1f40308d76f0dbb8b93873" member_type: VOTER last_known_addr { host: "127.26.164.195" port: 34721 } }
I20260713 09:10:29.634877 28654 raft_consensus.cc:515] T 330a41b2f96e47249402b0f5d73d5d7a P 1b9eae5d2b1f40308d76f0dbb8b93873 [term 1 FOLLOWER]: Starting leader election with config: opid_index: -1 OBSOLETE_local: false peers { permanent_uuid: "704d4d3057cc40069f33882f3c0ef197" member_type: VOTER last_known_addr { host: "127.26.164.193" port: 45507 } } peers { permanent_uuid: "c8c7f48e481748dda1aa60a0f05ae933" member_type: VOTER last_known_addr { host: "127.26.164.194" port: 44051 } } peers { permanent_uuid: "1b9eae5d2b1f40308d76f0dbb8b93873" member_type: VOTER last_known_addr { host: "127.26.164.195" port: 34721 } }
I20260713 09:10:29.641652 28395 tablet_service.cc:1917] Received RequestConsensusVote() RPC: tablet_id: "34df44189ea6421ebf3bda687a9862b3" candidate_uuid: "1b9eae5d2b1f40308d76f0dbb8b93873" candidate_term: 1 candidate_status { last_received { term: 0 index: 0 } } ignore_live_leader: false dest_uuid: "704d4d3057cc40069f33882f3c0ef197"
I20260713 09:10:29.642311 28395 raft_consensus.cc:3060] T 34df44189ea6421ebf3bda687a9862b3 P 704d4d3057cc40069f33882f3c0ef197 [term 0 FOLLOWER]: Advancing to term 1
I20260713 09:10:29.642457 28707 raft_consensus.cc:515] T 5a87136c2b284305ac7b5cfe40648674 P 704d4d3057cc40069f33882f3c0ef197 [term 1 FOLLOWER]: Starting leader election with config: opid_index: -1 OBSOLETE_local: false peers { permanent_uuid: "704d4d3057cc40069f33882f3c0ef197" member_type: VOTER last_known_addr { host: "127.26.164.193" port: 45507 } } peers { permanent_uuid: "c8c7f48e481748dda1aa60a0f05ae933" member_type: VOTER last_known_addr { host: "127.26.164.194" port: 44051 } } peers { permanent_uuid: "1b9eae5d2b1f40308d76f0dbb8b93873" member_type: VOTER last_known_addr { host: "127.26.164.195" port: 34721 } }
I20260713 09:10:29.644212 28707 leader_election.cc:290] T 5a87136c2b284305ac7b5cfe40648674 P 704d4d3057cc40069f33882f3c0ef197 [CANDIDATE]: Term 1 election: Requested vote from peers c8c7f48e481748dda1aa60a0f05ae933 (127.26.164.194:44051), 1b9eae5d2b1f40308d76f0dbb8b93873 (127.26.164.195:34721)
I20260713 09:10:29.645291 28545 tablet_service.cc:1917] Received RequestConsensusVote() RPC: tablet_id: "5a87136c2b284305ac7b5cfe40648674" candidate_uuid: "704d4d3057cc40069f33882f3c0ef197" candidate_term: 1 candidate_status { last_received { term: 0 index: 0 } } ignore_live_leader: false dest_uuid: "1b9eae5d2b1f40308d76f0dbb8b93873"
I20260713 09:10:29.645617 28546 tablet_service.cc:1917] Received RequestConsensusVote() RPC: tablet_id: "b22b5eb726104ba78c5262ea6f38df4e" candidate_uuid: "704d4d3057cc40069f33882f3c0ef197" candidate_term: 1 candidate_status { last_received { term: 0 index: 0 } } ignore_live_leader: false dest_uuid: "1b9eae5d2b1f40308d76f0dbb8b93873" is_pre_election: true
I20260713 09:10:29.645861 28545 raft_consensus.cc:3060] T 5a87136c2b284305ac7b5cfe40648674 P 1b9eae5d2b1f40308d76f0dbb8b93873 [term 0 FOLLOWER]: Advancing to term 1
I20260713 09:10:29.646355 28546 raft_consensus.cc:2393] T b22b5eb726104ba78c5262ea6f38df4e P 1b9eae5d2b1f40308d76f0dbb8b93873 [term 1 FOLLOWER]: Leader pre-election vote request: Denying vote to candidate 704d4d3057cc40069f33882f3c0ef197 in current term 1: Already voted for candidate 1b9eae5d2b1f40308d76f0dbb8b93873 in this term.
I20260713 09:10:29.649026 28472 raft_consensus.cc:2468] T 34df44189ea6421ebf3bda687a9862b3 P c8c7f48e481748dda1aa60a0f05ae933 [term 1 FOLLOWER]: Leader election vote request: Granting yes vote for candidate 1b9eae5d2b1f40308d76f0dbb8b93873 in term 1.
I20260713 09:10:29.640976 28634 raft_consensus.cc:515] T b22b5eb726104ba78c5262ea6f38df4e P 704d4d3057cc40069f33882f3c0ef197 [term 1 FOLLOWER]: Starting leader election with config: opid_index: -1 OBSOLETE_local: false peers { permanent_uuid: "704d4d3057cc40069f33882f3c0ef197" member_type: VOTER last_known_addr { host: "127.26.164.193" port: 45507 } } peers { permanent_uuid: "c8c7f48e481748dda1aa60a0f05ae933" member_type: VOTER last_known_addr { host: "127.26.164.194" port: 44051 } } peers { permanent_uuid: "1b9eae5d2b1f40308d76f0dbb8b93873" member_type: VOTER last_known_addr { host: "127.26.164.195" port: 34721 } }
I20260713 09:10:29.655562 28710 leader_election.cc:290] T b22b5eb726104ba78c5262ea6f38df4e P 1b9eae5d2b1f40308d76f0dbb8b93873 [CANDIDATE]: Term 1 election: Requested vote from peers 704d4d3057cc40069f33882f3c0ef197 (127.26.164.193:45507), c8c7f48e481748dda1aa60a0f05ae933 (127.26.164.194:44051)
I20260713 09:10:29.658324 28294 catalog_manager.cc:5697] T bef7f64886834c81b8c7cb6ea5d6732d P 1b9eae5d2b1f40308d76f0dbb8b93873 reported cstate change: term changed from 0 to 1, leader changed from <none> to 1b9eae5d2b1f40308d76f0dbb8b93873 (127.26.164.195). New cstate: current_term: 1 leader_uuid: "1b9eae5d2b1f40308d76f0dbb8b93873" committed_config { opid_index: -1 OBSOLETE_local: false peers { permanent_uuid: "704d4d3057cc40069f33882f3c0ef197" member_type: VOTER last_known_addr { host: "127.26.164.193" port: 45507 } health_report { overall_health: UNKNOWN } } peers { permanent_uuid: "c8c7f48e481748dda1aa60a0f05ae933" member_type: VOTER last_known_addr { host: "127.26.164.194" port: 44051 } health_report { overall_health: UNKNOWN } } peers { permanent_uuid: "1b9eae5d2b1f40308d76f0dbb8b93873" member_type: VOTER last_known_addr { host: "127.26.164.195" port: 34721 } health_report { overall_health: HEALTHY } } }
I20260713 09:10:29.659163 28397 tablet_service.cc:1917] Received RequestConsensusVote() RPC: tablet_id: "b22b5eb726104ba78c5262ea6f38df4e" candidate_uuid: "1b9eae5d2b1f40308d76f0dbb8b93873" candidate_term: 1 candidate_status { last_received { term: 0 index: 0 } } ignore_live_leader: false dest_uuid: "704d4d3057cc40069f33882f3c0ef197"
I20260713 09:10:29.659926 28545 raft_consensus.cc:2468] T 5a87136c2b284305ac7b5cfe40648674 P 1b9eae5d2b1f40308d76f0dbb8b93873 [term 1 FOLLOWER]: Leader election vote request: Granting yes vote for candidate 704d4d3057cc40069f33882f3c0ef197 in term 1.
I20260713 09:10:29.660156 28512 leader_election.cc:304] T 34df44189ea6421ebf3bda687a9862b3 P 1b9eae5d2b1f40308d76f0dbb8b93873 [CANDIDATE]: Term 1 election: Election decided. Result: candidate won. Election summary: received 2 responses out of 3 voters: 2 yes votes; 0 no votes. yes voters: 1b9eae5d2b1f40308d76f0dbb8b93873, c8c7f48e481748dda1aa60a0f05ae933; no voters: 
I20260713 09:10:29.660697 28395 raft_consensus.cc:2468] T 34df44189ea6421ebf3bda687a9862b3 P 704d4d3057cc40069f33882f3c0ef197 [term 1 FOLLOWER]: Leader election vote request: Granting yes vote for candidate 1b9eae5d2b1f40308d76f0dbb8b93873 in term 1.
I20260713 09:10:29.660943 28364 leader_election.cc:304] T 5a87136c2b284305ac7b5cfe40648674 P 704d4d3057cc40069f33882f3c0ef197 [CANDIDATE]: Term 1 election: Election decided. Result: candidate won. Election summary: received 2 responses out of 3 voters: 2 yes votes; 0 no votes. yes voters: 1b9eae5d2b1f40308d76f0dbb8b93873, 704d4d3057cc40069f33882f3c0ef197; no voters: 
I20260713 09:10:29.661329 28473 tablet_service.cc:1917] Received RequestConsensusVote() RPC: tablet_id: "b22b5eb726104ba78c5262ea6f38df4e" candidate_uuid: "704d4d3057cc40069f33882f3c0ef197" candidate_term: 1 candidate_status { last_received { term: 0 index: 0 } } ignore_live_leader: false dest_uuid: "c8c7f48e481748dda1aa60a0f05ae933"
I20260713 09:10:29.661707 28604 raft_consensus.cc:2804] T 5a87136c2b284305ac7b5cfe40648674 P 704d4d3057cc40069f33882f3c0ef197 [term 1 FOLLOWER]: Leader election won for term 1
I20260713 09:10:29.661866 28473 raft_consensus.cc:3060] T b22b5eb726104ba78c5262ea6f38df4e P c8c7f48e481748dda1aa60a0f05ae933 [term 0 FOLLOWER]: Advancing to term 1
I20260713 09:10:29.662149 28604 raft_consensus.cc:697] T 5a87136c2b284305ac7b5cfe40648674 P 704d4d3057cc40069f33882f3c0ef197 [term 1 LEADER]: Becoming Leader. State: Replica: 704d4d3057cc40069f33882f3c0ef197, State: Running, Role: LEADER
I20260713 09:10:29.662966 28604 consensus_queue.cc:237] T 5a87136c2b284305ac7b5cfe40648674 P 704d4d3057cc40069f33882f3c0ef197 [LEADER]: Queue going to LEADER mode. State: All replicated index: 0, Majority replicated index: 0, Committed index: 0, Last appended: 0.0, Last appended by leader: 0, Current term: 1, Majority size: 2, State: 0, Mode: LEADER, active raft config: opid_index: -1 OBSOLETE_local: false peers { permanent_uuid: "704d4d3057cc40069f33882f3c0ef197" member_type: VOTER last_known_addr { host: "127.26.164.193" port: 45507 } } peers { permanent_uuid: "c8c7f48e481748dda1aa60a0f05ae933" member_type: VOTER last_known_addr { host: "127.26.164.194" port: 44051 } } peers { permanent_uuid: "1b9eae5d2b1f40308d76f0dbb8b93873" member_type: VOTER last_known_addr { host: "127.26.164.195" port: 34721 } }
I20260713 09:10:29.659940 28397 raft_consensus.cc:2393] T b22b5eb726104ba78c5262ea6f38df4e P 704d4d3057cc40069f33882f3c0ef197 [term 1 FOLLOWER]: Leader election vote request: Denying vote to candidate 1b9eae5d2b1f40308d76f0dbb8b93873 in current term 1: Already voted for candidate 704d4d3057cc40069f33882f3c0ef197 in this term.
I20260713 09:10:29.660284 28546 tablet_service.cc:1917] Received RequestConsensusVote() RPC: tablet_id: "b22b5eb726104ba78c5262ea6f38df4e" candidate_uuid: "704d4d3057cc40069f33882f3c0ef197" candidate_term: 1 candidate_status { last_received { term: 0 index: 0 } } ignore_live_leader: false dest_uuid: "1b9eae5d2b1f40308d76f0dbb8b93873"
I20260713 09:10:29.667234 28472 tablet_service.cc:1917] Received RequestConsensusVote() RPC: tablet_id: "5a87136c2b284305ac7b5cfe40648674" candidate_uuid: "704d4d3057cc40069f33882f3c0ef197" candidate_term: 1 candidate_status { last_received { term: 0 index: 0 } } ignore_live_leader: false dest_uuid: "c8c7f48e481748dda1aa60a0f05ae933"
I20260713 09:10:29.665565 28470 tablet_service.cc:1917] Received RequestConsensusVote() RPC: tablet_id: "b22b5eb726104ba78c5262ea6f38df4e" candidate_uuid: "1b9eae5d2b1f40308d76f0dbb8b93873" candidate_term: 1 candidate_status { last_received { term: 0 index: 0 } } ignore_live_leader: false dest_uuid: "c8c7f48e481748dda1aa60a0f05ae933"
I20260713 09:10:29.661674 28711 raft_consensus.cc:2804] T 34df44189ea6421ebf3bda687a9862b3 P 1b9eae5d2b1f40308d76f0dbb8b93873 [term 1 FOLLOWER]: Leader election won for term 1
I20260713 09:10:29.672989 28546 raft_consensus.cc:2393] T b22b5eb726104ba78c5262ea6f38df4e P 1b9eae5d2b1f40308d76f0dbb8b93873 [term 1 FOLLOWER]: Leader election vote request: Denying vote to candidate 704d4d3057cc40069f33882f3c0ef197 in current term 1: Already voted for candidate 1b9eae5d2b1f40308d76f0dbb8b93873 in this term.
I20260713 09:10:29.678920 28473 raft_consensus.cc:2468] T b22b5eb726104ba78c5262ea6f38df4e P c8c7f48e481748dda1aa60a0f05ae933 [term 1 FOLLOWER]: Leader election vote request: Granting yes vote for candidate 704d4d3057cc40069f33882f3c0ef197 in term 1.
I20260713 09:10:29.680279 28363 leader_election.cc:304] T b22b5eb726104ba78c5262ea6f38df4e P 704d4d3057cc40069f33882f3c0ef197 [CANDIDATE]: Term 1 election: Election decided. Result: candidate won. Election summary: received 3 responses out of 3 voters: 2 yes votes; 1 no votes. yes voters: 704d4d3057cc40069f33882f3c0ef197, c8c7f48e481748dda1aa60a0f05ae933; no voters: 1b9eae5d2b1f40308d76f0dbb8b93873
I20260713 09:10:29.672191 28472 raft_consensus.cc:3060] T 5a87136c2b284305ac7b5cfe40648674 P c8c7f48e481748dda1aa60a0f05ae933 [term 0 FOLLOWER]: Advancing to term 1
I20260713 09:10:29.683988 28512 leader_election.cc:304] T b22b5eb726104ba78c5262ea6f38df4e P 1b9eae5d2b1f40308d76f0dbb8b93873 [CANDIDATE]: Term 1 election: Election decided. Result: candidate lost. Election summary: received 3 responses out of 3 voters: 1 yes votes; 2 no votes. yes voters: 1b9eae5d2b1f40308d76f0dbb8b93873; no voters: 704d4d3057cc40069f33882f3c0ef197, c8c7f48e481748dda1aa60a0f05ae933
I20260713 09:10:29.684188 28711 raft_consensus.cc:697] T 34df44189ea6421ebf3bda687a9862b3 P 1b9eae5d2b1f40308d76f0dbb8b93873 [term 1 LEADER]: Becoming Leader. State: Replica: 1b9eae5d2b1f40308d76f0dbb8b93873, State: Running, Role: LEADER
I20260713 09:10:29.668677 28634 leader_election.cc:290] T b22b5eb726104ba78c5262ea6f38df4e P 704d4d3057cc40069f33882f3c0ef197 [CANDIDATE]: Term 1 election: Requested vote from peers c8c7f48e481748dda1aa60a0f05ae933 (127.26.164.194:44051), 1b9eae5d2b1f40308d76f0dbb8b93873 (127.26.164.195:34721)
I20260713 09:10:29.685950 28710 raft_consensus.cc:2749] T b22b5eb726104ba78c5262ea6f38df4e P 1b9eae5d2b1f40308d76f0dbb8b93873 [term 1 FOLLOWER]: Leader election lost for term 1. Reason: could not achieve majority
I20260713 09:10:29.692322 28711 consensus_queue.cc:237] T 34df44189ea6421ebf3bda687a9862b3 P 1b9eae5d2b1f40308d76f0dbb8b93873 [LEADER]: Queue going to LEADER mode. State: All replicated index: 0, Majority replicated index: 0, Committed index: 0, Last appended: 0.0, Last appended by leader: 0, Current term: 1, Majority size: 2, State: 0, Mode: LEADER, active raft config: opid_index: -1 OBSOLETE_local: false peers { permanent_uuid: "704d4d3057cc40069f33882f3c0ef197" member_type: VOTER last_known_addr { host: "127.26.164.193" port: 45507 } } peers { permanent_uuid: "c8c7f48e481748dda1aa60a0f05ae933" member_type: VOTER last_known_addr { host: "127.26.164.194" port: 44051 } } peers { permanent_uuid: "1b9eae5d2b1f40308d76f0dbb8b93873" member_type: VOTER last_known_addr { host: "127.26.164.195" port: 34721 } }
I20260713 09:10:29.693275 28294 catalog_manager.cc:5697] T 5a87136c2b284305ac7b5cfe40648674 P 704d4d3057cc40069f33882f3c0ef197 reported cstate change: term changed from 0 to 1, leader changed from <none> to 704d4d3057cc40069f33882f3c0ef197 (127.26.164.193). New cstate: current_term: 1 leader_uuid: "704d4d3057cc40069f33882f3c0ef197" committed_config { opid_index: -1 OBSOLETE_local: false peers { permanent_uuid: "704d4d3057cc40069f33882f3c0ef197" member_type: VOTER last_known_addr { host: "127.26.164.193" port: 45507 } health_report { overall_health: HEALTHY } } peers { permanent_uuid: "c8c7f48e481748dda1aa60a0f05ae933" member_type: VOTER last_known_addr { host: "127.26.164.194" port: 44051 } health_report { overall_health: UNKNOWN } } peers { permanent_uuid: "1b9eae5d2b1f40308d76f0dbb8b93873" member_type: VOTER last_known_addr { host: "127.26.164.195" port: 34721 } health_report { overall_health: UNKNOWN } } }
I20260713 09:10:29.694557 28397 tablet_service.cc:1917] Received RequestConsensusVote() RPC: tablet_id: "330a41b2f96e47249402b0f5d73d5d7a" candidate_uuid: "1b9eae5d2b1f40308d76f0dbb8b93873" candidate_term: 1 candidate_status { last_received { term: 0 index: 0 } } ignore_live_leader: false dest_uuid: "704d4d3057cc40069f33882f3c0ef197"
I20260713 09:10:29.695156 28397 raft_consensus.cc:3060] T 330a41b2f96e47249402b0f5d73d5d7a P 704d4d3057cc40069f33882f3c0ef197 [term 0 FOLLOWER]: Advancing to term 1
I20260713 09:10:29.698360 28295 catalog_manager.cc:5697] T 88212922a56442f6b9d69dc821bc0b4c P c8c7f48e481748dda1aa60a0f05ae933 reported cstate change: term changed from 0 to 1, leader changed from <none> to c8c7f48e481748dda1aa60a0f05ae933 (127.26.164.194). New cstate: current_term: 1 leader_uuid: "c8c7f48e481748dda1aa60a0f05ae933" committed_config { opid_index: -1 OBSOLETE_local: false peers { permanent_uuid: "704d4d3057cc40069f33882f3c0ef197" member_type: VOTER last_known_addr { host: "127.26.164.193" port: 45507 } health_report { overall_health: UNKNOWN } } peers { permanent_uuid: "c8c7f48e481748dda1aa60a0f05ae933" member_type: VOTER last_known_addr { host: "127.26.164.194" port: 44051 } health_report { overall_health: HEALTHY } } peers { permanent_uuid: "1b9eae5d2b1f40308d76f0dbb8b93873" member_type: VOTER last_known_addr { host: "127.26.164.195" port: 34721 } health_report { overall_health: UNKNOWN } } }
I20260713 09:10:29.701757 28397 raft_consensus.cc:2468] T 330a41b2f96e47249402b0f5d73d5d7a P 704d4d3057cc40069f33882f3c0ef197 [term 1 FOLLOWER]: Leader election vote request: Granting yes vote for candidate 1b9eae5d2b1f40308d76f0dbb8b93873 in term 1.
I20260713 09:10:29.703256 28511 leader_election.cc:304] T 330a41b2f96e47249402b0f5d73d5d7a P 1b9eae5d2b1f40308d76f0dbb8b93873 [CANDIDATE]: Term 1 election: Election decided. Result: candidate won. Election summary: received 2 responses out of 3 voters: 2 yes votes; 0 no votes. yes voters: 1b9eae5d2b1f40308d76f0dbb8b93873, 704d4d3057cc40069f33882f3c0ef197; no voters: 
I20260713 09:10:29.703996 28710 raft_consensus.cc:2804] T 330a41b2f96e47249402b0f5d73d5d7a P 1b9eae5d2b1f40308d76f0dbb8b93873 [term 1 FOLLOWER]: Leader election won for term 1
I20260713 09:10:29.704505 28710 raft_consensus.cc:697] T 330a41b2f96e47249402b0f5d73d5d7a P 1b9eae5d2b1f40308d76f0dbb8b93873 [term 1 LEADER]: Becoming Leader. State: Replica: 1b9eae5d2b1f40308d76f0dbb8b93873, State: Running, Role: LEADER
I20260713 09:10:29.686888 28707 raft_consensus.cc:2804] T b22b5eb726104ba78c5262ea6f38df4e P 704d4d3057cc40069f33882f3c0ef197 [term 1 FOLLOWER]: Leader election won for term 1
I20260713 09:10:29.706058 28710 consensus_queue.cc:237] T 330a41b2f96e47249402b0f5d73d5d7a P 1b9eae5d2b1f40308d76f0dbb8b93873 [LEADER]: Queue going to LEADER mode. State: All replicated index: 0, Majority replicated index: 0, Committed index: 0, Last appended: 0.0, Last appended by leader: 0, Current term: 1, Majority size: 2, State: 0, Mode: LEADER, active raft config: opid_index: -1 OBSOLETE_local: false peers { permanent_uuid: "704d4d3057cc40069f33882f3c0ef197" member_type: VOTER last_known_addr { host: "127.26.164.193" port: 45507 } } peers { permanent_uuid: "c8c7f48e481748dda1aa60a0f05ae933" member_type: VOTER last_known_addr { host: "127.26.164.194" port: 44051 } } peers { permanent_uuid: "1b9eae5d2b1f40308d76f0dbb8b93873" member_type: VOTER last_known_addr { host: "127.26.164.195" port: 34721 } }
I20260713 09:10:29.706755 28654 leader_election.cc:290] T 330a41b2f96e47249402b0f5d73d5d7a P 1b9eae5d2b1f40308d76f0dbb8b93873 [CANDIDATE]: Term 1 election: Requested vote from peers 704d4d3057cc40069f33882f3c0ef197 (127.26.164.193:45507), c8c7f48e481748dda1aa60a0f05ae933 (127.26.164.194:44051)
I20260713 09:10:29.707913 28473 tablet_service.cc:1917] Received RequestConsensusVote() RPC: tablet_id: "330a41b2f96e47249402b0f5d73d5d7a" candidate_uuid: "1b9eae5d2b1f40308d76f0dbb8b93873" candidate_term: 1 candidate_status { last_received { term: 0 index: 0 } } ignore_live_leader: false dest_uuid: "c8c7f48e481748dda1aa60a0f05ae933"
I20260713 09:10:29.708640 28473 raft_consensus.cc:3060] T 330a41b2f96e47249402b0f5d73d5d7a P c8c7f48e481748dda1aa60a0f05ae933 [term 0 FOLLOWER]: Advancing to term 1
I20260713 09:10:29.708002 28707 raft_consensus.cc:697] T b22b5eb726104ba78c5262ea6f38df4e P 704d4d3057cc40069f33882f3c0ef197 [term 1 LEADER]: Becoming Leader. State: Replica: 704d4d3057cc40069f33882f3c0ef197, State: Running, Role: LEADER
I20260713 09:10:29.713975 28707 consensus_queue.cc:237] T b22b5eb726104ba78c5262ea6f38df4e P 704d4d3057cc40069f33882f3c0ef197 [LEADER]: Queue going to LEADER mode. State: All replicated index: 0, Majority replicated index: 0, Committed index: 0, Last appended: 0.0, Last appended by leader: 0, Current term: 1, Majority size: 2, State: 0, Mode: LEADER, active raft config: opid_index: -1 OBSOLETE_local: false peers { permanent_uuid: "704d4d3057cc40069f33882f3c0ef197" member_type: VOTER last_known_addr { host: "127.26.164.193" port: 45507 } } peers { permanent_uuid: "c8c7f48e481748dda1aa60a0f05ae933" member_type: VOTER last_known_addr { host: "127.26.164.194" port: 44051 } } peers { permanent_uuid: "1b9eae5d2b1f40308d76f0dbb8b93873" member_type: VOTER last_known_addr { host: "127.26.164.195" port: 34721 } }
I20260713 09:10:29.716200 28656 consensus_queue.cc:1048] T 488b146d58f946a48d7239023bc2105f P 1b9eae5d2b1f40308d76f0dbb8b93873 [LEADER]: Connected to new peer: Peer: permanent_uuid: "704d4d3057cc40069f33882f3c0ef197" member_type: VOTER last_known_addr { host: "127.26.164.193" port: 45507 }, Status: LMP_MISMATCH, Last received: 0.0, Next index: 1, Last known committed idx: 0, Time since last communication: 0.000s
I20260713 09:10:29.732600 28294 catalog_manager.cc:5697] T 34df44189ea6421ebf3bda687a9862b3 P 1b9eae5d2b1f40308d76f0dbb8b93873 reported cstate change: term changed from 0 to 1, leader changed from <none> to 1b9eae5d2b1f40308d76f0dbb8b93873 (127.26.164.195). New cstate: current_term: 1 leader_uuid: "1b9eae5d2b1f40308d76f0dbb8b93873" committed_config { opid_index: -1 OBSOLETE_local: false peers { permanent_uuid: "704d4d3057cc40069f33882f3c0ef197" member_type: VOTER last_known_addr { host: "127.26.164.193" port: 45507 } health_report { overall_health: UNKNOWN } } peers { permanent_uuid: "c8c7f48e481748dda1aa60a0f05ae933" member_type: VOTER last_known_addr { host: "127.26.164.194" port: 44051 } health_report { overall_health: UNKNOWN } } peers { permanent_uuid: "1b9eae5d2b1f40308d76f0dbb8b93873" member_type: VOTER last_known_addr { host: "127.26.164.195" port: 34721 } health_report { overall_health: HEALTHY } } }
I20260713 09:10:29.729247 28472 raft_consensus.cc:2468] T 5a87136c2b284305ac7b5cfe40648674 P c8c7f48e481748dda1aa60a0f05ae933 [term 1 FOLLOWER]: Leader election vote request: Granting yes vote for candidate 704d4d3057cc40069f33882f3c0ef197 in term 1.
I20260713 09:10:29.741483 28293 catalog_manager.cc:5697] T b22b5eb726104ba78c5262ea6f38df4e P 704d4d3057cc40069f33882f3c0ef197 reported cstate change: term changed from 0 to 1, leader changed from <none> to 704d4d3057cc40069f33882f3c0ef197 (127.26.164.193). New cstate: current_term: 1 leader_uuid: "704d4d3057cc40069f33882f3c0ef197" committed_config { opid_index: -1 OBSOLETE_local: false peers { permanent_uuid: "704d4d3057cc40069f33882f3c0ef197" member_type: VOTER last_known_addr { host: "127.26.164.193" port: 45507 } health_report { overall_health: HEALTHY } } peers { permanent_uuid: "c8c7f48e481748dda1aa60a0f05ae933" member_type: VOTER last_known_addr { host: "127.26.164.194" port: 44051 } health_report { overall_health: UNKNOWN } } peers { permanent_uuid: "1b9eae5d2b1f40308d76f0dbb8b93873" member_type: VOTER last_known_addr { host: "127.26.164.195" port: 34721 } health_report { overall_health: UNKNOWN } } }
I20260713 09:10:29.743083 28473 raft_consensus.cc:2468] T 330a41b2f96e47249402b0f5d73d5d7a P c8c7f48e481748dda1aa60a0f05ae933 [term 1 FOLLOWER]: Leader election vote request: Granting yes vote for candidate 1b9eae5d2b1f40308d76f0dbb8b93873 in term 1.
I20260713 09:10:29.752177 28295 catalog_manager.cc:5697] T 330a41b2f96e47249402b0f5d73d5d7a P 1b9eae5d2b1f40308d76f0dbb8b93873 reported cstate change: term changed from 0 to 1, leader changed from <none> to 1b9eae5d2b1f40308d76f0dbb8b93873 (127.26.164.195). New cstate: current_term: 1 leader_uuid: "1b9eae5d2b1f40308d76f0dbb8b93873" committed_config { opid_index: -1 OBSOLETE_local: false peers { permanent_uuid: "704d4d3057cc40069f33882f3c0ef197" member_type: VOTER last_known_addr { host: "127.26.164.193" port: 45507 } health_report { overall_health: UNKNOWN } } peers { permanent_uuid: "c8c7f48e481748dda1aa60a0f05ae933" member_type: VOTER last_known_addr { host: "127.26.164.194" port: 44051 } health_report { overall_health: UNKNOWN } } peers { permanent_uuid: "1b9eae5d2b1f40308d76f0dbb8b93873" member_type: VOTER last_known_addr { host: "127.26.164.195" port: 34721 } health_report { overall_health: HEALTHY } } }
I20260713 09:10:29.768257 28710 consensus_queue.cc:1048] T 76d1f34116f544f5b95c69d8d524d92b P 1b9eae5d2b1f40308d76f0dbb8b93873 [LEADER]: Connected to new peer: Peer: permanent_uuid: "704d4d3057cc40069f33882f3c0ef197" member_type: VOTER last_known_addr { host: "127.26.164.193" port: 45507 }, Status: LMP_MISMATCH, Last received: 0.0, Next index: 1, Last known committed idx: 0, Time since last communication: 0.000s
I20260713 09:10:29.776737 28473 raft_consensus.cc:3060] T 76d1f34116f544f5b95c69d8d524d92b P c8c7f48e481748dda1aa60a0f05ae933 [term 0 FOLLOWER]: Advancing to term 1
I20260713 09:10:29.784720 28710 consensus_queue.cc:1048] T 76d1f34116f544f5b95c69d8d524d92b P 1b9eae5d2b1f40308d76f0dbb8b93873 [LEADER]: Connected to new peer: Peer: permanent_uuid: "c8c7f48e481748dda1aa60a0f05ae933" member_type: VOTER last_known_addr { host: "127.26.164.194" port: 44051 }, Status: LMP_MISMATCH, Last received: 0.0, Next index: 1, Last known committed idx: 0, Time since last communication: 0.000s
I20260713 09:10:29.787406 27283 file_cache.cc:504] Constructed file cache file cache with capacity 419430
W20260713 09:10:29.795276 28750 instance_detector.cc:116] could not retrieve AWS instance metadata: Network error: curl error: HTTP response code said error: The requested URL returned error: 404
W20260713 09:10:29.802577 28751 instance_detector.cc:116] could not retrieve Azure instance metadata: Network error: curl error: HTTP response code said error: The requested URL returned error: 404
W20260713 09:10:29.803550 28753 instance_detector.cc:116] could not retrieve OpenStack instance metadata: Network error: curl error: HTTP response code said error: The requested URL returned error: 404
I20260713 09:10:29.804749 27283 server_base.cc:1061] running on GCE node
I20260713 09:10:29.805835 27283 hybrid_clock.cc:584] initializing the hybrid clock with 'system_unsync' time source
W20260713 09:10:29.806077 27283 system_unsync_time.cc:38] NTP support is disabled. Clock error bounds will not be accurate. This configuration is not suitable for distributed clusters.
I20260713 09:10:29.806255 27283 hybrid_clock.cc:648] HybridClock initialized: now 1783933829806239 us; error 0 us; skew 500 ppm
I20260713 09:10:29.806974 27283 server_base.cc:861] Flag tcmalloc_max_total_thread_cache_bytes is not working since tcmalloc is not enabled.
I20260713 09:10:29.809347 27283 webserver.cc:533] Webserver started at http://127.26.164.196:45207/ using document root <none> and password file <none>
I20260713 09:10:29.809823 27283 fs_manager.cc:362] Metadata directory not provided
I20260713 09:10:29.810030 27283 fs_manager.cc:368] Using write-ahead log directory (fs_wal_dir) as metadata directory
I20260713 09:10:29.810286 27283 server_base.cc:909] This appears to be a new deployment of Kudu; creating new FS layout
I20260713 09:10:29.811303 27283 fs_manager.cc:1068] Generated new instance metadata in path /tmp/dist-test-taskmv5Ro9/test-tmp/auto_leader_rebalancer-test.0.LeaderRebalancerTest.AddTserver.1783933801530897-27283-0/minicluster-data/ts-3-root/instance:
uuid: "834575c5611748d3a95816fe1b29a8fa"
format_stamp: "Formatted at 2026-07-13 09:10:29 on dist-test-slave-17v7"
I20260713 09:10:29.815730 27283 fs_manager.cc:696] Time spent creating directory manager: real 0.004s	user 0.006s	sys 0.000s
I20260713 09:10:29.819429 28758 log_block_manager.cc:4127] Time spent loading block containers with low live blocks: real 0.000s	user 0.000s	sys 0.000s
I20260713 09:10:29.820312 27283 fs_manager.cc:730] Time spent opening block manager: real 0.002s	user 0.002s	sys 0.000s
I20260713 09:10:29.820621 27283 fs_manager.cc:647] Opened local filesystem: /tmp/dist-test-taskmv5Ro9/test-tmp/auto_leader_rebalancer-test.0.LeaderRebalancerTest.AddTserver.1783933801530897-27283-0/minicluster-data/ts-3-root
uuid: "834575c5611748d3a95816fe1b29a8fa"
format_stamp: "Formatted at 2026-07-13 09:10:29 on dist-test-slave-17v7"
I20260713 09:10:29.820904 27283 fs_report.cc:389] FS layout report
--------------------
wal directory: /tmp/dist-test-taskmv5Ro9/test-tmp/auto_leader_rebalancer-test.0.LeaderRebalancerTest.AddTserver.1783933801530897-27283-0/minicluster-data/ts-3-root
metadata directory: /tmp/dist-test-taskmv5Ro9/test-tmp/auto_leader_rebalancer-test.0.LeaderRebalancerTest.AddTserver.1783933801530897-27283-0/minicluster-data/ts-3-root
1 data directories: /tmp/dist-test-taskmv5Ro9/test-tmp/auto_leader_rebalancer-test.0.LeaderRebalancerTest.AddTserver.1783933801530897-27283-0/minicluster-data/ts-3-root/data
Total live blocks: 0
Total live bytes: 0
Total live bytes (after alignment): 0
Total number of LBM containers: 0 (0 full)
Did not check for missing blocks
Did not check for orphaned blocks
Total full LBM containers with extra space: 0 (0 repaired)
Total full LBM container extra space in bytes: 0 (0 repaired)
Total incomplete LBM containers: 0 (0 repaired)
Total LBM partial records: 0 (0 repaired)
Total corrupted LBM metadata records in RocksDB: 0 (0 repaired)
I20260713 09:10:29.838817 27283 rpc_server.cc:225] running with OpenSSL 1.1.1  11 Sep 2018
I20260713 09:10:29.840278 27283 kserver.cc:163] Server-wide thread pool size limit: 3276
I20260713 09:10:29.842087 27283 txn_system_client.cc:432] TxnSystemClient initialization is disabled...
I20260713 09:10:29.845373 27283 ts_tablet_manager.cc:585] Loaded tablet metadata (0 total tablets, 0 live tablets)
I20260713 09:10:29.845633 27283 ts_tablet_manager.cc:531] Time spent load tablet metadata: real 0.000s	user 0.000s	sys 0.000s
I20260713 09:10:29.845920 27283 ts_tablet_manager.cc:616] Registered 0 tablets
I20260713 09:10:29.846069 27283 ts_tablet_manager.cc:595] Time spent register tablets: real 0.000s	user 0.000s	sys 0.000s
I20260713 09:10:29.871531 28710 consensus_queue.cc:1048] T 3a27a3392afb4334bedaf20aebf384b9 P 1b9eae5d2b1f40308d76f0dbb8b93873 [LEADER]: Connected to new peer: Peer: permanent_uuid: "704d4d3057cc40069f33882f3c0ef197" member_type: VOTER last_known_addr { host: "127.26.164.193" port: 45507 }, Status: LMP_MISMATCH, Last received: 0.0, Next index: 1, Last known committed idx: 0, Time since last communication: 0.001s
I20260713 09:10:29.888834 28710 consensus_queue.cc:1048] T 3a27a3392afb4334bedaf20aebf384b9 P 1b9eae5d2b1f40308d76f0dbb8b93873 [LEADER]: Connected to new peer: Peer: permanent_uuid: "c8c7f48e481748dda1aa60a0f05ae933" member_type: VOTER last_known_addr { host: "127.26.164.194" port: 44051 }, Status: LMP_MISMATCH, Last received: 0.0, Next index: 1, Last known committed idx: 0, Time since last communication: 0.001s
I20260713 09:10:29.895341 28707 consensus_queue.cc:1048] T e0ee560953004164b685c6a0fa9528b4 P 704d4d3057cc40069f33882f3c0ef197 [LEADER]: Connected to new peer: Peer: permanent_uuid: "c8c7f48e481748dda1aa60a0f05ae933" member_type: VOTER last_known_addr { host: "127.26.164.194" port: 44051 }, Status: LMP_MISMATCH, Last received: 0.0, Next index: 1, Last known committed idx: 0, Time since last communication: 0.000s
I20260713 09:10:29.903410 28722 raft_consensus.cc:493] T 8cf03864adb64403ab18816ae8824865 P c8c7f48e481748dda1aa60a0f05ae933 [term 0 FOLLOWER]: Starting pre-election (no leader contacted us within the election timeout)
I20260713 09:10:29.904101 28722 raft_consensus.cc:515] T 8cf03864adb64403ab18816ae8824865 P c8c7f48e481748dda1aa60a0f05ae933 [term 0 FOLLOWER]: Starting pre-election with config: opid_index: -1 OBSOLETE_local: false peers { permanent_uuid: "704d4d3057cc40069f33882f3c0ef197" member_type: VOTER last_known_addr { host: "127.26.164.193" port: 45507 } } peers { permanent_uuid: "c8c7f48e481748dda1aa60a0f05ae933" member_type: VOTER last_known_addr { host: "127.26.164.194" port: 44051 } } peers { permanent_uuid: "1b9eae5d2b1f40308d76f0dbb8b93873" member_type: VOTER last_known_addr { host: "127.26.164.195" port: 34721 } }
I20260713 09:10:29.912637 28636 consensus_queue.cc:1048] T e0ee560953004164b685c6a0fa9528b4 P 704d4d3057cc40069f33882f3c0ef197 [LEADER]: Connected to new peer: Peer: permanent_uuid: "1b9eae5d2b1f40308d76f0dbb8b93873" member_type: VOTER last_known_addr { host: "127.26.164.195" port: 34721 }, Status: LMP_MISMATCH, Last received: 0.0, Next index: 1, Last known committed idx: 0, Time since last communication: 0.001s
I20260713 09:10:29.917169 28397 tablet_service.cc:1917] Received RequestConsensusVote() RPC: tablet_id: "8cf03864adb64403ab18816ae8824865" candidate_uuid: "c8c7f48e481748dda1aa60a0f05ae933" candidate_term: 1 candidate_status { last_received { term: 0 index: 0 } } ignore_live_leader: false dest_uuid: "704d4d3057cc40069f33882f3c0ef197" is_pre_election: true
I20260713 09:10:29.919018 28722 leader_election.cc:290] T 8cf03864adb64403ab18816ae8824865 P c8c7f48e481748dda1aa60a0f05ae933 [CANDIDATE]: Term 1 pre-election: Requested pre-vote from peers 704d4d3057cc40069f33882f3c0ef197 (127.26.164.193:45507), 1b9eae5d2b1f40308d76f0dbb8b93873 (127.26.164.195:34721)
I20260713 09:10:29.921072 28545 tablet_service.cc:1917] Received RequestConsensusVote() RPC: tablet_id: "8cf03864adb64403ab18816ae8824865" candidate_uuid: "c8c7f48e481748dda1aa60a0f05ae933" candidate_term: 1 candidate_status { last_received { term: 0 index: 0 } } ignore_live_leader: false dest_uuid: "1b9eae5d2b1f40308d76f0dbb8b93873" is_pre_election: true
I20260713 09:10:29.923348 28439 leader_election.cc:304] T 8cf03864adb64403ab18816ae8824865 P c8c7f48e481748dda1aa60a0f05ae933 [CANDIDATE]: Term 1 pre-election: Election decided. Result: candidate lost. Election summary: received 3 responses out of 3 voters: 1 yes votes; 2 no votes. yes voters: c8c7f48e481748dda1aa60a0f05ae933; no voters: 1b9eae5d2b1f40308d76f0dbb8b93873, 704d4d3057cc40069f33882f3c0ef197
I20260713 09:10:29.924428 28722 raft_consensus.cc:2749] T 8cf03864adb64403ab18816ae8824865 P c8c7f48e481748dda1aa60a0f05ae933 [term 0 FOLLOWER]: Leader pre-election lost for term 1. Reason: could not achieve majority
I20260713 09:10:29.971028 27283 rpc_server.cc:307] RPC server started. Bound to: 127.26.164.196:46089
I20260713 09:10:29.971100 28824 acceptor_pool.cc:272] collecting diagnostics on the listening RPC socket 127.26.164.196:46089 every 8 connection(s)
I20260713 09:10:29.975977 27283 auto_leader_rebalancer-test.cc:392] add a tserver: 834575c5611748d3a95816fe1b29a8fa
I20260713 09:10:29.987715 28825 heartbeater.cc:344] Connected to a master server at 127.26.164.254:35731
I20260713 09:10:29.988119 28825 heartbeater.cc:461] Registering TS with master...
I20260713 09:10:29.988826 28825 heartbeater.cc:507] Master 127.26.164.254:35731 requested a full tablet report, sending...
I20260713 09:10:29.990621 28295 ts_manager.cc:194] Registered new tserver with Master: 834575c5611748d3a95816fe1b29a8fa (127.26.164.196:46089)
I20260713 09:10:29.991827 28295 master_service.cc:502] Signed X509 certificate for tserver {username='slave'} at 127.0.0.1:42622
I20260713 09:10:30.005379 28473 raft_consensus.cc:3060] T 8cf03864adb64403ab18816ae8824865 P c8c7f48e481748dda1aa60a0f05ae933 [term 0 FOLLOWER]: Advancing to term 1
I20260713 09:10:30.024169 28722 consensus_queue.cc:1048] T 88212922a56442f6b9d69dc821bc0b4c P c8c7f48e481748dda1aa60a0f05ae933 [LEADER]: Connected to new peer: Peer: permanent_uuid: "704d4d3057cc40069f33882f3c0ef197" member_type: VOTER last_known_addr { host: "127.26.164.193" port: 45507 }, Status: LMP_MISMATCH, Last received: 0.0, Next index: 1, Last known committed idx: 0, Time since last communication: 0.000s
I20260713 09:10:30.034708 28722 consensus_queue.cc:1048] T 88212922a56442f6b9d69dc821bc0b4c P c8c7f48e481748dda1aa60a0f05ae933 [LEADER]: Connected to new peer: Peer: permanent_uuid: "1b9eae5d2b1f40308d76f0dbb8b93873" member_type: VOTER last_known_addr { host: "127.26.164.195" port: 34721 }, Status: LMP_MISMATCH, Last received: 0.0, Next index: 1, Last known committed idx: 0, Time since last communication: 0.001s
I20260713 09:10:30.089903 28710 consensus_queue.cc:1048] T 34df44189ea6421ebf3bda687a9862b3 P 1b9eae5d2b1f40308d76f0dbb8b93873 [LEADER]: Connected to new peer: Peer: permanent_uuid: "c8c7f48e481748dda1aa60a0f05ae933" member_type: VOTER last_known_addr { host: "127.26.164.194" port: 44051 }, Status: LMP_MISMATCH, Last received: 0.0, Next index: 1, Last known committed idx: 0, Time since last communication: 0.000s
I20260713 09:10:30.093497 28636 consensus_queue.cc:1048] T b22b5eb726104ba78c5262ea6f38df4e P 704d4d3057cc40069f33882f3c0ef197 [LEADER]: Connected to new peer: Peer: permanent_uuid: "c8c7f48e481748dda1aa60a0f05ae933" member_type: VOTER last_known_addr { host: "127.26.164.194" port: 44051 }, Status: LMP_MISMATCH, Last received: 0.0, Next index: 1, Last known committed idx: 0, Time since last communication: 0.000s
I20260713 09:10:30.100299 28656 consensus_queue.cc:1048] T 34df44189ea6421ebf3bda687a9862b3 P 1b9eae5d2b1f40308d76f0dbb8b93873 [LEADER]: Connected to new peer: Peer: permanent_uuid: "704d4d3057cc40069f33882f3c0ef197" member_type: VOTER last_known_addr { host: "127.26.164.193" port: 45507 }, Status: LMP_MISMATCH, Last received: 0.0, Next index: 1, Last known committed idx: 0, Time since last communication: 0.000s
I20260713 09:10:30.117630 28636 consensus_queue.cc:1048] T b22b5eb726104ba78c5262ea6f38df4e P 704d4d3057cc40069f33882f3c0ef197 [LEADER]: Connected to new peer: Peer: permanent_uuid: "1b9eae5d2b1f40308d76f0dbb8b93873" member_type: VOTER last_known_addr { host: "127.26.164.195" port: 34721 }, Status: LMP_MISMATCH, Last received: 0.0, Next index: 1, Last known committed idx: 0, Time since last communication: 0.000s
I20260713 09:10:30.145262 28656 consensus_queue.cc:1048] T bef7f64886834c81b8c7cb6ea5d6732d P 1b9eae5d2b1f40308d76f0dbb8b93873 [LEADER]: Connected to new peer: Peer: permanent_uuid: "704d4d3057cc40069f33882f3c0ef197" member_type: VOTER last_known_addr { host: "127.26.164.193" port: 45507 }, Status: LMP_MISMATCH, Last received: 0.0, Next index: 1, Last known committed idx: 0, Time since last communication: 0.000s
I20260713 09:10:30.153736 28636 consensus_queue.cc:1048] T 5a87136c2b284305ac7b5cfe40648674 P 704d4d3057cc40069f33882f3c0ef197 [LEADER]: Connected to new peer: Peer: permanent_uuid: "1b9eae5d2b1f40308d76f0dbb8b93873" member_type: VOTER last_known_addr { host: "127.26.164.195" port: 34721 }, Status: LMP_MISMATCH, Last received: 0.0, Next index: 1, Last known committed idx: 0, Time since last communication: 0.000s
I20260713 09:10:30.156212 28711 consensus_queue.cc:1048] T bef7f64886834c81b8c7cb6ea5d6732d P 1b9eae5d2b1f40308d76f0dbb8b93873 [LEADER]: Connected to new peer: Peer: permanent_uuid: "c8c7f48e481748dda1aa60a0f05ae933" member_type: VOTER last_known_addr { host: "127.26.164.194" port: 44051 }, Status: LMP_MISMATCH, Last received: 0.0, Next index: 1, Last known committed idx: 0, Time since last communication: 0.000s
I20260713 09:10:30.179096 28636 consensus_queue.cc:1048] T 5a87136c2b284305ac7b5cfe40648674 P 704d4d3057cc40069f33882f3c0ef197 [LEADER]: Connected to new peer: Peer: permanent_uuid: "c8c7f48e481748dda1aa60a0f05ae933" member_type: VOTER last_known_addr { host: "127.26.164.194" port: 44051 }, Status: LMP_MISMATCH, Last received: 0.0, Next index: 1, Last known committed idx: 0, Time since last communication: 0.000s
I20260713 09:10:30.187047 28656 consensus_queue.cc:1048] T 330a41b2f96e47249402b0f5d73d5d7a P 1b9eae5d2b1f40308d76f0dbb8b93873 [LEADER]: Connected to new peer: Peer: permanent_uuid: "704d4d3057cc40069f33882f3c0ef197" member_type: VOTER last_known_addr { host: "127.26.164.193" port: 45507 }, Status: LMP_MISMATCH, Last received: 0.0, Next index: 1, Last known committed idx: 0, Time since last communication: 0.000s
I20260713 09:10:30.199509 28656 consensus_queue.cc:1048] T 330a41b2f96e47249402b0f5d73d5d7a P 1b9eae5d2b1f40308d76f0dbb8b93873 [LEADER]: Connected to new peer: Peer: permanent_uuid: "c8c7f48e481748dda1aa60a0f05ae933" member_type: VOTER last_known_addr { host: "127.26.164.194" port: 44051 }, Status: LMP_MISMATCH, Last received: 0.0, Next index: 1, Last known committed idx: 0, Time since last communication: 0.000s
I20260713 09:10:30.349004 28656 raft_consensus.cc:493] T e7a0143791144d359332b0d29a52fd46 P 1b9eae5d2b1f40308d76f0dbb8b93873 [term 1 FOLLOWER]: Starting pre-election (detected failure of leader c8c7f48e481748dda1aa60a0f05ae933)
I20260713 09:10:30.349524 28656 raft_consensus.cc:515] T e7a0143791144d359332b0d29a52fd46 P 1b9eae5d2b1f40308d76f0dbb8b93873 [term 1 FOLLOWER]: Starting pre-election with config: opid_index: -1 OBSOLETE_local: false peers { permanent_uuid: "704d4d3057cc40069f33882f3c0ef197" member_type: VOTER last_known_addr { host: "127.26.164.193" port: 45507 } } peers { permanent_uuid: "c8c7f48e481748dda1aa60a0f05ae933" member_type: VOTER last_known_addr { host: "127.26.164.194" port: 44051 } } peers { permanent_uuid: "1b9eae5d2b1f40308d76f0dbb8b93873" member_type: VOTER last_known_addr { host: "127.26.164.195" port: 34721 } }
I20260713 09:10:30.351462 28656 leader_election.cc:290] T e7a0143791144d359332b0d29a52fd46 P 1b9eae5d2b1f40308d76f0dbb8b93873 [CANDIDATE]: Term 2 pre-election: Requested pre-vote from peers 704d4d3057cc40069f33882f3c0ef197 (127.26.164.193:45507), c8c7f48e481748dda1aa60a0f05ae933 (127.26.164.194:44051)
I20260713 09:10:30.352203 28397 tablet_service.cc:1917] Received RequestConsensusVote() RPC: tablet_id: "e7a0143791144d359332b0d29a52fd46" candidate_uuid: "1b9eae5d2b1f40308d76f0dbb8b93873" candidate_term: 2 candidate_status { last_received { term: 1 index: 1 } } ignore_live_leader: false dest_uuid: "704d4d3057cc40069f33882f3c0ef197" is_pre_election: true
I20260713 09:10:30.352957 28397 raft_consensus.cc:2393] T e7a0143791144d359332b0d29a52fd46 P 704d4d3057cc40069f33882f3c0ef197 [term 2 FOLLOWER]: Leader pre-election vote request: Denying vote to candidate 1b9eae5d2b1f40308d76f0dbb8b93873 in current term 2: Already voted for candidate 704d4d3057cc40069f33882f3c0ef197 in this term.
I20260713 09:10:30.352854 28473 tablet_service.cc:1917] Received RequestConsensusVote() RPC: tablet_id: "e7a0143791144d359332b0d29a52fd46" candidate_uuid: "1b9eae5d2b1f40308d76f0dbb8b93873" candidate_term: 2 candidate_status { last_received { term: 1 index: 1 } } ignore_live_leader: false dest_uuid: "c8c7f48e481748dda1aa60a0f05ae933" is_pre_election: true
I20260713 09:10:30.353572 28473 raft_consensus.cc:2468] T e7a0143791144d359332b0d29a52fd46 P c8c7f48e481748dda1aa60a0f05ae933 [term 2 FOLLOWER]: Leader pre-election vote request: Granting yes vote for candidate 1b9eae5d2b1f40308d76f0dbb8b93873 in term 2.
I20260713 09:10:30.355360 28512 leader_election.cc:304] T e7a0143791144d359332b0d29a52fd46 P 1b9eae5d2b1f40308d76f0dbb8b93873 [CANDIDATE]: Term 2 pre-election: Election decided. Result: candidate won. Election summary: received 3 responses out of 3 voters: 2 yes votes; 1 no votes. yes voters: 1b9eae5d2b1f40308d76f0dbb8b93873, c8c7f48e481748dda1aa60a0f05ae933; no voters: 704d4d3057cc40069f33882f3c0ef197
I20260713 09:10:30.356041 28656 raft_consensus.cc:2804] T e7a0143791144d359332b0d29a52fd46 P 1b9eae5d2b1f40308d76f0dbb8b93873 [term 1 FOLLOWER]: Leader pre-election won for term 2
I20260713 09:10:30.356418 28656 raft_consensus.cc:493] T e7a0143791144d359332b0d29a52fd46 P 1b9eae5d2b1f40308d76f0dbb8b93873 [term 1 FOLLOWER]: Starting leader election (detected failure of leader c8c7f48e481748dda1aa60a0f05ae933)
I20260713 09:10:30.356814 28656 raft_consensus.cc:3060] T e7a0143791144d359332b0d29a52fd46 P 1b9eae5d2b1f40308d76f0dbb8b93873 [term 1 FOLLOWER]: Advancing to term 2
I20260713 09:10:30.361819 28656 raft_consensus.cc:515] T e7a0143791144d359332b0d29a52fd46 P 1b9eae5d2b1f40308d76f0dbb8b93873 [term 2 FOLLOWER]: Starting leader election with config: opid_index: -1 OBSOLETE_local: false peers { permanent_uuid: "704d4d3057cc40069f33882f3c0ef197" member_type: VOTER last_known_addr { host: "127.26.164.193" port: 45507 } } peers { permanent_uuid: "c8c7f48e481748dda1aa60a0f05ae933" member_type: VOTER last_known_addr { host: "127.26.164.194" port: 44051 } } peers { permanent_uuid: "1b9eae5d2b1f40308d76f0dbb8b93873" member_type: VOTER last_known_addr { host: "127.26.164.195" port: 34721 } }
I20260713 09:10:30.363487 28656 leader_election.cc:290] T e7a0143791144d359332b0d29a52fd46 P 1b9eae5d2b1f40308d76f0dbb8b93873 [CANDIDATE]: Term 2 election: Requested vote from peers 704d4d3057cc40069f33882f3c0ef197 (127.26.164.193:45507), c8c7f48e481748dda1aa60a0f05ae933 (127.26.164.194:44051)
I20260713 09:10:30.364172 28397 tablet_service.cc:1917] Received RequestConsensusVote() RPC: tablet_id: "e7a0143791144d359332b0d29a52fd46" candidate_uuid: "1b9eae5d2b1f40308d76f0dbb8b93873" candidate_term: 2 candidate_status { last_received { term: 1 index: 1 } } ignore_live_leader: false dest_uuid: "704d4d3057cc40069f33882f3c0ef197"
I20260713 09:10:30.364611 28473 tablet_service.cc:1917] Received RequestConsensusVote() RPC: tablet_id: "e7a0143791144d359332b0d29a52fd46" candidate_uuid: "1b9eae5d2b1f40308d76f0dbb8b93873" candidate_term: 2 candidate_status { last_received { term: 1 index: 1 } } ignore_live_leader: false dest_uuid: "c8c7f48e481748dda1aa60a0f05ae933"
I20260713 09:10:30.364854 28397 raft_consensus.cc:2393] T e7a0143791144d359332b0d29a52fd46 P 704d4d3057cc40069f33882f3c0ef197 [term 2 FOLLOWER]: Leader election vote request: Denying vote to candidate 1b9eae5d2b1f40308d76f0dbb8b93873 in current term 2: Already voted for candidate 704d4d3057cc40069f33882f3c0ef197 in this term.
I20260713 09:10:30.369364 28473 raft_consensus.cc:2468] T e7a0143791144d359332b0d29a52fd46 P c8c7f48e481748dda1aa60a0f05ae933 [term 2 FOLLOWER]: Leader election vote request: Granting yes vote for candidate 1b9eae5d2b1f40308d76f0dbb8b93873 in term 2.
I20260713 09:10:30.370256 28512 leader_election.cc:304] T e7a0143791144d359332b0d29a52fd46 P 1b9eae5d2b1f40308d76f0dbb8b93873 [CANDIDATE]: Term 2 election: Election decided. Result: candidate won. Election summary: received 3 responses out of 3 voters: 2 yes votes; 1 no votes. yes voters: 1b9eae5d2b1f40308d76f0dbb8b93873, c8c7f48e481748dda1aa60a0f05ae933; no voters: 704d4d3057cc40069f33882f3c0ef197
I20260713 09:10:30.370939 28656 raft_consensus.cc:2804] T e7a0143791144d359332b0d29a52fd46 P 1b9eae5d2b1f40308d76f0dbb8b93873 [term 2 FOLLOWER]: Leader election won for term 2
I20260713 09:10:30.371405 28656 raft_consensus.cc:697] T e7a0143791144d359332b0d29a52fd46 P 1b9eae5d2b1f40308d76f0dbb8b93873 [term 2 LEADER]: Becoming Leader. State: Replica: 1b9eae5d2b1f40308d76f0dbb8b93873, State: Running, Role: LEADER
I20260713 09:10:30.372026 28656 consensus_queue.cc:237] T e7a0143791144d359332b0d29a52fd46 P 1b9eae5d2b1f40308d76f0dbb8b93873 [LEADER]: Queue going to LEADER mode. State: All replicated index: 0, Majority replicated index: 0, Committed index: 0, Last appended: 1.1, Last appended by leader: 1, Current term: 2, Majority size: 2, State: 0, Mode: LEADER, active raft config: opid_index: -1 OBSOLETE_local: false peers { permanent_uuid: "704d4d3057cc40069f33882f3c0ef197" member_type: VOTER last_known_addr { host: "127.26.164.193" port: 45507 } } peers { permanent_uuid: "c8c7f48e481748dda1aa60a0f05ae933" member_type: VOTER last_known_addr { host: "127.26.164.194" port: 44051 } } peers { permanent_uuid: "1b9eae5d2b1f40308d76f0dbb8b93873" member_type: VOTER last_known_addr { host: "127.26.164.195" port: 34721 } }
I20260713 09:10:30.379504 28296 catalog_manager.cc:5697] T e7a0143791144d359332b0d29a52fd46 P 1b9eae5d2b1f40308d76f0dbb8b93873 reported cstate change: term changed from 1 to 2, leader changed from c8c7f48e481748dda1aa60a0f05ae933 (127.26.164.194) to 1b9eae5d2b1f40308d76f0dbb8b93873 (127.26.164.195). New cstate: current_term: 2 leader_uuid: "1b9eae5d2b1f40308d76f0dbb8b93873" committed_config { opid_index: -1 OBSOLETE_local: false peers { permanent_uuid: "704d4d3057cc40069f33882f3c0ef197" member_type: VOTER last_known_addr { host: "127.26.164.193" port: 45507 } health_report { overall_health: UNKNOWN } } peers { permanent_uuid: "c8c7f48e481748dda1aa60a0f05ae933" member_type: VOTER last_known_addr { host: "127.26.164.194" port: 44051 } health_report { overall_health: UNKNOWN } } peers { permanent_uuid: "1b9eae5d2b1f40308d76f0dbb8b93873" member_type: VOTER last_known_addr { host: "127.26.164.195" port: 34721 } health_report { overall_health: HEALTHY } } }
I20260713 09:10:30.473968 28473 consensus_queue.cc:237] T 88212922a56442f6b9d69dc821bc0b4c P c8c7f48e481748dda1aa60a0f05ae933 [LEADER]: Queue going to LEADER mode. State: All replicated index: 0, Majority replicated index: 1, Committed index: 1, Last appended: 1.1, Last appended by leader: 0, Current term: 1, Majority size: 2, State: 0, Mode: LEADER, active raft config: opid_index: 2 OBSOLETE_local: false peers { permanent_uuid: "704d4d3057cc40069f33882f3c0ef197" member_type: VOTER last_known_addr { host: "127.26.164.193" port: 45507 } } peers { permanent_uuid: "c8c7f48e481748dda1aa60a0f05ae933" member_type: VOTER last_known_addr { host: "127.26.164.194" port: 44051 } } peers { permanent_uuid: "1b9eae5d2b1f40308d76f0dbb8b93873" member_type: VOTER last_known_addr { host: "127.26.164.195" port: 34721 } attrs { replace: true } } peers { permanent_uuid: "834575c5611748d3a95816fe1b29a8fa" member_type: NON_VOTER last_known_addr { host: "127.26.164.196" port: 46089 } attrs { promote: true } }
I20260713 09:10:30.481400 28546 raft_consensus.cc:1275] T 88212922a56442f6b9d69dc821bc0b4c P 1b9eae5d2b1f40308d76f0dbb8b93873 [term 1 FOLLOWER]: Refusing update from remote peer c8c7f48e481748dda1aa60a0f05ae933: Log matching property violated. Preceding OpId in replica: term: 1 index: 1. Preceding OpId from leader: term: 1 index: 2. (index mismatch)
I20260713 09:10:30.482867 28721 consensus_queue.cc:1048] T 88212922a56442f6b9d69dc821bc0b4c P c8c7f48e481748dda1aa60a0f05ae933 [LEADER]: Connected to new peer: Peer: permanent_uuid: "1b9eae5d2b1f40308d76f0dbb8b93873" member_type: VOTER last_known_addr { host: "127.26.164.195" port: 34721 } attrs { replace: true }, Status: LMP_MISMATCH, Last received: 0.0, Next index: 2, Last known committed idx: 1, Time since last communication: 0.000s
