I20260713 09:10:37.734972 22987 catalog_manager.cc:5697] T 9b7d7137ba9541d8879181d9338a6844 P ffd0f96360524af9a5aade1af763c28f reported cstate change: config changed from index -1 to 2, NON_VOTER 1d159a97c2c64a619b73035e38a056e5 (127.21.114.132) added. New cstate: current_term: 1 leader_uuid: "ffd0f96360524af9a5aade1af763c28f" committed_config { opid_index: 2 OBSOLETE_local: false peers { permanent_uuid: "ffd0f96360524af9a5aade1af763c28f" member_type: VOTER last_known_addr { host: "127.21.114.129" port: 46729 } health_report { overall_health: HEALTHY } } peers { permanent_uuid: "55bd902d69464bb0b019fe34f5691e42" member_type: VOTER last_known_addr { host: "127.21.114.130" port: 43373 } attrs { replace: true } health_report { overall_health: HEALTHY } } peers { permanent_uuid: "ba6661880fb54e8cb56945dda25ddfe3" member_type: VOTER last_known_addr { host: "127.21.114.131" port: 45819 } health_report { overall_health: HEALTHY } } peers { permanent_uuid: "1d159a97c2c64a619b73035e38a056e5" member_type: NON_VOTER last_known_addr { host: "127.21.114.132" port: 38645 } attrs { promote: true } health_report { overall_health: UNKNOWN } } }
I20260713 09:10:38.013499 23772 ts_tablet_manager.cc:933] T 5c7ded81aa0a45ff835d5de56c419d7a P 1d159a97c2c64a619b73035e38a056e5: Initiating tablet copy from peer 55bd902d69464bb0b019fe34f5691e42 (127.21.114.130:43373)
I20260713 09:10:38.016505 23772 tablet_copy_client.cc:323] T 5c7ded81aa0a45ff835d5de56c419d7a P 1d159a97c2c64a619b73035e38a056e5: tablet copy: Beginning tablet copy session from remote peer at address 127.21.114.130:43373
I20260713 09:10:38.018622 23177 tablet_copy_service.cc:140] P 55bd902d69464bb0b019fe34f5691e42: Received BeginTabletCopySession request for tablet 5c7ded81aa0a45ff835d5de56c419d7a from peer 1d159a97c2c64a619b73035e38a056e5 ({username='slave'} at 127.0.0.1:41262)
I20260713 09:10:38.019332 23177 tablet_copy_service.cc:161] P 55bd902d69464bb0b019fe34f5691e42: Beginning new tablet copy session on tablet 5c7ded81aa0a45ff835d5de56c419d7a from peer 1d159a97c2c64a619b73035e38a056e5 at {username='slave'} at 127.0.0.1:41262: session id = 1d159a97c2c64a619b73035e38a056e5-5c7ded81aa0a45ff835d5de56c419d7a
I20260713 09:10:38.027799 23177 tablet_copy_source_session.cc:215] T 5c7ded81aa0a45ff835d5de56c419d7a P 55bd902d69464bb0b019fe34f5691e42: Tablet Copy: opened 0 blocks and 1 log segments
I20260713 09:10:38.027889 23774 ts_tablet_manager.cc:933] T 2bb269d02c40473a83bd65f1ffb3508f P 1d159a97c2c64a619b73035e38a056e5: Initiating tablet copy from peer ffd0f96360524af9a5aade1af763c28f (127.21.114.129:46729)
I20260713 09:10:38.030231 23774 tablet_copy_client.cc:323] T 2bb269d02c40473a83bd65f1ffb3508f P 1d159a97c2c64a619b73035e38a056e5: tablet copy: Beginning tablet copy session from remote peer at address 127.21.114.129:46729
I20260713 09:10:38.032361 23772 data_dirs.cc:400] Could only allocate 1 dirs of requested 3 for tablet 5c7ded81aa0a45ff835d5de56c419d7a. 1 dirs total, 0 dirs full, 0 dirs failed
I20260713 09:10:38.032537 23102 tablet_copy_service.cc:140] P ffd0f96360524af9a5aade1af763c28f: Received BeginTabletCopySession request for tablet 2bb269d02c40473a83bd65f1ffb3508f from peer 1d159a97c2c64a619b73035e38a056e5 ({username='slave'} at 127.0.0.1:51308)
I20260713 09:10:38.033501 23102 tablet_copy_service.cc:161] P ffd0f96360524af9a5aade1af763c28f: Beginning new tablet copy session on tablet 2bb269d02c40473a83bd65f1ffb3508f from peer 1d159a97c2c64a619b73035e38a056e5 at {username='slave'} at 127.0.0.1:51308: session id = 1d159a97c2c64a619b73035e38a056e5-2bb269d02c40473a83bd65f1ffb3508f
I20260713 09:10:38.041222 23102 tablet_copy_source_session.cc:215] T 2bb269d02c40473a83bd65f1ffb3508f P ffd0f96360524af9a5aade1af763c28f: Tablet Copy: opened 0 blocks and 1 log segments
I20260713 09:10:38.044840 23774 data_dirs.cc:400] Could only allocate 1 dirs of requested 3 for tablet 2bb269d02c40473a83bd65f1ffb3508f. 1 dirs total, 0 dirs full, 0 dirs failed
I20260713 09:10:38.051419 23772 tablet_copy_client.cc:806] T 5c7ded81aa0a45ff835d5de56c419d7a P 1d159a97c2c64a619b73035e38a056e5: tablet copy: Starting download of 0 data blocks...
I20260713 09:10:38.052116 23772 tablet_copy_client.cc:670] T 5c7ded81aa0a45ff835d5de56c419d7a P 1d159a97c2c64a619b73035e38a056e5: tablet copy: Starting download of 1 WAL segments...
I20260713 09:10:38.056536 23772 tablet_copy_client.cc:538] T 5c7ded81aa0a45ff835d5de56c419d7a P 1d159a97c2c64a619b73035e38a056e5: tablet copy: Tablet Copy complete. Replacing tablet superblock.
I20260713 09:10:38.060581 23774 tablet_copy_client.cc:806] T 2bb269d02c40473a83bd65f1ffb3508f P 1d159a97c2c64a619b73035e38a056e5: tablet copy: Starting download of 0 data blocks...
I20260713 09:10:38.061287 23774 tablet_copy_client.cc:670] T 2bb269d02c40473a83bd65f1ffb3508f P 1d159a97c2c64a619b73035e38a056e5: tablet copy: Starting download of 1 WAL segments...
I20260713 09:10:38.065658 23774 tablet_copy_client.cc:538] T 2bb269d02c40473a83bd65f1ffb3508f P 1d159a97c2c64a619b73035e38a056e5: tablet copy: Tablet Copy complete. Replacing tablet superblock.
I20260713 09:10:38.066031 23772 tablet_bootstrap.cc:492] T 5c7ded81aa0a45ff835d5de56c419d7a P 1d159a97c2c64a619b73035e38a056e5: Bootstrap starting.
I20260713 09:10:38.075973 23774 tablet_bootstrap.cc:492] T 2bb269d02c40473a83bd65f1ffb3508f P 1d159a97c2c64a619b73035e38a056e5: Bootstrap starting.
I20260713 09:10:38.091192 23772 tablet_bootstrap.cc:492] T 5c7ded81aa0a45ff835d5de56c419d7a P 1d159a97c2c64a619b73035e38a056e5: Bootstrap replayed 1/1 log segments. Stats: ops{read=2 overwritten=0 applied=2 ignored=0} inserts{seen=0 ignored=0} mutations{seen=0 ignored=0} orphaned_commits=0. Pending: 0 replicates
I20260713 09:10:38.092041 23772 tablet_bootstrap.cc:492] T 5c7ded81aa0a45ff835d5de56c419d7a P 1d159a97c2c64a619b73035e38a056e5: Bootstrap complete.
I20260713 09:10:38.092726 23772 ts_tablet_manager.cc:1403] T 5c7ded81aa0a45ff835d5de56c419d7a P 1d159a97c2c64a619b73035e38a056e5: Time spent bootstrapping tablet: real 0.027s	user 0.021s	sys 0.005s
I20260713 09:10:38.096377 23772 raft_consensus.cc:359] T 5c7ded81aa0a45ff835d5de56c419d7a P 1d159a97c2c64a619b73035e38a056e5 [term 1 LEARNER]: Replica starting. Triggering 0 pending ops. Active config: opid_index: 2 OBSOLETE_local: false peers { permanent_uuid: "ffd0f96360524af9a5aade1af763c28f" member_type: VOTER last_known_addr { host: "127.21.114.129" port: 46729 } } peers { permanent_uuid: "55bd902d69464bb0b019fe34f5691e42" member_type: VOTER last_known_addr { host: "127.21.114.130" port: 43373 } } peers { permanent_uuid: "ba6661880fb54e8cb56945dda25ddfe3" member_type: VOTER last_known_addr { host: "127.21.114.131" port: 45819 } attrs { replace: true } } peers { permanent_uuid: "1d159a97c2c64a619b73035e38a056e5" member_type: NON_VOTER last_known_addr { host: "127.21.114.132" port: 38645 } attrs { promote: true } }
I20260713 09:10:38.097667 23772 raft_consensus.cc:740] T 5c7ded81aa0a45ff835d5de56c419d7a P 1d159a97c2c64a619b73035e38a056e5 [term 1 LEARNER]: Becoming Follower/Learner. State: Replica: 1d159a97c2c64a619b73035e38a056e5, State: Initialized, Role: LEARNER
I20260713 09:10:38.098338 23774 tablet_bootstrap.cc:492] T 2bb269d02c40473a83bd65f1ffb3508f P 1d159a97c2c64a619b73035e38a056e5: Bootstrap replayed 1/1 log segments. Stats: ops{read=2 overwritten=0 applied=2 ignored=0} inserts{seen=0 ignored=0} mutations{seen=0 ignored=0} orphaned_commits=0. Pending: 0 replicates
I20260713 09:10:38.098367 23772 consensus_queue.cc:260] T 5c7ded81aa0a45ff835d5de56c419d7a P 1d159a97c2c64a619b73035e38a056e5 [NON_LEADER]: Queue going to NON_LEADER mode. State: All replicated index: 0, Majority replicated index: 0, Committed index: 2, Last appended: 1.2, Last appended by leader: 2, Current term: 0, Majority size: -1, State: 0, Mode: NON_LEADER, active raft config: opid_index: 2 OBSOLETE_local: false peers { permanent_uuid: "ffd0f96360524af9a5aade1af763c28f" member_type: VOTER last_known_addr { host: "127.21.114.129" port: 46729 } } peers { permanent_uuid: "55bd902d69464bb0b019fe34f5691e42" member_type: VOTER last_known_addr { host: "127.21.114.130" port: 43373 } } peers { permanent_uuid: "ba6661880fb54e8cb56945dda25ddfe3" member_type: VOTER last_known_addr { host: "127.21.114.131" port: 45819 } attrs { replace: true } } peers { permanent_uuid: "1d159a97c2c64a619b73035e38a056e5" member_type: NON_VOTER last_known_addr { host: "127.21.114.132" port: 38645 } attrs { promote: true } }
I20260713 09:10:38.099383 23774 tablet_bootstrap.cc:492] T 2bb269d02c40473a83bd65f1ffb3508f P 1d159a97c2c64a619b73035e38a056e5: Bootstrap complete.
I20260713 09:10:38.100090 23774 ts_tablet_manager.cc:1403] T 2bb269d02c40473a83bd65f1ffb3508f P 1d159a97c2c64a619b73035e38a056e5: Time spent bootstrapping tablet: real 0.025s	user 0.019s	sys 0.004s
I20260713 09:10:38.103698 23772 ts_tablet_manager.cc:1434] T 5c7ded81aa0a45ff835d5de56c419d7a P 1d159a97c2c64a619b73035e38a056e5: Time spent starting tablet: real 0.011s	user 0.009s	sys 0.001s
I20260713 09:10:38.104667 23774 raft_consensus.cc:359] T 2bb269d02c40473a83bd65f1ffb3508f P 1d159a97c2c64a619b73035e38a056e5 [term 1 LEARNER]: Replica starting. Triggering 0 pending ops. Active config: opid_index: 2 OBSOLETE_local: false peers { permanent_uuid: "ffd0f96360524af9a5aade1af763c28f" member_type: VOTER last_known_addr { host: "127.21.114.129" port: 46729 } } peers { permanent_uuid: "55bd902d69464bb0b019fe34f5691e42" member_type: VOTER last_known_addr { host: "127.21.114.130" port: 43373 } attrs { replace: true } } peers { permanent_uuid: "ba6661880fb54e8cb56945dda25ddfe3" member_type: VOTER last_known_addr { host: "127.21.114.131" port: 45819 } } peers { permanent_uuid: "1d159a97c2c64a619b73035e38a056e5" member_type: NON_VOTER last_known_addr { host: "127.21.114.132" port: 38645 } attrs { promote: true } }
I20260713 09:10:38.105598 23774 raft_consensus.cc:740] T 2bb269d02c40473a83bd65f1ffb3508f P 1d159a97c2c64a619b73035e38a056e5 [term 1 LEARNER]: Becoming Follower/Learner. State: Replica: 1d159a97c2c64a619b73035e38a056e5, State: Initialized, Role: LEARNER
I20260713 09:10:38.106338 23774 consensus_queue.cc:260] T 2bb269d02c40473a83bd65f1ffb3508f P 1d159a97c2c64a619b73035e38a056e5 [NON_LEADER]: Queue going to NON_LEADER mode. State: All replicated index: 0, Majority replicated index: 0, Committed index: 2, Last appended: 1.2, Last appended by leader: 2, Current term: 0, Majority size: -1, State: 0, Mode: NON_LEADER, active raft config: opid_index: 2 OBSOLETE_local: false peers { permanent_uuid: "ffd0f96360524af9a5aade1af763c28f" member_type: VOTER last_known_addr { host: "127.21.114.129" port: 46729 } } peers { permanent_uuid: "55bd902d69464bb0b019fe34f5691e42" member_type: VOTER last_known_addr { host: "127.21.114.130" port: 43373 } attrs { replace: true } } peers { permanent_uuid: "ba6661880fb54e8cb56945dda25ddfe3" member_type: VOTER last_known_addr { host: "127.21.114.131" port: 45819 } } peers { permanent_uuid: "1d159a97c2c64a619b73035e38a056e5" member_type: NON_VOTER last_known_addr { host: "127.21.114.132" port: 38645 } attrs { promote: true } }
I20260713 09:10:38.107966 23177 tablet_copy_service.cc:342] P 55bd902d69464bb0b019fe34f5691e42: Request end of tablet copy session 1d159a97c2c64a619b73035e38a056e5-5c7ded81aa0a45ff835d5de56c419d7a received from {username='slave'} at 127.0.0.1:41262
I20260713 09:10:38.108467 23177 tablet_copy_service.cc:434] P 55bd902d69464bb0b019fe34f5691e42: ending tablet copy session 1d159a97c2c64a619b73035e38a056e5-5c7ded81aa0a45ff835d5de56c419d7a on tablet 5c7ded81aa0a45ff835d5de56c419d7a with peer 1d159a97c2c64a619b73035e38a056e5
I20260713 09:10:38.109215 23774 ts_tablet_manager.cc:1434] T 2bb269d02c40473a83bd65f1ffb3508f P 1d159a97c2c64a619b73035e38a056e5: Time spent starting tablet: real 0.009s	user 0.006s	sys 0.000s
I20260713 09:10:38.110981 23102 tablet_copy_service.cc:342] P ffd0f96360524af9a5aade1af763c28f: Request end of tablet copy session 1d159a97c2c64a619b73035e38a056e5-2bb269d02c40473a83bd65f1ffb3508f received from {username='slave'} at 127.0.0.1:51308
I20260713 09:10:38.111470 23102 tablet_copy_service.cc:434] P ffd0f96360524af9a5aade1af763c28f: ending tablet copy session 1d159a97c2c64a619b73035e38a056e5-2bb269d02c40473a83bd65f1ffb3508f on tablet 2bb269d02c40473a83bd65f1ffb3508f with peer 1d159a97c2c64a619b73035e38a056e5
I20260713 09:10:38.256865 23774 ts_tablet_manager.cc:933] T def3ff7ff7264fd3adbeed4ee0aa9ad4 P 1d159a97c2c64a619b73035e38a056e5: Initiating tablet copy from peer 55bd902d69464bb0b019fe34f5691e42 (127.21.114.130:43373)
I20260713 09:10:38.258498 23774 tablet_copy_client.cc:323] T def3ff7ff7264fd3adbeed4ee0aa9ad4 P 1d159a97c2c64a619b73035e38a056e5: tablet copy: Beginning tablet copy session from remote peer at address 127.21.114.130:43373
I20260713 09:10:38.260149 23177 tablet_copy_service.cc:140] P 55bd902d69464bb0b019fe34f5691e42: Received BeginTabletCopySession request for tablet def3ff7ff7264fd3adbeed4ee0aa9ad4 from peer 1d159a97c2c64a619b73035e38a056e5 ({username='slave'} at 127.0.0.1:41262)
I20260713 09:10:38.260743 23177 tablet_copy_service.cc:161] P 55bd902d69464bb0b019fe34f5691e42: Beginning new tablet copy session on tablet def3ff7ff7264fd3adbeed4ee0aa9ad4 from peer 1d159a97c2c64a619b73035e38a056e5 at {username='slave'} at 127.0.0.1:41262: session id = 1d159a97c2c64a619b73035e38a056e5-def3ff7ff7264fd3adbeed4ee0aa9ad4
I20260713 09:10:38.270095 23177 tablet_copy_source_session.cc:215] T def3ff7ff7264fd3adbeed4ee0aa9ad4 P 55bd902d69464bb0b019fe34f5691e42: Tablet Copy: opened 0 blocks and 1 log segments
I20260713 09:10:38.273548 23774 data_dirs.cc:400] Could only allocate 1 dirs of requested 3 for tablet def3ff7ff7264fd3adbeed4ee0aa9ad4. 1 dirs total, 0 dirs full, 0 dirs failed
I20260713 09:10:38.285303 23774 tablet_copy_client.cc:806] T def3ff7ff7264fd3adbeed4ee0aa9ad4 P 1d159a97c2c64a619b73035e38a056e5: tablet copy: Starting download of 0 data blocks...
I20260713 09:10:38.287026 23774 tablet_copy_client.cc:670] T def3ff7ff7264fd3adbeed4ee0aa9ad4 P 1d159a97c2c64a619b73035e38a056e5: tablet copy: Starting download of 1 WAL segments...
I20260713 09:10:38.291280 23774 tablet_copy_client.cc:538] T def3ff7ff7264fd3adbeed4ee0aa9ad4 P 1d159a97c2c64a619b73035e38a056e5: tablet copy: Tablet Copy complete. Replacing tablet superblock.
I20260713 09:10:38.301322 23774 tablet_bootstrap.cc:492] T def3ff7ff7264fd3adbeed4ee0aa9ad4 P 1d159a97c2c64a619b73035e38a056e5: Bootstrap starting.
I20260713 09:10:38.303333 23772 ts_tablet_manager.cc:933] T 9b7d7137ba9541d8879181d9338a6844 P 1d159a97c2c64a619b73035e38a056e5: Initiating tablet copy from peer ffd0f96360524af9a5aade1af763c28f (127.21.114.129:46729)
I20260713 09:10:38.304946 23772 tablet_copy_client.cc:323] T 9b7d7137ba9541d8879181d9338a6844 P 1d159a97c2c64a619b73035e38a056e5: tablet copy: Beginning tablet copy session from remote peer at address 127.21.114.129:46729
I20260713 09:10:38.306537 23102 tablet_copy_service.cc:140] P ffd0f96360524af9a5aade1af763c28f: Received BeginTabletCopySession request for tablet 9b7d7137ba9541d8879181d9338a6844 from peer 1d159a97c2c64a619b73035e38a056e5 ({username='slave'} at 127.0.0.1:51308)
I20260713 09:10:38.307156 23102 tablet_copy_service.cc:161] P ffd0f96360524af9a5aade1af763c28f: Beginning new tablet copy session on tablet 9b7d7137ba9541d8879181d9338a6844 from peer 1d159a97c2c64a619b73035e38a056e5 at {username='slave'} at 127.0.0.1:51308: session id = 1d159a97c2c64a619b73035e38a056e5-9b7d7137ba9541d8879181d9338a6844
I20260713 09:10:38.312976 23102 tablet_copy_source_session.cc:215] T 9b7d7137ba9541d8879181d9338a6844 P ffd0f96360524af9a5aade1af763c28f: Tablet Copy: opened 0 blocks and 1 log segments
I20260713 09:10:38.317067 23772 data_dirs.cc:400] Could only allocate 1 dirs of requested 3 for tablet 9b7d7137ba9541d8879181d9338a6844. 1 dirs total, 0 dirs full, 0 dirs failed
I20260713 09:10:38.324918 23774 tablet_bootstrap.cc:492] T def3ff7ff7264fd3adbeed4ee0aa9ad4 P 1d159a97c2c64a619b73035e38a056e5: Bootstrap replayed 1/1 log segments. Stats: ops{read=2 overwritten=0 applied=2 ignored=0} inserts{seen=0 ignored=0} mutations{seen=0 ignored=0} orphaned_commits=0. Pending: 0 replicates
I20260713 09:10:38.325898 23774 tablet_bootstrap.cc:492] T def3ff7ff7264fd3adbeed4ee0aa9ad4 P 1d159a97c2c64a619b73035e38a056e5: Bootstrap complete.
I20260713 09:10:38.326722 23774 ts_tablet_manager.cc:1403] T def3ff7ff7264fd3adbeed4ee0aa9ad4 P 1d159a97c2c64a619b73035e38a056e5: Time spent bootstrapping tablet: real 0.026s	user 0.018s	sys 0.004s
I20260713 09:10:38.329859 23774 raft_consensus.cc:359] T def3ff7ff7264fd3adbeed4ee0aa9ad4 P 1d159a97c2c64a619b73035e38a056e5 [term 1 LEARNER]: Replica starting. Triggering 0 pending ops. Active config: opid_index: 2 OBSOLETE_local: false peers { permanent_uuid: "ffd0f96360524af9a5aade1af763c28f" member_type: VOTER last_known_addr { host: "127.21.114.129" port: 46729 } attrs { replace: true } } peers { permanent_uuid: "55bd902d69464bb0b019fe34f5691e42" member_type: VOTER last_known_addr { host: "127.21.114.130" port: 43373 } } peers { permanent_uuid: "ba6661880fb54e8cb56945dda25ddfe3" member_type: VOTER last_known_addr { host: "127.21.114.131" port: 45819 } } peers { permanent_uuid: "1d159a97c2c64a619b73035e38a056e5" member_type: NON_VOTER last_known_addr { host: "127.21.114.132" port: 38645 } attrs { promote: true } }
I20260713 09:10:38.330698 23774 raft_consensus.cc:740] T def3ff7ff7264fd3adbeed4ee0aa9ad4 P 1d159a97c2c64a619b73035e38a056e5 [term 1 LEARNER]: Becoming Follower/Learner. State: Replica: 1d159a97c2c64a619b73035e38a056e5, State: Initialized, Role: LEARNER
I20260713 09:10:38.331370 23774 consensus_queue.cc:260] T def3ff7ff7264fd3adbeed4ee0aa9ad4 P 1d159a97c2c64a619b73035e38a056e5 [NON_LEADER]: Queue going to NON_LEADER mode. State: All replicated index: 0, Majority replicated index: 0, Committed index: 2, Last appended: 1.2, Last appended by leader: 2, Current term: 0, Majority size: -1, State: 0, Mode: NON_LEADER, active raft config: opid_index: 2 OBSOLETE_local: false peers { permanent_uuid: "ffd0f96360524af9a5aade1af763c28f" member_type: VOTER last_known_addr { host: "127.21.114.129" port: 46729 } attrs { replace: true } } peers { permanent_uuid: "55bd902d69464bb0b019fe34f5691e42" member_type: VOTER last_known_addr { host: "127.21.114.130" port: 43373 } } peers { permanent_uuid: "ba6661880fb54e8cb56945dda25ddfe3" member_type: VOTER last_known_addr { host: "127.21.114.131" port: 45819 } } peers { permanent_uuid: "1d159a97c2c64a619b73035e38a056e5" member_type: NON_VOTER last_known_addr { host: "127.21.114.132" port: 38645 } attrs { promote: true } }
I20260713 09:10:38.333827 23774 ts_tablet_manager.cc:1434] T def3ff7ff7264fd3adbeed4ee0aa9ad4 P 1d159a97c2c64a619b73035e38a056e5: Time spent starting tablet: real 0.007s	user 0.008s	sys 0.000s
I20260713 09:10:38.334915 23772 tablet_copy_client.cc:806] T 9b7d7137ba9541d8879181d9338a6844 P 1d159a97c2c64a619b73035e38a056e5: tablet copy: Starting download of 0 data blocks...
I20260713 09:10:38.335580 23177 tablet_copy_service.cc:342] P 55bd902d69464bb0b019fe34f5691e42: Request end of tablet copy session 1d159a97c2c64a619b73035e38a056e5-def3ff7ff7264fd3adbeed4ee0aa9ad4 received from {username='slave'} at 127.0.0.1:41262
I20260713 09:10:38.336133 23177 tablet_copy_service.cc:434] P 55bd902d69464bb0b019fe34f5691e42: ending tablet copy session 1d159a97c2c64a619b73035e38a056e5-def3ff7ff7264fd3adbeed4ee0aa9ad4 on tablet def3ff7ff7264fd3adbeed4ee0aa9ad4 with peer 1d159a97c2c64a619b73035e38a056e5
I20260713 09:10:38.335633 23772 tablet_copy_client.cc:670] T 9b7d7137ba9541d8879181d9338a6844 P 1d159a97c2c64a619b73035e38a056e5: tablet copy: Starting download of 1 WAL segments...
I20260713 09:10:38.340373 23772 tablet_copy_client.cc:538] T 9b7d7137ba9541d8879181d9338a6844 P 1d159a97c2c64a619b73035e38a056e5: tablet copy: Tablet Copy complete. Replacing tablet superblock.
I20260713 09:10:38.349499 23772 tablet_bootstrap.cc:492] T 9b7d7137ba9541d8879181d9338a6844 P 1d159a97c2c64a619b73035e38a056e5: Bootstrap starting.
I20260713 09:10:38.370610 23772 tablet_bootstrap.cc:492] T 9b7d7137ba9541d8879181d9338a6844 P 1d159a97c2c64a619b73035e38a056e5: Bootstrap replayed 1/1 log segments. Stats: ops{read=2 overwritten=0 applied=2 ignored=0} inserts{seen=0 ignored=0} mutations{seen=0 ignored=0} orphaned_commits=0. Pending: 0 replicates
I20260713 09:10:38.371590 23772 tablet_bootstrap.cc:492] T 9b7d7137ba9541d8879181d9338a6844 P 1d159a97c2c64a619b73035e38a056e5: Bootstrap complete.
I20260713 09:10:38.372399 23772 ts_tablet_manager.cc:1403] T 9b7d7137ba9541d8879181d9338a6844 P 1d159a97c2c64a619b73035e38a056e5: Time spent bootstrapping tablet: real 0.023s	user 0.020s	sys 0.004s
I20260713 09:10:38.375339 23772 raft_consensus.cc:359] T 9b7d7137ba9541d8879181d9338a6844 P 1d159a97c2c64a619b73035e38a056e5 [term 1 LEARNER]: Replica starting. Triggering 0 pending ops. Active config: opid_index: 2 OBSOLETE_local: false peers { permanent_uuid: "ffd0f96360524af9a5aade1af763c28f" member_type: VOTER last_known_addr { host: "127.21.114.129" port: 46729 } } peers { permanent_uuid: "55bd902d69464bb0b019fe34f5691e42" member_type: VOTER last_known_addr { host: "127.21.114.130" port: 43373 } attrs { replace: true } } peers { permanent_uuid: "ba6661880fb54e8cb56945dda25ddfe3" member_type: VOTER last_known_addr { host: "127.21.114.131" port: 45819 } } peers { permanent_uuid: "1d159a97c2c64a619b73035e38a056e5" member_type: NON_VOTER last_known_addr { host: "127.21.114.132" port: 38645 } attrs { promote: true } }
I20260713 09:10:38.375978 23772 raft_consensus.cc:740] T 9b7d7137ba9541d8879181d9338a6844 P 1d159a97c2c64a619b73035e38a056e5 [term 1 LEARNER]: Becoming Follower/Learner. State: Replica: 1d159a97c2c64a619b73035e38a056e5, State: Initialized, Role: LEARNER
I20260713 09:10:38.376467 23772 consensus_queue.cc:260] T 9b7d7137ba9541d8879181d9338a6844 P 1d159a97c2c64a619b73035e38a056e5 [NON_LEADER]: Queue going to NON_LEADER mode. State: All replicated index: 0, Majority replicated index: 0, Committed index: 2, Last appended: 1.2, Last appended by leader: 2, Current term: 0, Majority size: -1, State: 0, Mode: NON_LEADER, active raft config: opid_index: 2 OBSOLETE_local: false peers { permanent_uuid: "ffd0f96360524af9a5aade1af763c28f" member_type: VOTER last_known_addr { host: "127.21.114.129" port: 46729 } } peers { permanent_uuid: "55bd902d69464bb0b019fe34f5691e42" member_type: VOTER last_known_addr { host: "127.21.114.130" port: 43373 } attrs { replace: true } } peers { permanent_uuid: "ba6661880fb54e8cb56945dda25ddfe3" member_type: VOTER last_known_addr { host: "127.21.114.131" port: 45819 } } peers { permanent_uuid: "1d159a97c2c64a619b73035e38a056e5" member_type: NON_VOTER last_known_addr { host: "127.21.114.132" port: 38645 } attrs { promote: true } }
I20260713 09:10:38.378502 23772 ts_tablet_manager.cc:1434] T 9b7d7137ba9541d8879181d9338a6844 P 1d159a97c2c64a619b73035e38a056e5: Time spent starting tablet: real 0.006s	user 0.002s	sys 0.000s
I20260713 09:10:38.380012 23102 tablet_copy_service.cc:342] P ffd0f96360524af9a5aade1af763c28f: Request end of tablet copy session 1d159a97c2c64a619b73035e38a056e5-9b7d7137ba9541d8879181d9338a6844 received from {username='slave'} at 127.0.0.1:51308
I20260713 09:10:38.380430 23102 tablet_copy_service.cc:434] P ffd0f96360524af9a5aade1af763c28f: ending tablet copy session 1d159a97c2c64a619b73035e38a056e5-9b7d7137ba9541d8879181d9338a6844 on tablet 9b7d7137ba9541d8879181d9338a6844 with peer 1d159a97c2c64a619b73035e38a056e5
I20260713 09:10:38.433419 23512 raft_consensus.cc:1217] T 5c7ded81aa0a45ff835d5de56c419d7a P 1d159a97c2c64a619b73035e38a056e5 [term 1 LEARNER]: Deduplicated request from leader. Original: 1.1->[1.2-1.2]   Dedup: 1.2->[]
I20260713 09:10:38.570823 23512 raft_consensus.cc:1217] T 2bb269d02c40473a83bd65f1ffb3508f P 1d159a97c2c64a619b73035e38a056e5 [term 1 LEARNER]: Deduplicated request from leader. Original: 1.1->[1.2-1.2]   Dedup: 1.2->[]
I20260713 09:10:38.704912 23512 raft_consensus.cc:1217] T def3ff7ff7264fd3adbeed4ee0aa9ad4 P 1d159a97c2c64a619b73035e38a056e5 [term 1 LEARNER]: Deduplicated request from leader. Original: 1.1->[1.2-1.2]   Dedup: 1.2->[]
I20260713 09:10:38.858392 23512 raft_consensus.cc:1217] T 9b7d7137ba9541d8879181d9338a6844 P 1d159a97c2c64a619b73035e38a056e5 [term 1 LEARNER]: Deduplicated request from leader. Original: 1.1->[1.2-1.2]   Dedup: 1.2->[]
I20260713 09:10:39.015911 23783 raft_consensus.cc:1064] T 5c7ded81aa0a45ff835d5de56c419d7a P 55bd902d69464bb0b019fe34f5691e42: attempting to promote NON_VOTER 1d159a97c2c64a619b73035e38a056e5 to VOTER
I20260713 09:10:39.018978 23783 consensus_queue.cc:237] T 5c7ded81aa0a45ff835d5de56c419d7a P 55bd902d69464bb0b019fe34f5691e42 [LEADER]: Queue going to LEADER mode. State: All replicated index: 0, Majority replicated index: 2, Committed index: 2, Last appended: 1.2, Last appended by leader: 0, Current term: 1, Majority size: 3, State: 0, Mode: LEADER, active raft config: opid_index: 3 OBSOLETE_local: false peers { permanent_uuid: "ffd0f96360524af9a5aade1af763c28f" member_type: VOTER last_known_addr { host: "127.21.114.129" port: 46729 } } peers { permanent_uuid: "55bd902d69464bb0b019fe34f5691e42" member_type: VOTER last_known_addr { host: "127.21.114.130" port: 43373 } } peers { permanent_uuid: "ba6661880fb54e8cb56945dda25ddfe3" member_type: VOTER last_known_addr { host: "127.21.114.131" port: 45819 } attrs { replace: true } } peers { permanent_uuid: "1d159a97c2c64a619b73035e38a056e5" member_type: VOTER last_known_addr { host: "127.21.114.132" port: 38645 } attrs { promote: false } }
I20260713 09:10:39.026657 23512 raft_consensus.cc:1275] T 5c7ded81aa0a45ff835d5de56c419d7a P 1d159a97c2c64a619b73035e38a056e5 [term 1 LEARNER]: Refusing update from remote peer 55bd902d69464bb0b019fe34f5691e42: Log matching property violated. Preceding OpId in replica: term: 1 index: 2. Preceding OpId from leader: term: 1 index: 3. (index mismatch)
I20260713 09:10:39.027384 23239 raft_consensus.cc:1275] T 5c7ded81aa0a45ff835d5de56c419d7a P ba6661880fb54e8cb56945dda25ddfe3 [term 1 FOLLOWER]: Refusing update from remote peer 55bd902d69464bb0b019fe34f5691e42: Log matching property violated. Preceding OpId in replica: term: 1 index: 2. Preceding OpId from leader: term: 1 index: 3. (index mismatch)
I20260713 09:10:39.027959 23092 raft_consensus.cc:1275] T 5c7ded81aa0a45ff835d5de56c419d7a P ffd0f96360524af9a5aade1af763c28f [term 1 FOLLOWER]: Refusing update from remote peer 55bd902d69464bb0b019fe34f5691e42: Log matching property violated. Preceding OpId in replica: term: 1 index: 2. Preceding OpId from leader: term: 1 index: 3. (index mismatch)
I20260713 09:10:39.028095 23783 consensus_queue.cc:1048] T 5c7ded81aa0a45ff835d5de56c419d7a P 55bd902d69464bb0b019fe34f5691e42 [LEADER]: Connected to new peer: Peer: permanent_uuid: "1d159a97c2c64a619b73035e38a056e5" member_type: VOTER last_known_addr { host: "127.21.114.132" port: 38645 } attrs { promote: false }, Status: LMP_MISMATCH, Last received: 0.0, Next index: 3, Last known committed idx: 2, Time since last communication: 0.000s
I20260713 09:10:39.029253 23762 consensus_queue.cc:1048] T 5c7ded81aa0a45ff835d5de56c419d7a P 55bd902d69464bb0b019fe34f5691e42 [LEADER]: Connected to new peer: Peer: permanent_uuid: "ba6661880fb54e8cb56945dda25ddfe3" member_type: VOTER last_known_addr { host: "127.21.114.131" port: 45819 } attrs { replace: true }, Status: LMP_MISMATCH, Last received: 0.0, Next index: 3, Last known committed idx: 2, Time since last communication: 0.001s
I20260713 09:10:39.030293 23702 consensus_queue.cc:1048] T 5c7ded81aa0a45ff835d5de56c419d7a P 55bd902d69464bb0b019fe34f5691e42 [LEADER]: Connected to new peer: Peer: permanent_uuid: "ffd0f96360524af9a5aade1af763c28f" member_type: VOTER last_known_addr { host: "127.21.114.129" port: 46729 }, Status: LMP_MISMATCH, Last received: 0.0, Next index: 3, Last known committed idx: 2, Time since last communication: 0.000s
I20260713 09:10:39.043291 23783 raft_consensus.cc:2955] T 5c7ded81aa0a45ff835d5de56c419d7a P 55bd902d69464bb0b019fe34f5691e42 [term 1 LEADER]: Committing config change with OpId 1.3: config changed from index 2 to 3, 1d159a97c2c64a619b73035e38a056e5 (127.21.114.132) changed from NON_VOTER to VOTER. New config: { opid_index: 3 OBSOLETE_local: false peers { permanent_uuid: "ffd0f96360524af9a5aade1af763c28f" member_type: VOTER last_known_addr { host: "127.21.114.129" port: 46729 } } peers { permanent_uuid: "55bd902d69464bb0b019fe34f5691e42" member_type: VOTER last_known_addr { host: "127.21.114.130" port: 43373 } } peers { permanent_uuid: "ba6661880fb54e8cb56945dda25ddfe3" member_type: VOTER last_known_addr { host: "127.21.114.131" port: 45819 } attrs { replace: true } } peers { permanent_uuid: "1d159a97c2c64a619b73035e38a056e5" member_type: VOTER last_known_addr { host: "127.21.114.132" port: 38645 } attrs { promote: false } } }
I20260713 09:10:39.045240 23092 raft_consensus.cc:2955] T 5c7ded81aa0a45ff835d5de56c419d7a P ffd0f96360524af9a5aade1af763c28f [term 1 FOLLOWER]: Committing config change with OpId 1.3: config changed from index 2 to 3, 1d159a97c2c64a619b73035e38a056e5 (127.21.114.132) changed from NON_VOTER to VOTER. New config: { opid_index: 3 OBSOLETE_local: false peers { permanent_uuid: "ffd0f96360524af9a5aade1af763c28f" member_type: VOTER last_known_addr { host: "127.21.114.129" port: 46729 } } peers { permanent_uuid: "55bd902d69464bb0b019fe34f5691e42" member_type: VOTER last_known_addr { host: "127.21.114.130" port: 43373 } } peers { permanent_uuid: "ba6661880fb54e8cb56945dda25ddfe3" member_type: VOTER last_known_addr { host: "127.21.114.131" port: 45819 } attrs { replace: true } } peers { permanent_uuid: "1d159a97c2c64a619b73035e38a056e5" member_type: VOTER last_known_addr { host: "127.21.114.132" port: 38645 } attrs { promote: false } } }
I20260713 09:10:39.046779 23512 raft_consensus.cc:2955] T 5c7ded81aa0a45ff835d5de56c419d7a P 1d159a97c2c64a619b73035e38a056e5 [term 1 FOLLOWER]: Committing config change with OpId 1.3: config changed from index 2 to 3, 1d159a97c2c64a619b73035e38a056e5 (127.21.114.132) changed from NON_VOTER to VOTER. New config: { opid_index: 3 OBSOLETE_local: false peers { permanent_uuid: "ffd0f96360524af9a5aade1af763c28f" member_type: VOTER last_known_addr { host: "127.21.114.129" port: 46729 } } peers { permanent_uuid: "55bd902d69464bb0b019fe34f5691e42" member_type: VOTER last_known_addr { host: "127.21.114.130" port: 43373 } } peers { permanent_uuid: "ba6661880fb54e8cb56945dda25ddfe3" member_type: VOTER last_known_addr { host: "127.21.114.131" port: 45819 } attrs { replace: true } } peers { permanent_uuid: "1d159a97c2c64a619b73035e38a056e5" member_type: VOTER last_known_addr { host: "127.21.114.132" port: 38645 } attrs { promote: false } } }
I20260713 09:10:39.057565 23239 raft_consensus.cc:2955] T 5c7ded81aa0a45ff835d5de56c419d7a P ba6661880fb54e8cb56945dda25ddfe3 [term 1 FOLLOWER]: Committing config change with OpId 1.3: config changed from index 2 to 3, 1d159a97c2c64a619b73035e38a056e5 (127.21.114.132) changed from NON_VOTER to VOTER. New config: { opid_index: 3 OBSOLETE_local: false peers { permanent_uuid: "ffd0f96360524af9a5aade1af763c28f" member_type: VOTER last_known_addr { host: "127.21.114.129" port: 46729 } } peers { permanent_uuid: "55bd902d69464bb0b019fe34f5691e42" member_type: VOTER last_known_addr { host: "127.21.114.130" port: 43373 } } peers { permanent_uuid: "ba6661880fb54e8cb56945dda25ddfe3" member_type: VOTER last_known_addr { host: "127.21.114.131" port: 45819 } attrs { replace: true } } peers { permanent_uuid: "1d159a97c2c64a619b73035e38a056e5" member_type: VOTER last_known_addr { host: "127.21.114.132" port: 38645 } attrs { promote: false } } }
I20260713 09:10:39.063776 22990 catalog_manager.cc:5697] T 5c7ded81aa0a45ff835d5de56c419d7a P 55bd902d69464bb0b019fe34f5691e42 reported cstate change: config changed from index 2 to 3, 1d159a97c2c64a619b73035e38a056e5 (127.21.114.132) changed from NON_VOTER to VOTER. New cstate: current_term: 1 leader_uuid: "55bd902d69464bb0b019fe34f5691e42" committed_config { opid_index: 3 OBSOLETE_local: false peers { permanent_uuid: "ffd0f96360524af9a5aade1af763c28f" member_type: VOTER last_known_addr { host: "127.21.114.129" port: 46729 } health_report { overall_health: HEALTHY } } peers { permanent_uuid: "55bd902d69464bb0b019fe34f5691e42" member_type: VOTER last_known_addr { host: "127.21.114.130" port: 43373 } health_report { overall_health: HEALTHY } } peers { permanent_uuid: "ba6661880fb54e8cb56945dda25ddfe3" member_type: VOTER last_known_addr { host: "127.21.114.131" port: 45819 } attrs { replace: true } health_report { overall_health: HEALTHY } } peers { permanent_uuid: "1d159a97c2c64a619b73035e38a056e5" member_type: VOTER last_known_addr { host: "127.21.114.132" port: 38645 } attrs { promote: false } health_report { overall_health: HEALTHY } } }
I20260713 09:10:39.072956 23683 raft_consensus.cc:1064] T 2bb269d02c40473a83bd65f1ffb3508f P ffd0f96360524af9a5aade1af763c28f: attempting to promote NON_VOTER 1d159a97c2c64a619b73035e38a056e5 to VOTER
I20260713 09:10:39.075901 23683 consensus_queue.cc:237] T 2bb269d02c40473a83bd65f1ffb3508f P ffd0f96360524af9a5aade1af763c28f [LEADER]: Queue going to LEADER mode. State: All replicated index: 0, Majority replicated index: 2, Committed index: 2, Last appended: 1.2, Last appended by leader: 0, Current term: 1, Majority size: 3, State: 0, Mode: LEADER, active raft config: opid_index: 3 OBSOLETE_local: false peers { permanent_uuid: "ffd0f96360524af9a5aade1af763c28f" member_type: VOTER last_known_addr { host: "127.21.114.129" port: 46729 } } peers { permanent_uuid: "55bd902d69464bb0b019fe34f5691e42" member_type: VOTER last_known_addr { host: "127.21.114.130" port: 43373 } attrs { replace: true } } peers { permanent_uuid: "ba6661880fb54e8cb56945dda25ddfe3" member_type: VOTER last_known_addr { host: "127.21.114.131" port: 45819 } } peers { permanent_uuid: "1d159a97c2c64a619b73035e38a056e5" member_type: VOTER last_known_addr { host: "127.21.114.132" port: 38645 } attrs { promote: false } }
I20260713 09:10:39.088753 23512 raft_consensus.cc:1275] T 2bb269d02c40473a83bd65f1ffb3508f P 1d159a97c2c64a619b73035e38a056e5 [term 1 LEARNER]: Refusing update from remote peer ffd0f96360524af9a5aade1af763c28f: Log matching property violated. Preceding OpId in replica: term: 1 index: 2. Preceding OpId from leader: term: 1 index: 3. (index mismatch)
I20260713 09:10:39.090075 23165 consensus_queue.cc:237] T 5c7ded81aa0a45ff835d5de56c419d7a P 55bd902d69464bb0b019fe34f5691e42 [LEADER]: Queue going to LEADER mode. State: All replicated index: 0, Majority replicated index: 3, Committed index: 3, Last appended: 1.3, Last appended by leader: 0, Current term: 1, Majority size: 2, State: 0, Mode: LEADER, active raft config: opid_index: 4 OBSOLETE_local: false peers { permanent_uuid: "ffd0f96360524af9a5aade1af763c28f" member_type: VOTER last_known_addr { host: "127.21.114.129" port: 46729 } } peers { permanent_uuid: "55bd902d69464bb0b019fe34f5691e42" member_type: VOTER last_known_addr { host: "127.21.114.130" port: 43373 } } peers { permanent_uuid: "1d159a97c2c64a619b73035e38a056e5" member_type: VOTER last_known_addr { host: "127.21.114.132" port: 38645 } attrs { promote: false } }
I20260713 09:10:39.090317 23784 consensus_queue.cc:1048] T 2bb269d02c40473a83bd65f1ffb3508f P ffd0f96360524af9a5aade1af763c28f [LEADER]: Connected to new peer: Peer: permanent_uuid: "1d159a97c2c64a619b73035e38a056e5" member_type: VOTER last_known_addr { host: "127.21.114.132" port: 38645 } attrs { promote: false }, Status: LMP_MISMATCH, Last received: 0.0, Next index: 3, Last known committed idx: 2, Time since last communication: 0.000s
I20260713 09:10:39.093930 23167 raft_consensus.cc:1275] T 2bb269d02c40473a83bd65f1ffb3508f P 55bd902d69464bb0b019fe34f5691e42 [term 1 FOLLOWER]: Refusing update from remote peer ffd0f96360524af9a5aade1af763c28f: Log matching property violated. Preceding OpId in replica: term: 1 index: 2. Preceding OpId from leader: term: 1 index: 3. (index mismatch)
I20260713 09:10:39.096473 23784 consensus_queue.cc:1048] T 2bb269d02c40473a83bd65f1ffb3508f P ffd0f96360524af9a5aade1af763c28f [LEADER]: Connected to new peer: Peer: permanent_uuid: "55bd902d69464bb0b019fe34f5691e42" member_type: VOTER last_known_addr { host: "127.21.114.130" port: 43373 } attrs { replace: true }, Status: LMP_MISMATCH, Last received: 0.0, Next index: 3, Last known committed idx: 2, Time since last communication: 0.000s
I20260713 09:10:39.096733 23239 raft_consensus.cc:1275] T 2bb269d02c40473a83bd65f1ffb3508f P ba6661880fb54e8cb56945dda25ddfe3 [term 1 FOLLOWER]: Refusing update from remote peer ffd0f96360524af9a5aade1af763c28f: Log matching property violated. Preceding OpId in replica: term: 1 index: 2. Preceding OpId from leader: term: 1 index: 3. (index mismatch)
I20260713 09:10:39.098744 23784 consensus_queue.cc:1048] T 2bb269d02c40473a83bd65f1ffb3508f P ffd0f96360524af9a5aade1af763c28f [LEADER]: Connected to new peer: Peer: permanent_uuid: "ba6661880fb54e8cb56945dda25ddfe3" member_type: VOTER last_known_addr { host: "127.21.114.131" port: 45819 }, Status: LMP_MISMATCH, Last received: 0.0, Next index: 3, Last known committed idx: 2, Time since last communication: 0.001s
I20260713 09:10:39.108321 23511 raft_consensus.cc:1275] T 5c7ded81aa0a45ff835d5de56c419d7a P 1d159a97c2c64a619b73035e38a056e5 [term 1 FOLLOWER]: Refusing update from remote peer 55bd902d69464bb0b019fe34f5691e42: Log matching property violated. Preceding OpId in replica: term: 1 index: 3. Preceding OpId from leader: term: 1 index: 4. (index mismatch)
I20260713 09:10:39.108853 23092 raft_consensus.cc:1275] T 5c7ded81aa0a45ff835d5de56c419d7a P ffd0f96360524af9a5aade1af763c28f [term 1 FOLLOWER]: Refusing update from remote peer 55bd902d69464bb0b019fe34f5691e42: Log matching property violated. Preceding OpId in replica: term: 1 index: 3. Preceding OpId from leader: term: 1 index: 4. (index mismatch)
I20260713 09:10:39.110110 23702 consensus_queue.cc:1048] T 5c7ded81aa0a45ff835d5de56c419d7a P 55bd902d69464bb0b019fe34f5691e42 [LEADER]: Connected to new peer: Peer: permanent_uuid: "1d159a97c2c64a619b73035e38a056e5" member_type: VOTER last_known_addr { host: "127.21.114.132" port: 38645 } attrs { promote: false }, Status: LMP_MISMATCH, Last received: 0.0, Next index: 4, Last known committed idx: 3, Time since last communication: 0.000s
I20260713 09:10:39.111413 23785 consensus_queue.cc:1048] T 5c7ded81aa0a45ff835d5de56c419d7a P 55bd902d69464bb0b019fe34f5691e42 [LEADER]: Connected to new peer: Peer: permanent_uuid: "ffd0f96360524af9a5aade1af763c28f" member_type: VOTER last_known_addr { host: "127.21.114.129" port: 46729 }, Status: LMP_MISMATCH, Last received: 0.0, Next index: 4, Last known committed idx: 3, Time since last communication: 0.001s
I20260713 09:10:39.119292 23683 raft_consensus.cc:2955] T 2bb269d02c40473a83bd65f1ffb3508f P ffd0f96360524af9a5aade1af763c28f [term 1 LEADER]: Committing config change with OpId 1.3: config changed from index 2 to 3, 1d159a97c2c64a619b73035e38a056e5 (127.21.114.132) changed from NON_VOTER to VOTER. New config: { opid_index: 3 OBSOLETE_local: false peers { permanent_uuid: "ffd0f96360524af9a5aade1af763c28f" member_type: VOTER last_known_addr { host: "127.21.114.129" port: 46729 } } peers { permanent_uuid: "55bd902d69464bb0b019fe34f5691e42" member_type: VOTER last_known_addr { host: "127.21.114.130" port: 43373 } attrs { replace: true } } peers { permanent_uuid: "ba6661880fb54e8cb56945dda25ddfe3" member_type: VOTER last_known_addr { host: "127.21.114.131" port: 45819 } } peers { permanent_uuid: "1d159a97c2c64a619b73035e38a056e5" member_type: VOTER last_known_addr { host: "127.21.114.132" port: 38645 } attrs { promote: false } } }
I20260713 09:10:39.123395 23511 raft_consensus.cc:2955] T 2bb269d02c40473a83bd65f1ffb3508f P 1d159a97c2c64a619b73035e38a056e5 [term 1 FOLLOWER]: Committing config change with OpId 1.3: config changed from index 2 to 3, 1d159a97c2c64a619b73035e38a056e5 (127.21.114.132) changed from NON_VOTER to VOTER. New config: { opid_index: 3 OBSOLETE_local: false peers { permanent_uuid: "ffd0f96360524af9a5aade1af763c28f" member_type: VOTER last_known_addr { host: "127.21.114.129" port: 46729 } } peers { permanent_uuid: "55bd902d69464bb0b019fe34f5691e42" member_type: VOTER last_known_addr { host: "127.21.114.130" port: 43373 } attrs { replace: true } } peers { permanent_uuid: "ba6661880fb54e8cb56945dda25ddfe3" member_type: VOTER last_known_addr { host: "127.21.114.131" port: 45819 } } peers { permanent_uuid: "1d159a97c2c64a619b73035e38a056e5" member_type: VOTER last_known_addr { host: "127.21.114.132" port: 38645 } attrs { promote: false } } }
I20260713 09:10:39.130599 23167 raft_consensus.cc:2955] T 2bb269d02c40473a83bd65f1ffb3508f P 55bd902d69464bb0b019fe34f5691e42 [term 1 FOLLOWER]: Committing config change with OpId 1.3: config changed from index 2 to 3, 1d159a97c2c64a619b73035e38a056e5 (127.21.114.132) changed from NON_VOTER to VOTER. New config: { opid_index: 3 OBSOLETE_local: false peers { permanent_uuid: "ffd0f96360524af9a5aade1af763c28f" member_type: VOTER last_known_addr { host: "127.21.114.129" port: 46729 } } peers { permanent_uuid: "55bd902d69464bb0b019fe34f5691e42" member_type: VOTER last_known_addr { host: "127.21.114.130" port: 43373 } attrs { replace: true } } peers { permanent_uuid: "ba6661880fb54e8cb56945dda25ddfe3" member_type: VOTER last_known_addr { host: "127.21.114.131" port: 45819 } } peers { permanent_uuid: "1d159a97c2c64a619b73035e38a056e5" member_type: VOTER last_known_addr { host: "127.21.114.132" port: 38645 } attrs { promote: false } } }
I20260713 09:10:39.132186 23239 raft_consensus.cc:2955] T 2bb269d02c40473a83bd65f1ffb3508f P ba6661880fb54e8cb56945dda25ddfe3 [term 1 FOLLOWER]: Committing config change with OpId 1.3: config changed from index 2 to 3, 1d159a97c2c64a619b73035e38a056e5 (127.21.114.132) changed from NON_VOTER to VOTER. New config: { opid_index: 3 OBSOLETE_local: false peers { permanent_uuid: "ffd0f96360524af9a5aade1af763c28f" member_type: VOTER last_known_addr { host: "127.21.114.129" port: 46729 } } peers { permanent_uuid: "55bd902d69464bb0b019fe34f5691e42" member_type: VOTER last_known_addr { host: "127.21.114.130" port: 43373 } attrs { replace: true } } peers { permanent_uuid: "ba6661880fb54e8cb56945dda25ddfe3" member_type: VOTER last_known_addr { host: "127.21.114.131" port: 45819 } } peers { permanent_uuid: "1d159a97c2c64a619b73035e38a056e5" member_type: VOTER last_known_addr { host: "127.21.114.132" port: 38645 } attrs { promote: false } } }
I20260713 09:10:39.136888 23783 raft_consensus.cc:2955] T 5c7ded81aa0a45ff835d5de56c419d7a P 55bd902d69464bb0b019fe34f5691e42 [term 1 LEADER]: Committing config change with OpId 1.4: config changed from index 3 to 4, VOTER ba6661880fb54e8cb56945dda25ddfe3 (127.21.114.131) evicted. New config: { opid_index: 4 OBSOLETE_local: false peers { permanent_uuid: "ffd0f96360524af9a5aade1af763c28f" member_type: VOTER last_known_addr { host: "127.21.114.129" port: 46729 } } peers { permanent_uuid: "55bd902d69464bb0b019fe34f5691e42" member_type: VOTER last_known_addr { host: "127.21.114.130" port: 43373 } } peers { permanent_uuid: "1d159a97c2c64a619b73035e38a056e5" member_type: VOTER last_known_addr { host: "127.21.114.132" port: 38645 } attrs { promote: false } } }
I20260713 09:10:39.140515 23785 raft_consensus.cc:1064] T def3ff7ff7264fd3adbeed4ee0aa9ad4 P 55bd902d69464bb0b019fe34f5691e42: attempting to promote NON_VOTER 1d159a97c2c64a619b73035e38a056e5 to VOTER
I20260713 09:10:39.140146 23510 raft_consensus.cc:2955] T 5c7ded81aa0a45ff835d5de56c419d7a P 1d159a97c2c64a619b73035e38a056e5 [term 1 FOLLOWER]: Committing config change with OpId 1.4: config changed from index 3 to 4, VOTER ba6661880fb54e8cb56945dda25ddfe3 (127.21.114.131) evicted. New config: { opid_index: 4 OBSOLETE_local: false peers { permanent_uuid: "ffd0f96360524af9a5aade1af763c28f" member_type: VOTER last_known_addr { host: "127.21.114.129" port: 46729 } } peers { permanent_uuid: "55bd902d69464bb0b019fe34f5691e42" member_type: VOTER last_known_addr { host: "127.21.114.130" port: 43373 } } peers { permanent_uuid: "1d159a97c2c64a619b73035e38a056e5" member_type: VOTER last_known_addr { host: "127.21.114.132" port: 38645 } attrs { promote: false } } }
I20260713 09:10:39.143476 23785 consensus_queue.cc:237] T def3ff7ff7264fd3adbeed4ee0aa9ad4 P 55bd902d69464bb0b019fe34f5691e42 [LEADER]: Queue going to LEADER mode. State: All replicated index: 0, Majority replicated index: 2, Committed index: 2, Last appended: 1.2, Last appended by leader: 0, Current term: 1, Majority size: 3, State: 0, Mode: LEADER, active raft config: opid_index: 3 OBSOLETE_local: false peers { permanent_uuid: "ffd0f96360524af9a5aade1af763c28f" member_type: VOTER last_known_addr { host: "127.21.114.129" port: 46729 } attrs { replace: true } } peers { permanent_uuid: "55bd902d69464bb0b019fe34f5691e42" member_type: VOTER last_known_addr { host: "127.21.114.130" port: 43373 } } peers { permanent_uuid: "ba6661880fb54e8cb56945dda25ddfe3" member_type: VOTER last_known_addr { host: "127.21.114.131" port: 45819 } } peers { permanent_uuid: "1d159a97c2c64a619b73035e38a056e5" member_type: VOTER last_known_addr { host: "127.21.114.132" port: 38645 } attrs { promote: false } }
I20260713 09:10:39.146591 22987 catalog_manager.cc:5697] T 2bb269d02c40473a83bd65f1ffb3508f P ffd0f96360524af9a5aade1af763c28f reported cstate change: config changed from index 2 to 3, 1d159a97c2c64a619b73035e38a056e5 (127.21.114.132) changed from NON_VOTER to VOTER. New cstate: current_term: 1 leader_uuid: "ffd0f96360524af9a5aade1af763c28f" committed_config { opid_index: 3 OBSOLETE_local: false peers { permanent_uuid: "ffd0f96360524af9a5aade1af763c28f" member_type: VOTER last_known_addr { host: "127.21.114.129" port: 46729 } health_report { overall_health: HEALTHY } } peers { permanent_uuid: "55bd902d69464bb0b019fe34f5691e42" member_type: VOTER last_known_addr { host: "127.21.114.130" port: 43373 } attrs { replace: true } health_report { overall_health: HEALTHY } } peers { permanent_uuid: "ba6661880fb54e8cb56945dda25ddfe3" member_type: VOTER last_known_addr { host: "127.21.114.131" port: 45819 } health_report { overall_health: HEALTHY } } peers { permanent_uuid: "1d159a97c2c64a619b73035e38a056e5" member_type: VOTER last_known_addr { host: "127.21.114.132" port: 38645 } attrs { promote: false } health_report { overall_health: HEALTHY } } }
I20260713 09:10:39.195181 23090 consensus_queue.cc:237] T 2bb269d02c40473a83bd65f1ffb3508f P ffd0f96360524af9a5aade1af763c28f [LEADER]: Queue going to LEADER mode. State: All replicated index: 0, Majority replicated index: 3, Committed index: 3, Last appended: 1.3, Last appended by leader: 0, Current term: 1, Majority size: 2, State: 0, Mode: LEADER, active raft config: opid_index: 4 OBSOLETE_local: false peers { permanent_uuid: "ffd0f96360524af9a5aade1af763c28f" member_type: VOTER last_known_addr { host: "127.21.114.129" port: 46729 } } peers { permanent_uuid: "ba6661880fb54e8cb56945dda25ddfe3" member_type: VOTER last_known_addr { host: "127.21.114.131" port: 45819 } } peers { permanent_uuid: "1d159a97c2c64a619b73035e38a056e5" member_type: VOTER last_known_addr { host: "127.21.114.132" port: 38645 } attrs { promote: false } }
I20260713 09:10:39.201790 23511 raft_consensus.cc:1275] T 2bb269d02c40473a83bd65f1ffb3508f P 1d159a97c2c64a619b73035e38a056e5 [term 1 FOLLOWER]: Refusing update from remote peer ffd0f96360524af9a5aade1af763c28f: Log matching property violated. Preceding OpId in replica: term: 1 index: 3. Preceding OpId from leader: term: 1 index: 4. (index mismatch)
I20260713 09:10:39.203167 23784 consensus_queue.cc:1048] T 2bb269d02c40473a83bd65f1ffb3508f P ffd0f96360524af9a5aade1af763c28f [LEADER]: Connected to new peer: Peer: permanent_uuid: "1d159a97c2c64a619b73035e38a056e5" member_type: VOTER last_known_addr { host: "127.21.114.132" port: 38645 } attrs { promote: false }, Status: LMP_MISMATCH, Last received: 0.0, Next index: 4, Last known committed idx: 3, Time since last communication: 0.000s
I20260713 09:10:39.205433 23239 raft_consensus.cc:1275] T 2bb269d02c40473a83bd65f1ffb3508f P ba6661880fb54e8cb56945dda25ddfe3 [term 1 FOLLOWER]: Refusing update from remote peer ffd0f96360524af9a5aade1af763c28f: Log matching property violated. Preceding OpId in replica: term: 1 index: 3. Preceding OpId from leader: term: 1 index: 4. (index mismatch)
I20260713 09:10:39.207067 23784 consensus_queue.cc:1048] T 2bb269d02c40473a83bd65f1ffb3508f P ffd0f96360524af9a5aade1af763c28f [LEADER]: Connected to new peer: Peer: permanent_uuid: "ba6661880fb54e8cb56945dda25ddfe3" member_type: VOTER last_known_addr { host: "127.21.114.131" port: 45819 }, Status: LMP_MISMATCH, Last received: 0.0, Next index: 4, Last known committed idx: 3, Time since last communication: 0.001s
I20260713 09:10:39.214226 23683 raft_consensus.cc:2955] T 2bb269d02c40473a83bd65f1ffb3508f P ffd0f96360524af9a5aade1af763c28f [term 1 LEADER]: Committing config change with OpId 1.4: config changed from index 3 to 4, VOTER 55bd902d69464bb0b019fe34f5691e42 (127.21.114.130) evicted. New config: { opid_index: 4 OBSOLETE_local: false peers { permanent_uuid: "ffd0f96360524af9a5aade1af763c28f" member_type: VOTER last_known_addr { host: "127.21.114.129" port: 46729 } } peers { permanent_uuid: "ba6661880fb54e8cb56945dda25ddfe3" member_type: VOTER last_known_addr { host: "127.21.114.131" port: 45819 } } peers { permanent_uuid: "1d159a97c2c64a619b73035e38a056e5" member_type: VOTER last_known_addr { host: "127.21.114.132" port: 38645 } attrs { promote: false } } }
