I20260713 09:00:42.187247  1849 consensus_queue.cc:237] T e122f9279c104c9ebaeea01077e5f66e P bdf1c08464cb4f9296426f10d65f58ab [LEADER]: Queue going to LEADER mode. State: All replicated index: 0, Majority replicated index: 0, Committed index: 0, Last appended: 0.0, Last appended by leader: 0, Current term: 1, Majority size: 2, State: 0, Mode: LEADER, active raft config: opid_index: -1 OBSOLETE_local: false peers { permanent_uuid: "6e36f0576ec9485abdd3c5cf7d6f90a8" member_type: VOTER last_known_addr { host: "127.0.107.193" port: 42681 } } peers { permanent_uuid: "bdf1c08464cb4f9296426f10d65f58ab" member_type: VOTER last_known_addr { host: "127.0.107.194" port: 38985 } } peers { permanent_uuid: "8b08b1a8e31e4b0493732e56de6c2632" member_type: VOTER last_known_addr { host: "127.0.107.195" port: 35757 } }
W20260713 09:00:42.200874  1880 log.cc:927] Time spent T 2cc128fc019c47b2a0c64da74959862b P 6e36f0576ec9485abdd3c5cf7d6f90a8: Append to log took a long time: real 0.076s	user 0.000s	sys 0.002s
I20260713 09:00:42.199703  1721 tablet_service.cc:1917] Received RequestConsensusVote() RPC: tablet_id: "e122f9279c104c9ebaeea01077e5f66e" candidate_uuid: "6e36f0576ec9485abdd3c5cf7d6f90a8" candidate_term: 1 candidate_status { last_received { term: 0 index: 0 } } ignore_live_leader: false dest_uuid: "8b08b1a8e31e4b0493732e56de6c2632"
I20260713 09:00:42.214406  1570 tablet_service.cc:1917] Received RequestConsensusVote() RPC: tablet_id: "23fe650705414176ac01d4f4f421647d" candidate_uuid: "8b08b1a8e31e4b0493732e56de6c2632" candidate_term: 1 candidate_status { last_received { term: 0 index: 0 } } ignore_live_leader: false dest_uuid: "6e36f0576ec9485abdd3c5cf7d6f90a8" is_pre_election: true
I20260713 09:00:42.224246  1767 tablet_bootstrap.cc:492] T a7e7cb2f0b154562b6570b22c424cadc P 6e36f0576ec9485abdd3c5cf7d6f90a8: No bootstrap required, opened a new log
I20260713 09:00:42.225838  1767 ts_tablet_manager.cc:1403] T a7e7cb2f0b154562b6570b22c424cadc P 6e36f0576ec9485abdd3c5cf7d6f90a8: Time spent bootstrapping tablet: real 0.123s	user 0.013s	sys 0.014s
I20260713 09:00:42.227681  1687 leader_election.cc:304] T 2cdc04c98f40482baa6791d1c334a14c P 8b08b1a8e31e4b0493732e56de6c2632 [CANDIDATE]: Term 1 election: Election decided. Result: candidate won. Election summary: received 3 responses out of 3 voters: 2 yes votes; 1 no votes. yes voters: 6e36f0576ec9485abdd3c5cf7d6f90a8, 8b08b1a8e31e4b0493732e56de6c2632; no voters: bdf1c08464cb4f9296426f10d65f58ab
I20260713 09:00:42.228520  1767 raft_consensus.cc:359] T a7e7cb2f0b154562b6570b22c424cadc P 6e36f0576ec9485abdd3c5cf7d6f90a8 [term 0 FOLLOWER]: Replica starting. Triggering 0 pending ops. Active config: opid_index: -1 OBSOLETE_local: false peers { permanent_uuid: "6e36f0576ec9485abdd3c5cf7d6f90a8" member_type: VOTER last_known_addr { host: "127.0.107.193" port: 42681 } } peers { permanent_uuid: "bdf1c08464cb4f9296426f10d65f58ab" member_type: VOTER last_known_addr { host: "127.0.107.194" port: 38985 } } peers { permanent_uuid: "8b08b1a8e31e4b0493732e56de6c2632" member_type: VOTER last_known_addr { host: "127.0.107.195" port: 35757 } }
I20260713 09:00:42.229346  1767 raft_consensus.cc:385] T a7e7cb2f0b154562b6570b22c424cadc P 6e36f0576ec9485abdd3c5cf7d6f90a8 [term 0 FOLLOWER]: Consensus starting up: Expiring failure detector timer to make a prompt election more likely
I20260713 09:00:42.229689  1767 raft_consensus.cc:740] T a7e7cb2f0b154562b6570b22c424cadc P 6e36f0576ec9485abdd3c5cf7d6f90a8 [term 0 FOLLOWER]: Becoming Follower/Learner. State: Replica: 6e36f0576ec9485abdd3c5cf7d6f90a8, State: Initialized, Role: FOLLOWER
I20260713 09:00:42.232374  1814 raft_consensus.cc:2804] T 2cdc04c98f40482baa6791d1c334a14c P 8b08b1a8e31e4b0493732e56de6c2632 [term 1 FOLLOWER]: Leader election won for term 1
I20260713 09:00:42.234146  1763 tablet_bootstrap.cc:492] T 2cdc04c98f40482baa6791d1c334a14c P bdf1c08464cb4f9296426f10d65f58ab: No bootstrap required, opened a new log
I20260713 09:00:42.237694  1814 raft_consensus.cc:697] T 2cdc04c98f40482baa6791d1c334a14c P 8b08b1a8e31e4b0493732e56de6c2632 [term 1 LEADER]: Becoming Leader. State: Replica: 8b08b1a8e31e4b0493732e56de6c2632, State: Running, Role: LEADER
I20260713 09:00:42.238044  1687 leader_election.cc:304] T 23fe650705414176ac01d4f4f421647d P 8b08b1a8e31e4b0493732e56de6c2632 [CANDIDATE]: Term 1 pre-election: Election decided. Result: candidate lost. Election summary: received 3 responses out of 3 voters: 1 yes votes; 2 no votes. yes voters: 8b08b1a8e31e4b0493732e56de6c2632; no voters: 6e36f0576ec9485abdd3c5cf7d6f90a8, bdf1c08464cb4f9296426f10d65f58ab
I20260713 09:00:42.238572  1814 consensus_queue.cc:237] T 2cdc04c98f40482baa6791d1c334a14c P 8b08b1a8e31e4b0493732e56de6c2632 [LEADER]: Queue going to LEADER mode. State: All replicated index: 0, Majority replicated index: 0, Committed index: 0, Last appended: 0.0, Last appended by leader: 0, Current term: 1, Majority size: 2, State: 0, Mode: LEADER, active raft config: opid_index: -1 OBSOLETE_local: false peers { permanent_uuid: "6e36f0576ec9485abdd3c5cf7d6f90a8" member_type: VOTER last_known_addr { host: "127.0.107.193" port: 42681 } } peers { permanent_uuid: "bdf1c08464cb4f9296426f10d65f58ab" member_type: VOTER last_known_addr { host: "127.0.107.194" port: 38985 } } peers { permanent_uuid: "8b08b1a8e31e4b0493732e56de6c2632" member_type: VOTER last_known_addr { host: "127.0.107.195" port: 35757 } }
I20260713 09:00:42.236951  1767 consensus_queue.cc:260] T a7e7cb2f0b154562b6570b22c424cadc P 6e36f0576ec9485abdd3c5cf7d6f90a8 [NON_LEADER]: Queue going to NON_LEADER mode. State: All replicated index: 0, Majority replicated index: 0, Committed index: 0, Last appended: 0.0, Last appended by leader: 0, Current term: 0, Majority size: -1, State: 0, Mode: NON_LEADER, active raft config: opid_index: -1 OBSOLETE_local: false peers { permanent_uuid: "6e36f0576ec9485abdd3c5cf7d6f90a8" member_type: VOTER last_known_addr { host: "127.0.107.193" port: 42681 } } peers { permanent_uuid: "bdf1c08464cb4f9296426f10d65f58ab" member_type: VOTER last_known_addr { host: "127.0.107.194" port: 38985 } } peers { permanent_uuid: "8b08b1a8e31e4b0493732e56de6c2632" member_type: VOTER last_known_addr { host: "127.0.107.195" port: 35757 } }
I20260713 09:00:42.240381  1841 raft_consensus.cc:3060] T 23fe650705414176ac01d4f4f421647d P 8b08b1a8e31e4b0493732e56de6c2632 [term 0 FOLLOWER]: Advancing to term 1
I20260713 09:00:42.287917  1787 consensus_queue.cc:1048] T 23fe650705414176ac01d4f4f421647d P 6e36f0576ec9485abdd3c5cf7d6f90a8 [LEADER]: Connected to new peer: Peer: permanent_uuid: "bdf1c08464cb4f9296426f10d65f58ab" member_type: VOTER last_known_addr { host: "127.0.107.194" port: 38985 }, Status: LMP_MISMATCH, Last received: 0.0, Next index: 1, Last known committed idx: 0, Time since last communication: 0.000s
I20260713 09:00:42.292393  1767 ts_tablet_manager.cc:1434] T a7e7cb2f0b154562b6570b22c424cadc P 6e36f0576ec9485abdd3c5cf7d6f90a8: Time spent starting tablet: real 0.066s	user 0.007s	sys 0.000s
I20260713 09:00:42.293298  1767 tablet_bootstrap.cc:492] T 2a1962e7fb7549409bb3414cf733039f P 6e36f0576ec9485abdd3c5cf7d6f90a8: Bootstrap starting.
I20260713 09:00:42.272528  1762 tablet_bootstrap.cc:654] T 4b954108287f480b9fc0b91cae0e243e P 8b08b1a8e31e4b0493732e56de6c2632: Neither blocks nor log segments found. Creating new log.
I20260713 09:00:42.296368  1763 ts_tablet_manager.cc:1403] T 2cdc04c98f40482baa6791d1c334a14c P bdf1c08464cb4f9296426f10d65f58ab: Time spent bootstrapping tablet: real 0.156s	user 0.027s	sys 0.014s
I20260713 09:00:42.228854  1721 raft_consensus.cc:2393] T e122f9279c104c9ebaeea01077e5f66e P 8b08b1a8e31e4b0493732e56de6c2632 [term 1 FOLLOWER]: Leader election vote request: Denying vote to candidate 6e36f0576ec9485abdd3c5cf7d6f90a8 in current term 1: Already voted for candidate bdf1c08464cb4f9296426f10d65f58ab in this term.
W20260713 09:00:42.307101  1687 outbound_call.cc:321] RPC callback for RPC call kudu.consensus.ConsensusService.RequestConsensusVote -> {remote=127.0.107.193:42681, user_credentials={real_user=slave}} blocked reactor thread for 69148.1us
I20260713 09:00:42.240716  1835 raft_consensus.cc:2749] T 176a653d101341a28f516cc803e4a137 P 6e36f0576ec9485abdd3c5cf7d6f90a8 [term 1 FOLLOWER]: Leader pre-election lost for term 2. Reason: could not achieve majority
I20260713 09:00:42.246245  1829 raft_consensus.cc:493] T e9b843c8f45a48c98517562cc453385d P 6e36f0576ec9485abdd3c5cf7d6f90a8 [term 0 FOLLOWER]: Starting pre-election (no leader contacted us within the election timeout)
I20260713 09:00:42.311789  1538 leader_election.cc:304] T e122f9279c104c9ebaeea01077e5f66e P 6e36f0576ec9485abdd3c5cf7d6f90a8 [CANDIDATE]: Term 1 election: Election decided. Result: candidate lost. Election summary: received 3 responses out of 3 voters: 1 yes votes; 2 no votes. yes voters: 6e36f0576ec9485abdd3c5cf7d6f90a8; no voters: 8b08b1a8e31e4b0493732e56de6c2632, bdf1c08464cb4f9296426f10d65f58ab
I20260713 09:00:42.315023  1763 raft_consensus.cc:359] T 2cdc04c98f40482baa6791d1c334a14c P bdf1c08464cb4f9296426f10d65f58ab [term 0 FOLLOWER]: Replica starting. Triggering 0 pending ops. Active config: opid_index: -1 OBSOLETE_local: false peers { permanent_uuid: "6e36f0576ec9485abdd3c5cf7d6f90a8" member_type: VOTER last_known_addr { host: "127.0.107.193" port: 42681 } } peers { permanent_uuid: "bdf1c08464cb4f9296426f10d65f58ab" member_type: VOTER last_known_addr { host: "127.0.107.194" port: 38985 } } peers { permanent_uuid: "8b08b1a8e31e4b0493732e56de6c2632" member_type: VOTER last_known_addr { host: "127.0.107.195" port: 35757 } }
I20260713 09:00:42.315922  1763 raft_consensus.cc:385] T 2cdc04c98f40482baa6791d1c334a14c P bdf1c08464cb4f9296426f10d65f58ab [term 0 FOLLOWER]: Consensus starting up: Expiring failure detector timer to make a prompt election more likely
I20260713 09:00:42.316256  1763 raft_consensus.cc:740] T 2cdc04c98f40482baa6791d1c334a14c P bdf1c08464cb4f9296426f10d65f58ab [term 0 FOLLOWER]: Becoming Follower/Learner. State: Replica: bdf1c08464cb4f9296426f10d65f58ab, State: Initialized, Role: FOLLOWER
I20260713 09:00:42.314232  1835 raft_consensus.cc:2749] T e122f9279c104c9ebaeea01077e5f66e P 6e36f0576ec9485abdd3c5cf7d6f90a8 [term 1 FOLLOWER]: Leader election lost for term 1. Reason: could not achieve majority
I20260713 09:00:42.313133  1829 raft_consensus.cc:515] T e9b843c8f45a48c98517562cc453385d P 6e36f0576ec9485abdd3c5cf7d6f90a8 [term 0 FOLLOWER]: Starting pre-election with config: opid_index: -1 OBSOLETE_local: false peers { permanent_uuid: "6e36f0576ec9485abdd3c5cf7d6f90a8" member_type: VOTER last_known_addr { host: "127.0.107.193" port: 42681 } } peers { permanent_uuid: "bdf1c08464cb4f9296426f10d65f58ab" member_type: VOTER last_known_addr { host: "127.0.107.194" port: 38985 } } peers { permanent_uuid: "8b08b1a8e31e4b0493732e56de6c2632" member_type: VOTER last_known_addr { host: "127.0.107.195" port: 35757 } }
I20260713 09:00:42.320161  1829 leader_election.cc:290] T e9b843c8f45a48c98517562cc453385d P 6e36f0576ec9485abdd3c5cf7d6f90a8 [CANDIDATE]: Term 1 pre-election: Requested pre-vote from peers bdf1c08464cb4f9296426f10d65f58ab (127.0.107.194:38985), 8b08b1a8e31e4b0493732e56de6c2632 (127.0.107.195:35757)
I20260713 09:00:42.320814  1647 tablet_service.cc:1917] Received RequestConsensusVote() RPC: tablet_id: "e9b843c8f45a48c98517562cc453385d" candidate_uuid: "6e36f0576ec9485abdd3c5cf7d6f90a8" candidate_term: 1 candidate_status { last_received { term: 0 index: 0 } } ignore_live_leader: false dest_uuid: "bdf1c08464cb4f9296426f10d65f58ab" is_pre_election: true
I20260713 09:00:42.321478  1647 raft_consensus.cc:2468] T e9b843c8f45a48c98517562cc453385d P bdf1c08464cb4f9296426f10d65f58ab [term 0 FOLLOWER]: Leader pre-election vote request: Granting yes vote for candidate 6e36f0576ec9485abdd3c5cf7d6f90a8 in term 0.
I20260713 09:00:42.323101  1536 leader_election.cc:304] T e9b843c8f45a48c98517562cc453385d P 6e36f0576ec9485abdd3c5cf7d6f90a8 [CANDIDATE]: Term 1 pre-election: Election decided. Result: candidate won. Election summary: received 2 responses out of 3 voters: 2 yes votes; 0 no votes. yes voters: 6e36f0576ec9485abdd3c5cf7d6f90a8, bdf1c08464cb4f9296426f10d65f58ab; no voters: 
I20260713 09:00:42.323364  1721 tablet_service.cc:1917] Received RequestConsensusVote() RPC: tablet_id: "e9b843c8f45a48c98517562cc453385d" candidate_uuid: "6e36f0576ec9485abdd3c5cf7d6f90a8" candidate_term: 1 candidate_status { last_received { term: 0 index: 0 } } ignore_live_leader: false dest_uuid: "8b08b1a8e31e4b0493732e56de6c2632" is_pre_election: true
I20260713 09:00:42.323973  1721 raft_consensus.cc:2468] T e9b843c8f45a48c98517562cc453385d P 8b08b1a8e31e4b0493732e56de6c2632 [term 0 FOLLOWER]: Leader pre-election vote request: Granting yes vote for candidate 6e36f0576ec9485abdd3c5cf7d6f90a8 in term 0.
I20260713 09:00:42.323870  1763 consensus_queue.cc:260] T 2cdc04c98f40482baa6791d1c334a14c P bdf1c08464cb4f9296426f10d65f58ab [NON_LEADER]: Queue going to NON_LEADER mode. State: All replicated index: 0, Majority replicated index: 0, Committed index: 0, Last appended: 0.0, Last appended by leader: 0, Current term: 0, Majority size: -1, State: 0, Mode: NON_LEADER, active raft config: opid_index: -1 OBSOLETE_local: false peers { permanent_uuid: "6e36f0576ec9485abdd3c5cf7d6f90a8" member_type: VOTER last_known_addr { host: "127.0.107.193" port: 42681 } } peers { permanent_uuid: "bdf1c08464cb4f9296426f10d65f58ab" member_type: VOTER last_known_addr { host: "127.0.107.194" port: 38985 } } peers { permanent_uuid: "8b08b1a8e31e4b0493732e56de6c2632" member_type: VOTER last_known_addr { host: "127.0.107.195" port: 35757 } }
I20260713 09:00:42.324169  1829 raft_consensus.cc:2804] T e9b843c8f45a48c98517562cc453385d P 6e36f0576ec9485abdd3c5cf7d6f90a8 [term 0 FOLLOWER]: Leader pre-election won for term 1
I20260713 09:00:42.324622  1829 raft_consensus.cc:493] T e9b843c8f45a48c98517562cc453385d P 6e36f0576ec9485abdd3c5cf7d6f90a8 [term 0 FOLLOWER]: Starting leader election (no leader contacted us within the election timeout)
I20260713 09:00:42.324970  1829 raft_consensus.cc:3060] T e9b843c8f45a48c98517562cc453385d P 6e36f0576ec9485abdd3c5cf7d6f90a8 [term 0 FOLLOWER]: Advancing to term 1
I20260713 09:00:42.325834  1763 ts_tablet_manager.cc:1434] T 2cdc04c98f40482baa6791d1c334a14c P bdf1c08464cb4f9296426f10d65f58ab: Time spent starting tablet: real 0.029s	user 0.003s	sys 0.002s
I20260713 09:00:42.327133  1763 tablet_bootstrap.cc:492] T d082820d6e574538bfc3fbfc750c8e89 P bdf1c08464cb4f9296426f10d65f58ab: Bootstrap starting.
I20260713 09:00:42.254173  1469 catalog_manager.cc:5697] T ff33713b58b541e494717204c9b6100f P bdf1c08464cb4f9296426f10d65f58ab reported cstate change: term changed from 0 to 1, leader changed from <none> to bdf1c08464cb4f9296426f10d65f58ab (127.0.107.194). New cstate: current_term: 1 leader_uuid: "bdf1c08464cb4f9296426f10d65f58ab" committed_config { opid_index: -1 OBSOLETE_local: false peers { permanent_uuid: "6e36f0576ec9485abdd3c5cf7d6f90a8" member_type: VOTER last_known_addr { host: "127.0.107.193" port: 42681 } health_report { overall_health: UNKNOWN } } peers { permanent_uuid: "bdf1c08464cb4f9296426f10d65f58ab" member_type: VOTER last_known_addr { host: "127.0.107.194" port: 38985 } health_report { overall_health: HEALTHY } } peers { permanent_uuid: "8b08b1a8e31e4b0493732e56de6c2632" member_type: VOTER last_known_addr { host: "127.0.107.195" port: 35757 } health_report { overall_health: UNKNOWN } } }
I20260713 09:00:42.332710  1469 catalog_manager.cc:5697] T 5c86a64b77a542c0aeb3aae3a4dfacc0 P bdf1c08464cb4f9296426f10d65f58ab reported cstate change: term changed from 0 to 1, leader changed from <none> to bdf1c08464cb4f9296426f10d65f58ab (127.0.107.194). New cstate: current_term: 1 leader_uuid: "bdf1c08464cb4f9296426f10d65f58ab" committed_config { opid_index: -1 OBSOLETE_local: false peers { permanent_uuid: "6e36f0576ec9485abdd3c5cf7d6f90a8" member_type: VOTER last_known_addr { host: "127.0.107.193" port: 42681 } health_report { overall_health: UNKNOWN } } peers { permanent_uuid: "bdf1c08464cb4f9296426f10d65f58ab" member_type: VOTER last_known_addr { host: "127.0.107.194" port: 38985 } health_report { overall_health: HEALTHY } } peers { permanent_uuid: "8b08b1a8e31e4b0493732e56de6c2632" member_type: VOTER last_known_addr { host: "127.0.107.195" port: 35757 } health_report { overall_health: UNKNOWN } } }
I20260713 09:00:42.335165  1763 tablet_bootstrap.cc:654] T d082820d6e574538bfc3fbfc750c8e89 P bdf1c08464cb4f9296426f10d65f58ab: Neither blocks nor log segments found. Creating new log.
I20260713 09:00:42.332736  1841 raft_consensus.cc:2749] T 23fe650705414176ac01d4f4f421647d P 8b08b1a8e31e4b0493732e56de6c2632 [term 1 FOLLOWER]: Leader pre-election lost for term 1. Reason: could not achieve majority
I20260713 09:00:42.340378  1767 tablet_bootstrap.cc:654] T 2a1962e7fb7549409bb3414cf733039f P 6e36f0576ec9485abdd3c5cf7d6f90a8: Neither blocks nor log segments found. Creating new log.
I20260713 09:00:42.349702  1835 consensus_queue.cc:1048] T 23fe650705414176ac01d4f4f421647d P 6e36f0576ec9485abdd3c5cf7d6f90a8 [LEADER]: Connected to new peer: Peer: permanent_uuid: "8b08b1a8e31e4b0493732e56de6c2632" member_type: VOTER last_known_addr { host: "127.0.107.195" port: 35757 }, Status: LMP_MISMATCH, Last received: 0.0, Next index: 1, Last known committed idx: 0, Time since last communication: 0.001s
I20260713 09:00:42.368350  1829 raft_consensus.cc:515] T e9b843c8f45a48c98517562cc453385d P 6e36f0576ec9485abdd3c5cf7d6f90a8 [term 1 FOLLOWER]: Starting leader election with config: opid_index: -1 OBSOLETE_local: false peers { permanent_uuid: "6e36f0576ec9485abdd3c5cf7d6f90a8" member_type: VOTER last_known_addr { host: "127.0.107.193" port: 42681 } } peers { permanent_uuid: "bdf1c08464cb4f9296426f10d65f58ab" member_type: VOTER last_known_addr { host: "127.0.107.194" port: 38985 } } peers { permanent_uuid: "8b08b1a8e31e4b0493732e56de6c2632" member_type: VOTER last_known_addr { host: "127.0.107.195" port: 35757 } }
I20260713 09:00:42.376451  1762 tablet_bootstrap.cc:492] T 4b954108287f480b9fc0b91cae0e243e P 8b08b1a8e31e4b0493732e56de6c2632: No bootstrap required, opened a new log
I20260713 09:00:42.376888  1762 ts_tablet_manager.cc:1403] T 4b954108287f480b9fc0b91cae0e243e P 8b08b1a8e31e4b0493732e56de6c2632: Time spent bootstrapping tablet: real 0.216s	user 0.013s	sys 0.010s
I20260713 09:00:42.377200  1721 tablet_service.cc:1917] Received RequestConsensusVote() RPC: tablet_id: "e9b843c8f45a48c98517562cc453385d" candidate_uuid: "6e36f0576ec9485abdd3c5cf7d6f90a8" candidate_term: 1 candidate_status { last_received { term: 0 index: 0 } } ignore_live_leader: false dest_uuid: "8b08b1a8e31e4b0493732e56de6c2632"
I20260713 09:00:42.378111  1721 raft_consensus.cc:3060] T e9b843c8f45a48c98517562cc453385d P 8b08b1a8e31e4b0493732e56de6c2632 [term 0 FOLLOWER]: Advancing to term 1
I20260713 09:00:42.379441  1762 raft_consensus.cc:359] T 4b954108287f480b9fc0b91cae0e243e P 8b08b1a8e31e4b0493732e56de6c2632 [term 0 FOLLOWER]: Replica starting. Triggering 0 pending ops. Active config: opid_index: -1 OBSOLETE_local: false peers { permanent_uuid: "6e36f0576ec9485abdd3c5cf7d6f90a8" member_type: VOTER last_known_addr { host: "127.0.107.193" port: 42681 } } peers { permanent_uuid: "bdf1c08464cb4f9296426f10d65f58ab" member_type: VOTER last_known_addr { host: "127.0.107.194" port: 38985 } } peers { permanent_uuid: "8b08b1a8e31e4b0493732e56de6c2632" member_type: VOTER last_known_addr { host: "127.0.107.195" port: 35757 } }
I20260713 09:00:42.380178  1648 tablet_service.cc:1917] Received RequestConsensusVote() RPC: tablet_id: "e9b843c8f45a48c98517562cc453385d" candidate_uuid: "6e36f0576ec9485abdd3c5cf7d6f90a8" candidate_term: 1 candidate_status { last_received { term: 0 index: 0 } } ignore_live_leader: false dest_uuid: "bdf1c08464cb4f9296426f10d65f58ab"
I20260713 09:00:42.380824  1648 raft_consensus.cc:3060] T e9b843c8f45a48c98517562cc453385d P bdf1c08464cb4f9296426f10d65f58ab [term 0 FOLLOWER]: Advancing to term 1
I20260713 09:00:42.380462  1762 raft_consensus.cc:385] T 4b954108287f480b9fc0b91cae0e243e P 8b08b1a8e31e4b0493732e56de6c2632 [term 0 FOLLOWER]: Consensus starting up: Expiring failure detector timer to make a prompt election more likely
I20260713 09:00:42.382652  1762 raft_consensus.cc:740] T 4b954108287f480b9fc0b91cae0e243e P 8b08b1a8e31e4b0493732e56de6c2632 [term 0 FOLLOWER]: Becoming Follower/Learner. State: Replica: 8b08b1a8e31e4b0493732e56de6c2632, State: Initialized, Role: FOLLOWER
I20260713 09:00:42.382756  1829 leader_election.cc:290] T e9b843c8f45a48c98517562cc453385d P 6e36f0576ec9485abdd3c5cf7d6f90a8 [CANDIDATE]: Term 1 election: Requested vote from peers bdf1c08464cb4f9296426f10d65f58ab (127.0.107.194:38985), 8b08b1a8e31e4b0493732e56de6c2632 (127.0.107.195:35757)
I20260713 09:00:42.387292  1721 raft_consensus.cc:2468] T e9b843c8f45a48c98517562cc453385d P 8b08b1a8e31e4b0493732e56de6c2632 [term 1 FOLLOWER]: Leader election vote request: Granting yes vote for candidate 6e36f0576ec9485abdd3c5cf7d6f90a8 in term 1.
I20260713 09:00:42.389204  1648 raft_consensus.cc:2468] T e9b843c8f45a48c98517562cc453385d P bdf1c08464cb4f9296426f10d65f58ab [term 1 FOLLOWER]: Leader election vote request: Granting yes vote for candidate 6e36f0576ec9485abdd3c5cf7d6f90a8 in term 1.
I20260713 09:00:42.389701  1471 catalog_manager.cc:5697] T 0f2586fd376e4cf6b82160a9c60f5ae5 P 6e36f0576ec9485abdd3c5cf7d6f90a8 reported cstate change: term changed from 0 to 1, leader changed from <none> to 6e36f0576ec9485abdd3c5cf7d6f90a8 (127.0.107.193). New cstate: current_term: 1 leader_uuid: "6e36f0576ec9485abdd3c5cf7d6f90a8" committed_config { opid_index: -1 OBSOLETE_local: false peers { permanent_uuid: "6e36f0576ec9485abdd3c5cf7d6f90a8" member_type: VOTER last_known_addr { host: "127.0.107.193" port: 42681 } health_report { overall_health: HEALTHY } } peers { permanent_uuid: "bdf1c08464cb4f9296426f10d65f58ab" member_type: VOTER last_known_addr { host: "127.0.107.194" port: 38985 } health_report { overall_health: UNKNOWN } } peers { permanent_uuid: "8b08b1a8e31e4b0493732e56de6c2632" member_type: VOTER last_known_addr { host: "127.0.107.195" port: 35757 } health_report { overall_health: UNKNOWN } } }
I20260713 09:00:42.390429  1536 leader_election.cc:304] T e9b843c8f45a48c98517562cc453385d P 6e36f0576ec9485abdd3c5cf7d6f90a8 [CANDIDATE]: Term 1 election: Election decided. Result: candidate won. Election summary: received 2 responses out of 3 voters: 2 yes votes; 0 no votes. yes voters: 6e36f0576ec9485abdd3c5cf7d6f90a8, bdf1c08464cb4f9296426f10d65f58ab; no voters: 
I20260713 09:00:42.392714  1835 raft_consensus.cc:2804] T e9b843c8f45a48c98517562cc453385d P 6e36f0576ec9485abdd3c5cf7d6f90a8 [term 1 FOLLOWER]: Leader election won for term 1
I20260713 09:00:42.391839  1471 catalog_manager.cc:5697] T 9e9e12387d0442afa03884e826d4c03c P 6e36f0576ec9485abdd3c5cf7d6f90a8 reported cstate change: term changed from 0 to 1, leader changed from <none> to 6e36f0576ec9485abdd3c5cf7d6f90a8 (127.0.107.193). New cstate: current_term: 1 leader_uuid: "6e36f0576ec9485abdd3c5cf7d6f90a8" committed_config { opid_index: -1 OBSOLETE_local: false peers { permanent_uuid: "6e36f0576ec9485abdd3c5cf7d6f90a8" member_type: VOTER last_known_addr { host: "127.0.107.193" port: 42681 } health_report { overall_health: HEALTHY } } peers { permanent_uuid: "bdf1c08464cb4f9296426f10d65f58ab" member_type: VOTER last_known_addr { host: "127.0.107.194" port: 38985 } health_report { overall_health: UNKNOWN } } peers { permanent_uuid: "8b08b1a8e31e4b0493732e56de6c2632" member_type: VOTER last_known_addr { host: "127.0.107.195" port: 35757 } health_report { overall_health: UNKNOWN } } }
I20260713 09:00:42.393327  1835 raft_consensus.cc:697] T e9b843c8f45a48c98517562cc453385d P 6e36f0576ec9485abdd3c5cf7d6f90a8 [term 1 LEADER]: Becoming Leader. State: Replica: 6e36f0576ec9485abdd3c5cf7d6f90a8, State: Running, Role: LEADER
I20260713 09:00:42.394522  1835 consensus_queue.cc:237] T e9b843c8f45a48c98517562cc453385d P 6e36f0576ec9485abdd3c5cf7d6f90a8 [LEADER]: Queue going to LEADER mode. State: All replicated index: 0, Majority replicated index: 0, Committed index: 0, Last appended: 0.0, Last appended by leader: 0, Current term: 1, Majority size: 2, State: 0, Mode: LEADER, active raft config: opid_index: -1 OBSOLETE_local: false peers { permanent_uuid: "6e36f0576ec9485abdd3c5cf7d6f90a8" member_type: VOTER last_known_addr { host: "127.0.107.193" port: 42681 } } peers { permanent_uuid: "bdf1c08464cb4f9296426f10d65f58ab" member_type: VOTER last_known_addr { host: "127.0.107.194" port: 38985 } } peers { permanent_uuid: "8b08b1a8e31e4b0493732e56de6c2632" member_type: VOTER last_known_addr { host: "127.0.107.195" port: 35757 } }
I20260713 09:00:42.400518  1762 consensus_queue.cc:260] T 4b954108287f480b9fc0b91cae0e243e P 8b08b1a8e31e4b0493732e56de6c2632 [NON_LEADER]: Queue going to NON_LEADER mode. State: All replicated index: 0, Majority replicated index: 0, Committed index: 0, Last appended: 0.0, Last appended by leader: 0, Current term: 0, Majority size: -1, State: 0, Mode: NON_LEADER, active raft config: opid_index: -1 OBSOLETE_local: false peers { permanent_uuid: "6e36f0576ec9485abdd3c5cf7d6f90a8" member_type: VOTER last_known_addr { host: "127.0.107.193" port: 42681 } } peers { permanent_uuid: "bdf1c08464cb4f9296426f10d65f58ab" member_type: VOTER last_known_addr { host: "127.0.107.194" port: 38985 } } peers { permanent_uuid: "8b08b1a8e31e4b0493732e56de6c2632" member_type: VOTER last_known_addr { host: "127.0.107.195" port: 35757 } }
I20260713 09:00:42.405872  1762 ts_tablet_manager.cc:1434] T 4b954108287f480b9fc0b91cae0e243e P 8b08b1a8e31e4b0493732e56de6c2632: Time spent starting tablet: real 0.029s	user 0.009s	sys 0.001s
I20260713 09:00:42.407197  1762 tablet_bootstrap.cc:492] T d082820d6e574538bfc3fbfc750c8e89 P 8b08b1a8e31e4b0493732e56de6c2632: Bootstrap starting.
I20260713 09:00:42.407548  1767 tablet_bootstrap.cc:492] T 2a1962e7fb7549409bb3414cf733039f P 6e36f0576ec9485abdd3c5cf7d6f90a8: No bootstrap required, opened a new log
I20260713 09:00:42.408023  1767 ts_tablet_manager.cc:1403] T 2a1962e7fb7549409bb3414cf733039f P 6e36f0576ec9485abdd3c5cf7d6f90a8: Time spent bootstrapping tablet: real 0.115s	user 0.011s	sys 0.016s
I20260713 09:00:42.410722  1767 raft_consensus.cc:359] T 2a1962e7fb7549409bb3414cf733039f P 6e36f0576ec9485abdd3c5cf7d6f90a8 [term 0 FOLLOWER]: Replica starting. Triggering 0 pending ops. Active config: opid_index: -1 OBSOLETE_local: false peers { permanent_uuid: "6e36f0576ec9485abdd3c5cf7d6f90a8" member_type: VOTER last_known_addr { host: "127.0.107.193" port: 42681 } } peers { permanent_uuid: "bdf1c08464cb4f9296426f10d65f58ab" member_type: VOTER last_known_addr { host: "127.0.107.194" port: 38985 } } peers { permanent_uuid: "8b08b1a8e31e4b0493732e56de6c2632" member_type: VOTER last_known_addr { host: "127.0.107.195" port: 35757 } }
I20260713 09:00:42.411369  1767 raft_consensus.cc:385] T 2a1962e7fb7549409bb3414cf733039f P 6e36f0576ec9485abdd3c5cf7d6f90a8 [term 0 FOLLOWER]: Consensus starting up: Expiring failure detector timer to make a prompt election more likely
I20260713 09:00:42.411672  1767 raft_consensus.cc:740] T 2a1962e7fb7549409bb3414cf733039f P 6e36f0576ec9485abdd3c5cf7d6f90a8 [term 0 FOLLOWER]: Becoming Follower/Learner. State: Replica: 6e36f0576ec9485abdd3c5cf7d6f90a8, State: Initialized, Role: FOLLOWER
I20260713 09:00:42.412441  1762 tablet_bootstrap.cc:654] T d082820d6e574538bfc3fbfc750c8e89 P 8b08b1a8e31e4b0493732e56de6c2632: Neither blocks nor log segments found. Creating new log.
I20260713 09:00:42.414973  1767 consensus_queue.cc:260] T 2a1962e7fb7549409bb3414cf733039f P 6e36f0576ec9485abdd3c5cf7d6f90a8 [NON_LEADER]: Queue going to NON_LEADER mode. State: All replicated index: 0, Majority replicated index: 0, Committed index: 0, Last appended: 0.0, Last appended by leader: 0, Current term: 0, Majority size: -1, State: 0, Mode: NON_LEADER, active raft config: opid_index: -1 OBSOLETE_local: false peers { permanent_uuid: "6e36f0576ec9485abdd3c5cf7d6f90a8" member_type: VOTER last_known_addr { host: "127.0.107.193" port: 42681 } } peers { permanent_uuid: "bdf1c08464cb4f9296426f10d65f58ab" member_type: VOTER last_known_addr { host: "127.0.107.194" port: 38985 } } peers { permanent_uuid: "8b08b1a8e31e4b0493732e56de6c2632" member_type: VOTER last_known_addr { host: "127.0.107.195" port: 35757 } }
I20260713 09:00:42.418804  1763 tablet_bootstrap.cc:492] T d082820d6e574538bfc3fbfc750c8e89 P bdf1c08464cb4f9296426f10d65f58ab: No bootstrap required, opened a new log
I20260713 09:00:42.419296  1763 ts_tablet_manager.cc:1403] T d082820d6e574538bfc3fbfc750c8e89 P bdf1c08464cb4f9296426f10d65f58ab: Time spent bootstrapping tablet: real 0.093s	user 0.025s	sys 0.018s
I20260713 09:00:42.423743  1767 ts_tablet_manager.cc:1434] T 2a1962e7fb7549409bb3414cf733039f P 6e36f0576ec9485abdd3c5cf7d6f90a8: Time spent starting tablet: real 0.015s	user 0.007s	sys 0.001s
I20260713 09:00:42.424681  1767 tablet_bootstrap.cc:492] T 5c86a64b77a542c0aeb3aae3a4dfacc0 P 6e36f0576ec9485abdd3c5cf7d6f90a8: Bootstrap starting.
W20260713 09:00:42.424948  1613 consensus_peers.cc:597] T 5c86a64b77a542c0aeb3aae3a4dfacc0 P bdf1c08464cb4f9296426f10d65f58ab -> Peer 6e36f0576ec9485abdd3c5cf7d6f90a8 (127.0.107.193:42681): Couldn't send request to peer 6e36f0576ec9485abdd3c5cf7d6f90a8. Error code: TABLET_NOT_RUNNING (12). Status: Illegal state: Tablet not RUNNING: INITIALIZED. This is attempt 1: this message will repeat every 5th retry.
I20260713 09:00:42.425763  1470 catalog_manager.cc:5697] T 2cdc04c98f40482baa6791d1c334a14c P 8b08b1a8e31e4b0493732e56de6c2632 reported cstate change: term changed from 0 to 1, leader changed from <none> to 8b08b1a8e31e4b0493732e56de6c2632 (127.0.107.195). New cstate: current_term: 1 leader_uuid: "8b08b1a8e31e4b0493732e56de6c2632" committed_config { opid_index: -1 OBSOLETE_local: false peers { permanent_uuid: "6e36f0576ec9485abdd3c5cf7d6f90a8" member_type: VOTER last_known_addr { host: "127.0.107.193" port: 42681 } health_report { overall_health: UNKNOWN } } peers { permanent_uuid: "bdf1c08464cb4f9296426f10d65f58ab" member_type: VOTER last_known_addr { host: "127.0.107.194" port: 38985 } health_report { overall_health: UNKNOWN } } peers { permanent_uuid: "8b08b1a8e31e4b0493732e56de6c2632" member_type: VOTER last_known_addr { host: "127.0.107.195" port: 35757 } health_report { overall_health: HEALTHY } } }
I20260713 09:00:42.439076  1763 raft_consensus.cc:359] T d082820d6e574538bfc3fbfc750c8e89 P bdf1c08464cb4f9296426f10d65f58ab [term 0 FOLLOWER]: Replica starting. Triggering 0 pending ops. Active config: opid_index: -1 OBSOLETE_local: false peers { permanent_uuid: "6e36f0576ec9485abdd3c5cf7d6f90a8" member_type: VOTER last_known_addr { host: "127.0.107.193" port: 42681 } } peers { permanent_uuid: "bdf1c08464cb4f9296426f10d65f58ab" member_type: VOTER last_known_addr { host: "127.0.107.194" port: 38985 } } peers { permanent_uuid: "8b08b1a8e31e4b0493732e56de6c2632" member_type: VOTER last_known_addr { host: "127.0.107.195" port: 35757 } }
I20260713 09:00:42.440073  1763 raft_consensus.cc:385] T d082820d6e574538bfc3fbfc750c8e89 P bdf1c08464cb4f9296426f10d65f58ab [term 0 FOLLOWER]: Consensus starting up: Expiring failure detector timer to make a prompt election more likely
I20260713 09:00:42.440404  1763 raft_consensus.cc:740] T d082820d6e574538bfc3fbfc750c8e89 P bdf1c08464cb4f9296426f10d65f58ab [term 0 FOLLOWER]: Becoming Follower/Learner. State: Replica: bdf1c08464cb4f9296426f10d65f58ab, State: Initialized, Role: FOLLOWER
I20260713 09:00:42.440532  1767 tablet_bootstrap.cc:654] T 5c86a64b77a542c0aeb3aae3a4dfacc0 P 6e36f0576ec9485abdd3c5cf7d6f90a8: Neither blocks nor log segments found. Creating new log.
I20260713 09:00:42.441279  1763 consensus_queue.cc:260] T d082820d6e574538bfc3fbfc750c8e89 P bdf1c08464cb4f9296426f10d65f58ab [NON_LEADER]: Queue going to NON_LEADER mode. State: All replicated index: 0, Majority replicated index: 0, Committed index: 0, Last appended: 0.0, Last appended by leader: 0, Current term: 0, Majority size: -1, State: 0, Mode: NON_LEADER, active raft config: opid_index: -1 OBSOLETE_local: false peers { permanent_uuid: "6e36f0576ec9485abdd3c5cf7d6f90a8" member_type: VOTER last_known_addr { host: "127.0.107.193" port: 42681 } } peers { permanent_uuid: "bdf1c08464cb4f9296426f10d65f58ab" member_type: VOTER last_known_addr { host: "127.0.107.194" port: 38985 } } peers { permanent_uuid: "8b08b1a8e31e4b0493732e56de6c2632" member_type: VOTER last_known_addr { host: "127.0.107.195" port: 35757 } }
I20260713 09:00:42.448165  1471 catalog_manager.cc:5697] T e9b843c8f45a48c98517562cc453385d P 6e36f0576ec9485abdd3c5cf7d6f90a8 reported cstate change: term changed from 0 to 1, leader changed from <none> to 6e36f0576ec9485abdd3c5cf7d6f90a8 (127.0.107.193). New cstate: current_term: 1 leader_uuid: "6e36f0576ec9485abdd3c5cf7d6f90a8" committed_config { opid_index: -1 OBSOLETE_local: false peers { permanent_uuid: "6e36f0576ec9485abdd3c5cf7d6f90a8" member_type: VOTER last_known_addr { host: "127.0.107.193" port: 42681 } health_report { overall_health: HEALTHY } } peers { permanent_uuid: "bdf1c08464cb4f9296426f10d65f58ab" member_type: VOTER last_known_addr { host: "127.0.107.194" port: 38985 } health_report { overall_health: UNKNOWN } } peers { permanent_uuid: "8b08b1a8e31e4b0493732e56de6c2632" member_type: VOTER last_known_addr { host: "127.0.107.195" port: 35757 } health_report { overall_health: UNKNOWN } } }
I20260713 09:00:42.449102  1763 ts_tablet_manager.cc:1434] T d082820d6e574538bfc3fbfc750c8e89 P bdf1c08464cb4f9296426f10d65f58ab: Time spent starting tablet: real 0.029s	user 0.004s	sys 0.003s
I20260713 09:00:42.450217  1763 tablet_bootstrap.cc:492] T 8af9a1cf638e47fcb2b2d317674de2c5 P bdf1c08464cb4f9296426f10d65f58ab: Bootstrap starting.
I20260713 09:00:42.451295  1848 consensus_queue.cc:1048] T ff33713b58b541e494717204c9b6100f P bdf1c08464cb4f9296426f10d65f58ab [LEADER]: Connected to new peer: Peer: permanent_uuid: "8b08b1a8e31e4b0493732e56de6c2632" member_type: VOTER last_known_addr { host: "127.0.107.195" port: 35757 }, Status: LMP_MISMATCH, Last received: 0.0, Next index: 1, Last known committed idx: 0, Time since last communication: 0.000s
I20260713 09:00:42.455801  1763 tablet_bootstrap.cc:654] T 8af9a1cf638e47fcb2b2d317674de2c5 P bdf1c08464cb4f9296426f10d65f58ab: Neither blocks nor log segments found. Creating new log.
I20260713 09:00:42.469544  1762 tablet_bootstrap.cc:492] T d082820d6e574538bfc3fbfc750c8e89 P 8b08b1a8e31e4b0493732e56de6c2632: No bootstrap required, opened a new log
I20260713 09:00:42.470202  1762 ts_tablet_manager.cc:1403] T d082820d6e574538bfc3fbfc750c8e89 P 8b08b1a8e31e4b0493732e56de6c2632: Time spent bootstrapping tablet: real 0.063s	user 0.015s	sys 0.001s
I20260713 09:00:42.473043  1762 raft_consensus.cc:359] T d082820d6e574538bfc3fbfc750c8e89 P 8b08b1a8e31e4b0493732e56de6c2632 [term 0 FOLLOWER]: Replica starting. Triggering 0 pending ops. Active config: opid_index: -1 OBSOLETE_local: false peers { permanent_uuid: "6e36f0576ec9485abdd3c5cf7d6f90a8" member_type: VOTER last_known_addr { host: "127.0.107.193" port: 42681 } } peers { permanent_uuid: "bdf1c08464cb4f9296426f10d65f58ab" member_type: VOTER last_known_addr { host: "127.0.107.194" port: 38985 } } peers { permanent_uuid: "8b08b1a8e31e4b0493732e56de6c2632" member_type: VOTER last_known_addr { host: "127.0.107.195" port: 35757 } }
I20260713 09:00:42.473721  1762 raft_consensus.cc:385] T d082820d6e574538bfc3fbfc750c8e89 P 8b08b1a8e31e4b0493732e56de6c2632 [term 0 FOLLOWER]: Consensus starting up: Expiring failure detector timer to make a prompt election more likely
I20260713 09:00:42.473997  1762 raft_consensus.cc:740] T d082820d6e574538bfc3fbfc750c8e89 P 8b08b1a8e31e4b0493732e56de6c2632 [term 0 FOLLOWER]: Becoming Follower/Learner. State: Replica: 8b08b1a8e31e4b0493732e56de6c2632, State: Initialized, Role: FOLLOWER
I20260713 09:00:42.474165  1469 catalog_manager.cc:5697] T e122f9279c104c9ebaeea01077e5f66e P bdf1c08464cb4f9296426f10d65f58ab reported cstate change: term changed from 0 to 1, leader changed from <none> to bdf1c08464cb4f9296426f10d65f58ab (127.0.107.194). New cstate: current_term: 1 leader_uuid: "bdf1c08464cb4f9296426f10d65f58ab" committed_config { opid_index: -1 OBSOLETE_local: false peers { permanent_uuid: "6e36f0576ec9485abdd3c5cf7d6f90a8" member_type: VOTER last_known_addr { host: "127.0.107.193" port: 42681 } health_report { overall_health: UNKNOWN } } peers { permanent_uuid: "bdf1c08464cb4f9296426f10d65f58ab" member_type: VOTER last_known_addr { host: "127.0.107.194" port: 38985 } health_report { overall_health: HEALTHY } } peers { permanent_uuid: "8b08b1a8e31e4b0493732e56de6c2632" member_type: VOTER last_known_addr { host: "127.0.107.195" port: 35757 } health_report { overall_health: UNKNOWN } } }
I20260713 09:00:42.478629  1849 raft_consensus.cc:493] T a7e7cb2f0b154562b6570b22c424cadc P bdf1c08464cb4f9296426f10d65f58ab [term 0 FOLLOWER]: Starting pre-election (no leader contacted us within the election timeout)
I20260713 09:00:42.479094  1849 raft_consensus.cc:515] T a7e7cb2f0b154562b6570b22c424cadc P bdf1c08464cb4f9296426f10d65f58ab [term 0 FOLLOWER]: Starting pre-election with config: opid_index: -1 OBSOLETE_local: false peers { permanent_uuid: "6e36f0576ec9485abdd3c5cf7d6f90a8" member_type: VOTER last_known_addr { host: "127.0.107.193" port: 42681 } } peers { permanent_uuid: "bdf1c08464cb4f9296426f10d65f58ab" member_type: VOTER last_known_addr { host: "127.0.107.194" port: 38985 } } peers { permanent_uuid: "8b08b1a8e31e4b0493732e56de6c2632" member_type: VOTER last_known_addr { host: "127.0.107.195" port: 35757 } }
I20260713 09:00:42.481022  1849 leader_election.cc:290] T a7e7cb2f0b154562b6570b22c424cadc P bdf1c08464cb4f9296426f10d65f58ab [CANDIDATE]: Term 1 pre-election: Requested pre-vote from peers 6e36f0576ec9485abdd3c5cf7d6f90a8 (127.0.107.193:42681), 8b08b1a8e31e4b0493732e56de6c2632 (127.0.107.195:35757)
I20260713 09:00:42.482980  1573 tablet_service.cc:1917] Received RequestConsensusVote() RPC: tablet_id: "a7e7cb2f0b154562b6570b22c424cadc" candidate_uuid: "bdf1c08464cb4f9296426f10d65f58ab" candidate_term: 1 candidate_status { last_received { term: 0 index: 0 } } ignore_live_leader: false dest_uuid: "6e36f0576ec9485abdd3c5cf7d6f90a8" is_pre_election: true
I20260713 09:00:42.483575  1573 raft_consensus.cc:2468] T a7e7cb2f0b154562b6570b22c424cadc P 6e36f0576ec9485abdd3c5cf7d6f90a8 [term 0 FOLLOWER]: Leader pre-election vote request: Granting yes vote for candidate bdf1c08464cb4f9296426f10d65f58ab in term 0.
I20260713 09:00:42.485129  1720 tablet_service.cc:1917] Received RequestConsensusVote() RPC: tablet_id: "a7e7cb2f0b154562b6570b22c424cadc" candidate_uuid: "bdf1c08464cb4f9296426f10d65f58ab" candidate_term: 1 candidate_status { last_received { term: 0 index: 0 } } ignore_live_leader: false dest_uuid: "8b08b1a8e31e4b0493732e56de6c2632" is_pre_election: true
W20260713 09:00:42.486799  1613 leader_election.cc:343] T a7e7cb2f0b154562b6570b22c424cadc P bdf1c08464cb4f9296426f10d65f58ab [CANDIDATE]: Term 1 pre-election: Tablet error from VoteRequest() call to peer 8b08b1a8e31e4b0493732e56de6c2632 (127.0.107.195:35757): Illegal state: must be running to vote when last-logged opid is not known
I20260713 09:00:42.487440  1613 leader_election.cc:304] T a7e7cb2f0b154562b6570b22c424cadc P bdf1c08464cb4f9296426f10d65f58ab [CANDIDATE]: Term 1 pre-election: Election decided. Result: candidate won. Election summary: received 3 responses out of 3 voters: 2 yes votes; 1 no votes. yes voters: 6e36f0576ec9485abdd3c5cf7d6f90a8, bdf1c08464cb4f9296426f10d65f58ab; no voters: 8b08b1a8e31e4b0493732e56de6c2632
I20260713 09:00:42.488423  1793 raft_consensus.cc:2804] T a7e7cb2f0b154562b6570b22c424cadc P bdf1c08464cb4f9296426f10d65f58ab [term 0 FOLLOWER]: Leader pre-election won for term 1
I20260713 09:00:42.488775  1793 raft_consensus.cc:493] T a7e7cb2f0b154562b6570b22c424cadc P bdf1c08464cb4f9296426f10d65f58ab [term 0 FOLLOWER]: Starting leader election (no leader contacted us within the election timeout)
I20260713 09:00:42.489100  1793 raft_consensus.cc:3060] T a7e7cb2f0b154562b6570b22c424cadc P bdf1c08464cb4f9296426f10d65f58ab [term 0 FOLLOWER]: Advancing to term 1
I20260713 09:00:42.496481  1793 raft_consensus.cc:515] T a7e7cb2f0b154562b6570b22c424cadc P bdf1c08464cb4f9296426f10d65f58ab [term 1 FOLLOWER]: Starting leader election with config: opid_index: -1 OBSOLETE_local: false peers { permanent_uuid: "6e36f0576ec9485abdd3c5cf7d6f90a8" member_type: VOTER last_known_addr { host: "127.0.107.193" port: 42681 } } peers { permanent_uuid: "bdf1c08464cb4f9296426f10d65f58ab" member_type: VOTER last_known_addr { host: "127.0.107.194" port: 38985 } } peers { permanent_uuid: "8b08b1a8e31e4b0493732e56de6c2632" member_type: VOTER last_known_addr { host: "127.0.107.195" port: 35757 } }
I20260713 09:00:42.499046  1573 tablet_service.cc:1917] Received RequestConsensusVote() RPC: tablet_id: "a7e7cb2f0b154562b6570b22c424cadc" candidate_uuid: "bdf1c08464cb4f9296426f10d65f58ab" candidate_term: 1 candidate_status { last_received { term: 0 index: 0 } } ignore_live_leader: false dest_uuid: "6e36f0576ec9485abdd3c5cf7d6f90a8"
I20260713 09:00:42.499593  1573 raft_consensus.cc:3060] T a7e7cb2f0b154562b6570b22c424cadc P 6e36f0576ec9485abdd3c5cf7d6f90a8 [term 0 FOLLOWER]: Advancing to term 1
I20260713 09:00:42.474790  1762 consensus_queue.cc:260] T d082820d6e574538bfc3fbfc750c8e89 P 8b08b1a8e31e4b0493732e56de6c2632 [NON_LEADER]: Queue going to NON_LEADER mode. State: All replicated index: 0, Majority replicated index: 0, Committed index: 0, Last appended: 0.0, Last appended by leader: 0, Current term: 0, Majority size: -1, State: 0, Mode: NON_LEADER, active raft config: opid_index: -1 OBSOLETE_local: false peers { permanent_uuid: "6e36f0576ec9485abdd3c5cf7d6f90a8" member_type: VOTER last_known_addr { host: "127.0.107.193" port: 42681 } } peers { permanent_uuid: "bdf1c08464cb4f9296426f10d65f58ab" member_type: VOTER last_known_addr { host: "127.0.107.194" port: 38985 } } peers { permanent_uuid: "8b08b1a8e31e4b0493732e56de6c2632" member_type: VOTER last_known_addr { host: "127.0.107.195" port: 35757 } }
I20260713 09:00:42.506533  1814 raft_consensus.cc:493] T d082820d6e574538bfc3fbfc750c8e89 P 8b08b1a8e31e4b0493732e56de6c2632 [term 0 FOLLOWER]: Starting pre-election (no leader contacted us within the election timeout)
I20260713 09:00:42.506983  1814 raft_consensus.cc:515] T d082820d6e574538bfc3fbfc750c8e89 P 8b08b1a8e31e4b0493732e56de6c2632 [term 0 FOLLOWER]: Starting pre-election with config: opid_index: -1 OBSOLETE_local: false peers { permanent_uuid: "6e36f0576ec9485abdd3c5cf7d6f90a8" member_type: VOTER last_known_addr { host: "127.0.107.193" port: 42681 } } peers { permanent_uuid: "bdf1c08464cb4f9296426f10d65f58ab" member_type: VOTER last_known_addr { host: "127.0.107.194" port: 38985 } } peers { permanent_uuid: "8b08b1a8e31e4b0493732e56de6c2632" member_type: VOTER last_known_addr { host: "127.0.107.195" port: 35757 } }
I20260713 09:00:42.509439  1814 leader_election.cc:290] T d082820d6e574538bfc3fbfc750c8e89 P 8b08b1a8e31e4b0493732e56de6c2632 [CANDIDATE]: Term 1 pre-election: Requested pre-vote from peers 6e36f0576ec9485abdd3c5cf7d6f90a8 (127.0.107.193:42681), bdf1c08464cb4f9296426f10d65f58ab (127.0.107.194:38985)
I20260713 09:00:42.510879  1647 tablet_service.cc:1917] Received RequestConsensusVote() RPC: tablet_id: "d082820d6e574538bfc3fbfc750c8e89" candidate_uuid: "8b08b1a8e31e4b0493732e56de6c2632" candidate_term: 1 candidate_status { last_received { term: 0 index: 0 } } ignore_live_leader: false dest_uuid: "bdf1c08464cb4f9296426f10d65f58ab" is_pre_election: true
I20260713 09:00:42.511504  1647 raft_consensus.cc:2468] T d082820d6e574538bfc3fbfc750c8e89 P bdf1c08464cb4f9296426f10d65f58ab [term 0 FOLLOWER]: Leader pre-election vote request: Granting yes vote for candidate 8b08b1a8e31e4b0493732e56de6c2632 in term 0.
I20260713 09:00:42.513582  1685 leader_election.cc:304] T d082820d6e574538bfc3fbfc750c8e89 P 8b08b1a8e31e4b0493732e56de6c2632 [CANDIDATE]: Term 1 pre-election: Election decided. Result: candidate won. Election summary: received 2 responses out of 3 voters: 2 yes votes; 0 no votes. yes voters: 8b08b1a8e31e4b0493732e56de6c2632, bdf1c08464cb4f9296426f10d65f58ab; no voters: 
W20260713 09:00:42.515766  1538 consensus_peers.cc:597] T 9e9e12387d0442afa03884e826d4c03c P 6e36f0576ec9485abdd3c5cf7d6f90a8 -> Peer 8b08b1a8e31e4b0493732e56de6c2632 (127.0.107.195:35757): Couldn't send request to peer 8b08b1a8e31e4b0493732e56de6c2632. Error code: TABLET_NOT_RUNNING (12). Status: Illegal state: Tablet not RUNNING: INITIALIZED. This is attempt 1: this message will repeat every 5th retry.
I20260713 09:00:42.517307  1814 raft_consensus.cc:2804] T d082820d6e574538bfc3fbfc750c8e89 P 8b08b1a8e31e4b0493732e56de6c2632 [term 0 FOLLOWER]: Leader pre-election won for term 1
I20260713 09:00:42.517680  1814 raft_consensus.cc:493] T d082820d6e574538bfc3fbfc750c8e89 P 8b08b1a8e31e4b0493732e56de6c2632 [term 0 FOLLOWER]: Starting leader election (no leader contacted us within the election timeout)
I20260713 09:00:42.517814  1569 tablet_service.cc:1917] Received RequestConsensusVote() RPC: tablet_id: "d082820d6e574538bfc3fbfc750c8e89" candidate_uuid: "8b08b1a8e31e4b0493732e56de6c2632" candidate_term: 1 candidate_status { last_received { term: 0 index: 0 } } ignore_live_leader: false dest_uuid: "6e36f0576ec9485abdd3c5cf7d6f90a8" is_pre_election: true
I20260713 09:00:42.518041  1814 raft_consensus.cc:3060] T d082820d6e574538bfc3fbfc750c8e89 P 8b08b1a8e31e4b0493732e56de6c2632 [term 0 FOLLOWER]: Advancing to term 1
W20260713 09:00:42.519205  1687 leader_election.cc:343] T d082820d6e574538bfc3fbfc750c8e89 P 8b08b1a8e31e4b0493732e56de6c2632 [CANDIDATE]: Term 1 pre-election: Tablet error from VoteRequest() call to peer 6e36f0576ec9485abdd3c5cf7d6f90a8 (127.0.107.193:42681): Illegal state: must be running to vote when last-logged opid is not known
I20260713 09:00:42.523119  1720 tablet_service.cc:1917] Received RequestConsensusVote() RPC: tablet_id: "a7e7cb2f0b154562b6570b22c424cadc" candidate_uuid: "bdf1c08464cb4f9296426f10d65f58ab" candidate_term: 1 candidate_status { last_received { term: 0 index: 0 } } ignore_live_leader: false dest_uuid: "8b08b1a8e31e4b0493732e56de6c2632"
W20260713 09:00:42.525725  1613 leader_election.cc:343] T a7e7cb2f0b154562b6570b22c424cadc P bdf1c08464cb4f9296426f10d65f58ab [CANDIDATE]: Term 1 election: Tablet error from VoteRequest() call to peer 8b08b1a8e31e4b0493732e56de6c2632 (127.0.107.195:35757): Illegal state: must be running to vote when last-logged opid is not known
I20260713 09:00:42.525911  1814 raft_consensus.cc:515] T d082820d6e574538bfc3fbfc750c8e89 P 8b08b1a8e31e4b0493732e56de6c2632 [term 1 FOLLOWER]: Starting leader election with config: opid_index: -1 OBSOLETE_local: false peers { permanent_uuid: "6e36f0576ec9485abdd3c5cf7d6f90a8" member_type: VOTER last_known_addr { host: "127.0.107.193" port: 42681 } } peers { permanent_uuid: "bdf1c08464cb4f9296426f10d65f58ab" member_type: VOTER last_known_addr { host: "127.0.107.194" port: 38985 } } peers { permanent_uuid: "8b08b1a8e31e4b0493732e56de6c2632" member_type: VOTER last_known_addr { host: "127.0.107.195" port: 35757 } }
I20260713 09:00:42.526335  1849 consensus_queue.cc:1048] T ff33713b58b541e494717204c9b6100f P bdf1c08464cb4f9296426f10d65f58ab [LEADER]: Connected to new peer: Peer: permanent_uuid: "6e36f0576ec9485abdd3c5cf7d6f90a8" member_type: VOTER last_known_addr { host: "127.0.107.193" port: 42681 }, Status: LMP_MISMATCH, Last received: 0.0, Next index: 1, Last known committed idx: 0, Time since last communication: 0.000s
I20260713 09:00:42.526662  1762 ts_tablet_manager.cc:1434] T d082820d6e574538bfc3fbfc750c8e89 P 8b08b1a8e31e4b0493732e56de6c2632: Time spent starting tablet: real 0.056s	user 0.006s	sys 0.000s
I20260713 09:00:42.532097  1829 consensus_queue.cc:1048] T 0f2586fd376e4cf6b82160a9c60f5ae5 P 6e36f0576ec9485abdd3c5cf7d6f90a8 [LEADER]: Connected to new peer: Peer: permanent_uuid: "bdf1c08464cb4f9296426f10d65f58ab" member_type: VOTER last_known_addr { host: "127.0.107.194" port: 38985 }, Status: LMP_MISMATCH, Last received: 0.0, Next index: 1, Last known committed idx: 0, Time since last communication: 0.000s
I20260713 09:00:42.532979  1762 tablet_bootstrap.cc:492] T 9e9e12387d0442afa03884e826d4c03c P 8b08b1a8e31e4b0493732e56de6c2632: Bootstrap starting.
I20260713 09:00:42.535158  1763 tablet_bootstrap.cc:492] T 8af9a1cf638e47fcb2b2d317674de2c5 P bdf1c08464cb4f9296426f10d65f58ab: No bootstrap required, opened a new log
I20260713 09:00:42.535638  1763 ts_tablet_manager.cc:1403] T 8af9a1cf638e47fcb2b2d317674de2c5 P bdf1c08464cb4f9296426f10d65f58ab: Time spent bootstrapping tablet: real 0.086s	user 0.015s	sys 0.000s
I20260713 09:00:42.507956  1793 leader_election.cc:290] T a7e7cb2f0b154562b6570b22c424cadc P bdf1c08464cb4f9296426f10d65f58ab [CANDIDATE]: Term 1 election: Requested vote from peers 6e36f0576ec9485abdd3c5cf7d6f90a8 (127.0.107.193:42681), 8b08b1a8e31e4b0493732e56de6c2632 (127.0.107.195:35757)
I20260713 09:00:42.537825  1573 raft_consensus.cc:2468] T a7e7cb2f0b154562b6570b22c424cadc P 6e36f0576ec9485abdd3c5cf7d6f90a8 [term 1 FOLLOWER]: Leader election vote request: Granting yes vote for candidate bdf1c08464cb4f9296426f10d65f58ab in term 1.
