I20260713 09:10:18.889882 28582 raft_consensus.cc:2955] T dd3cbad6e0984c96841467704a6e2aec P 671093280fcf45de8e10e0a0977bbc9e [term 1 FOLLOWER]: Committing config change with OpId 1.2: config changed from index -1 to 2, NON_VOTER 3beabb60b8504f2cb2e5b849c3998499 (127.26.179.68) added. New config: { opid_index: 2 OBSOLETE_local: false peers { permanent_uuid: "1e9ad559115c46af89ed3db8ec547557" member_type: VOTER last_known_addr { host: "127.26.179.65" port: 40969 } attrs { replace: true } } peers { permanent_uuid: "608721c117ed47cc82849b266c51d402" member_type: VOTER last_known_addr { host: "127.26.179.66" port: 39391 } } peers { permanent_uuid: "671093280fcf45de8e10e0a0977bbc9e" member_type: VOTER last_known_addr { host: "127.26.179.67" port: 35287 } } peers { permanent_uuid: "3beabb60b8504f2cb2e5b849c3998499" member_type: NON_VOTER last_known_addr { host: "127.26.179.68" port: 43299 } attrs { promote: true } } }
I20260713 09:10:18.891844 28433 raft_consensus.cc:2955] T dd3cbad6e0984c96841467704a6e2aec P 1e9ad559115c46af89ed3db8ec547557 [term 1 FOLLOWER]: Committing config change with OpId 1.2: config changed from index -1 to 2, NON_VOTER 3beabb60b8504f2cb2e5b849c3998499 (127.26.179.68) added. New config: { opid_index: 2 OBSOLETE_local: false peers { permanent_uuid: "1e9ad559115c46af89ed3db8ec547557" member_type: VOTER last_known_addr { host: "127.26.179.65" port: 40969 } attrs { replace: true } } peers { permanent_uuid: "608721c117ed47cc82849b266c51d402" member_type: VOTER last_known_addr { host: "127.26.179.66" port: 39391 } } peers { permanent_uuid: "671093280fcf45de8e10e0a0977bbc9e" member_type: VOTER last_known_addr { host: "127.26.179.67" port: 35287 } } peers { permanent_uuid: "3beabb60b8504f2cb2e5b849c3998499" member_type: NON_VOTER last_known_addr { host: "127.26.179.68" port: 43299 } attrs { promote: true } } }
W20260713 09:10:18.901847 28473 consensus_peers.cc:597] T dd3cbad6e0984c96841467704a6e2aec P 608721c117ed47cc82849b266c51d402 -> Peer 3beabb60b8504f2cb2e5b849c3998499 (127.26.179.68:43299): Couldn't send request to peer 3beabb60b8504f2cb2e5b849c3998499. Error code: TABLET_NOT_FOUND (6). Status: Not found: Tablet not found: dd3cbad6e0984c96841467704a6e2aec. This is attempt 1: this message will repeat every 5th retry.
I20260713 09:10:18.901582 28329 catalog_manager.cc:5697] T dd3cbad6e0984c96841467704a6e2aec P 608721c117ed47cc82849b266c51d402 reported cstate change: config changed from index -1 to 2, NON_VOTER 3beabb60b8504f2cb2e5b849c3998499 (127.26.179.68) added. New cstate: current_term: 1 leader_uuid: "608721c117ed47cc82849b266c51d402" committed_config { opid_index: 2 OBSOLETE_local: false peers { permanent_uuid: "1e9ad559115c46af89ed3db8ec547557" member_type: VOTER last_known_addr { host: "127.26.179.65" port: 40969 } attrs { replace: true } health_report { overall_health: HEALTHY } } peers { permanent_uuid: "608721c117ed47cc82849b266c51d402" member_type: VOTER last_known_addr { host: "127.26.179.66" port: 39391 } health_report { overall_health: HEALTHY } } peers { permanent_uuid: "671093280fcf45de8e10e0a0977bbc9e" member_type: VOTER last_known_addr { host: "127.26.179.67" port: 35287 } health_report { overall_health: HEALTHY } } peers { permanent_uuid: "3beabb60b8504f2cb2e5b849c3998499" member_type: NON_VOTER last_known_addr { host: "127.26.179.68" port: 43299 } attrs { promote: true } health_report { overall_health: UNKNOWN } } }
I20260713 09:10:18.918883 28582 consensus_queue.cc:237] T e9554718007a4ce49d56266cbe47d724 P 671093280fcf45de8e10e0a0977bbc9e [LEADER]: Queue going to LEADER mode. State: All replicated index: 0, Majority replicated index: 1, Committed index: 1, Last appended: 1.1, Last appended by leader: 0, Current term: 1, Majority size: 2, State: 0, Mode: LEADER, active raft config: opid_index: 2 OBSOLETE_local: false peers { permanent_uuid: "1e9ad559115c46af89ed3db8ec547557" member_type: VOTER last_known_addr { host: "127.26.179.65" port: 40969 } } peers { permanent_uuid: "608721c117ed47cc82849b266c51d402" member_type: VOTER last_known_addr { host: "127.26.179.66" port: 39391 } attrs { replace: true } } peers { permanent_uuid: "671093280fcf45de8e10e0a0977bbc9e" member_type: VOTER last_known_addr { host: "127.26.179.67" port: 35287 } } peers { permanent_uuid: "3beabb60b8504f2cb2e5b849c3998499" member_type: NON_VOTER last_known_addr { host: "127.26.179.68" port: 43299 } attrs { promote: true } }
I20260713 09:10:18.934809 28503 raft_consensus.cc:1275] T e9554718007a4ce49d56266cbe47d724 P 608721c117ed47cc82849b266c51d402 [term 1 FOLLOWER]: Refusing update from remote peer 671093280fcf45de8e10e0a0977bbc9e: Log matching property violated. Preceding OpId in replica: term: 1 index: 1. Preceding OpId from leader: term: 1 index: 2. (index mismatch)
I20260713 09:10:18.935683 28433 raft_consensus.cc:1275] T e9554718007a4ce49d56266cbe47d724 P 1e9ad559115c46af89ed3db8ec547557 [term 1 FOLLOWER]: Refusing update from remote peer 671093280fcf45de8e10e0a0977bbc9e: Log matching property violated. Preceding OpId in replica: term: 1 index: 1. Preceding OpId from leader: term: 1 index: 2. (index mismatch)
I20260713 09:10:18.936443 28764 consensus_queue.cc:1048] T e9554718007a4ce49d56266cbe47d724 P 671093280fcf45de8e10e0a0977bbc9e [LEADER]: Connected to new peer: Peer: permanent_uuid: "608721c117ed47cc82849b266c51d402" member_type: VOTER last_known_addr { host: "127.26.179.66" port: 39391 } attrs { replace: true }, Status: LMP_MISMATCH, Last received: 0.0, Next index: 2, Last known committed idx: 1, Time since last communication: 0.000s
I20260713 09:10:18.938148 28764 consensus_queue.cc:1048] T e9554718007a4ce49d56266cbe47d724 P 671093280fcf45de8e10e0a0977bbc9e [LEADER]: Connected to new peer: Peer: permanent_uuid: "1e9ad559115c46af89ed3db8ec547557" member_type: VOTER last_known_addr { host: "127.26.179.65" port: 40969 }, Status: LMP_MISMATCH, Last received: 0.0, Next index: 2, Last known committed idx: 1, Time since last communication: 0.000s
I20260713 09:10:18.944830 28637 raft_consensus.cc:2955] T e9554718007a4ce49d56266cbe47d724 P 671093280fcf45de8e10e0a0977bbc9e [term 1 LEADER]: Committing config change with OpId 1.2: config changed from index -1 to 2, NON_VOTER 3beabb60b8504f2cb2e5b849c3998499 (127.26.179.68) added. New config: { opid_index: 2 OBSOLETE_local: false peers { permanent_uuid: "1e9ad559115c46af89ed3db8ec547557" member_type: VOTER last_known_addr { host: "127.26.179.65" port: 40969 } } peers { permanent_uuid: "608721c117ed47cc82849b266c51d402" member_type: VOTER last_known_addr { host: "127.26.179.66" port: 39391 } attrs { replace: true } } peers { permanent_uuid: "671093280fcf45de8e10e0a0977bbc9e" member_type: VOTER last_known_addr { host: "127.26.179.67" port: 35287 } } peers { permanent_uuid: "3beabb60b8504f2cb2e5b849c3998499" member_type: NON_VOTER last_known_addr { host: "127.26.179.68" port: 43299 } attrs { promote: true } } }
W20260713 09:10:18.947201 28547 consensus_peers.cc:597] T e9554718007a4ce49d56266cbe47d724 P 671093280fcf45de8e10e0a0977bbc9e -> Peer 3beabb60b8504f2cb2e5b849c3998499 (127.26.179.68:43299): Couldn't send request to peer 3beabb60b8504f2cb2e5b849c3998499. Error code: TABLET_NOT_FOUND (6). Status: Not found: Tablet not found: e9554718007a4ce49d56266cbe47d724. This is attempt 1: this message will repeat every 5th retry.
I20260713 09:10:18.946780 28503 raft_consensus.cc:2955] T e9554718007a4ce49d56266cbe47d724 P 608721c117ed47cc82849b266c51d402 [term 1 FOLLOWER]: Committing config change with OpId 1.2: config changed from index -1 to 2, NON_VOTER 3beabb60b8504f2cb2e5b849c3998499 (127.26.179.68) added. New config: { opid_index: 2 OBSOLETE_local: false peers { permanent_uuid: "1e9ad559115c46af89ed3db8ec547557" member_type: VOTER last_known_addr { host: "127.26.179.65" port: 40969 } } peers { permanent_uuid: "608721c117ed47cc82849b266c51d402" member_type: VOTER last_known_addr { host: "127.26.179.66" port: 39391 } attrs { replace: true } } peers { permanent_uuid: "671093280fcf45de8e10e0a0977bbc9e" member_type: VOTER last_known_addr { host: "127.26.179.67" port: 35287 } } peers { permanent_uuid: "3beabb60b8504f2cb2e5b849c3998499" member_type: NON_VOTER last_known_addr { host: "127.26.179.68" port: 43299 } attrs { promote: true } } }
I20260713 09:10:18.950309 28433 raft_consensus.cc:2955] T e9554718007a4ce49d56266cbe47d724 P 1e9ad559115c46af89ed3db8ec547557 [term 1 FOLLOWER]: Committing config change with OpId 1.2: config changed from index -1 to 2, NON_VOTER 3beabb60b8504f2cb2e5b849c3998499 (127.26.179.68) added. New config: { opid_index: 2 OBSOLETE_local: false peers { permanent_uuid: "1e9ad559115c46af89ed3db8ec547557" member_type: VOTER last_known_addr { host: "127.26.179.65" port: 40969 } } peers { permanent_uuid: "608721c117ed47cc82849b266c51d402" member_type: VOTER last_known_addr { host: "127.26.179.66" port: 39391 } attrs { replace: true } } peers { permanent_uuid: "671093280fcf45de8e10e0a0977bbc9e" member_type: VOTER last_known_addr { host: "127.26.179.67" port: 35287 } } peers { permanent_uuid: "3beabb60b8504f2cb2e5b849c3998499" member_type: NON_VOTER last_known_addr { host: "127.26.179.68" port: 43299 } attrs { promote: true } } }
I20260713 09:10:18.960229 28327 catalog_manager.cc:5697] T e9554718007a4ce49d56266cbe47d724 P 671093280fcf45de8e10e0a0977bbc9e reported cstate change: config changed from index -1 to 2, NON_VOTER 3beabb60b8504f2cb2e5b849c3998499 (127.26.179.68) added. New cstate: current_term: 1 leader_uuid: "671093280fcf45de8e10e0a0977bbc9e" committed_config { opid_index: 2 OBSOLETE_local: false peers { permanent_uuid: "1e9ad559115c46af89ed3db8ec547557" member_type: VOTER last_known_addr { host: "127.26.179.65" port: 40969 } health_report { overall_health: HEALTHY } } peers { permanent_uuid: "608721c117ed47cc82849b266c51d402" member_type: VOTER last_known_addr { host: "127.26.179.66" port: 39391 } attrs { replace: true } health_report { overall_health: HEALTHY } } peers { permanent_uuid: "671093280fcf45de8e10e0a0977bbc9e" member_type: VOTER last_known_addr { host: "127.26.179.67" port: 35287 } health_report { overall_health: HEALTHY } } peers { permanent_uuid: "3beabb60b8504f2cb2e5b849c3998499" member_type: NON_VOTER last_known_addr { host: "127.26.179.68" port: 43299 } attrs { promote: true } health_report { overall_health: UNKNOWN } } }
I20260713 09:10:18.962708 28508 consensus_queue.cc:237] T 5281c9ea0953415caa99aea5968a9cb9 P 608721c117ed47cc82849b266c51d402 [LEADER]: Queue going to LEADER mode. State: All replicated index: 0, Majority replicated index: 1, Committed index: 1, Last appended: 1.1, Last appended by leader: 0, Current term: 1, Majority size: 2, State: 0, Mode: LEADER, active raft config: opid_index: 2 OBSOLETE_local: false peers { permanent_uuid: "1e9ad559115c46af89ed3db8ec547557" member_type: VOTER last_known_addr { host: "127.26.179.65" port: 40969 } } peers { permanent_uuid: "608721c117ed47cc82849b266c51d402" member_type: VOTER last_known_addr { host: "127.26.179.66" port: 39391 } } peers { permanent_uuid: "671093280fcf45de8e10e0a0977bbc9e" member_type: VOTER last_known_addr { host: "127.26.179.67" port: 35287 } attrs { replace: true } } peers { permanent_uuid: "3beabb60b8504f2cb2e5b849c3998499" member_type: NON_VOTER last_known_addr { host: "127.26.179.68" port: 43299 } attrs { promote: true } }
I20260713 09:10:18.972523 28582 raft_consensus.cc:1275] T 5281c9ea0953415caa99aea5968a9cb9 P 671093280fcf45de8e10e0a0977bbc9e [term 1 FOLLOWER]: Refusing update from remote peer 608721c117ed47cc82849b266c51d402: Log matching property violated. Preceding OpId in replica: term: 1 index: 1. Preceding OpId from leader: term: 1 index: 2. (index mismatch)
I20260713 09:10:18.972970 28433 raft_consensus.cc:1275] T 5281c9ea0953415caa99aea5968a9cb9 P 1e9ad559115c46af89ed3db8ec547557 [term 1 FOLLOWER]: Refusing update from remote peer 608721c117ed47cc82849b266c51d402: Log matching property violated. Preceding OpId in replica: term: 1 index: 1. Preceding OpId from leader: term: 1 index: 2. (index mismatch)
I20260713 09:10:18.973541 28720 consensus_queue.cc:1048] T 5281c9ea0953415caa99aea5968a9cb9 P 608721c117ed47cc82849b266c51d402 [LEADER]: Connected to new peer: Peer: permanent_uuid: "671093280fcf45de8e10e0a0977bbc9e" member_type: VOTER last_known_addr { host: "127.26.179.67" port: 35287 } attrs { replace: true }, Status: LMP_MISMATCH, Last received: 0.0, Next index: 2, Last known committed idx: 1, Time since last communication: 0.000s
I20260713 09:10:18.974468 28806 consensus_queue.cc:1048] T 5281c9ea0953415caa99aea5968a9cb9 P 608721c117ed47cc82849b266c51d402 [LEADER]: Connected to new peer: Peer: permanent_uuid: "1e9ad559115c46af89ed3db8ec547557" member_type: VOTER last_known_addr { host: "127.26.179.65" port: 40969 }, Status: LMP_MISMATCH, Last received: 0.0, Next index: 2, Last known committed idx: 1, Time since last communication: 0.000s
W20260713 09:10:18.977311 28473 consensus_peers.cc:597] T 5281c9ea0953415caa99aea5968a9cb9 P 608721c117ed47cc82849b266c51d402 -> Peer 3beabb60b8504f2cb2e5b849c3998499 (127.26.179.68:43299): Couldn't send request to peer 3beabb60b8504f2cb2e5b849c3998499. Error code: TABLET_NOT_FOUND (6). Status: Not found: Tablet not found: 5281c9ea0953415caa99aea5968a9cb9. This is attempt 1: this message will repeat every 5th retry.
I20260713 09:10:18.983529 28806 raft_consensus.cc:2955] T 5281c9ea0953415caa99aea5968a9cb9 P 608721c117ed47cc82849b266c51d402 [term 1 LEADER]: Committing config change with OpId 1.2: config changed from index -1 to 2, NON_VOTER 3beabb60b8504f2cb2e5b849c3998499 (127.26.179.68) added. New config: { opid_index: 2 OBSOLETE_local: false peers { permanent_uuid: "1e9ad559115c46af89ed3db8ec547557" member_type: VOTER last_known_addr { host: "127.26.179.65" port: 40969 } } peers { permanent_uuid: "608721c117ed47cc82849b266c51d402" member_type: VOTER last_known_addr { host: "127.26.179.66" port: 39391 } } peers { permanent_uuid: "671093280fcf45de8e10e0a0977bbc9e" member_type: VOTER last_known_addr { host: "127.26.179.67" port: 35287 } attrs { replace: true } } peers { permanent_uuid: "3beabb60b8504f2cb2e5b849c3998499" member_type: NON_VOTER last_known_addr { host: "127.26.179.68" port: 43299 } attrs { promote: true } } }
I20260713 09:10:18.985334 28582 raft_consensus.cc:2955] T 5281c9ea0953415caa99aea5968a9cb9 P 671093280fcf45de8e10e0a0977bbc9e [term 1 FOLLOWER]: Committing config change with OpId 1.2: config changed from index -1 to 2, NON_VOTER 3beabb60b8504f2cb2e5b849c3998499 (127.26.179.68) added. New config: { opid_index: 2 OBSOLETE_local: false peers { permanent_uuid: "1e9ad559115c46af89ed3db8ec547557" member_type: VOTER last_known_addr { host: "127.26.179.65" port: 40969 } } peers { permanent_uuid: "608721c117ed47cc82849b266c51d402" member_type: VOTER last_known_addr { host: "127.26.179.66" port: 39391 } } peers { permanent_uuid: "671093280fcf45de8e10e0a0977bbc9e" member_type: VOTER last_known_addr { host: "127.26.179.67" port: 35287 } attrs { replace: true } } peers { permanent_uuid: "3beabb60b8504f2cb2e5b849c3998499" member_type: NON_VOTER last_known_addr { host: "127.26.179.68" port: 43299 } attrs { promote: true } } }
I20260713 09:10:18.995046 28428 raft_consensus.cc:2955] T 5281c9ea0953415caa99aea5968a9cb9 P 1e9ad559115c46af89ed3db8ec547557 [term 1 FOLLOWER]: Committing config change with OpId 1.2: config changed from index -1 to 2, NON_VOTER 3beabb60b8504f2cb2e5b849c3998499 (127.26.179.68) added. New config: { opid_index: 2 OBSOLETE_local: false peers { permanent_uuid: "1e9ad559115c46af89ed3db8ec547557" member_type: VOTER last_known_addr { host: "127.26.179.65" port: 40969 } } peers { permanent_uuid: "608721c117ed47cc82849b266c51d402" member_type: VOTER last_known_addr { host: "127.26.179.66" port: 39391 } } peers { permanent_uuid: "671093280fcf45de8e10e0a0977bbc9e" member_type: VOTER last_known_addr { host: "127.26.179.67" port: 35287 } attrs { replace: true } } peers { permanent_uuid: "3beabb60b8504f2cb2e5b849c3998499" member_type: NON_VOTER last_known_addr { host: "127.26.179.68" port: 43299 } attrs { promote: true } } }
I20260713 09:10:18.996773 28579 consensus_queue.cc:237] T aa7639327e824a0fb567a6d70cad9df8 P 671093280fcf45de8e10e0a0977bbc9e [LEADER]: Queue going to LEADER mode. State: All replicated index: 0, Majority replicated index: 1, Committed index: 1, Last appended: 1.1, Last appended by leader: 0, Current term: 1, Majority size: 2, State: 0, Mode: LEADER, active raft config: opid_index: 2 OBSOLETE_local: false peers { permanent_uuid: "1e9ad559115c46af89ed3db8ec547557" member_type: VOTER last_known_addr { host: "127.26.179.65" port: 40969 } attrs { replace: true } } peers { permanent_uuid: "608721c117ed47cc82849b266c51d402" member_type: VOTER last_known_addr { host: "127.26.179.66" port: 39391 } } peers { permanent_uuid: "671093280fcf45de8e10e0a0977bbc9e" member_type: VOTER last_known_addr { host: "127.26.179.67" port: 35287 } } peers { permanent_uuid: "3beabb60b8504f2cb2e5b849c3998499" member_type: NON_VOTER last_known_addr { host: "127.26.179.68" port: 43299 } attrs { promote: true } }
I20260713 09:10:19.005295 28329 catalog_manager.cc:5697] T 5281c9ea0953415caa99aea5968a9cb9 P 671093280fcf45de8e10e0a0977bbc9e reported cstate change: config changed from index -1 to 2, NON_VOTER 3beabb60b8504f2cb2e5b849c3998499 (127.26.179.68) added. New cstate: current_term: 1 leader_uuid: "608721c117ed47cc82849b266c51d402" committed_config { opid_index: 2 OBSOLETE_local: false peers { permanent_uuid: "1e9ad559115c46af89ed3db8ec547557" member_type: VOTER last_known_addr { host: "127.26.179.65" port: 40969 } } peers { permanent_uuid: "608721c117ed47cc82849b266c51d402" member_type: VOTER last_known_addr { host: "127.26.179.66" port: 39391 } } peers { permanent_uuid: "671093280fcf45de8e10e0a0977bbc9e" member_type: VOTER last_known_addr { host: "127.26.179.67" port: 35287 } attrs { replace: true } } peers { permanent_uuid: "3beabb60b8504f2cb2e5b849c3998499" member_type: NON_VOTER last_known_addr { host: "127.26.179.68" port: 43299 } attrs { promote: true } } }
I20260713 09:10:19.006933 28508 raft_consensus.cc:1275] T aa7639327e824a0fb567a6d70cad9df8 P 608721c117ed47cc82849b266c51d402 [term 1 FOLLOWER]: Refusing update from remote peer 671093280fcf45de8e10e0a0977bbc9e: Log matching property violated. Preceding OpId in replica: term: 1 index: 1. Preceding OpId from leader: term: 1 index: 2. (index mismatch)
I20260713 09:10:19.007648 28433 raft_consensus.cc:1275] T aa7639327e824a0fb567a6d70cad9df8 P 1e9ad559115c46af89ed3db8ec547557 [term 1 FOLLOWER]: Refusing update from remote peer 671093280fcf45de8e10e0a0977bbc9e: Log matching property violated. Preceding OpId in replica: term: 1 index: 1. Preceding OpId from leader: term: 1 index: 2. (index mismatch)
W20260713 09:10:19.008915 28547 consensus_peers.cc:597] T aa7639327e824a0fb567a6d70cad9df8 P 671093280fcf45de8e10e0a0977bbc9e -> Peer 3beabb60b8504f2cb2e5b849c3998499 (127.26.179.68:43299): Couldn't send request to peer 3beabb60b8504f2cb2e5b849c3998499. Error code: TABLET_NOT_FOUND (6). Status: Not found: Tablet not found: aa7639327e824a0fb567a6d70cad9df8. This is attempt 1: this message will repeat every 5th retry.
I20260713 09:10:19.009697 28637 consensus_queue.cc:1048] T aa7639327e824a0fb567a6d70cad9df8 P 671093280fcf45de8e10e0a0977bbc9e [LEADER]: Connected to new peer: Peer: permanent_uuid: "1e9ad559115c46af89ed3db8ec547557" member_type: VOTER last_known_addr { host: "127.26.179.65" port: 40969 } attrs { replace: true }, Status: LMP_MISMATCH, Last received: 0.0, Next index: 2, Last known committed idx: 1, Time since last communication: 0.000s
I20260713 09:10:19.010883 28626 consensus_queue.cc:1048] T aa7639327e824a0fb567a6d70cad9df8 P 671093280fcf45de8e10e0a0977bbc9e [LEADER]: Connected to new peer: Peer: permanent_uuid: "608721c117ed47cc82849b266c51d402" member_type: VOTER last_known_addr { host: "127.26.179.66" port: 39391 }, Status: LMP_MISMATCH, Last received: 0.0, Next index: 2, Last known committed idx: 1, Time since last communication: 0.000s
I20260713 09:10:19.023749 28637 raft_consensus.cc:2955] T aa7639327e824a0fb567a6d70cad9df8 P 671093280fcf45de8e10e0a0977bbc9e [term 1 LEADER]: Committing config change with OpId 1.2: config changed from index -1 to 2, NON_VOTER 3beabb60b8504f2cb2e5b849c3998499 (127.26.179.68) added. New config: { opid_index: 2 OBSOLETE_local: false peers { permanent_uuid: "1e9ad559115c46af89ed3db8ec547557" member_type: VOTER last_known_addr { host: "127.26.179.65" port: 40969 } attrs { replace: true } } peers { permanent_uuid: "608721c117ed47cc82849b266c51d402" member_type: VOTER last_known_addr { host: "127.26.179.66" port: 39391 } } peers { permanent_uuid: "671093280fcf45de8e10e0a0977bbc9e" member_type: VOTER last_known_addr { host: "127.26.179.67" port: 35287 } } peers { permanent_uuid: "3beabb60b8504f2cb2e5b849c3998499" member_type: NON_VOTER last_known_addr { host: "127.26.179.68" port: 43299 } attrs { promote: true } } }
I20260713 09:10:19.026526 28508 raft_consensus.cc:2955] T aa7639327e824a0fb567a6d70cad9df8 P 608721c117ed47cc82849b266c51d402 [term 1 FOLLOWER]: Committing config change with OpId 1.2: config changed from index -1 to 2, NON_VOTER 3beabb60b8504f2cb2e5b849c3998499 (127.26.179.68) added. New config: { opid_index: 2 OBSOLETE_local: false peers { permanent_uuid: "1e9ad559115c46af89ed3db8ec547557" member_type: VOTER last_known_addr { host: "127.26.179.65" port: 40969 } attrs { replace: true } } peers { permanent_uuid: "608721c117ed47cc82849b266c51d402" member_type: VOTER last_known_addr { host: "127.26.179.66" port: 39391 } } peers { permanent_uuid: "671093280fcf45de8e10e0a0977bbc9e" member_type: VOTER last_known_addr { host: "127.26.179.67" port: 35287 } } peers { permanent_uuid: "3beabb60b8504f2cb2e5b849c3998499" member_type: NON_VOTER last_known_addr { host: "127.26.179.68" port: 43299 } attrs { promote: true } } }
I20260713 09:10:19.030436 28433 raft_consensus.cc:2955] T aa7639327e824a0fb567a6d70cad9df8 P 1e9ad559115c46af89ed3db8ec547557 [term 1 FOLLOWER]: Committing config change with OpId 1.2: config changed from index -1 to 2, NON_VOTER 3beabb60b8504f2cb2e5b849c3998499 (127.26.179.68) added. New config: { opid_index: 2 OBSOLETE_local: false peers { permanent_uuid: "1e9ad559115c46af89ed3db8ec547557" member_type: VOTER last_known_addr { host: "127.26.179.65" port: 40969 } attrs { replace: true } } peers { permanent_uuid: "608721c117ed47cc82849b266c51d402" member_type: VOTER last_known_addr { host: "127.26.179.66" port: 39391 } } peers { permanent_uuid: "671093280fcf45de8e10e0a0977bbc9e" member_type: VOTER last_known_addr { host: "127.26.179.67" port: 35287 } } peers { permanent_uuid: "3beabb60b8504f2cb2e5b849c3998499" member_type: NON_VOTER last_known_addr { host: "127.26.179.68" port: 43299 } attrs { promote: true } } }
I20260713 09:10:19.038246 28327 catalog_manager.cc:5697] T aa7639327e824a0fb567a6d70cad9df8 P 608721c117ed47cc82849b266c51d402 reported cstate change: config changed from index -1 to 2, NON_VOTER 3beabb60b8504f2cb2e5b849c3998499 (127.26.179.68) added. New cstate: current_term: 1 leader_uuid: "671093280fcf45de8e10e0a0977bbc9e" committed_config { opid_index: 2 OBSOLETE_local: false peers { permanent_uuid: "1e9ad559115c46af89ed3db8ec547557" member_type: VOTER last_known_addr { host: "127.26.179.65" port: 40969 } attrs { replace: true } } peers { permanent_uuid: "608721c117ed47cc82849b266c51d402" member_type: VOTER last_known_addr { host: "127.26.179.66" port: 39391 } } peers { permanent_uuid: "671093280fcf45de8e10e0a0977bbc9e" member_type: VOTER last_known_addr { host: "127.26.179.67" port: 35287 } } peers { permanent_uuid: "3beabb60b8504f2cb2e5b849c3998499" member_type: NON_VOTER last_known_addr { host: "127.26.179.68" port: 43299 } attrs { promote: true } } }
I20260713 09:10:19.382920 28924 ts_tablet_manager.cc:933] T aa7639327e824a0fb567a6d70cad9df8 P 3beabb60b8504f2cb2e5b849c3998499: Initiating tablet copy from peer 671093280fcf45de8e10e0a0977bbc9e (127.26.179.67:35287)
I20260713 09:10:19.385740 28924 tablet_copy_client.cc:323] T aa7639327e824a0fb567a6d70cad9df8 P 3beabb60b8504f2cb2e5b849c3998499: tablet copy: Beginning tablet copy session from remote peer at address 127.26.179.67:35287
I20260713 09:10:19.395078 28592 tablet_copy_service.cc:140] P 671093280fcf45de8e10e0a0977bbc9e: Received BeginTabletCopySession request for tablet aa7639327e824a0fb567a6d70cad9df8 from peer 3beabb60b8504f2cb2e5b849c3998499 ({username='slave'} at 127.0.0.1:52554)
I20260713 09:10:19.395623 28592 tablet_copy_service.cc:161] P 671093280fcf45de8e10e0a0977bbc9e: Beginning new tablet copy session on tablet aa7639327e824a0fb567a6d70cad9df8 from peer 3beabb60b8504f2cb2e5b849c3998499 at {username='slave'} at 127.0.0.1:52554: session id = 3beabb60b8504f2cb2e5b849c3998499-aa7639327e824a0fb567a6d70cad9df8
I20260713 09:10:19.402550 28592 tablet_copy_source_session.cc:215] T aa7639327e824a0fb567a6d70cad9df8 P 671093280fcf45de8e10e0a0977bbc9e: Tablet Copy: opened 0 blocks and 1 log segments
I20260713 09:10:19.405669 28924 data_dirs.cc:400] Could only allocate 1 dirs of requested 3 for tablet aa7639327e824a0fb567a6d70cad9df8. 1 dirs total, 0 dirs full, 0 dirs failed
I20260713 09:10:19.413868 28927 ts_tablet_manager.cc:933] T 5281c9ea0953415caa99aea5968a9cb9 P 3beabb60b8504f2cb2e5b849c3998499: Initiating tablet copy from peer 608721c117ed47cc82849b266c51d402 (127.26.179.66:39391)
I20260713 09:10:19.415586 28927 tablet_copy_client.cc:323] T 5281c9ea0953415caa99aea5968a9cb9 P 3beabb60b8504f2cb2e5b849c3998499: tablet copy: Beginning tablet copy session from remote peer at address 127.26.179.66:39391
I20260713 09:10:19.420297 28924 tablet_copy_client.cc:806] T aa7639327e824a0fb567a6d70cad9df8 P 3beabb60b8504f2cb2e5b849c3998499: tablet copy: Starting download of 0 data blocks...
I20260713 09:10:19.420912 28924 tablet_copy_client.cc:670] T aa7639327e824a0fb567a6d70cad9df8 P 3beabb60b8504f2cb2e5b849c3998499: tablet copy: Starting download of 1 WAL segments...
I20260713 09:10:19.425362 28924 tablet_copy_client.cc:538] T aa7639327e824a0fb567a6d70cad9df8 P 3beabb60b8504f2cb2e5b849c3998499: tablet copy: Tablet Copy complete. Replacing tablet superblock.
I20260713 09:10:19.428546 28518 tablet_copy_service.cc:140] P 608721c117ed47cc82849b266c51d402: Received BeginTabletCopySession request for tablet 5281c9ea0953415caa99aea5968a9cb9 from peer 3beabb60b8504f2cb2e5b849c3998499 ({username='slave'} at 127.0.0.1:41372)
I20260713 09:10:19.429096 28518 tablet_copy_service.cc:161] P 608721c117ed47cc82849b266c51d402: Beginning new tablet copy session on tablet 5281c9ea0953415caa99aea5968a9cb9 from peer 3beabb60b8504f2cb2e5b849c3998499 at {username='slave'} at 127.0.0.1:41372: session id = 3beabb60b8504f2cb2e5b849c3998499-5281c9ea0953415caa99aea5968a9cb9
I20260713 09:10:19.433672 28924 tablet_bootstrap.cc:492] T aa7639327e824a0fb567a6d70cad9df8 P 3beabb60b8504f2cb2e5b849c3998499: Bootstrap starting.
I20260713 09:10:19.435701 28518 tablet_copy_source_session.cc:215] T 5281c9ea0953415caa99aea5968a9cb9 P 608721c117ed47cc82849b266c51d402: Tablet Copy: opened 0 blocks and 1 log segments
I20260713 09:10:19.441195 28927 data_dirs.cc:400] Could only allocate 1 dirs of requested 3 for tablet 5281c9ea0953415caa99aea5968a9cb9. 1 dirs total, 0 dirs full, 0 dirs failed
I20260713 09:10:19.459432 28927 tablet_copy_client.cc:806] T 5281c9ea0953415caa99aea5968a9cb9 P 3beabb60b8504f2cb2e5b849c3998499: tablet copy: Starting download of 0 data blocks...
I20260713 09:10:19.459561 28924 tablet_bootstrap.cc:492] T aa7639327e824a0fb567a6d70cad9df8 P 3beabb60b8504f2cb2e5b849c3998499: Bootstrap replayed 1/1 log segments. Stats: ops{read=2 overwritten=0 applied=2 ignored=0} inserts{seen=0 ignored=0} mutations{seen=0 ignored=0} orphaned_commits=0. Pending: 0 replicates
I20260713 09:10:19.459965 28927 tablet_copy_client.cc:670] T 5281c9ea0953415caa99aea5968a9cb9 P 3beabb60b8504f2cb2e5b849c3998499: tablet copy: Starting download of 1 WAL segments...
I20260713 09:10:19.460449 28924 tablet_bootstrap.cc:492] T aa7639327e824a0fb567a6d70cad9df8 P 3beabb60b8504f2cb2e5b849c3998499: Bootstrap complete.
I20260713 09:10:19.461095 28924 ts_tablet_manager.cc:1403] T aa7639327e824a0fb567a6d70cad9df8 P 3beabb60b8504f2cb2e5b849c3998499: Time spent bootstrapping tablet: real 0.028s	user 0.012s	sys 0.010s
I20260713 09:10:19.463490 28927 tablet_copy_client.cc:538] T 5281c9ea0953415caa99aea5968a9cb9 P 3beabb60b8504f2cb2e5b849c3998499: tablet copy: Tablet Copy complete. Replacing tablet superblock.
I20260713 09:10:19.463675 28924 raft_consensus.cc:359] T aa7639327e824a0fb567a6d70cad9df8 P 3beabb60b8504f2cb2e5b849c3998499 [term 1 LEARNER]: Replica starting. Triggering 0 pending ops. Active config: opid_index: 2 OBSOLETE_local: false peers { permanent_uuid: "1e9ad559115c46af89ed3db8ec547557" member_type: VOTER last_known_addr { host: "127.26.179.65" port: 40969 } attrs { replace: true } } peers { permanent_uuid: "608721c117ed47cc82849b266c51d402" member_type: VOTER last_known_addr { host: "127.26.179.66" port: 39391 } } peers { permanent_uuid: "671093280fcf45de8e10e0a0977bbc9e" member_type: VOTER last_known_addr { host: "127.26.179.67" port: 35287 } } peers { permanent_uuid: "3beabb60b8504f2cb2e5b849c3998499" member_type: NON_VOTER last_known_addr { host: "127.26.179.68" port: 43299 } attrs { promote: true } }
I20260713 09:10:19.464511 28924 raft_consensus.cc:740] T aa7639327e824a0fb567a6d70cad9df8 P 3beabb60b8504f2cb2e5b849c3998499 [term 1 LEARNER]: Becoming Follower/Learner. State: Replica: 3beabb60b8504f2cb2e5b849c3998499, State: Initialized, Role: LEARNER
I20260713 09:10:19.465129 28924 consensus_queue.cc:260] T aa7639327e824a0fb567a6d70cad9df8 P 3beabb60b8504f2cb2e5b849c3998499 [NON_LEADER]: Queue going to NON_LEADER mode. State: All replicated index: 0, Majority replicated index: 0, Committed index: 2, Last appended: 1.2, Last appended by leader: 2, Current term: 0, Majority size: -1, State: 0, Mode: NON_LEADER, active raft config: opid_index: 2 OBSOLETE_local: false peers { permanent_uuid: "1e9ad559115c46af89ed3db8ec547557" member_type: VOTER last_known_addr { host: "127.26.179.65" port: 40969 } attrs { replace: true } } peers { permanent_uuid: "608721c117ed47cc82849b266c51d402" member_type: VOTER last_known_addr { host: "127.26.179.66" port: 39391 } } peers { permanent_uuid: "671093280fcf45de8e10e0a0977bbc9e" member_type: VOTER last_known_addr { host: "127.26.179.67" port: 35287 } } peers { permanent_uuid: "3beabb60b8504f2cb2e5b849c3998499" member_type: NON_VOTER last_known_addr { host: "127.26.179.68" port: 43299 } attrs { promote: true } }
I20260713 09:10:19.467173 28897 heartbeater.cc:499] Master 127.26.179.126:33825 was elected leader, sending a full tablet report...
I20260713 09:10:19.467713 28924 ts_tablet_manager.cc:1434] T aa7639327e824a0fb567a6d70cad9df8 P 3beabb60b8504f2cb2e5b849c3998499: Time spent starting tablet: real 0.006s	user 0.004s	sys 0.004s
I20260713 09:10:19.469322 28592 tablet_copy_service.cc:342] P 671093280fcf45de8e10e0a0977bbc9e: Request end of tablet copy session 3beabb60b8504f2cb2e5b849c3998499-aa7639327e824a0fb567a6d70cad9df8 received from {username='slave'} at 127.0.0.1:52554
I20260713 09:10:19.469753 28592 tablet_copy_service.cc:434] P 671093280fcf45de8e10e0a0977bbc9e: ending tablet copy session 3beabb60b8504f2cb2e5b849c3998499-aa7639327e824a0fb567a6d70cad9df8 on tablet aa7639327e824a0fb567a6d70cad9df8 with peer 3beabb60b8504f2cb2e5b849c3998499
I20260713 09:10:19.472324 28927 tablet_bootstrap.cc:492] T 5281c9ea0953415caa99aea5968a9cb9 P 3beabb60b8504f2cb2e5b849c3998499: Bootstrap starting.
I20260713 09:10:19.488493 28927 tablet_bootstrap.cc:492] T 5281c9ea0953415caa99aea5968a9cb9 P 3beabb60b8504f2cb2e5b849c3998499: Bootstrap replayed 1/1 log segments. Stats: ops{read=2 overwritten=0 applied=2 ignored=0} inserts{seen=0 ignored=0} mutations{seen=0 ignored=0} orphaned_commits=0. Pending: 0 replicates
I20260713 09:10:19.489725 28927 tablet_bootstrap.cc:492] T 5281c9ea0953415caa99aea5968a9cb9 P 3beabb60b8504f2cb2e5b849c3998499: Bootstrap complete.
I20260713 09:10:19.490379 28927 ts_tablet_manager.cc:1403] T 5281c9ea0953415caa99aea5968a9cb9 P 3beabb60b8504f2cb2e5b849c3998499: Time spent bootstrapping tablet: real 0.018s	user 0.015s	sys 0.002s
I20260713 09:10:19.491307 28924 ts_tablet_manager.cc:933] T dd3cbad6e0984c96841467704a6e2aec P 3beabb60b8504f2cb2e5b849c3998499: Initiating tablet copy from peer 608721c117ed47cc82849b266c51d402 (127.26.179.66:39391)
I20260713 09:10:19.492856 28924 tablet_copy_client.cc:323] T dd3cbad6e0984c96841467704a6e2aec P 3beabb60b8504f2cb2e5b849c3998499: tablet copy: Beginning tablet copy session from remote peer at address 127.26.179.66:39391
I20260713 09:10:19.493083 28927 raft_consensus.cc:359] T 5281c9ea0953415caa99aea5968a9cb9 P 3beabb60b8504f2cb2e5b849c3998499 [term 1 LEARNER]: Replica starting. Triggering 0 pending ops. Active config: opid_index: 2 OBSOLETE_local: false peers { permanent_uuid: "1e9ad559115c46af89ed3db8ec547557" member_type: VOTER last_known_addr { host: "127.26.179.65" port: 40969 } } peers { permanent_uuid: "608721c117ed47cc82849b266c51d402" member_type: VOTER last_known_addr { host: "127.26.179.66" port: 39391 } } peers { permanent_uuid: "671093280fcf45de8e10e0a0977bbc9e" member_type: VOTER last_known_addr { host: "127.26.179.67" port: 35287 } attrs { replace: true } } peers { permanent_uuid: "3beabb60b8504f2cb2e5b849c3998499" member_type: NON_VOTER last_known_addr { host: "127.26.179.68" port: 43299 } attrs { promote: true } }
I20260713 09:10:19.493850 28927 raft_consensus.cc:740] T 5281c9ea0953415caa99aea5968a9cb9 P 3beabb60b8504f2cb2e5b849c3998499 [term 1 LEARNER]: Becoming Follower/Learner. State: Replica: 3beabb60b8504f2cb2e5b849c3998499, State: Initialized, Role: LEARNER
I20260713 09:10:19.494486 28518 tablet_copy_service.cc:140] P 608721c117ed47cc82849b266c51d402: Received BeginTabletCopySession request for tablet dd3cbad6e0984c96841467704a6e2aec from peer 3beabb60b8504f2cb2e5b849c3998499 ({username='slave'} at 127.0.0.1:41372)
I20260713 09:10:19.494468 28927 consensus_queue.cc:260] T 5281c9ea0953415caa99aea5968a9cb9 P 3beabb60b8504f2cb2e5b849c3998499 [NON_LEADER]: Queue going to NON_LEADER mode. State: All replicated index: 0, Majority replicated index: 0, Committed index: 2, Last appended: 1.2, Last appended by leader: 2, Current term: 0, Majority size: -1, State: 0, Mode: NON_LEADER, active raft config: opid_index: 2 OBSOLETE_local: false peers { permanent_uuid: "1e9ad559115c46af89ed3db8ec547557" member_type: VOTER last_known_addr { host: "127.26.179.65" port: 40969 } } peers { permanent_uuid: "608721c117ed47cc82849b266c51d402" member_type: VOTER last_known_addr { host: "127.26.179.66" port: 39391 } } peers { permanent_uuid: "671093280fcf45de8e10e0a0977bbc9e" member_type: VOTER last_known_addr { host: "127.26.179.67" port: 35287 } attrs { replace: true } } peers { permanent_uuid: "3beabb60b8504f2cb2e5b849c3998499" member_type: NON_VOTER last_known_addr { host: "127.26.179.68" port: 43299 } attrs { promote: true } }
I20260713 09:10:19.495126 28518 tablet_copy_service.cc:161] P 608721c117ed47cc82849b266c51d402: Beginning new tablet copy session on tablet dd3cbad6e0984c96841467704a6e2aec from peer 3beabb60b8504f2cb2e5b849c3998499 at {username='slave'} at 127.0.0.1:41372: session id = 3beabb60b8504f2cb2e5b849c3998499-dd3cbad6e0984c96841467704a6e2aec
I20260713 09:10:19.496858 28927 ts_tablet_manager.cc:1434] T 5281c9ea0953415caa99aea5968a9cb9 P 3beabb60b8504f2cb2e5b849c3998499: Time spent starting tablet: real 0.006s	user 0.006s	sys 0.000s
I20260713 09:10:19.498935 28517 tablet_copy_service.cc:342] P 608721c117ed47cc82849b266c51d402: Request end of tablet copy session 3beabb60b8504f2cb2e5b849c3998499-5281c9ea0953415caa99aea5968a9cb9 received from {username='slave'} at 127.0.0.1:41372
I20260713 09:10:19.499331 28517 tablet_copy_service.cc:434] P 608721c117ed47cc82849b266c51d402: ending tablet copy session 3beabb60b8504f2cb2e5b849c3998499-5281c9ea0953415caa99aea5968a9cb9 on tablet 5281c9ea0953415caa99aea5968a9cb9 with peer 3beabb60b8504f2cb2e5b849c3998499
I20260713 09:10:19.502553 28518 tablet_copy_source_session.cc:215] T dd3cbad6e0984c96841467704a6e2aec P 608721c117ed47cc82849b266c51d402: Tablet Copy: opened 0 blocks and 1 log segments
I20260713 09:10:19.507499 28924 data_dirs.cc:400] Could only allocate 1 dirs of requested 3 for tablet dd3cbad6e0984c96841467704a6e2aec. 1 dirs total, 0 dirs full, 0 dirs failed
I20260713 09:10:19.516741 28924 tablet_copy_client.cc:806] T dd3cbad6e0984c96841467704a6e2aec P 3beabb60b8504f2cb2e5b849c3998499: tablet copy: Starting download of 0 data blocks...
I20260713 09:10:19.517177 28924 tablet_copy_client.cc:670] T dd3cbad6e0984c96841467704a6e2aec P 3beabb60b8504f2cb2e5b849c3998499: tablet copy: Starting download of 1 WAL segments...
I20260713 09:10:19.520309 28927 ts_tablet_manager.cc:933] T e9554718007a4ce49d56266cbe47d724 P 3beabb60b8504f2cb2e5b849c3998499: Initiating tablet copy from peer 671093280fcf45de8e10e0a0977bbc9e (127.26.179.67:35287)
I20260713 09:10:19.520664 28924 tablet_copy_client.cc:538] T dd3cbad6e0984c96841467704a6e2aec P 3beabb60b8504f2cb2e5b849c3998499: tablet copy: Tablet Copy complete. Replacing tablet superblock.
I20260713 09:10:19.521792 28927 tablet_copy_client.cc:323] T e9554718007a4ce49d56266cbe47d724 P 3beabb60b8504f2cb2e5b849c3998499: tablet copy: Beginning tablet copy session from remote peer at address 127.26.179.67:35287
I20260713 09:10:19.523074 28592 tablet_copy_service.cc:140] P 671093280fcf45de8e10e0a0977bbc9e: Received BeginTabletCopySession request for tablet e9554718007a4ce49d56266cbe47d724 from peer 3beabb60b8504f2cb2e5b849c3998499 ({username='slave'} at 127.0.0.1:52554)
I20260713 09:10:19.523465 28592 tablet_copy_service.cc:161] P 671093280fcf45de8e10e0a0977bbc9e: Beginning new tablet copy session on tablet e9554718007a4ce49d56266cbe47d724 from peer 3beabb60b8504f2cb2e5b849c3998499 at {username='slave'} at 127.0.0.1:52554: session id = 3beabb60b8504f2cb2e5b849c3998499-e9554718007a4ce49d56266cbe47d724
I20260713 09:10:19.528537 28924 tablet_bootstrap.cc:492] T dd3cbad6e0984c96841467704a6e2aec P 3beabb60b8504f2cb2e5b849c3998499: Bootstrap starting.
I20260713 09:10:19.528961 28592 tablet_copy_source_session.cc:215] T e9554718007a4ce49d56266cbe47d724 P 671093280fcf45de8e10e0a0977bbc9e: Tablet Copy: opened 0 blocks and 1 log segments
I20260713 09:10:19.531095 28927 data_dirs.cc:400] Could only allocate 1 dirs of requested 3 for tablet e9554718007a4ce49d56266cbe47d724. 1 dirs total, 0 dirs full, 0 dirs failed
I20260713 09:10:19.542915 28927 tablet_copy_client.cc:806] T e9554718007a4ce49d56266cbe47d724 P 3beabb60b8504f2cb2e5b849c3998499: tablet copy: Starting download of 0 data blocks...
I20260713 09:10:19.543376 28927 tablet_copy_client.cc:670] T e9554718007a4ce49d56266cbe47d724 P 3beabb60b8504f2cb2e5b849c3998499: tablet copy: Starting download of 1 WAL segments...
I20260713 09:10:19.547237 28927 tablet_copy_client.cc:538] T e9554718007a4ce49d56266cbe47d724 P 3beabb60b8504f2cb2e5b849c3998499: tablet copy: Tablet Copy complete. Replacing tablet superblock.
I20260713 09:10:19.548651 28924 tablet_bootstrap.cc:492] T dd3cbad6e0984c96841467704a6e2aec P 3beabb60b8504f2cb2e5b849c3998499: Bootstrap replayed 1/1 log segments. Stats: ops{read=2 overwritten=0 applied=2 ignored=0} inserts{seen=0 ignored=0} mutations{seen=0 ignored=0} orphaned_commits=0. Pending: 0 replicates
I20260713 09:10:19.549278 28924 tablet_bootstrap.cc:492] T dd3cbad6e0984c96841467704a6e2aec P 3beabb60b8504f2cb2e5b849c3998499: Bootstrap complete.
I20260713 09:10:19.549757 28924 ts_tablet_manager.cc:1403] T dd3cbad6e0984c96841467704a6e2aec P 3beabb60b8504f2cb2e5b849c3998499: Time spent bootstrapping tablet: real 0.021s	user 0.018s	sys 0.000s
I20260713 09:10:19.552031 28924 raft_consensus.cc:359] T dd3cbad6e0984c96841467704a6e2aec P 3beabb60b8504f2cb2e5b849c3998499 [term 1 LEARNER]: Replica starting. Triggering 0 pending ops. Active config: opid_index: 2 OBSOLETE_local: false peers { permanent_uuid: "1e9ad559115c46af89ed3db8ec547557" member_type: VOTER last_known_addr { host: "127.26.179.65" port: 40969 } attrs { replace: true } } peers { permanent_uuid: "608721c117ed47cc82849b266c51d402" member_type: VOTER last_known_addr { host: "127.26.179.66" port: 39391 } } peers { permanent_uuid: "671093280fcf45de8e10e0a0977bbc9e" member_type: VOTER last_known_addr { host: "127.26.179.67" port: 35287 } } peers { permanent_uuid: "3beabb60b8504f2cb2e5b849c3998499" member_type: NON_VOTER last_known_addr { host: "127.26.179.68" port: 43299 } attrs { promote: true } }
I20260713 09:10:19.552731 28924 raft_consensus.cc:740] T dd3cbad6e0984c96841467704a6e2aec P 3beabb60b8504f2cb2e5b849c3998499 [term 1 LEARNER]: Becoming Follower/Learner. State: Replica: 3beabb60b8504f2cb2e5b849c3998499, State: Initialized, Role: LEARNER
I20260713 09:10:19.553314 28924 consensus_queue.cc:260] T dd3cbad6e0984c96841467704a6e2aec P 3beabb60b8504f2cb2e5b849c3998499 [NON_LEADER]: Queue going to NON_LEADER mode. State: All replicated index: 0, Majority replicated index: 0, Committed index: 2, Last appended: 1.2, Last appended by leader: 2, Current term: 0, Majority size: -1, State: 0, Mode: NON_LEADER, active raft config: opid_index: 2 OBSOLETE_local: false peers { permanent_uuid: "1e9ad559115c46af89ed3db8ec547557" member_type: VOTER last_known_addr { host: "127.26.179.65" port: 40969 } attrs { replace: true } } peers { permanent_uuid: "608721c117ed47cc82849b266c51d402" member_type: VOTER last_known_addr { host: "127.26.179.66" port: 39391 } } peers { permanent_uuid: "671093280fcf45de8e10e0a0977bbc9e" member_type: VOTER last_known_addr { host: "127.26.179.67" port: 35287 } } peers { permanent_uuid: "3beabb60b8504f2cb2e5b849c3998499" member_type: NON_VOTER last_known_addr { host: "127.26.179.68" port: 43299 } attrs { promote: true } }
I20260713 09:10:19.556797 28924 ts_tablet_manager.cc:1434] T dd3cbad6e0984c96841467704a6e2aec P 3beabb60b8504f2cb2e5b849c3998499: Time spent starting tablet: real 0.007s	user 0.007s	sys 0.000s
I20260713 09:10:19.557915 28927 tablet_bootstrap.cc:492] T e9554718007a4ce49d56266cbe47d724 P 3beabb60b8504f2cb2e5b849c3998499: Bootstrap starting.
I20260713 09:10:19.558902 28518 tablet_copy_service.cc:342] P 608721c117ed47cc82849b266c51d402: Request end of tablet copy session 3beabb60b8504f2cb2e5b849c3998499-dd3cbad6e0984c96841467704a6e2aec received from {username='slave'} at 127.0.0.1:41372
I20260713 09:10:19.559303 28518 tablet_copy_service.cc:434] P 608721c117ed47cc82849b266c51d402: ending tablet copy session 3beabb60b8504f2cb2e5b849c3998499-dd3cbad6e0984c96841467704a6e2aec on tablet dd3cbad6e0984c96841467704a6e2aec with peer 3beabb60b8504f2cb2e5b849c3998499
I20260713 09:10:19.577327 28927 tablet_bootstrap.cc:492] T e9554718007a4ce49d56266cbe47d724 P 3beabb60b8504f2cb2e5b849c3998499: Bootstrap replayed 1/1 log segments. Stats: ops{read=2 overwritten=0 applied=2 ignored=0} inserts{seen=0 ignored=0} mutations{seen=0 ignored=0} orphaned_commits=0. Pending: 0 replicates
I20260713 09:10:19.578148 28927 tablet_bootstrap.cc:492] T e9554718007a4ce49d56266cbe47d724 P 3beabb60b8504f2cb2e5b849c3998499: Bootstrap complete.
I20260713 09:10:19.578809 28927 ts_tablet_manager.cc:1403] T e9554718007a4ce49d56266cbe47d724 P 3beabb60b8504f2cb2e5b849c3998499: Time spent bootstrapping tablet: real 0.021s	user 0.022s	sys 0.000s
I20260713 09:10:19.581512 28927 raft_consensus.cc:359] T e9554718007a4ce49d56266cbe47d724 P 3beabb60b8504f2cb2e5b849c3998499 [term 1 LEARNER]: Replica starting. Triggering 0 pending ops. Active config: opid_index: 2 OBSOLETE_local: false peers { permanent_uuid: "1e9ad559115c46af89ed3db8ec547557" member_type: VOTER last_known_addr { host: "127.26.179.65" port: 40969 } } peers { permanent_uuid: "608721c117ed47cc82849b266c51d402" member_type: VOTER last_known_addr { host: "127.26.179.66" port: 39391 } attrs { replace: true } } peers { permanent_uuid: "671093280fcf45de8e10e0a0977bbc9e" member_type: VOTER last_known_addr { host: "127.26.179.67" port: 35287 } } peers { permanent_uuid: "3beabb60b8504f2cb2e5b849c3998499" member_type: NON_VOTER last_known_addr { host: "127.26.179.68" port: 43299 } attrs { promote: true } }
I20260713 09:10:19.582296 28927 raft_consensus.cc:740] T e9554718007a4ce49d56266cbe47d724 P 3beabb60b8504f2cb2e5b849c3998499 [term 1 LEARNER]: Becoming Follower/Learner. State: Replica: 3beabb60b8504f2cb2e5b849c3998499, State: Initialized, Role: LEARNER
I20260713 09:10:19.582934 28927 consensus_queue.cc:260] T e9554718007a4ce49d56266cbe47d724 P 3beabb60b8504f2cb2e5b849c3998499 [NON_LEADER]: Queue going to NON_LEADER mode. State: All replicated index: 0, Majority replicated index: 0, Committed index: 2, Last appended: 1.2, Last appended by leader: 2, Current term: 0, Majority size: -1, State: 0, Mode: NON_LEADER, active raft config: opid_index: 2 OBSOLETE_local: false peers { permanent_uuid: "1e9ad559115c46af89ed3db8ec547557" member_type: VOTER last_known_addr { host: "127.26.179.65" port: 40969 } } peers { permanent_uuid: "608721c117ed47cc82849b266c51d402" member_type: VOTER last_known_addr { host: "127.26.179.66" port: 39391 } attrs { replace: true } } peers { permanent_uuid: "671093280fcf45de8e10e0a0977bbc9e" member_type: VOTER last_known_addr { host: "127.26.179.67" port: 35287 } } peers { permanent_uuid: "3beabb60b8504f2cb2e5b849c3998499" member_type: NON_VOTER last_known_addr { host: "127.26.179.68" port: 43299 } attrs { promote: true } }
I20260713 09:10:19.585114 28927 ts_tablet_manager.cc:1434] T e9554718007a4ce49d56266cbe47d724 P 3beabb60b8504f2cb2e5b849c3998499: Time spent starting tablet: real 0.006s	user 0.004s	sys 0.000s
I20260713 09:10:19.586719 28592 tablet_copy_service.cc:342] P 671093280fcf45de8e10e0a0977bbc9e: Request end of tablet copy session 3beabb60b8504f2cb2e5b849c3998499-e9554718007a4ce49d56266cbe47d724 received from {username='slave'} at 127.0.0.1:52554
I20260713 09:10:19.587106 28592 tablet_copy_service.cc:434] P 671093280fcf45de8e10e0a0977bbc9e: ending tablet copy session 3beabb60b8504f2cb2e5b849c3998499-e9554718007a4ce49d56266cbe47d724 on tablet e9554718007a4ce49d56266cbe47d724 with peer 3beabb60b8504f2cb2e5b849c3998499
I20260713 09:10:19.815400 28872 raft_consensus.cc:1217] T 5281c9ea0953415caa99aea5968a9cb9 P 3beabb60b8504f2cb2e5b849c3998499 [term 1 LEARNER]: Deduplicated request from leader. Original: 1.1->[1.2-1.2]   Dedup: 1.2->[]
I20260713 09:10:19.913120 28872 raft_consensus.cc:1217] T aa7639327e824a0fb567a6d70cad9df8 P 3beabb60b8504f2cb2e5b849c3998499 [term 1 LEARNER]: Deduplicated request from leader. Original: 1.1->[1.2-1.2]   Dedup: 1.2->[]
I20260713 09:10:19.956501 28872 raft_consensus.cc:1217] T dd3cbad6e0984c96841467704a6e2aec P 3beabb60b8504f2cb2e5b849c3998499 [term 1 LEARNER]: Deduplicated request from leader. Original: 1.1->[1.2-1.2]   Dedup: 1.2->[]
I20260713 09:10:20.093371 28872 raft_consensus.cc:1217] T e9554718007a4ce49d56266cbe47d724 P 3beabb60b8504f2cb2e5b849c3998499 [term 1 LEARNER]: Deduplicated request from leader. Original: 1.1->[1.2-1.2]   Dedup: 1.2->[]
I20260713 09:10:20.205847 28802 raft_consensus.cc:1064] T 5281c9ea0953415caa99aea5968a9cb9 P 608721c117ed47cc82849b266c51d402: attempting to promote NON_VOTER 3beabb60b8504f2cb2e5b849c3998499 to VOTER
I20260713 09:10:20.208278 28802 consensus_queue.cc:237] T 5281c9ea0953415caa99aea5968a9cb9 P 608721c117ed47cc82849b266c51d402 [LEADER]: Queue going to LEADER mode. State: All replicated index: 0, Majority replicated index: 2, Committed index: 2, Last appended: 1.2, Last appended by leader: 0, Current term: 1, Majority size: 3, State: 0, Mode: LEADER, active raft config: opid_index: 3 OBSOLETE_local: false peers { permanent_uuid: "1e9ad559115c46af89ed3db8ec547557" member_type: VOTER last_known_addr { host: "127.26.179.65" port: 40969 } } peers { permanent_uuid: "608721c117ed47cc82849b266c51d402" member_type: VOTER last_known_addr { host: "127.26.179.66" port: 39391 } } peers { permanent_uuid: "671093280fcf45de8e10e0a0977bbc9e" member_type: VOTER last_known_addr { host: "127.26.179.67" port: 35287 } attrs { replace: true } } peers { permanent_uuid: "3beabb60b8504f2cb2e5b849c3998499" member_type: VOTER last_known_addr { host: "127.26.179.68" port: 43299 } attrs { promote: false } }
I20260713 09:10:20.214870 28872 raft_consensus.cc:1275] T 5281c9ea0953415caa99aea5968a9cb9 P 3beabb60b8504f2cb2e5b849c3998499 [term 1 LEARNER]: Refusing update from remote peer 608721c117ed47cc82849b266c51d402: Log matching property violated. Preceding OpId in replica: term: 1 index: 2. Preceding OpId from leader: term: 1 index: 3. (index mismatch)
I20260713 09:10:20.214887 28582 raft_consensus.cc:1275] T 5281c9ea0953415caa99aea5968a9cb9 P 671093280fcf45de8e10e0a0977bbc9e [term 1 FOLLOWER]: Refusing update from remote peer 608721c117ed47cc82849b266c51d402: Log matching property violated. Preceding OpId in replica: term: 1 index: 2. Preceding OpId from leader: term: 1 index: 3. (index mismatch)
I20260713 09:10:20.215760 28428 raft_consensus.cc:1275] T 5281c9ea0953415caa99aea5968a9cb9 P 1e9ad559115c46af89ed3db8ec547557 [term 1 FOLLOWER]: Refusing update from remote peer 608721c117ed47cc82849b266c51d402: Log matching property violated. Preceding OpId in replica: term: 1 index: 2. Preceding OpId from leader: term: 1 index: 3. (index mismatch)
I20260713 09:10:20.216814 28802 consensus_queue.cc:1048] T 5281c9ea0953415caa99aea5968a9cb9 P 608721c117ed47cc82849b266c51d402 [LEADER]: Connected to new peer: Peer: permanent_uuid: "671093280fcf45de8e10e0a0977bbc9e" member_type: VOTER last_known_addr { host: "127.26.179.67" port: 35287 } attrs { replace: true }, Status: LMP_MISMATCH, Last received: 0.0, Next index: 3, Last known committed idx: 2, Time since last communication: 0.000s
