I20260713 09:10:34.085295 28695 raft_consensus.cc:697] T ca8ff2a9268c4db7ad15f050511a592c P 6e6fd2494be84f958e0d701215321b0a [term 2 LEADER]: Becoming Leader. State: Replica: 6e6fd2494be84f958e0d701215321b0a, State: Running, Role: LEADER
I20260713 09:10:34.085953 28030 raft_consensus.cc:2468] T ca8ff2a9268c4db7ad15f050511a592c P 93ad23d21d4e4504b85bc1b26c49056b [term 2 FOLLOWER]: Leader election vote request: Granting yes vote for candidate 6e6fd2494be84f958e0d701215321b0a in term 2.
I20260713 09:10:34.085994 28695 consensus_queue.cc:237] T ca8ff2a9268c4db7ad15f050511a592c P 6e6fd2494be84f958e0d701215321b0a [LEADER]: Queue going to LEADER mode. State: All replicated index: 0, Majority replicated index: 1, Committed index: 1, Last appended: 1.1, Last appended by leader: 1, Current term: 2, Majority size: 2, State: 0, Mode: LEADER, active raft config: opid_index: -1 OBSOLETE_local: false peers { permanent_uuid: "6e6fd2494be84f958e0d701215321b0a" member_type: VOTER last_known_addr { host: "127.26.58.65" port: 36613 } } peers { permanent_uuid: "93ad23d21d4e4504b85bc1b26c49056b" member_type: VOTER last_known_addr { host: "127.26.58.66" port: 35705 } } peers { permanent_uuid: "eebd88ee01ca4fe3a678cf6e91dc0ea6" member_type: VOTER last_known_addr { host: "127.26.58.67" port: 36291 } }
I20260713 09:10:34.094458 27853 catalog_manager.cc:5697] T ca8ff2a9268c4db7ad15f050511a592c P 6e6fd2494be84f958e0d701215321b0a reported cstate change: term changed from 1 to 2, leader changed from 93ad23d21d4e4504b85bc1b26c49056b (127.26.58.66) to 6e6fd2494be84f958e0d701215321b0a (127.26.58.65). New cstate: current_term: 2 leader_uuid: "6e6fd2494be84f958e0d701215321b0a" committed_config { opid_index: -1 OBSOLETE_local: false peers { permanent_uuid: "6e6fd2494be84f958e0d701215321b0a" member_type: VOTER last_known_addr { host: "127.26.58.65" port: 36613 } health_report { overall_health: HEALTHY } } peers { permanent_uuid: "93ad23d21d4e4504b85bc1b26c49056b" member_type: VOTER last_known_addr { host: "127.26.58.66" port: 35705 } health_report { overall_health: UNKNOWN } } peers { permanent_uuid: "eebd88ee01ca4fe3a678cf6e91dc0ea6" member_type: VOTER last_known_addr { host: "127.26.58.67" port: 36291 } health_report { overall_health: UNKNOWN } } }
I20260713 09:10:34.270069 28738 raft_consensus.cc:993] T 6a28c1fb6dc34fcfbc69b82ebb283372 P eebd88ee01ca4fe3a678cf6e91dc0ea6: : Instructing follower e778a38fff134b3398454f05096c814d to start an election
I20260713 09:10:34.270526 28721 raft_consensus.cc:1081] T 6a28c1fb6dc34fcfbc69b82ebb283372 P eebd88ee01ca4fe3a678cf6e91dc0ea6 [term 1 LEADER]: Signalling peer e778a38fff134b3398454f05096c814d to start an election
I20260713 09:10:34.271837 28370 tablet_service.cc:2044] Received Run Leader Election RPC: tablet_id: "6a28c1fb6dc34fcfbc69b82ebb283372"
dest_uuid: "e778a38fff134b3398454f05096c814d"
 from {username='slave'} at 127.0.0.1:39638
I20260713 09:10:34.272231 28370 raft_consensus.cc:493] T 6a28c1fb6dc34fcfbc69b82ebb283372 P e778a38fff134b3398454f05096c814d [term 1 FOLLOWER]: Starting forced leader election (received explicit request)
I20260713 09:10:34.272521 28370 raft_consensus.cc:3060] T 6a28c1fb6dc34fcfbc69b82ebb283372 P e778a38fff134b3398454f05096c814d [term 1 FOLLOWER]: Advancing to term 2
I20260713 09:10:34.277360 28370 raft_consensus.cc:515] T 6a28c1fb6dc34fcfbc69b82ebb283372 P e778a38fff134b3398454f05096c814d [term 2 FOLLOWER]: Starting forced leader election with config: opid_index: 4 OBSOLETE_local: false peers { permanent_uuid: "6e6fd2494be84f958e0d701215321b0a" member_type: VOTER last_known_addr { host: "127.26.58.65" port: 36613 } } peers { permanent_uuid: "eebd88ee01ca4fe3a678cf6e91dc0ea6" member_type: VOTER last_known_addr { host: "127.26.58.67" port: 36291 } } peers { permanent_uuid: "e778a38fff134b3398454f05096c814d" member_type: VOTER last_known_addr { host: "127.26.58.68" port: 42015 } attrs { promote: false } }
I20260713 09:10:34.278669 28370 leader_election.cc:290] T 6a28c1fb6dc34fcfbc69b82ebb283372 P e778a38fff134b3398454f05096c814d [CANDIDATE]: Term 2 election: Requested vote from peers 6e6fd2494be84f958e0d701215321b0a (127.26.58.65:36613), eebd88ee01ca4fe3a678cf6e91dc0ea6 (127.26.58.67:36291)
I20260713 09:10:34.279328 27958 tablet_service.cc:1917] Received RequestConsensusVote() RPC: tablet_id: "6a28c1fb6dc34fcfbc69b82ebb283372" candidate_uuid: "e778a38fff134b3398454f05096c814d" candidate_term: 2 candidate_status { last_received { term: 1 index: 4 } } ignore_live_leader: true dest_uuid: "6e6fd2494be84f958e0d701215321b0a"
I20260713 09:10:34.279529 28106 tablet_service.cc:1917] Received RequestConsensusVote() RPC: tablet_id: "6a28c1fb6dc34fcfbc69b82ebb283372" candidate_uuid: "e778a38fff134b3398454f05096c814d" candidate_term: 2 candidate_status { last_received { term: 1 index: 4 } } ignore_live_leader: true dest_uuid: "eebd88ee01ca4fe3a678cf6e91dc0ea6"
I20260713 09:10:34.279902 27958 raft_consensus.cc:3060] T 6a28c1fb6dc34fcfbc69b82ebb283372 P 6e6fd2494be84f958e0d701215321b0a [term 1 FOLLOWER]: Advancing to term 2
I20260713 09:10:34.279991 28106 raft_consensus.cc:3055] T 6a28c1fb6dc34fcfbc69b82ebb283372 P eebd88ee01ca4fe3a678cf6e91dc0ea6 [term 1 LEADER]: Stepping down as leader of term 1
I20260713 09:10:34.280329 28106 raft_consensus.cc:740] T 6a28c1fb6dc34fcfbc69b82ebb283372 P eebd88ee01ca4fe3a678cf6e91dc0ea6 [term 1 LEADER]: Becoming Follower/Learner. State: Replica: eebd88ee01ca4fe3a678cf6e91dc0ea6, State: Running, Role: LEADER
I20260713 09:10:34.281034 28106 consensus_queue.cc:260] T 6a28c1fb6dc34fcfbc69b82ebb283372 P eebd88ee01ca4fe3a678cf6e91dc0ea6 [NON_LEADER]: Queue going to NON_LEADER mode. State: All replicated index: 0, Majority replicated index: 4, Committed index: 4, Last appended: 1.4, Last appended by leader: 4, Current term: 1, Majority size: -1, State: 0, Mode: NON_LEADER, active raft config: opid_index: 4 OBSOLETE_local: false peers { permanent_uuid: "6e6fd2494be84f958e0d701215321b0a" member_type: VOTER last_known_addr { host: "127.26.58.65" port: 36613 } } peers { permanent_uuid: "eebd88ee01ca4fe3a678cf6e91dc0ea6" member_type: VOTER last_known_addr { host: "127.26.58.67" port: 36291 } } peers { permanent_uuid: "e778a38fff134b3398454f05096c814d" member_type: VOTER last_known_addr { host: "127.26.58.68" port: 42015 } attrs { promote: false } }
I20260713 09:10:34.282112 28106 raft_consensus.cc:3060] T 6a28c1fb6dc34fcfbc69b82ebb283372 P eebd88ee01ca4fe3a678cf6e91dc0ea6 [term 1 FOLLOWER]: Advancing to term 2
I20260713 09:10:34.285733 27958 raft_consensus.cc:2468] T 6a28c1fb6dc34fcfbc69b82ebb283372 P 6e6fd2494be84f958e0d701215321b0a [term 2 FOLLOWER]: Leader election vote request: Granting yes vote for candidate e778a38fff134b3398454f05096c814d in term 2.
I20260713 09:10:34.286769 28334 leader_election.cc:304] T 6a28c1fb6dc34fcfbc69b82ebb283372 P e778a38fff134b3398454f05096c814d [CANDIDATE]: Term 2 election: Election decided. Result: candidate won. Election summary: received 2 responses out of 3 voters: 2 yes votes; 0 no votes. yes voters: 6e6fd2494be84f958e0d701215321b0a, e778a38fff134b3398454f05096c814d; no voters: 
I20260713 09:10:34.287446 28728 raft_consensus.cc:2804] T 6a28c1fb6dc34fcfbc69b82ebb283372 P e778a38fff134b3398454f05096c814d [term 2 FOLLOWER]: Leader election won for term 2
I20260713 09:10:34.287529 28106 raft_consensus.cc:2468] T 6a28c1fb6dc34fcfbc69b82ebb283372 P eebd88ee01ca4fe3a678cf6e91dc0ea6 [term 2 FOLLOWER]: Leader election vote request: Granting yes vote for candidate e778a38fff134b3398454f05096c814d in term 2.
I20260713 09:10:34.287923 28728 raft_consensus.cc:697] T 6a28c1fb6dc34fcfbc69b82ebb283372 P e778a38fff134b3398454f05096c814d [term 2 LEADER]: Becoming Leader. State: Replica: e778a38fff134b3398454f05096c814d, State: Running, Role: LEADER
I20260713 09:10:34.288818 28728 consensus_queue.cc:237] T 6a28c1fb6dc34fcfbc69b82ebb283372 P e778a38fff134b3398454f05096c814d [LEADER]: Queue going to LEADER mode. State: All replicated index: 0, Majority replicated index: 4, Committed index: 4, Last appended: 1.4, Last appended by leader: 4, Current term: 2, Majority size: 2, State: 0, Mode: LEADER, active raft config: opid_index: 4 OBSOLETE_local: false peers { permanent_uuid: "6e6fd2494be84f958e0d701215321b0a" member_type: VOTER last_known_addr { host: "127.26.58.65" port: 36613 } } peers { permanent_uuid: "eebd88ee01ca4fe3a678cf6e91dc0ea6" member_type: VOTER last_known_addr { host: "127.26.58.67" port: 36291 } } peers { permanent_uuid: "e778a38fff134b3398454f05096c814d" member_type: VOTER last_known_addr { host: "127.26.58.68" port: 42015 } attrs { promote: false } }
I20260713 09:10:34.295318 27853 catalog_manager.cc:5697] T 6a28c1fb6dc34fcfbc69b82ebb283372 P e778a38fff134b3398454f05096c814d reported cstate change: term changed from 1 to 2, leader changed from eebd88ee01ca4fe3a678cf6e91dc0ea6 (127.26.58.67) to e778a38fff134b3398454f05096c814d (127.26.58.68). New cstate: current_term: 2 leader_uuid: "e778a38fff134b3398454f05096c814d" committed_config { opid_index: 4 OBSOLETE_local: false peers { permanent_uuid: "6e6fd2494be84f958e0d701215321b0a" member_type: VOTER last_known_addr { host: "127.26.58.65" port: 36613 } health_report { overall_health: UNKNOWN } } peers { permanent_uuid: "eebd88ee01ca4fe3a678cf6e91dc0ea6" member_type: VOTER last_known_addr { host: "127.26.58.67" port: 36291 } health_report { overall_health: UNKNOWN } } peers { permanent_uuid: "e778a38fff134b3398454f05096c814d" member_type: VOTER last_known_addr { host: "127.26.58.68" port: 42015 } attrs { promote: false } health_report { overall_health: HEALTHY } } }
I20260713 09:10:34.480377 28106 raft_consensus.cc:1275] T 142df5491b2849cd8f30c2fa9b70224b P eebd88ee01ca4fe3a678cf6e91dc0ea6 [term 2 FOLLOWER]: Refusing update from remote peer e778a38fff134b3398454f05096c814d: Log matching property violated. Preceding OpId in replica: term: 1 index: 4. Preceding OpId from leader: term: 2 index: 5. (index mismatch)
I20260713 09:10:34.481407 28728 consensus_queue.cc:1048] T 142df5491b2849cd8f30c2fa9b70224b P e778a38fff134b3398454f05096c814d [LEADER]: Connected to new peer: Peer: permanent_uuid: "eebd88ee01ca4fe3a678cf6e91dc0ea6" member_type: VOTER last_known_addr { host: "127.26.58.67" port: 36291 }, Status: LMP_MISMATCH, Last received: 0.0, Next index: 5, Last known committed idx: 4, Time since last communication: 0.000s
I20260713 09:10:34.491231 27958 raft_consensus.cc:1275] T 142df5491b2849cd8f30c2fa9b70224b P 6e6fd2494be84f958e0d701215321b0a [term 2 FOLLOWER]: Refusing update from remote peer e778a38fff134b3398454f05096c814d: Log matching property violated. Preceding OpId in replica: term: 1 index: 4. Preceding OpId from leader: term: 2 index: 5. (index mismatch)
I20260713 09:10:34.498378 28729 consensus_queue.cc:1048] T 142df5491b2849cd8f30c2fa9b70224b P e778a38fff134b3398454f05096c814d [LEADER]: Connected to new peer: Peer: permanent_uuid: "6e6fd2494be84f958e0d701215321b0a" member_type: VOTER last_known_addr { host: "127.26.58.65" port: 36613 }, Status: LMP_MISMATCH, Last received: 0.0, Next index: 5, Last known committed idx: 4, Time since last communication: 0.001s
I20260713 09:10:34.501541 28106 raft_consensus.cc:1275] T ca8ff2a9268c4db7ad15f050511a592c P eebd88ee01ca4fe3a678cf6e91dc0ea6 [term 2 FOLLOWER]: Refusing update from remote peer 6e6fd2494be84f958e0d701215321b0a: Log matching property violated. Preceding OpId in replica: term: 1 index: 1. Preceding OpId from leader: term: 2 index: 2. (index mismatch)
I20260713 09:10:34.504119 28695 consensus_queue.cc:1048] T ca8ff2a9268c4db7ad15f050511a592c P 6e6fd2494be84f958e0d701215321b0a [LEADER]: Connected to new peer: Peer: permanent_uuid: "eebd88ee01ca4fe3a678cf6e91dc0ea6" member_type: VOTER last_known_addr { host: "127.26.58.67" port: 36291 }, Status: LMP_MISMATCH, Last received: 0.0, Next index: 2, Last known committed idx: 1, Time since last communication: 0.000s
I20260713 09:10:34.520223 28030 raft_consensus.cc:1275] T ca8ff2a9268c4db7ad15f050511a592c P 93ad23d21d4e4504b85bc1b26c49056b [term 2 FOLLOWER]: Refusing update from remote peer 6e6fd2494be84f958e0d701215321b0a: Log matching property violated. Preceding OpId in replica: term: 1 index: 1. Preceding OpId from leader: term: 2 index: 2. (index mismatch)
I20260713 09:10:34.522626 28736 consensus_queue.cc:1048] T ca8ff2a9268c4db7ad15f050511a592c P 6e6fd2494be84f958e0d701215321b0a [LEADER]: Connected to new peer: Peer: permanent_uuid: "93ad23d21d4e4504b85bc1b26c49056b" member_type: VOTER last_known_addr { host: "127.26.58.66" port: 35705 }, Status: LMP_MISMATCH, Last received: 0.0, Next index: 2, Last known committed idx: 1, Time since last communication: 0.000s
I20260713 09:10:34.558918 28723 raft_consensus.cc:993] T cc6b022a85354b2cb07e3d5707d93389 P 6e6fd2494be84f958e0d701215321b0a: : Instructing follower e778a38fff134b3398454f05096c814d to start an election
I20260713 09:10:34.559342 28736 raft_consensus.cc:1081] T cc6b022a85354b2cb07e3d5707d93389 P 6e6fd2494be84f958e0d701215321b0a [term 1 LEADER]: Signalling peer e778a38fff134b3398454f05096c814d to start an election
I20260713 09:10:34.560788 28370 tablet_service.cc:2044] Received Run Leader Election RPC: tablet_id: "cc6b022a85354b2cb07e3d5707d93389"
dest_uuid: "e778a38fff134b3398454f05096c814d"
 from {username='slave'} at 127.0.0.1:39654
I20260713 09:10:34.561241 28370 raft_consensus.cc:493] T cc6b022a85354b2cb07e3d5707d93389 P e778a38fff134b3398454f05096c814d [term 1 FOLLOWER]: Starting forced leader election (received explicit request)
I20260713 09:10:34.561551 28370 raft_consensus.cc:3060] T cc6b022a85354b2cb07e3d5707d93389 P e778a38fff134b3398454f05096c814d [term 1 FOLLOWER]: Advancing to term 2
I20260713 09:10:34.566155 28370 raft_consensus.cc:515] T cc6b022a85354b2cb07e3d5707d93389 P e778a38fff134b3398454f05096c814d [term 2 FOLLOWER]: Starting forced leader election with config: opid_index: 4 OBSOLETE_local: false peers { permanent_uuid: "6e6fd2494be84f958e0d701215321b0a" member_type: VOTER last_known_addr { host: "127.26.58.65" port: 36613 } } peers { permanent_uuid: "93ad23d21d4e4504b85bc1b26c49056b" member_type: VOTER last_known_addr { host: "127.26.58.66" port: 35705 } } peers { permanent_uuid: "e778a38fff134b3398454f05096c814d" member_type: VOTER last_known_addr { host: "127.26.58.68" port: 42015 } attrs { promote: false } }
I20260713 09:10:34.567552 28370 leader_election.cc:290] T cc6b022a85354b2cb07e3d5707d93389 P e778a38fff134b3398454f05096c814d [CANDIDATE]: Term 2 election: Requested vote from peers 6e6fd2494be84f958e0d701215321b0a (127.26.58.65:36613), 93ad23d21d4e4504b85bc1b26c49056b (127.26.58.66:35705)
I20260713 09:10:34.568145 27958 tablet_service.cc:1917] Received RequestConsensusVote() RPC: tablet_id: "cc6b022a85354b2cb07e3d5707d93389" candidate_uuid: "e778a38fff134b3398454f05096c814d" candidate_term: 2 candidate_status { last_received { term: 1 index: 4 } } ignore_live_leader: true dest_uuid: "6e6fd2494be84f958e0d701215321b0a"
I20260713 09:10:34.568459 28030 tablet_service.cc:1917] Received RequestConsensusVote() RPC: tablet_id: "cc6b022a85354b2cb07e3d5707d93389" candidate_uuid: "e778a38fff134b3398454f05096c814d" candidate_term: 2 candidate_status { last_received { term: 1 index: 4 } } ignore_live_leader: true dest_uuid: "93ad23d21d4e4504b85bc1b26c49056b"
I20260713 09:10:34.568718 27958 raft_consensus.cc:3055] T cc6b022a85354b2cb07e3d5707d93389 P 6e6fd2494be84f958e0d701215321b0a [term 1 LEADER]: Stepping down as leader of term 1
I20260713 09:10:34.569012 28030 raft_consensus.cc:3060] T cc6b022a85354b2cb07e3d5707d93389 P 93ad23d21d4e4504b85bc1b26c49056b [term 1 FOLLOWER]: Advancing to term 2
I20260713 09:10:34.569077 27958 raft_consensus.cc:740] T cc6b022a85354b2cb07e3d5707d93389 P 6e6fd2494be84f958e0d701215321b0a [term 1 LEADER]: Becoming Follower/Learner. State: Replica: 6e6fd2494be84f958e0d701215321b0a, State: Running, Role: LEADER
I20260713 09:10:34.569865 27958 consensus_queue.cc:260] T cc6b022a85354b2cb07e3d5707d93389 P 6e6fd2494be84f958e0d701215321b0a [NON_LEADER]: Queue going to NON_LEADER mode. State: All replicated index: 0, Majority replicated index: 4, Committed index: 4, Last appended: 1.4, Last appended by leader: 4, Current term: 1, Majority size: -1, State: 0, Mode: NON_LEADER, active raft config: opid_index: 4 OBSOLETE_local: false peers { permanent_uuid: "6e6fd2494be84f958e0d701215321b0a" member_type: VOTER last_known_addr { host: "127.26.58.65" port: 36613 } } peers { permanent_uuid: "93ad23d21d4e4504b85bc1b26c49056b" member_type: VOTER last_known_addr { host: "127.26.58.66" port: 35705 } } peers { permanent_uuid: "e778a38fff134b3398454f05096c814d" member_type: VOTER last_known_addr { host: "127.26.58.68" port: 42015 } attrs { promote: false } }
I20260713 09:10:34.571014 27958 raft_consensus.cc:3060] T cc6b022a85354b2cb07e3d5707d93389 P 6e6fd2494be84f958e0d701215321b0a [term 1 FOLLOWER]: Advancing to term 2
I20260713 09:10:34.575178 28030 raft_consensus.cc:2468] T cc6b022a85354b2cb07e3d5707d93389 P 93ad23d21d4e4504b85bc1b26c49056b [term 2 FOLLOWER]: Leader election vote request: Granting yes vote for candidate e778a38fff134b3398454f05096c814d in term 2.
I20260713 09:10:34.575333 28735 raft_consensus.cc:993] T 81b5401f41a448938efc51baed811986 P 93ad23d21d4e4504b85bc1b26c49056b: : Instructing follower e778a38fff134b3398454f05096c814d to start an election
I20260713 09:10:34.575870 28717 raft_consensus.cc:1081] T 81b5401f41a448938efc51baed811986 P 93ad23d21d4e4504b85bc1b26c49056b [term 1 LEADER]: Signalling peer e778a38fff134b3398454f05096c814d to start an election
I20260713 09:10:34.576675 27958 raft_consensus.cc:2468] T cc6b022a85354b2cb07e3d5707d93389 P 6e6fd2494be84f958e0d701215321b0a [term 2 FOLLOWER]: Leader election vote request: Granting yes vote for candidate e778a38fff134b3398454f05096c814d in term 2.
I20260713 09:10:34.577076 28333 leader_election.cc:304] T cc6b022a85354b2cb07e3d5707d93389 P e778a38fff134b3398454f05096c814d [CANDIDATE]: Term 2 election: Election decided. Result: candidate won. Election summary: received 2 responses out of 3 voters: 2 yes votes; 0 no votes. yes voters: 93ad23d21d4e4504b85bc1b26c49056b, e778a38fff134b3398454f05096c814d; no voters: 
I20260713 09:10:34.577183 28370 tablet_service.cc:2044] Received Run Leader Election RPC: tablet_id: "81b5401f41a448938efc51baed811986"
dest_uuid: "e778a38fff134b3398454f05096c814d"
 from {username='slave'} at 127.0.0.1:39626
I20260713 09:10:34.577693 28370 raft_consensus.cc:493] T 81b5401f41a448938efc51baed811986 P e778a38fff134b3398454f05096c814d [term 1 FOLLOWER]: Starting forced leader election (received explicit request)
I20260713 09:10:34.577811 28729 raft_consensus.cc:2804] T cc6b022a85354b2cb07e3d5707d93389 P e778a38fff134b3398454f05096c814d [term 2 FOLLOWER]: Leader election won for term 2
I20260713 09:10:34.578039 28370 raft_consensus.cc:3060] T 81b5401f41a448938efc51baed811986 P e778a38fff134b3398454f05096c814d [term 1 FOLLOWER]: Advancing to term 2
I20260713 09:10:34.578315 28729 raft_consensus.cc:697] T cc6b022a85354b2cb07e3d5707d93389 P e778a38fff134b3398454f05096c814d [term 2 LEADER]: Becoming Leader. State: Replica: e778a38fff134b3398454f05096c814d, State: Running, Role: LEADER
I20260713 09:10:34.579216 28729 consensus_queue.cc:237] T cc6b022a85354b2cb07e3d5707d93389 P e778a38fff134b3398454f05096c814d [LEADER]: Queue going to LEADER mode. State: All replicated index: 0, Majority replicated index: 4, Committed index: 4, Last appended: 1.4, Last appended by leader: 4, Current term: 2, Majority size: 2, State: 0, Mode: LEADER, active raft config: opid_index: 4 OBSOLETE_local: false peers { permanent_uuid: "6e6fd2494be84f958e0d701215321b0a" member_type: VOTER last_known_addr { host: "127.26.58.65" port: 36613 } } peers { permanent_uuid: "93ad23d21d4e4504b85bc1b26c49056b" member_type: VOTER last_known_addr { host: "127.26.58.66" port: 35705 } } peers { permanent_uuid: "e778a38fff134b3398454f05096c814d" member_type: VOTER last_known_addr { host: "127.26.58.68" port: 42015 } attrs { promote: false } }
I20260713 09:10:34.583503 28370 raft_consensus.cc:515] T 81b5401f41a448938efc51baed811986 P e778a38fff134b3398454f05096c814d [term 2 FOLLOWER]: Starting forced leader election with config: opid_index: 4 OBSOLETE_local: false peers { permanent_uuid: "6e6fd2494be84f958e0d701215321b0a" member_type: VOTER last_known_addr { host: "127.26.58.65" port: 36613 } } peers { permanent_uuid: "93ad23d21d4e4504b85bc1b26c49056b" member_type: VOTER last_known_addr { host: "127.26.58.66" port: 35705 } } peers { permanent_uuid: "e778a38fff134b3398454f05096c814d" member_type: VOTER last_known_addr { host: "127.26.58.68" port: 42015 } attrs { promote: false } }
I20260713 09:10:34.584889 28370 leader_election.cc:290] T 81b5401f41a448938efc51baed811986 P e778a38fff134b3398454f05096c814d [CANDIDATE]: Term 2 election: Requested vote from peers 6e6fd2494be84f958e0d701215321b0a (127.26.58.65:36613), 93ad23d21d4e4504b85bc1b26c49056b (127.26.58.66:35705)
I20260713 09:10:34.585453 27958 tablet_service.cc:1917] Received RequestConsensusVote() RPC: tablet_id: "81b5401f41a448938efc51baed811986" candidate_uuid: "e778a38fff134b3398454f05096c814d" candidate_term: 2 candidate_status { last_received { term: 1 index: 4 } } ignore_live_leader: true dest_uuid: "6e6fd2494be84f958e0d701215321b0a"
I20260713 09:10:34.585987 27958 raft_consensus.cc:3060] T 81b5401f41a448938efc51baed811986 P 6e6fd2494be84f958e0d701215321b0a [term 1 FOLLOWER]: Advancing to term 2
I20260713 09:10:34.587302 27855 catalog_manager.cc:5697] T cc6b022a85354b2cb07e3d5707d93389 P e778a38fff134b3398454f05096c814d reported cstate change: term changed from 1 to 2, leader changed from 6e6fd2494be84f958e0d701215321b0a (127.26.58.65) to e778a38fff134b3398454f05096c814d (127.26.58.68). New cstate: current_term: 2 leader_uuid: "e778a38fff134b3398454f05096c814d" committed_config { opid_index: 4 OBSOLETE_local: false peers { permanent_uuid: "6e6fd2494be84f958e0d701215321b0a" member_type: VOTER last_known_addr { host: "127.26.58.65" port: 36613 } health_report { overall_health: UNKNOWN } } peers { permanent_uuid: "93ad23d21d4e4504b85bc1b26c49056b" member_type: VOTER last_known_addr { host: "127.26.58.66" port: 35705 } health_report { overall_health: UNKNOWN } } peers { permanent_uuid: "e778a38fff134b3398454f05096c814d" member_type: VOTER last_known_addr { host: "127.26.58.68" port: 42015 } attrs { promote: false } health_report { overall_health: HEALTHY } } }
I20260713 09:10:34.588665 28030 tablet_service.cc:1917] Received RequestConsensusVote() RPC: tablet_id: "81b5401f41a448938efc51baed811986" candidate_uuid: "e778a38fff134b3398454f05096c814d" candidate_term: 2 candidate_status { last_received { term: 1 index: 4 } } ignore_live_leader: true dest_uuid: "93ad23d21d4e4504b85bc1b26c49056b"
I20260713 09:10:34.589174 28030 raft_consensus.cc:3055] T 81b5401f41a448938efc51baed811986 P 93ad23d21d4e4504b85bc1b26c49056b [term 1 LEADER]: Stepping down as leader of term 1
I20260713 09:10:34.589471 28030 raft_consensus.cc:740] T 81b5401f41a448938efc51baed811986 P 93ad23d21d4e4504b85bc1b26c49056b [term 1 LEADER]: Becoming Follower/Learner. State: Replica: 93ad23d21d4e4504b85bc1b26c49056b, State: Running, Role: LEADER
I20260713 09:10:34.589910 27958 raft_consensus.cc:2468] T 81b5401f41a448938efc51baed811986 P 6e6fd2494be84f958e0d701215321b0a [term 2 FOLLOWER]: Leader election vote request: Granting yes vote for candidate e778a38fff134b3398454f05096c814d in term 2.
I20260713 09:10:34.590131 28030 consensus_queue.cc:260] T 81b5401f41a448938efc51baed811986 P 93ad23d21d4e4504b85bc1b26c49056b [NON_LEADER]: Queue going to NON_LEADER mode. State: All replicated index: 0, Majority replicated index: 4, Committed index: 4, Last appended: 1.4, Last appended by leader: 4, Current term: 1, Majority size: -1, State: 0, Mode: NON_LEADER, active raft config: opid_index: 4 OBSOLETE_local: false peers { permanent_uuid: "6e6fd2494be84f958e0d701215321b0a" member_type: VOTER last_known_addr { host: "127.26.58.65" port: 36613 } } peers { permanent_uuid: "93ad23d21d4e4504b85bc1b26c49056b" member_type: VOTER last_known_addr { host: "127.26.58.66" port: 35705 } } peers { permanent_uuid: "e778a38fff134b3398454f05096c814d" member_type: VOTER last_known_addr { host: "127.26.58.68" port: 42015 } attrs { promote: false } }
I20260713 09:10:34.590840 28334 leader_election.cc:304] T 81b5401f41a448938efc51baed811986 P e778a38fff134b3398454f05096c814d [CANDIDATE]: Term 2 election: Election decided. Result: candidate won. Election summary: received 2 responses out of 3 voters: 2 yes votes; 0 no votes. yes voters: 6e6fd2494be84f958e0d701215321b0a, e778a38fff134b3398454f05096c814d; no voters: 
I20260713 09:10:34.591289 28030 raft_consensus.cc:3060] T 81b5401f41a448938efc51baed811986 P 93ad23d21d4e4504b85bc1b26c49056b [term 1 FOLLOWER]: Advancing to term 2
I20260713 09:10:34.591661 28729 raft_consensus.cc:2804] T 81b5401f41a448938efc51baed811986 P e778a38fff134b3398454f05096c814d [term 2 FOLLOWER]: Leader election won for term 2
I20260713 09:10:34.592060 28729 raft_consensus.cc:697] T 81b5401f41a448938efc51baed811986 P e778a38fff134b3398454f05096c814d [term 2 LEADER]: Becoming Leader. State: Replica: e778a38fff134b3398454f05096c814d, State: Running, Role: LEADER
I20260713 09:10:34.592815 28729 consensus_queue.cc:237] T 81b5401f41a448938efc51baed811986 P e778a38fff134b3398454f05096c814d [LEADER]: Queue going to LEADER mode. State: All replicated index: 0, Majority replicated index: 4, Committed index: 4, Last appended: 1.4, Last appended by leader: 4, Current term: 2, Majority size: 2, State: 0, Mode: LEADER, active raft config: opid_index: 4 OBSOLETE_local: false peers { permanent_uuid: "6e6fd2494be84f958e0d701215321b0a" member_type: VOTER last_known_addr { host: "127.26.58.65" port: 36613 } } peers { permanent_uuid: "93ad23d21d4e4504b85bc1b26c49056b" member_type: VOTER last_known_addr { host: "127.26.58.66" port: 35705 } } peers { permanent_uuid: "e778a38fff134b3398454f05096c814d" member_type: VOTER last_known_addr { host: "127.26.58.68" port: 42015 } attrs { promote: false } }
I20260713 09:10:34.597494 28030 raft_consensus.cc:2468] T 81b5401f41a448938efc51baed811986 P 93ad23d21d4e4504b85bc1b26c49056b [term 2 FOLLOWER]: Leader election vote request: Granting yes vote for candidate e778a38fff134b3398454f05096c814d in term 2.
I20260713 09:10:34.600191 27855 catalog_manager.cc:5697] T 81b5401f41a448938efc51baed811986 P e778a38fff134b3398454f05096c814d reported cstate change: term changed from 1 to 2, leader changed from 93ad23d21d4e4504b85bc1b26c49056b (127.26.58.66) to e778a38fff134b3398454f05096c814d (127.26.58.68). New cstate: current_term: 2 leader_uuid: "e778a38fff134b3398454f05096c814d" committed_config { opid_index: 4 OBSOLETE_local: false peers { permanent_uuid: "6e6fd2494be84f958e0d701215321b0a" member_type: VOTER last_known_addr { host: "127.26.58.65" port: 36613 } health_report { overall_health: UNKNOWN } } peers { permanent_uuid: "93ad23d21d4e4504b85bc1b26c49056b" member_type: VOTER last_known_addr { host: "127.26.58.66" port: 35705 } health_report { overall_health: UNKNOWN } } peers { permanent_uuid: "e778a38fff134b3398454f05096c814d" member_type: VOTER last_known_addr { host: "127.26.58.68" port: 42015 } attrs { promote: false } health_report { overall_health: HEALTHY } } }
I20260713 09:10:34.675113 28106 raft_consensus.cc:1275] T 6a28c1fb6dc34fcfbc69b82ebb283372 P eebd88ee01ca4fe3a678cf6e91dc0ea6 [term 2 FOLLOWER]: Refusing update from remote peer e778a38fff134b3398454f05096c814d: Log matching property violated. Preceding OpId in replica: term: 1 index: 4. Preceding OpId from leader: term: 2 index: 5. (index mismatch)
I20260713 09:10:34.676146 28729 consensus_queue.cc:1048] T 6a28c1fb6dc34fcfbc69b82ebb283372 P e778a38fff134b3398454f05096c814d [LEADER]: Connected to new peer: Peer: permanent_uuid: "eebd88ee01ca4fe3a678cf6e91dc0ea6" member_type: VOTER last_known_addr { host: "127.26.58.67" port: 36291 }, Status: LMP_MISMATCH, Last received: 0.0, Next index: 5, Last known committed idx: 4, Time since last communication: 0.000s
I20260713 09:10:34.683539 27958 raft_consensus.cc:1275] T 6a28c1fb6dc34fcfbc69b82ebb283372 P 6e6fd2494be84f958e0d701215321b0a [term 2 FOLLOWER]: Refusing update from remote peer e778a38fff134b3398454f05096c814d: Log matching property violated. Preceding OpId in replica: term: 1 index: 4. Preceding OpId from leader: term: 2 index: 5. (index mismatch)
I20260713 09:10:34.684785 28729 consensus_queue.cc:1048] T 6a28c1fb6dc34fcfbc69b82ebb283372 P e778a38fff134b3398454f05096c814d [LEADER]: Connected to new peer: Peer: permanent_uuid: "6e6fd2494be84f958e0d701215321b0a" member_type: VOTER last_known_addr { host: "127.26.58.65" port: 36613 }, Status: LMP_MISMATCH, Last received: 0.0, Next index: 5, Last known committed idx: 4, Time since last communication: 0.000s
I20260713 09:10:34.995554 27956 raft_consensus.cc:1275] T cc6b022a85354b2cb07e3d5707d93389 P 6e6fd2494be84f958e0d701215321b0a [term 2 FOLLOWER]: Refusing update from remote peer e778a38fff134b3398454f05096c814d: Log matching property violated. Preceding OpId in replica: term: 1 index: 4. Preceding OpId from leader: term: 2 index: 5. (index mismatch)
I20260713 09:10:34.996930 28729 consensus_queue.cc:1048] T cc6b022a85354b2cb07e3d5707d93389 P e778a38fff134b3398454f05096c814d [LEADER]: Connected to new peer: Peer: permanent_uuid: "6e6fd2494be84f958e0d701215321b0a" member_type: VOTER last_known_addr { host: "127.26.58.65" port: 36613 }, Status: LMP_MISMATCH, Last received: 0.0, Next index: 5, Last known committed idx: 4, Time since last communication: 0.000s
I20260713 09:10:35.005045 28031 raft_consensus.cc:1275] T cc6b022a85354b2cb07e3d5707d93389 P 93ad23d21d4e4504b85bc1b26c49056b [term 2 FOLLOWER]: Refusing update from remote peer e778a38fff134b3398454f05096c814d: Log matching property violated. Preceding OpId in replica: term: 1 index: 4. Preceding OpId from leader: term: 2 index: 5. (index mismatch)
I20260713 09:10:35.007503 28751 consensus_queue.cc:1048] T cc6b022a85354b2cb07e3d5707d93389 P e778a38fff134b3398454f05096c814d [LEADER]: Connected to new peer: Peer: permanent_uuid: "93ad23d21d4e4504b85bc1b26c49056b" member_type: VOTER last_known_addr { host: "127.26.58.66" port: 35705 }, Status: LMP_MISMATCH, Last received: 0.0, Next index: 5, Last known committed idx: 4, Time since last communication: 0.000s
I20260713 09:10:35.020921 26857 auto_leader_rebalancer.cc:141] leader rebalance for table test-workload
I20260713 09:10:35.034533 27956 raft_consensus.cc:1275] T 81b5401f41a448938efc51baed811986 P 6e6fd2494be84f958e0d701215321b0a [term 2 FOLLOWER]: Refusing update from remote peer e778a38fff134b3398454f05096c814d: Log matching property violated. Preceding OpId in replica: term: 1 index: 4. Preceding OpId from leader: term: 2 index: 5. (index mismatch)
I20260713 09:10:35.035187 26857 auto_leader_rebalancer.cc:141] leader rebalance for table test-workload
I20260713 09:10:35.035770 28751 consensus_queue.cc:1048] T 81b5401f41a448938efc51baed811986 P e778a38fff134b3398454f05096c814d [LEADER]: Connected to new peer: Peer: permanent_uuid: "6e6fd2494be84f958e0d701215321b0a" member_type: VOTER last_known_addr { host: "127.26.58.65" port: 36613 }, Status: LMP_MISMATCH, Last received: 0.0, Next index: 5, Last known committed idx: 4, Time since last communication: 0.000s
I20260713 09:10:35.044492 28031 raft_consensus.cc:1275] T 81b5401f41a448938efc51baed811986 P 93ad23d21d4e4504b85bc1b26c49056b [term 2 FOLLOWER]: Refusing update from remote peer e778a38fff134b3398454f05096c814d: Log matching property violated. Preceding OpId in replica: term: 1 index: 4. Preceding OpId from leader: term: 2 index: 5. (index mismatch)
I20260713 09:10:35.045643 28751 consensus_queue.cc:1048] T 81b5401f41a448938efc51baed811986 P e778a38fff134b3398454f05096c814d [LEADER]: Connected to new peer: Peer: permanent_uuid: "93ad23d21d4e4504b85bc1b26c49056b" member_type: VOTER last_known_addr { host: "127.26.58.66" port: 35705 }, Status: LMP_MISMATCH, Last received: 0.0, Next index: 5, Last known committed idx: 4, Time since last communication: 0.000s
I20260713 09:10:35.055598 27956 tablet_service.cc:2072] Received LeaderStepDown RPC: tablet_id: "7dbed56ba1f14040aeeeaf48b9bd020f"
dest_uuid: "6e6fd2494be84f958e0d701215321b0a"
mode: GRACEFUL
new_leader_uuid: "93ad23d21d4e4504b85bc1b26c49056b"
 from {username='slave'} at 127.0.0.1:48990
I20260713 09:10:35.056324 27956 raft_consensus.cc:606] T 7dbed56ba1f14040aeeeaf48b9bd020f P 6e6fd2494be84f958e0d701215321b0a [term 1 LEADER]: Received request to transfer leadership to TS 93ad23d21d4e4504b85bc1b26c49056b
I20260713 09:10:35.059067 28106 tablet_service.cc:2072] Received LeaderStepDown RPC: tablet_id: "dc5fb0454d904eb088414074e9cceb9a"
dest_uuid: "eebd88ee01ca4fe3a678cf6e91dc0ea6"
mode: GRACEFUL
new_leader_uuid: "e778a38fff134b3398454f05096c814d"
 from {username='slave'} at 127.0.0.1:53082
I20260713 09:10:35.059478 28106 raft_consensus.cc:606] T dc5fb0454d904eb088414074e9cceb9a P eebd88ee01ca4fe3a678cf6e91dc0ea6 [term 1 LEADER]: Received request to transfer leadership to TS e778a38fff134b3398454f05096c814d
I20260713 09:10:35.060571 26857 auto_leader_rebalancer.cc:479] table: test-workload, leader rebalance finish, leader transfer count: 2
I20260713 09:10:35.061168 26857 auto_leader_rebalancer.cc:554] All tables' leader rebalancing finished this round
I20260713 09:10:35.205693 28738 raft_consensus.cc:993] T dc5fb0454d904eb088414074e9cceb9a P eebd88ee01ca4fe3a678cf6e91dc0ea6: : Instructing follower e778a38fff134b3398454f05096c814d to start an election
I20260713 09:10:35.206135 28721 raft_consensus.cc:1081] T dc5fb0454d904eb088414074e9cceb9a P eebd88ee01ca4fe3a678cf6e91dc0ea6 [term 1 LEADER]: Signalling peer e778a38fff134b3398454f05096c814d to start an election
I20260713 09:10:35.207405 28370 tablet_service.cc:2044] Received Run Leader Election RPC: tablet_id: "dc5fb0454d904eb088414074e9cceb9a"
dest_uuid: "e778a38fff134b3398454f05096c814d"
 from {username='slave'} at 127.0.0.1:39638
I20260713 09:10:35.207789 28370 raft_consensus.cc:493] T dc5fb0454d904eb088414074e9cceb9a P e778a38fff134b3398454f05096c814d [term 1 FOLLOWER]: Starting forced leader election (received explicit request)
I20260713 09:10:35.208009 28370 raft_consensus.cc:3060] T dc5fb0454d904eb088414074e9cceb9a P e778a38fff134b3398454f05096c814d [term 1 FOLLOWER]: Advancing to term 2
I20260713 09:10:35.212829 28370 raft_consensus.cc:515] T dc5fb0454d904eb088414074e9cceb9a P e778a38fff134b3398454f05096c814d [term 2 FOLLOWER]: Starting forced leader election with config: opid_index: 4 OBSOLETE_local: false peers { permanent_uuid: "6e6fd2494be84f958e0d701215321b0a" member_type: VOTER last_known_addr { host: "127.26.58.65" port: 36613 } } peers { permanent_uuid: "eebd88ee01ca4fe3a678cf6e91dc0ea6" member_type: VOTER last_known_addr { host: "127.26.58.67" port: 36291 } } peers { permanent_uuid: "e778a38fff134b3398454f05096c814d" member_type: VOTER last_known_addr { host: "127.26.58.68" port: 42015 } attrs { promote: false } }
I20260713 09:10:35.214216 28370 leader_election.cc:290] T dc5fb0454d904eb088414074e9cceb9a P e778a38fff134b3398454f05096c814d [CANDIDATE]: Term 2 election: Requested vote from peers 6e6fd2494be84f958e0d701215321b0a (127.26.58.65:36613), eebd88ee01ca4fe3a678cf6e91dc0ea6 (127.26.58.67:36291)
I20260713 09:10:35.214872 27956 tablet_service.cc:1917] Received RequestConsensusVote() RPC: tablet_id: "dc5fb0454d904eb088414074e9cceb9a" candidate_uuid: "e778a38fff134b3398454f05096c814d" candidate_term: 2 candidate_status { last_received { term: 1 index: 4 } } ignore_live_leader: true dest_uuid: "6e6fd2494be84f958e0d701215321b0a"
I20260713 09:10:35.215126 28106 tablet_service.cc:1917] Received RequestConsensusVote() RPC: tablet_id: "dc5fb0454d904eb088414074e9cceb9a" candidate_uuid: "e778a38fff134b3398454f05096c814d" candidate_term: 2 candidate_status { last_received { term: 1 index: 4 } } ignore_live_leader: true dest_uuid: "eebd88ee01ca4fe3a678cf6e91dc0ea6"
I20260713 09:10:35.215359 27956 raft_consensus.cc:3060] T dc5fb0454d904eb088414074e9cceb9a P 6e6fd2494be84f958e0d701215321b0a [term 1 FOLLOWER]: Advancing to term 2
I20260713 09:10:35.215575 28106 raft_consensus.cc:3055] T dc5fb0454d904eb088414074e9cceb9a P eebd88ee01ca4fe3a678cf6e91dc0ea6 [term 1 LEADER]: Stepping down as leader of term 1
I20260713 09:10:35.215831 28106 raft_consensus.cc:740] T dc5fb0454d904eb088414074e9cceb9a P eebd88ee01ca4fe3a678cf6e91dc0ea6 [term 1 LEADER]: Becoming Follower/Learner. State: Replica: eebd88ee01ca4fe3a678cf6e91dc0ea6, State: Running, Role: LEADER
I20260713 09:10:35.216439 28106 consensus_queue.cc:260] T dc5fb0454d904eb088414074e9cceb9a P eebd88ee01ca4fe3a678cf6e91dc0ea6 [NON_LEADER]: Queue going to NON_LEADER mode. State: All replicated index: 0, Majority replicated index: 4, Committed index: 4, Last appended: 1.4, Last appended by leader: 4, Current term: 1, Majority size: -1, State: 0, Mode: NON_LEADER, active raft config: opid_index: 4 OBSOLETE_local: false peers { permanent_uuid: "6e6fd2494be84f958e0d701215321b0a" member_type: VOTER last_known_addr { host: "127.26.58.65" port: 36613 } } peers { permanent_uuid: "eebd88ee01ca4fe3a678cf6e91dc0ea6" member_type: VOTER last_known_addr { host: "127.26.58.67" port: 36291 } } peers { permanent_uuid: "e778a38fff134b3398454f05096c814d" member_type: VOTER last_known_addr { host: "127.26.58.68" port: 42015 } attrs { promote: false } }
I20260713 09:10:35.217334 28106 raft_consensus.cc:3060] T dc5fb0454d904eb088414074e9cceb9a P eebd88ee01ca4fe3a678cf6e91dc0ea6 [term 1 FOLLOWER]: Advancing to term 2
I20260713 09:10:35.220528 27956 raft_consensus.cc:2468] T dc5fb0454d904eb088414074e9cceb9a P 6e6fd2494be84f958e0d701215321b0a [term 2 FOLLOWER]: Leader election vote request: Granting yes vote for candidate e778a38fff134b3398454f05096c814d in term 2.
I20260713 09:10:35.221354 28334 leader_election.cc:304] T dc5fb0454d904eb088414074e9cceb9a P e778a38fff134b3398454f05096c814d [CANDIDATE]: Term 2 election: Election decided. Result: candidate won. Election summary: received 2 responses out of 3 voters: 2 yes votes; 0 no votes. yes voters: 6e6fd2494be84f958e0d701215321b0a, e778a38fff134b3398454f05096c814d; no voters: 
I20260713 09:10:35.222110 28751 raft_consensus.cc:2804] T dc5fb0454d904eb088414074e9cceb9a P e778a38fff134b3398454f05096c814d [term 2 FOLLOWER]: Leader election won for term 2
I20260713 09:10:35.222124 28106 raft_consensus.cc:2468] T dc5fb0454d904eb088414074e9cceb9a P eebd88ee01ca4fe3a678cf6e91dc0ea6 [term 2 FOLLOWER]: Leader election vote request: Granting yes vote for candidate e778a38fff134b3398454f05096c814d in term 2.
I20260713 09:10:35.222597 28751 raft_consensus.cc:697] T dc5fb0454d904eb088414074e9cceb9a P e778a38fff134b3398454f05096c814d [term 2 LEADER]: Becoming Leader. State: Replica: e778a38fff134b3398454f05096c814d, State: Running, Role: LEADER
I20260713 09:10:35.223385 28751 consensus_queue.cc:237] T dc5fb0454d904eb088414074e9cceb9a P e778a38fff134b3398454f05096c814d [LEADER]: Queue going to LEADER mode. State: All replicated index: 0, Majority replicated index: 4, Committed index: 4, Last appended: 1.4, Last appended by leader: 4, Current term: 2, Majority size: 2, State: 0, Mode: LEADER, active raft config: opid_index: 4 OBSOLETE_local: false peers { permanent_uuid: "6e6fd2494be84f958e0d701215321b0a" member_type: VOTER last_known_addr { host: "127.26.58.65" port: 36613 } } peers { permanent_uuid: "eebd88ee01ca4fe3a678cf6e91dc0ea6" member_type: VOTER last_known_addr { host: "127.26.58.67" port: 36291 } } peers { permanent_uuid: "e778a38fff134b3398454f05096c814d" member_type: VOTER last_known_addr { host: "127.26.58.68" port: 42015 } attrs { promote: false } }
I20260713 09:10:35.229875 27855 catalog_manager.cc:5697] T dc5fb0454d904eb088414074e9cceb9a P e778a38fff134b3398454f05096c814d reported cstate change: term changed from 1 to 2, leader changed from eebd88ee01ca4fe3a678cf6e91dc0ea6 (127.26.58.67) to e778a38fff134b3398454f05096c814d (127.26.58.68). New cstate: current_term: 2 leader_uuid: "e778a38fff134b3398454f05096c814d" committed_config { opid_index: 4 OBSOLETE_local: false peers { permanent_uuid: "6e6fd2494be84f958e0d701215321b0a" member_type: VOTER last_known_addr { host: "127.26.58.65" port: 36613 } health_report { overall_health: UNKNOWN } } peers { permanent_uuid: "eebd88ee01ca4fe3a678cf6e91dc0ea6" member_type: VOTER last_known_addr { host: "127.26.58.67" port: 36291 } health_report { overall_health: UNKNOWN } } peers { permanent_uuid: "e778a38fff134b3398454f05096c814d" member_type: VOTER last_known_addr { host: "127.26.58.68" port: 42015 } attrs { promote: false } health_report { overall_health: HEALTHY } } }
I20260713 09:10:35.386523 28736 raft_consensus.cc:993] T 7dbed56ba1f14040aeeeaf48b9bd020f P 6e6fd2494be84f958e0d701215321b0a: : Instructing follower 93ad23d21d4e4504b85bc1b26c49056b to start an election
I20260713 09:10:35.386951 28736 raft_consensus.cc:1081] T 7dbed56ba1f14040aeeeaf48b9bd020f P 6e6fd2494be84f958e0d701215321b0a [term 1 LEADER]: Signalling peer 93ad23d21d4e4504b85bc1b26c49056b to start an election
I20260713 09:10:35.388345 28030 tablet_service.cc:2044] Received Run Leader Election RPC: tablet_id: "7dbed56ba1f14040aeeeaf48b9bd020f"
dest_uuid: "93ad23d21d4e4504b85bc1b26c49056b"
 from {username='slave'} at 127.0.0.1:33792
I20260713 09:10:35.388878 28030 raft_consensus.cc:493] T 7dbed56ba1f14040aeeeaf48b9bd020f P 93ad23d21d4e4504b85bc1b26c49056b [term 1 FOLLOWER]: Starting forced leader election (received explicit request)
I20260713 09:10:35.389145 28030 raft_consensus.cc:3060] T 7dbed56ba1f14040aeeeaf48b9bd020f P 93ad23d21d4e4504b85bc1b26c49056b [term 1 FOLLOWER]: Advancing to term 2
I20260713 09:10:35.395135 28030 raft_consensus.cc:515] T 7dbed56ba1f14040aeeeaf48b9bd020f P 93ad23d21d4e4504b85bc1b26c49056b [term 2 FOLLOWER]: Starting forced leader election with config: opid_index: -1 OBSOLETE_local: false peers { permanent_uuid: "6e6fd2494be84f958e0d701215321b0a" member_type: VOTER last_known_addr { host: "127.26.58.65" port: 36613 } } peers { permanent_uuid: "93ad23d21d4e4504b85bc1b26c49056b" member_type: VOTER last_known_addr { host: "127.26.58.66" port: 35705 } } peers { permanent_uuid: "eebd88ee01ca4fe3a678cf6e91dc0ea6" member_type: VOTER last_known_addr { host: "127.26.58.67" port: 36291 } }
I20260713 09:10:35.397133 28030 leader_election.cc:290] T 7dbed56ba1f14040aeeeaf48b9bd020f P 93ad23d21d4e4504b85bc1b26c49056b [CANDIDATE]: Term 2 election: Requested vote from peers 6e6fd2494be84f958e0d701215321b0a (127.26.58.65:36613), eebd88ee01ca4fe3a678cf6e91dc0ea6 (127.26.58.67:36291)
I20260713 09:10:35.397532 27956 tablet_service.cc:1917] Received RequestConsensusVote() RPC: tablet_id: "7dbed56ba1f14040aeeeaf48b9bd020f" candidate_uuid: "93ad23d21d4e4504b85bc1b26c49056b" candidate_term: 2 candidate_status { last_received { term: 1 index: 1 } } ignore_live_leader: true dest_uuid: "6e6fd2494be84f958e0d701215321b0a"
I20260713 09:10:35.398043 27956 raft_consensus.cc:3055] T 7dbed56ba1f14040aeeeaf48b9bd020f P 6e6fd2494be84f958e0d701215321b0a [term 1 LEADER]: Stepping down as leader of term 1
I20260713 09:10:35.397970 28106 tablet_service.cc:1917] Received RequestConsensusVote() RPC: tablet_id: "7dbed56ba1f14040aeeeaf48b9bd020f" candidate_uuid: "93ad23d21d4e4504b85bc1b26c49056b" candidate_term: 2 candidate_status { last_received { term: 1 index: 1 } } ignore_live_leader: true dest_uuid: "eebd88ee01ca4fe3a678cf6e91dc0ea6"
I20260713 09:10:35.398341 27956 raft_consensus.cc:740] T 7dbed56ba1f14040aeeeaf48b9bd020f P 6e6fd2494be84f958e0d701215321b0a [term 1 LEADER]: Becoming Follower/Learner. State: Replica: 6e6fd2494be84f958e0d701215321b0a, State: Running, Role: LEADER
I20260713 09:10:35.398500 28106 raft_consensus.cc:3060] T 7dbed56ba1f14040aeeeaf48b9bd020f P eebd88ee01ca4fe3a678cf6e91dc0ea6 [term 1 FOLLOWER]: Advancing to term 2
I20260713 09:10:35.398973 27956 consensus_queue.cc:260] T 7dbed56ba1f14040aeeeaf48b9bd020f P 6e6fd2494be84f958e0d701215321b0a [NON_LEADER]: Queue going to NON_LEADER mode. State: All replicated index: 0, Majority replicated index: 1, Committed index: 1, Last appended: 1.1, Last appended by leader: 1, Current term: 1, Majority size: -1, State: 0, Mode: NON_LEADER, active raft config: opid_index: -1 OBSOLETE_local: false peers { permanent_uuid: "6e6fd2494be84f958e0d701215321b0a" member_type: VOTER last_known_addr { host: "127.26.58.65" port: 36613 } } peers { permanent_uuid: "93ad23d21d4e4504b85bc1b26c49056b" member_type: VOTER last_known_addr { host: "127.26.58.66" port: 35705 } } peers { permanent_uuid: "eebd88ee01ca4fe3a678cf6e91dc0ea6" member_type: VOTER last_known_addr { host: "127.26.58.67" port: 36291 } }
I20260713 09:10:35.399835 27956 raft_consensus.cc:3060] T 7dbed56ba1f14040aeeeaf48b9bd020f P 6e6fd2494be84f958e0d701215321b0a [term 1 FOLLOWER]: Advancing to term 2
I20260713 09:10:35.402452 28106 raft_consensus.cc:2468] T 7dbed56ba1f14040aeeeaf48b9bd020f P eebd88ee01ca4fe3a678cf6e91dc0ea6 [term 2 FOLLOWER]: Leader election vote request: Granting yes vote for candidate 93ad23d21d4e4504b85bc1b26c49056b in term 2.
I20260713 09:10:35.403360 27997 leader_election.cc:304] T 7dbed56ba1f14040aeeeaf48b9bd020f P 93ad23d21d4e4504b85bc1b26c49056b [CANDIDATE]: Term 2 election: Election decided. Result: candidate won. Election summary: received 2 responses out of 3 voters: 2 yes votes; 0 no votes. yes voters: 93ad23d21d4e4504b85bc1b26c49056b, eebd88ee01ca4fe3a678cf6e91dc0ea6; no voters: 
I20260713 09:10:35.403867 27956 raft_consensus.cc:2468] T 7dbed56ba1f14040aeeeaf48b9bd020f P 6e6fd2494be84f958e0d701215321b0a [term 2 FOLLOWER]: Leader election vote request: Granting yes vote for candidate 93ad23d21d4e4504b85bc1b26c49056b in term 2.
I20260713 09:10:35.403973 28717 raft_consensus.cc:2804] T 7dbed56ba1f14040aeeeaf48b9bd020f P 93ad23d21d4e4504b85bc1b26c49056b [term 2 FOLLOWER]: Leader election won for term 2
I20260713 09:10:35.404661 28717 raft_consensus.cc:697] T 7dbed56ba1f14040aeeeaf48b9bd020f P 93ad23d21d4e4504b85bc1b26c49056b [term 2 LEADER]: Becoming Leader. State: Replica: 93ad23d21d4e4504b85bc1b26c49056b, State: Running, Role: LEADER
I20260713 09:10:35.405834 28717 consensus_queue.cc:237] T 7dbed56ba1f14040aeeeaf48b9bd020f P 93ad23d21d4e4504b85bc1b26c49056b [LEADER]: Queue going to LEADER mode. State: All replicated index: 0, Majority replicated index: 1, Committed index: 1, Last appended: 1.1, Last appended by leader: 1, Current term: 2, Majority size: 2, State: 0, Mode: LEADER, active raft config: opid_index: -1 OBSOLETE_local: false peers { permanent_uuid: "6e6fd2494be84f958e0d701215321b0a" member_type: VOTER last_known_addr { host: "127.26.58.65" port: 36613 } } peers { permanent_uuid: "93ad23d21d4e4504b85bc1b26c49056b" member_type: VOTER last_known_addr { host: "127.26.58.66" port: 35705 } } peers { permanent_uuid: "eebd88ee01ca4fe3a678cf6e91dc0ea6" member_type: VOTER last_known_addr { host: "127.26.58.67" port: 36291 } }
I20260713 09:10:35.412990 27855 catalog_manager.cc:5697] T 7dbed56ba1f14040aeeeaf48b9bd020f P 93ad23d21d4e4504b85bc1b26c49056b reported cstate change: term changed from 1 to 2, leader changed from 6e6fd2494be84f958e0d701215321b0a (127.26.58.65) to 93ad23d21d4e4504b85bc1b26c49056b (127.26.58.66). New cstate: current_term: 2 leader_uuid: "93ad23d21d4e4504b85bc1b26c49056b" committed_config { opid_index: -1 OBSOLETE_local: false peers { permanent_uuid: "6e6fd2494be84f958e0d701215321b0a" member_type: VOTER last_known_addr { host: "127.26.58.65" port: 36613 } health_report { overall_health: UNKNOWN } } peers { permanent_uuid: "93ad23d21d4e4504b85bc1b26c49056b" member_type: VOTER last_known_addr { host: "127.26.58.66" port: 35705 } health_report { overall_health: HEALTHY } } peers { permanent_uuid: "eebd88ee01ca4fe3a678cf6e91dc0ea6" member_type: VOTER last_known_addr { host: "127.26.58.67" port: 36291 } health_report { overall_health: UNKNOWN } } }
I20260713 09:10:35.612164 27956 raft_consensus.cc:1275] T dc5fb0454d904eb088414074e9cceb9a P 6e6fd2494be84f958e0d701215321b0a [term 2 FOLLOWER]: Refusing update from remote peer e778a38fff134b3398454f05096c814d: Log matching property violated. Preceding OpId in replica: term: 1 index: 4. Preceding OpId from leader: term: 2 index: 5. (index mismatch)
I20260713 09:10:35.613209 28751 consensus_queue.cc:1048] T dc5fb0454d904eb088414074e9cceb9a P e778a38fff134b3398454f05096c814d [LEADER]: Connected to new peer: Peer: permanent_uuid: "6e6fd2494be84f958e0d701215321b0a" member_type: VOTER last_known_addr { host: "127.26.58.65" port: 36613 }, Status: LMP_MISMATCH, Last received: 0.0, Next index: 5, Last known committed idx: 4, Time since last communication: 0.000s
I20260713 09:10:35.622252 28106 raft_consensus.cc:1275] T dc5fb0454d904eb088414074e9cceb9a P eebd88ee01ca4fe3a678cf6e91dc0ea6 [term 2 FOLLOWER]: Refusing update from remote peer e778a38fff134b3398454f05096c814d: Log matching property violated. Preceding OpId in replica: term: 1 index: 4. Preceding OpId from leader: term: 2 index: 5. (index mismatch)
I20260713 09:10:35.625892 28729 consensus_queue.cc:1048] T dc5fb0454d904eb088414074e9cceb9a P e778a38fff134b3398454f05096c814d [LEADER]: Connected to new peer: Peer: permanent_uuid: "eebd88ee01ca4fe3a678cf6e91dc0ea6" member_type: VOTER last_known_addr { host: "127.26.58.67" port: 36291 }, Status: LMP_MISMATCH, Last received: 0.0, Next index: 5, Last known committed idx: 4, Time since last communication: 0.000s
I20260713 09:10:35.866423 28106 raft_consensus.cc:1275] T 7dbed56ba1f14040aeeeaf48b9bd020f P eebd88ee01ca4fe3a678cf6e91dc0ea6 [term 2 FOLLOWER]: Refusing update from remote peer 93ad23d21d4e4504b85bc1b26c49056b: Log matching property violated. Preceding OpId in replica: term: 1 index: 1. Preceding OpId from leader: term: 2 index: 2. (index mismatch)
