I20260713 09:10:12.351040 28107 raft_consensus.cc:3060] T 62adb4246c92486985c541add98981f6 P eebd88ee01ca4fe3a678cf6e91dc0ea6 [term 0 FOLLOWER]: Advancing to term 1
I20260713 09:10:12.351666 28106 tablet_service.cc:1917] Received RequestConsensusVote() RPC: tablet_id: "49ed63ef6174457291ed5a4655a083d5" candidate_uuid: "93ad23d21d4e4504b85bc1b26c49056b" candidate_term: 1 candidate_status { last_received { term: 0 index: 0 } } ignore_live_leader: false dest_uuid: "eebd88ee01ca4fe3a678cf6e91dc0ea6" is_pre_election: true
I20260713 09:10:12.353828 28152 leader_election.cc:290] T 49ed63ef6174457291ed5a4655a083d5 P 93ad23d21d4e4504b85bc1b26c49056b [CANDIDATE]: Term 1 pre-election: Requested pre-vote from peers 6e6fd2494be84f958e0d701215321b0a (127.26.58.65:36613), eebd88ee01ca4fe3a678cf6e91dc0ea6 (127.26.58.67:36291)
W20260713 09:10:12.354622 27997 leader_election.cc:343] T 49ed63ef6174457291ed5a4655a083d5 P 93ad23d21d4e4504b85bc1b26c49056b [CANDIDATE]: Term 1 pre-election: Tablet error from VoteRequest() call to peer eebd88ee01ca4fe3a678cf6e91dc0ea6 (127.26.58.67:36291): Illegal state: must be running to vote when last-logged opid is not known
I20260713 09:10:12.354022 28186 leader_election.cc:290] T ca8ff2a9268c4db7ad15f050511a592c P 93ad23d21d4e4504b85bc1b26c49056b [CANDIDATE]: Term 1 pre-election: Requested pre-vote from peers 6e6fd2494be84f958e0d701215321b0a (127.26.58.65:36613), eebd88ee01ca4fe3a678cf6e91dc0ea6 (127.26.58.67:36291)
I20260713 09:10:12.356917 28106 tablet_service.cc:1917] Received RequestConsensusVote() RPC: tablet_id: "ca8ff2a9268c4db7ad15f050511a592c" candidate_uuid: "93ad23d21d4e4504b85bc1b26c49056b" candidate_term: 1 candidate_status { last_received { term: 0 index: 0 } } ignore_live_leader: false dest_uuid: "eebd88ee01ca4fe3a678cf6e91dc0ea6" is_pre_election: true
I20260713 09:10:12.357475 28106 raft_consensus.cc:2468] T ca8ff2a9268c4db7ad15f050511a592c P eebd88ee01ca4fe3a678cf6e91dc0ea6 [term 0 FOLLOWER]: Leader pre-election vote request: Granting yes vote for candidate 93ad23d21d4e4504b85bc1b26c49056b in term 0.
I20260713 09:10:12.358880 28149 tablet_bootstrap.cc:492] T 62adb4246c92486985c541add98981f6 P 6e6fd2494be84f958e0d701215321b0a: No bootstrap required, opened a new log
I20260713 09:10:12.359148 28217 leader_election.cc:290] T 62adb4246c92486985c541add98981f6 P 93ad23d21d4e4504b85bc1b26c49056b [CANDIDATE]: Term 1 election: Requested vote from peers 6e6fd2494be84f958e0d701215321b0a (127.26.58.65:36613), eebd88ee01ca4fe3a678cf6e91dc0ea6 (127.26.58.67:36291)
I20260713 09:10:12.359352 28149 ts_tablet_manager.cc:1403] T 62adb4246c92486985c541add98981f6 P 6e6fd2494be84f958e0d701215321b0a: Time spent bootstrapping tablet: real 0.100s	user 0.008s	sys 0.006s
I20260713 09:10:12.362959 28152 raft_consensus.cc:2804] T ca8ff2a9268c4db7ad15f050511a592c P 93ad23d21d4e4504b85bc1b26c49056b [term 0 FOLLOWER]: Leader pre-election won for term 1
I20260713 09:10:12.364398 28152 raft_consensus.cc:493] T ca8ff2a9268c4db7ad15f050511a592c P 93ad23d21d4e4504b85bc1b26c49056b [term 0 FOLLOWER]: Starting leader election (no leader contacted us within the election timeout)
I20260713 09:10:12.364768 28152 raft_consensus.cc:3060] T ca8ff2a9268c4db7ad15f050511a592c P 93ad23d21d4e4504b85bc1b26c49056b [term 0 FOLLOWER]: Advancing to term 1
I20260713 09:10:12.366983 28107 raft_consensus.cc:2468] T 62adb4246c92486985c541add98981f6 P eebd88ee01ca4fe3a678cf6e91dc0ea6 [term 1 FOLLOWER]: Leader election vote request: Granting yes vote for candidate 93ad23d21d4e4504b85bc1b26c49056b in term 1.
I20260713 09:10:12.369068 27997 leader_election.cc:304] T 62adb4246c92486985c541add98981f6 P 93ad23d21d4e4504b85bc1b26c49056b [CANDIDATE]: Term 1 election: Election decided. Result: candidate won. Election summary: received 2 responses out of 3 voters: 2 yes votes; 0 no votes. yes voters: 93ad23d21d4e4504b85bc1b26c49056b, eebd88ee01ca4fe3a678cf6e91dc0ea6; no voters: 
I20260713 09:10:12.372493 28217 raft_consensus.cc:2804] T 62adb4246c92486985c541add98981f6 P 93ad23d21d4e4504b85bc1b26c49056b [term 1 FOLLOWER]: Leader election won for term 1
I20260713 09:10:12.372980 27959 tablet_service.cc:1917] Received RequestConsensusVote() RPC: tablet_id: "62adb4246c92486985c541add98981f6" candidate_uuid: "93ad23d21d4e4504b85bc1b26c49056b" candidate_term: 1 candidate_status { last_received { term: 0 index: 0 } } ignore_live_leader: false dest_uuid: "6e6fd2494be84f958e0d701215321b0a"
I20260713 09:10:12.372922 28217 raft_consensus.cc:697] T 62adb4246c92486985c541add98981f6 P 93ad23d21d4e4504b85bc1b26c49056b [term 1 LEADER]: Becoming Leader. State: Replica: 93ad23d21d4e4504b85bc1b26c49056b, State: Running, Role: LEADER
I20260713 09:10:12.374006 28217 consensus_queue.cc:237] T 62adb4246c92486985c541add98981f6 P 93ad23d21d4e4504b85bc1b26c49056b [LEADER]: Queue going to LEADER mode. State: All replicated index: 0, Majority replicated index: 0, Committed index: 0, Last appended: 0.0, Last appended by leader: 0, Current term: 1, Majority size: 2, State: 0, Mode: LEADER, active raft config: opid_index: -1 OBSOLETE_local: false peers { permanent_uuid: "6e6fd2494be84f958e0d701215321b0a" member_type: VOTER last_known_addr { host: "127.26.58.65" port: 36613 } } peers { permanent_uuid: "93ad23d21d4e4504b85bc1b26c49056b" member_type: VOTER last_known_addr { host: "127.26.58.66" port: 35705 } } peers { permanent_uuid: "eebd88ee01ca4fe3a678cf6e91dc0ea6" member_type: VOTER last_known_addr { host: "127.26.58.67" port: 36291 } }
I20260713 09:10:12.375176 27957 tablet_service.cc:1917] Received RequestConsensusVote() RPC: tablet_id: "49ed63ef6174457291ed5a4655a083d5" candidate_uuid: "93ad23d21d4e4504b85bc1b26c49056b" candidate_term: 1 candidate_status { last_received { term: 0 index: 0 } } ignore_live_leader: false dest_uuid: "6e6fd2494be84f958e0d701215321b0a" is_pre_election: true
I20260713 09:10:12.378055 28152 raft_consensus.cc:515] T ca8ff2a9268c4db7ad15f050511a592c P 93ad23d21d4e4504b85bc1b26c49056b [term 1 FOLLOWER]: Starting leader election with config: opid_index: -1 OBSOLETE_local: false peers { permanent_uuid: "6e6fd2494be84f958e0d701215321b0a" member_type: VOTER last_known_addr { host: "127.26.58.65" port: 36613 } } peers { permanent_uuid: "93ad23d21d4e4504b85bc1b26c49056b" member_type: VOTER last_known_addr { host: "127.26.58.66" port: 35705 } } peers { permanent_uuid: "eebd88ee01ca4fe3a678cf6e91dc0ea6" member_type: VOTER last_known_addr { host: "127.26.58.67" port: 36291 } }
W20260713 09:10:12.385242 27998 leader_election.cc:343] T 49ed63ef6174457291ed5a4655a083d5 P 93ad23d21d4e4504b85bc1b26c49056b [CANDIDATE]: Term 1 pre-election: Tablet error from VoteRequest() call to peer 6e6fd2494be84f958e0d701215321b0a (127.26.58.65:36613): Illegal state: must be running to vote when last-logged opid is not known
I20260713 09:10:12.389499 27998 leader_election.cc:304] T 49ed63ef6174457291ed5a4655a083d5 P 93ad23d21d4e4504b85bc1b26c49056b [CANDIDATE]: Term 1 pre-election: Election decided. Result: candidate lost. Election summary: received 3 responses out of 3 voters: 1 yes votes; 2 no votes. yes voters: 93ad23d21d4e4504b85bc1b26c49056b; no voters: 6e6fd2494be84f958e0d701215321b0a, eebd88ee01ca4fe3a678cf6e91dc0ea6
I20260713 09:10:12.390272 28186 raft_consensus.cc:2749] T 49ed63ef6174457291ed5a4655a083d5 P 93ad23d21d4e4504b85bc1b26c49056b [term 0 FOLLOWER]: Leader pre-election lost for term 1. Reason: could not achieve majority
I20260713 09:10:12.387095 28152 leader_election.cc:290] T ca8ff2a9268c4db7ad15f050511a592c P 93ad23d21d4e4504b85bc1b26c49056b [CANDIDATE]: Term 1 election: Requested vote from peers 6e6fd2494be84f958e0d701215321b0a (127.26.58.65:36613), eebd88ee01ca4fe3a678cf6e91dc0ea6 (127.26.58.67:36291)
I20260713 09:10:12.397910 28181 raft_consensus.cc:493] T f72d99a0284542e1991d143ea0eb12e5 P eebd88ee01ca4fe3a678cf6e91dc0ea6 [term 0 FOLLOWER]: Starting pre-election (no leader contacted us within the election timeout)
I20260713 09:10:12.398414 28181 raft_consensus.cc:515] T f72d99a0284542e1991d143ea0eb12e5 P eebd88ee01ca4fe3a678cf6e91dc0ea6 [term 0 FOLLOWER]: Starting pre-election with config: opid_index: -1 OBSOLETE_local: false peers { permanent_uuid: "6e6fd2494be84f958e0d701215321b0a" member_type: VOTER last_known_addr { host: "127.26.58.65" port: 36613 } } peers { permanent_uuid: "93ad23d21d4e4504b85bc1b26c49056b" member_type: VOTER last_known_addr { host: "127.26.58.66" port: 35705 } } peers { permanent_uuid: "eebd88ee01ca4fe3a678cf6e91dc0ea6" member_type: VOTER last_known_addr { host: "127.26.58.67" port: 36291 } }
I20260713 09:10:12.420109 28152 raft_consensus.cc:493] T f72d99a0284542e1991d143ea0eb12e5 P 93ad23d21d4e4504b85bc1b26c49056b [term 0 FOLLOWER]: Starting pre-election (no leader contacted us within the election timeout)
I20260713 09:10:12.420670 28152 raft_consensus.cc:515] T f72d99a0284542e1991d143ea0eb12e5 P 93ad23d21d4e4504b85bc1b26c49056b [term 0 FOLLOWER]: Starting pre-election with config: opid_index: -1 OBSOLETE_local: false peers { permanent_uuid: "6e6fd2494be84f958e0d701215321b0a" member_type: VOTER last_known_addr { host: "127.26.58.65" port: 36613 } } peers { permanent_uuid: "93ad23d21d4e4504b85bc1b26c49056b" member_type: VOTER last_known_addr { host: "127.26.58.66" port: 35705 } } peers { permanent_uuid: "eebd88ee01ca4fe3a678cf6e91dc0ea6" member_type: VOTER last_known_addr { host: "127.26.58.67" port: 36291 } }
W20260713 09:10:12.424932 27998 outbound_call.cc:321] RPC callback for RPC call kudu.consensus.ConsensusService.RequestConsensusVote -> {remote=127.26.58.65:36613, user_credentials={real_user=slave}} blocked reactor thread for 47948us
I20260713 09:10:12.425390 28181 leader_election.cc:290] T f72d99a0284542e1991d143ea0eb12e5 P eebd88ee01ca4fe3a678cf6e91dc0ea6 [CANDIDATE]: Term 1 pre-election: Requested pre-vote from peers 6e6fd2494be84f958e0d701215321b0a (127.26.58.65:36613), 93ad23d21d4e4504b85bc1b26c49056b (127.26.58.66:35705)
I20260713 09:10:12.425336 28149 raft_consensus.cc:359] T 62adb4246c92486985c541add98981f6 P 6e6fd2494be84f958e0d701215321b0a [term 0 FOLLOWER]: Replica starting. Triggering 0 pending ops. Active config: opid_index: -1 OBSOLETE_local: false peers { permanent_uuid: "6e6fd2494be84f958e0d701215321b0a" member_type: VOTER last_known_addr { host: "127.26.58.65" port: 36613 } } peers { permanent_uuid: "93ad23d21d4e4504b85bc1b26c49056b" member_type: VOTER last_known_addr { host: "127.26.58.66" port: 35705 } } peers { permanent_uuid: "eebd88ee01ca4fe3a678cf6e91dc0ea6" member_type: VOTER last_known_addr { host: "127.26.58.67" port: 36291 } }
I20260713 09:10:12.426151 28149 raft_consensus.cc:385] T 62adb4246c92486985c541add98981f6 P 6e6fd2494be84f958e0d701215321b0a [term 0 FOLLOWER]: Consensus starting up: Expiring failure detector timer to make a prompt election more likely
I20260713 09:10:12.431771 28152 leader_election.cc:290] T f72d99a0284542e1991d143ea0eb12e5 P 93ad23d21d4e4504b85bc1b26c49056b [CANDIDATE]: Term 1 pre-election: Requested pre-vote from peers 6e6fd2494be84f958e0d701215321b0a (127.26.58.65:36613), eebd88ee01ca4fe3a678cf6e91dc0ea6 (127.26.58.67:36291)
I20260713 09:10:12.433290 28107 tablet_service.cc:1917] Received RequestConsensusVote() RPC: tablet_id: "ca8ff2a9268c4db7ad15f050511a592c" candidate_uuid: "93ad23d21d4e4504b85bc1b26c49056b" candidate_term: 1 candidate_status { last_received { term: 0 index: 0 } } ignore_live_leader: false dest_uuid: "eebd88ee01ca4fe3a678cf6e91dc0ea6"
I20260713 09:10:12.433825 28107 raft_consensus.cc:3060] T ca8ff2a9268c4db7ad15f050511a592c P eebd88ee01ca4fe3a678cf6e91dc0ea6 [term 0 FOLLOWER]: Advancing to term 1
I20260713 09:10:12.426429 28149 raft_consensus.cc:740] T 62adb4246c92486985c541add98981f6 P 6e6fd2494be84f958e0d701215321b0a [term 0 FOLLOWER]: Becoming Follower/Learner. State: Replica: 6e6fd2494be84f958e0d701215321b0a, State: Initialized, Role: FOLLOWER
I20260713 09:10:12.434712 28149 consensus_queue.cc:260] T 62adb4246c92486985c541add98981f6 P 6e6fd2494be84f958e0d701215321b0a [NON_LEADER]: Queue going to NON_LEADER mode. State: All replicated index: 0, Majority replicated index: 0, Committed index: 0, Last appended: 0.0, Last appended by leader: 0, Current term: 0, Majority size: -1, State: 0, Mode: NON_LEADER, active raft config: opid_index: -1 OBSOLETE_local: false peers { permanent_uuid: "6e6fd2494be84f958e0d701215321b0a" member_type: VOTER last_known_addr { host: "127.26.58.65" port: 36613 } } peers { permanent_uuid: "93ad23d21d4e4504b85bc1b26c49056b" member_type: VOTER last_known_addr { host: "127.26.58.66" port: 35705 } } peers { permanent_uuid: "eebd88ee01ca4fe3a678cf6e91dc0ea6" member_type: VOTER last_known_addr { host: "127.26.58.67" port: 36291 } }
I20260713 09:10:12.435653 27958 tablet_service.cc:1917] Received RequestConsensusVote() RPC: tablet_id: "f72d99a0284542e1991d143ea0eb12e5" candidate_uuid: "eebd88ee01ca4fe3a678cf6e91dc0ea6" candidate_term: 1 candidate_status { last_received { term: 0 index: 0 } } ignore_live_leader: false dest_uuid: "6e6fd2494be84f958e0d701215321b0a" is_pre_election: true
W20260713 09:10:12.436112 27998 leader_election.cc:343] T 62adb4246c92486985c541add98981f6 P 93ad23d21d4e4504b85bc1b26c49056b [CANDIDATE]: Term 1 election: Tablet error from VoteRequest() call to peer 6e6fd2494be84f958e0d701215321b0a (127.26.58.65:36613): Illegal state: must be running to vote when last-logged opid is not known
I20260713 09:10:12.436251 27958 raft_consensus.cc:2468] T f72d99a0284542e1991d143ea0eb12e5 P 6e6fd2494be84f958e0d701215321b0a [term 0 FOLLOWER]: Leader pre-election vote request: Granting yes vote for candidate eebd88ee01ca4fe3a678cf6e91dc0ea6 in term 0.
I20260713 09:10:12.436709 28149 ts_tablet_manager.cc:1434] T 62adb4246c92486985c541add98981f6 P 6e6fd2494be84f958e0d701215321b0a: Time spent starting tablet: real 0.077s	user 0.005s	sys 0.022s
I20260713 09:10:12.436806 28033 tablet_service.cc:1917] Received RequestConsensusVote() RPC: tablet_id: "f72d99a0284542e1991d143ea0eb12e5" candidate_uuid: "eebd88ee01ca4fe3a678cf6e91dc0ea6" candidate_term: 1 candidate_status { last_received { term: 0 index: 0 } } ignore_live_leader: false dest_uuid: "93ad23d21d4e4504b85bc1b26c49056b" is_pre_election: true
I20260713 09:10:12.437152 28106 tablet_service.cc:1917] Received RequestConsensusVote() RPC: tablet_id: "f72d99a0284542e1991d143ea0eb12e5" candidate_uuid: "93ad23d21d4e4504b85bc1b26c49056b" candidate_term: 1 candidate_status { last_received { term: 0 index: 0 } } ignore_live_leader: false dest_uuid: "eebd88ee01ca4fe3a678cf6e91dc0ea6" is_pre_election: true
I20260713 09:10:12.437407 28033 raft_consensus.cc:2468] T f72d99a0284542e1991d143ea0eb12e5 P 93ad23d21d4e4504b85bc1b26c49056b [term 0 FOLLOWER]: Leader pre-election vote request: Granting yes vote for candidate eebd88ee01ca4fe3a678cf6e91dc0ea6 in term 0.
I20260713 09:10:12.437742 28106 raft_consensus.cc:2468] T f72d99a0284542e1991d143ea0eb12e5 P eebd88ee01ca4fe3a678cf6e91dc0ea6 [term 0 FOLLOWER]: Leader pre-election vote request: Granting yes vote for candidate 93ad23d21d4e4504b85bc1b26c49056b in term 0.
I20260713 09:10:12.438964 27997 leader_election.cc:304] T f72d99a0284542e1991d143ea0eb12e5 P 93ad23d21d4e4504b85bc1b26c49056b [CANDIDATE]: Term 1 pre-election: Election decided. Result: candidate won. Election summary: received 2 responses out of 3 voters: 2 yes votes; 0 no votes. yes voters: 93ad23d21d4e4504b85bc1b26c49056b, eebd88ee01ca4fe3a678cf6e91dc0ea6; no voters: 
I20260713 09:10:12.439760 28152 raft_consensus.cc:2804] T f72d99a0284542e1991d143ea0eb12e5 P 93ad23d21d4e4504b85bc1b26c49056b [term 0 FOLLOWER]: Leader pre-election won for term 1
I20260713 09:10:12.440055 28148 tablet_bootstrap.cc:492] T 81b5401f41a448938efc51baed811986 P 93ad23d21d4e4504b85bc1b26c49056b: No bootstrap required, opened a new log
I20260713 09:10:12.440635 28148 ts_tablet_manager.cc:1403] T 81b5401f41a448938efc51baed811986 P 93ad23d21d4e4504b85bc1b26c49056b: Time spent bootstrapping tablet: real 0.179s	user 0.024s	sys 0.012s
I20260713 09:10:12.443107 28148 raft_consensus.cc:359] T 81b5401f41a448938efc51baed811986 P 93ad23d21d4e4504b85bc1b26c49056b [term 0 FOLLOWER]: Replica starting. Triggering 0 pending ops. Active config: opid_index: -1 OBSOLETE_local: false peers { permanent_uuid: "6e6fd2494be84f958e0d701215321b0a" member_type: VOTER last_known_addr { host: "127.26.58.65" port: 36613 } } peers { permanent_uuid: "93ad23d21d4e4504b85bc1b26c49056b" member_type: VOTER last_known_addr { host: "127.26.58.66" port: 35705 } } peers { permanent_uuid: "eebd88ee01ca4fe3a678cf6e91dc0ea6" member_type: VOTER last_known_addr { host: "127.26.58.67" port: 36291 } }
I20260713 09:10:12.443712 28148 raft_consensus.cc:385] T 81b5401f41a448938efc51baed811986 P 93ad23d21d4e4504b85bc1b26c49056b [term 0 FOLLOWER]: Consensus starting up: Expiring failure detector timer to make a prompt election more likely
I20260713 09:10:12.443964 28148 raft_consensus.cc:740] T 81b5401f41a448938efc51baed811986 P 93ad23d21d4e4504b85bc1b26c49056b [term 0 FOLLOWER]: Becoming Follower/Learner. State: Replica: 93ad23d21d4e4504b85bc1b26c49056b, State: Initialized, Role: FOLLOWER
I20260713 09:10:12.445333 28148 consensus_queue.cc:260] T 81b5401f41a448938efc51baed811986 P 93ad23d21d4e4504b85bc1b26c49056b [NON_LEADER]: Queue going to NON_LEADER mode. State: All replicated index: 0, Majority replicated index: 0, Committed index: 0, Last appended: 0.0, Last appended by leader: 0, Current term: 0, Majority size: -1, State: 0, Mode: NON_LEADER, active raft config: opid_index: -1 OBSOLETE_local: false peers { permanent_uuid: "6e6fd2494be84f958e0d701215321b0a" member_type: VOTER last_known_addr { host: "127.26.58.65" port: 36613 } } peers { permanent_uuid: "93ad23d21d4e4504b85bc1b26c49056b" member_type: VOTER last_known_addr { host: "127.26.58.66" port: 35705 } } peers { permanent_uuid: "eebd88ee01ca4fe3a678cf6e91dc0ea6" member_type: VOTER last_known_addr { host: "127.26.58.67" port: 36291 } }
I20260713 09:10:12.445994 27958 tablet_service.cc:1917] Received RequestConsensusVote() RPC: tablet_id: "ca8ff2a9268c4db7ad15f050511a592c" candidate_uuid: "93ad23d21d4e4504b85bc1b26c49056b" candidate_term: 1 candidate_status { last_received { term: 0 index: 0 } } ignore_live_leader: false dest_uuid: "6e6fd2494be84f958e0d701215321b0a"
I20260713 09:10:12.446517 27958 raft_consensus.cc:3060] T ca8ff2a9268c4db7ad15f050511a592c P 6e6fd2494be84f958e0d701215321b0a [term 0 FOLLOWER]: Advancing to term 1
I20260713 09:10:12.446585 28107 raft_consensus.cc:2468] T ca8ff2a9268c4db7ad15f050511a592c P eebd88ee01ca4fe3a678cf6e91dc0ea6 [term 1 FOLLOWER]: Leader election vote request: Granting yes vote for candidate 93ad23d21d4e4504b85bc1b26c49056b in term 1.
I20260713 09:10:12.447253 28148 ts_tablet_manager.cc:1434] T 81b5401f41a448938efc51baed811986 P 93ad23d21d4e4504b85bc1b26c49056b: Time spent starting tablet: real 0.006s	user 0.004s	sys 0.000s
I20260713 09:10:12.447698 27997 leader_election.cc:304] T ca8ff2a9268c4db7ad15f050511a592c P 93ad23d21d4e4504b85bc1b26c49056b [CANDIDATE]: Term 1 election: Election decided. Result: candidate won. Election summary: received 2 responses out of 3 voters: 2 yes votes; 0 no votes. yes voters: 93ad23d21d4e4504b85bc1b26c49056b, eebd88ee01ca4fe3a678cf6e91dc0ea6; no voters: 
I20260713 09:10:12.448043 28148 tablet_bootstrap.cc:492] T dab29928a9c1402397adfd24e299909a P 93ad23d21d4e4504b85bc1b26c49056b: Bootstrap starting.
I20260713 09:10:12.449003 28186 raft_consensus.cc:2804] T ca8ff2a9268c4db7ad15f050511a592c P 93ad23d21d4e4504b85bc1b26c49056b [term 1 FOLLOWER]: Leader election won for term 1
I20260713 09:10:12.449483 28186 raft_consensus.cc:697] T ca8ff2a9268c4db7ad15f050511a592c P 93ad23d21d4e4504b85bc1b26c49056b [term 1 LEADER]: Becoming Leader. State: Replica: 93ad23d21d4e4504b85bc1b26c49056b, State: Running, Role: LEADER
I20260713 09:10:12.440100 28152 raft_consensus.cc:493] T f72d99a0284542e1991d143ea0eb12e5 P 93ad23d21d4e4504b85bc1b26c49056b [term 0 FOLLOWER]: Starting leader election (no leader contacted us within the election timeout)
I20260713 09:10:12.450284 28186 consensus_queue.cc:237] T ca8ff2a9268c4db7ad15f050511a592c P 93ad23d21d4e4504b85bc1b26c49056b [LEADER]: Queue going to LEADER mode. State: All replicated index: 0, Majority replicated index: 0, Committed index: 0, Last appended: 0.0, Last appended by leader: 0, Current term: 1, Majority size: 2, State: 0, Mode: LEADER, active raft config: opid_index: -1 OBSOLETE_local: false peers { permanent_uuid: "6e6fd2494be84f958e0d701215321b0a" member_type: VOTER last_known_addr { host: "127.26.58.65" port: 36613 } } peers { permanent_uuid: "93ad23d21d4e4504b85bc1b26c49056b" member_type: VOTER last_known_addr { host: "127.26.58.66" port: 35705 } } peers { permanent_uuid: "eebd88ee01ca4fe3a678cf6e91dc0ea6" member_type: VOTER last_known_addr { host: "127.26.58.67" port: 36291 } }
I20260713 09:10:12.450110 28149 tablet_bootstrap.cc:492] T a1544f4e0fdb4fc7862524214af0a4c2 P 6e6fd2494be84f958e0d701215321b0a: Bootstrap starting.
I20260713 09:10:12.451313 28243 raft_consensus.cc:493] T 78039530d6dd4ac892cf1024c97e3e82 P 93ad23d21d4e4504b85bc1b26c49056b [term 0 FOLLOWER]: Starting pre-election (no leader contacted us within the election timeout)
I20260713 09:10:12.452688 28243 raft_consensus.cc:515] T 78039530d6dd4ac892cf1024c97e3e82 P 93ad23d21d4e4504b85bc1b26c49056b [term 0 FOLLOWER]: Starting pre-election with config: opid_index: -1 OBSOLETE_local: false peers { permanent_uuid: "6e6fd2494be84f958e0d701215321b0a" member_type: VOTER last_known_addr { host: "127.26.58.65" port: 36613 } } peers { permanent_uuid: "93ad23d21d4e4504b85bc1b26c49056b" member_type: VOTER last_known_addr { host: "127.26.58.66" port: 35705 } } peers { permanent_uuid: "eebd88ee01ca4fe3a678cf6e91dc0ea6" member_type: VOTER last_known_addr { host: "127.26.58.67" port: 36291 } }
I20260713 09:10:12.454794 28243 leader_election.cc:290] T 78039530d6dd4ac892cf1024c97e3e82 P 93ad23d21d4e4504b85bc1b26c49056b [CANDIDATE]: Term 1 pre-election: Requested pre-vote from peers 6e6fd2494be84f958e0d701215321b0a (127.26.58.65:36613), eebd88ee01ca4fe3a678cf6e91dc0ea6 (127.26.58.67:36291)
I20260713 09:10:12.450304 28152 raft_consensus.cc:3060] T f72d99a0284542e1991d143ea0eb12e5 P 93ad23d21d4e4504b85bc1b26c49056b [term 0 FOLLOWER]: Advancing to term 1
I20260713 09:10:12.457737 28151 tablet_bootstrap.cc:492] T 6a28c1fb6dc34fcfbc69b82ebb283372 P eebd88ee01ca4fe3a678cf6e91dc0ea6: No bootstrap required, opened a new log
I20260713 09:10:12.458158 28151 ts_tablet_manager.cc:1403] T 6a28c1fb6dc34fcfbc69b82ebb283372 P eebd88ee01ca4fe3a678cf6e91dc0ea6: Time spent bootstrapping tablet: real 0.184s	user 0.025s	sys 0.009s
I20260713 09:10:12.460536 28151 raft_consensus.cc:359] T 6a28c1fb6dc34fcfbc69b82ebb283372 P eebd88ee01ca4fe3a678cf6e91dc0ea6 [term 0 FOLLOWER]: Replica starting. Triggering 0 pending ops. Active config: opid_index: -1 OBSOLETE_local: false peers { permanent_uuid: "6e6fd2494be84f958e0d701215321b0a" member_type: VOTER last_known_addr { host: "127.26.58.65" port: 36613 } } peers { permanent_uuid: "93ad23d21d4e4504b85bc1b26c49056b" member_type: VOTER last_known_addr { host: "127.26.58.66" port: 35705 } } peers { permanent_uuid: "eebd88ee01ca4fe3a678cf6e91dc0ea6" member_type: VOTER last_known_addr { host: "127.26.58.67" port: 36291 } }
I20260713 09:10:12.461110 28151 raft_consensus.cc:385] T 6a28c1fb6dc34fcfbc69b82ebb283372 P eebd88ee01ca4fe3a678cf6e91dc0ea6 [term 0 FOLLOWER]: Consensus starting up: Expiring failure detector timer to make a prompt election more likely
I20260713 09:10:12.461357 28151 raft_consensus.cc:740] T 6a28c1fb6dc34fcfbc69b82ebb283372 P eebd88ee01ca4fe3a678cf6e91dc0ea6 [term 0 FOLLOWER]: Becoming Follower/Learner. State: Replica: eebd88ee01ca4fe3a678cf6e91dc0ea6, State: Initialized, Role: FOLLOWER
I20260713 09:10:12.462064 27958 raft_consensus.cc:2468] T ca8ff2a9268c4db7ad15f050511a592c P 6e6fd2494be84f958e0d701215321b0a [term 1 FOLLOWER]: Leader election vote request: Granting yes vote for candidate 93ad23d21d4e4504b85bc1b26c49056b in term 1.
I20260713 09:10:12.463531 28107 tablet_service.cc:1917] Received RequestConsensusVote() RPC: tablet_id: "78039530d6dd4ac892cf1024c97e3e82" candidate_uuid: "93ad23d21d4e4504b85bc1b26c49056b" candidate_term: 1 candidate_status { last_received { term: 0 index: 0 } } ignore_live_leader: false dest_uuid: "eebd88ee01ca4fe3a678cf6e91dc0ea6" is_pre_election: true
I20260713 09:10:12.464763 28151 consensus_queue.cc:260] T 6a28c1fb6dc34fcfbc69b82ebb283372 P eebd88ee01ca4fe3a678cf6e91dc0ea6 [NON_LEADER]: Queue going to NON_LEADER mode. State: All replicated index: 0, Majority replicated index: 0, Committed index: 0, Last appended: 0.0, Last appended by leader: 0, Current term: 0, Majority size: -1, State: 0, Mode: NON_LEADER, active raft config: opid_index: -1 OBSOLETE_local: false peers { permanent_uuid: "6e6fd2494be84f958e0d701215321b0a" member_type: VOTER last_known_addr { host: "127.26.58.65" port: 36613 } } peers { permanent_uuid: "93ad23d21d4e4504b85bc1b26c49056b" member_type: VOTER last_known_addr { host: "127.26.58.66" port: 35705 } } peers { permanent_uuid: "eebd88ee01ca4fe3a678cf6e91dc0ea6" member_type: VOTER last_known_addr { host: "127.26.58.67" port: 36291 } }
I20260713 09:10:12.464269 27958 tablet_service.cc:1917] Received RequestConsensusVote() RPC: tablet_id: "f72d99a0284542e1991d143ea0eb12e5" candidate_uuid: "93ad23d21d4e4504b85bc1b26c49056b" candidate_term: 1 candidate_status { last_received { term: 0 index: 0 } } ignore_live_leader: false dest_uuid: "6e6fd2494be84f958e0d701215321b0a" is_pre_election: true
I20260713 09:10:12.467685 27959 tablet_service.cc:1917] Received RequestConsensusVote() RPC: tablet_id: "78039530d6dd4ac892cf1024c97e3e82" candidate_uuid: "93ad23d21d4e4504b85bc1b26c49056b" candidate_term: 1 candidate_status { last_received { term: 0 index: 0 } } ignore_live_leader: false dest_uuid: "6e6fd2494be84f958e0d701215321b0a" is_pre_election: true
I20260713 09:10:12.468199 27958 raft_consensus.cc:2468] T f72d99a0284542e1991d143ea0eb12e5 P 6e6fd2494be84f958e0d701215321b0a [term 0 FOLLOWER]: Leader pre-election vote request: Granting yes vote for candidate 93ad23d21d4e4504b85bc1b26c49056b in term 0.
I20260713 09:10:12.469448 28240 raft_consensus.cc:493] T a52f975c94b34d75bd84f583074c093b P 6e6fd2494be84f958e0d701215321b0a [term 0 FOLLOWER]: Starting pre-election (no leader contacted us within the election timeout)
I20260713 09:10:12.469904 28240 raft_consensus.cc:515] T a52f975c94b34d75bd84f583074c093b P 6e6fd2494be84f958e0d701215321b0a [term 0 FOLLOWER]: Starting pre-election with config: opid_index: -1 OBSOLETE_local: false peers { permanent_uuid: "6e6fd2494be84f958e0d701215321b0a" member_type: VOTER last_known_addr { host: "127.26.58.65" port: 36613 } } peers { permanent_uuid: "93ad23d21d4e4504b85bc1b26c49056b" member_type: VOTER last_known_addr { host: "127.26.58.66" port: 35705 } } peers { permanent_uuid: "eebd88ee01ca4fe3a678cf6e91dc0ea6" member_type: VOTER last_known_addr { host: "127.26.58.67" port: 36291 } }
I20260713 09:10:12.469640 28072 leader_election.cc:304] T f72d99a0284542e1991d143ea0eb12e5 P eebd88ee01ca4fe3a678cf6e91dc0ea6 [CANDIDATE]: Term 1 pre-election: Election decided. Result: candidate won. Election summary: received 2 responses out of 3 voters: 2 yes votes; 0 no votes. yes voters: 6e6fd2494be84f958e0d701215321b0a, eebd88ee01ca4fe3a678cf6e91dc0ea6; no voters: 
I20260713 09:10:12.472939 28240 leader_election.cc:290] T a52f975c94b34d75bd84f583074c093b P 6e6fd2494be84f958e0d701215321b0a [CANDIDATE]: Term 1 pre-election: Requested pre-vote from peers 93ad23d21d4e4504b85bc1b26c49056b (127.26.58.66:35705), eebd88ee01ca4fe3a678cf6e91dc0ea6 (127.26.58.67:36291)
I20260713 09:10:12.473789 28181 raft_consensus.cc:2804] T f72d99a0284542e1991d143ea0eb12e5 P eebd88ee01ca4fe3a678cf6e91dc0ea6 [term 0 FOLLOWER]: Leader pre-election won for term 1
I20260713 09:10:12.474036 28151 ts_tablet_manager.cc:1434] T 6a28c1fb6dc34fcfbc69b82ebb283372 P eebd88ee01ca4fe3a678cf6e91dc0ea6: Time spent starting tablet: real 0.016s	user 0.007s	sys 0.000s
I20260713 09:10:12.474179 28181 raft_consensus.cc:493] T f72d99a0284542e1991d143ea0eb12e5 P eebd88ee01ca4fe3a678cf6e91dc0ea6 [term 0 FOLLOWER]: Starting leader election (no leader contacted us within the election timeout)
I20260713 09:10:12.474534 28181 raft_consensus.cc:3060] T f72d99a0284542e1991d143ea0eb12e5 P eebd88ee01ca4fe3a678cf6e91dc0ea6 [term 0 FOLLOWER]: Advancing to term 1
I20260713 09:10:12.474920 28183 raft_consensus.cc:493] T 6cadfd6f967a4e88b5e9490ee98f0642 P eebd88ee01ca4fe3a678cf6e91dc0ea6 [term 0 FOLLOWER]: Starting pre-election (no leader contacted us within the election timeout)
I20260713 09:10:12.475071 28151 tablet_bootstrap.cc:492] T a1544f4e0fdb4fc7862524214af0a4c2 P eebd88ee01ca4fe3a678cf6e91dc0ea6: Bootstrap starting.
I20260713 09:10:12.479296 28149 tablet_bootstrap.cc:654] T a1544f4e0fdb4fc7862524214af0a4c2 P 6e6fd2494be84f958e0d701215321b0a: Neither blocks nor log segments found. Creating new log.
I20260713 09:10:12.475405 28183 raft_consensus.cc:515] T 6cadfd6f967a4e88b5e9490ee98f0642 P eebd88ee01ca4fe3a678cf6e91dc0ea6 [term 0 FOLLOWER]: Starting pre-election with config: opid_index: -1 OBSOLETE_local: false peers { permanent_uuid: "6e6fd2494be84f958e0d701215321b0a" member_type: VOTER last_known_addr { host: "127.26.58.65" port: 36613 } } peers { permanent_uuid: "93ad23d21d4e4504b85bc1b26c49056b" member_type: VOTER last_known_addr { host: "127.26.58.66" port: 35705 } } peers { permanent_uuid: "eebd88ee01ca4fe3a678cf6e91dc0ea6" member_type: VOTER last_known_addr { host: "127.26.58.67" port: 36291 } }
I20260713 09:10:12.481805 28148 tablet_bootstrap.cc:654] T dab29928a9c1402397adfd24e299909a P 93ad23d21d4e4504b85bc1b26c49056b: Neither blocks nor log segments found. Creating new log.
W20260713 09:10:12.467092 27997 leader_election.cc:343] T 78039530d6dd4ac892cf1024c97e3e82 P 93ad23d21d4e4504b85bc1b26c49056b [CANDIDATE]: Term 1 pre-election: Tablet error from VoteRequest() call to peer eebd88ee01ca4fe3a678cf6e91dc0ea6 (127.26.58.67:36291): Illegal state: must be running to vote when last-logged opid is not known
W20260713 09:10:12.485134 27998 leader_election.cc:343] T 78039530d6dd4ac892cf1024c97e3e82 P 93ad23d21d4e4504b85bc1b26c49056b [CANDIDATE]: Term 1 pre-election: Tablet error from VoteRequest() call to peer 6e6fd2494be84f958e0d701215321b0a (127.26.58.65:36613): Illegal state: must be running to vote when last-logged opid is not known
I20260713 09:10:12.471448 28152 raft_consensus.cc:515] T f72d99a0284542e1991d143ea0eb12e5 P 93ad23d21d4e4504b85bc1b26c49056b [term 1 FOLLOWER]: Starting leader election with config: opid_index: -1 OBSOLETE_local: false peers { permanent_uuid: "6e6fd2494be84f958e0d701215321b0a" member_type: VOTER last_known_addr { host: "127.26.58.65" port: 36613 } } peers { permanent_uuid: "93ad23d21d4e4504b85bc1b26c49056b" member_type: VOTER last_known_addr { host: "127.26.58.66" port: 35705 } } peers { permanent_uuid: "eebd88ee01ca4fe3a678cf6e91dc0ea6" member_type: VOTER last_known_addr { host: "127.26.58.67" port: 36291 } }
I20260713 09:10:12.489485 28152 leader_election.cc:290] T f72d99a0284542e1991d143ea0eb12e5 P 93ad23d21d4e4504b85bc1b26c49056b [CANDIDATE]: Term 1 election: Requested vote from peers 6e6fd2494be84f958e0d701215321b0a (127.26.58.65:36613), eebd88ee01ca4fe3a678cf6e91dc0ea6 (127.26.58.67:36291)
I20260713 09:10:12.491892 28106 tablet_service.cc:1917] Received RequestConsensusVote() RPC: tablet_id: "f72d99a0284542e1991d143ea0eb12e5" candidate_uuid: "93ad23d21d4e4504b85bc1b26c49056b" candidate_term: 1 candidate_status { last_received { term: 0 index: 0 } } ignore_live_leader: false dest_uuid: "eebd88ee01ca4fe3a678cf6e91dc0ea6"
I20260713 09:10:12.496980 27998 leader_election.cc:304] T 78039530d6dd4ac892cf1024c97e3e82 P 93ad23d21d4e4504b85bc1b26c49056b [CANDIDATE]: Term 1 pre-election: Election decided. Result: candidate lost. Election summary: received 3 responses out of 3 voters: 1 yes votes; 2 no votes. yes voters: 93ad23d21d4e4504b85bc1b26c49056b; no voters: 6e6fd2494be84f958e0d701215321b0a, eebd88ee01ca4fe3a678cf6e91dc0ea6
I20260713 09:10:12.498715 28217 raft_consensus.cc:2749] T 78039530d6dd4ac892cf1024c97e3e82 P 93ad23d21d4e4504b85bc1b26c49056b [term 0 FOLLOWER]: Leader pre-election lost for term 1. Reason: could not achieve majority
I20260713 09:10:12.499315 28217 consensus_queue.cc:1048] T 2a814c423c8043f9adc39e43d362729c P 93ad23d21d4e4504b85bc1b26c49056b [LEADER]: Connected to new peer: Peer: permanent_uuid: "6e6fd2494be84f958e0d701215321b0a" member_type: VOTER last_known_addr { host: "127.26.58.65" port: 36613 }, Status: LMP_MISMATCH, Last received: 0.0, Next index: 1, Last known committed idx: 0, Time since last communication: 0.000s
I20260713 09:10:12.500229 27958 tablet_service.cc:1917] Received RequestConsensusVote() RPC: tablet_id: "f72d99a0284542e1991d143ea0eb12e5" candidate_uuid: "93ad23d21d4e4504b85bc1b26c49056b" candidate_term: 1 candidate_status { last_received { term: 0 index: 0 } } ignore_live_leader: false dest_uuid: "6e6fd2494be84f958e0d701215321b0a"
I20260713 09:10:12.500933 27958 raft_consensus.cc:3060] T f72d99a0284542e1991d143ea0eb12e5 P 6e6fd2494be84f958e0d701215321b0a [term 0 FOLLOWER]: Advancing to term 1
I20260713 09:10:12.506623 28151 tablet_bootstrap.cc:654] T a1544f4e0fdb4fc7862524214af0a4c2 P eebd88ee01ca4fe3a678cf6e91dc0ea6: Neither blocks nor log segments found. Creating new log.
I20260713 09:10:12.504283 27857 catalog_manager.cc:5697] T 0662e15201fc4edc86a58bb77c9edc71 P 93ad23d21d4e4504b85bc1b26c49056b reported cstate change: term changed from 0 to 1, leader changed from <none> to 93ad23d21d4e4504b85bc1b26c49056b (127.26.58.66). New cstate: current_term: 1 leader_uuid: "93ad23d21d4e4504b85bc1b26c49056b" committed_config { opid_index: -1 OBSOLETE_local: false peers { permanent_uuid: "6e6fd2494be84f958e0d701215321b0a" member_type: VOTER last_known_addr { host: "127.26.58.65" port: 36613 } health_report { overall_health: UNKNOWN } } peers { permanent_uuid: "93ad23d21d4e4504b85bc1b26c49056b" member_type: VOTER last_known_addr { host: "127.26.58.66" port: 35705 } health_report { overall_health: HEALTHY } } peers { permanent_uuid: "eebd88ee01ca4fe3a678cf6e91dc0ea6" member_type: VOTER last_known_addr { host: "127.26.58.67" port: 36291 } health_report { overall_health: UNKNOWN } } }
I20260713 09:10:12.508692 27857 catalog_manager.cc:5697] T 62adb4246c92486985c541add98981f6 P 93ad23d21d4e4504b85bc1b26c49056b reported cstate change: term changed from 0 to 1, leader changed from <none> to 93ad23d21d4e4504b85bc1b26c49056b (127.26.58.66). New cstate: current_term: 1 leader_uuid: "93ad23d21d4e4504b85bc1b26c49056b" committed_config { opid_index: -1 OBSOLETE_local: false peers { permanent_uuid: "6e6fd2494be84f958e0d701215321b0a" member_type: VOTER last_known_addr { host: "127.26.58.65" port: 36613 } health_report { overall_health: UNKNOWN } } peers { permanent_uuid: "93ad23d21d4e4504b85bc1b26c49056b" member_type: VOTER last_known_addr { host: "127.26.58.66" port: 35705 } health_report { overall_health: HEALTHY } } peers { permanent_uuid: "eebd88ee01ca4fe3a678cf6e91dc0ea6" member_type: VOTER last_known_addr { host: "127.26.58.67" port: 36291 } health_report { overall_health: UNKNOWN } } }
I20260713 09:10:12.509727 28148 tablet_bootstrap.cc:492] T dab29928a9c1402397adfd24e299909a P 93ad23d21d4e4504b85bc1b26c49056b: No bootstrap required, opened a new log
I20260713 09:10:12.510190 28148 ts_tablet_manager.cc:1403] T dab29928a9c1402397adfd24e299909a P 93ad23d21d4e4504b85bc1b26c49056b: Time spent bootstrapping tablet: real 0.062s	user 0.009s	sys 0.008s
I20260713 09:10:12.514434 28032 tablet_service.cc:1917] Received RequestConsensusVote() RPC: tablet_id: "a52f975c94b34d75bd84f583074c093b" candidate_uuid: "6e6fd2494be84f958e0d701215321b0a" candidate_term: 1 candidate_status { last_received { term: 0 index: 0 } } ignore_live_leader: false dest_uuid: "93ad23d21d4e4504b85bc1b26c49056b" is_pre_election: true
I20260713 09:10:12.514950 28108 tablet_service.cc:1917] Received RequestConsensusVote() RPC: tablet_id: "a52f975c94b34d75bd84f583074c093b" candidate_uuid: "6e6fd2494be84f958e0d701215321b0a" candidate_term: 1 candidate_status { last_received { term: 0 index: 0 } } ignore_live_leader: false dest_uuid: "eebd88ee01ca4fe3a678cf6e91dc0ea6" is_pre_election: true
I20260713 09:10:12.519888 28183 leader_election.cc:290] T 6cadfd6f967a4e88b5e9490ee98f0642 P eebd88ee01ca4fe3a678cf6e91dc0ea6 [CANDIDATE]: Term 1 pre-election: Requested pre-vote from peers 6e6fd2494be84f958e0d701215321b0a (127.26.58.65:36613), 93ad23d21d4e4504b85bc1b26c49056b (127.26.58.66:35705)
I20260713 09:10:12.520263 27959 tablet_service.cc:1917] Received RequestConsensusVote() RPC: tablet_id: "6cadfd6f967a4e88b5e9490ee98f0642" candidate_uuid: "eebd88ee01ca4fe3a678cf6e91dc0ea6" candidate_term: 1 candidate_status { last_received { term: 0 index: 0 } } ignore_live_leader: false dest_uuid: "6e6fd2494be84f958e0d701215321b0a" is_pre_election: true
W20260713 09:10:12.524920 28072 leader_election.cc:343] T 6cadfd6f967a4e88b5e9490ee98f0642 P eebd88ee01ca4fe3a678cf6e91dc0ea6 [CANDIDATE]: Term 1 pre-election: Tablet error from VoteRequest() call to peer 6e6fd2494be84f958e0d701215321b0a (127.26.58.65:36613): Illegal state: must be running to vote when last-logged opid is not known
I20260713 09:10:12.525171 28148 raft_consensus.cc:359] T dab29928a9c1402397adfd24e299909a P 93ad23d21d4e4504b85bc1b26c49056b [term 0 FOLLOWER]: Replica starting. Triggering 0 pending ops. Active config: opid_index: -1 OBSOLETE_local: false peers { permanent_uuid: "6e6fd2494be84f958e0d701215321b0a" member_type: VOTER last_known_addr { host: "127.26.58.65" port: 36613 } } peers { permanent_uuid: "93ad23d21d4e4504b85bc1b26c49056b" member_type: VOTER last_known_addr { host: "127.26.58.66" port: 35705 } } peers { permanent_uuid: "eebd88ee01ca4fe3a678cf6e91dc0ea6" member_type: VOTER last_known_addr { host: "127.26.58.67" port: 36291 } }
I20260713 09:10:12.529363 28148 raft_consensus.cc:385] T dab29928a9c1402397adfd24e299909a P 93ad23d21d4e4504b85bc1b26c49056b [term 0 FOLLOWER]: Consensus starting up: Expiring failure detector timer to make a prompt election more likely
I20260713 09:10:12.529685 28148 raft_consensus.cc:740] T dab29928a9c1402397adfd24e299909a P 93ad23d21d4e4504b85bc1b26c49056b [term 0 FOLLOWER]: Becoming Follower/Learner. State: Replica: 93ad23d21d4e4504b85bc1b26c49056b, State: Initialized, Role: FOLLOWER
I20260713 09:10:12.530431 28148 consensus_queue.cc:260] T dab29928a9c1402397adfd24e299909a P 93ad23d21d4e4504b85bc1b26c49056b [NON_LEADER]: Queue going to NON_LEADER mode. State: All replicated index: 0, Majority replicated index: 0, Committed index: 0, Last appended: 0.0, Last appended by leader: 0, Current term: 0, Majority size: -1, State: 0, Mode: NON_LEADER, active raft config: opid_index: -1 OBSOLETE_local: false peers { permanent_uuid: "6e6fd2494be84f958e0d701215321b0a" member_type: VOTER last_known_addr { host: "127.26.58.65" port: 36613 } } peers { permanent_uuid: "93ad23d21d4e4504b85bc1b26c49056b" member_type: VOTER last_known_addr { host: "127.26.58.66" port: 35705 } } peers { permanent_uuid: "eebd88ee01ca4fe3a678cf6e91dc0ea6" member_type: VOTER last_known_addr { host: "127.26.58.67" port: 36291 } }
W20260713 09:10:12.531512 27905 auto_rebalancer.cc:288] Could not retrieve cluster info: Service unavailable: Tablet not running
I20260713 09:10:12.531932 28240 consensus_queue.cc:1048] T c51c0d2e0c9846f3907e5dddb72113cc P 6e6fd2494be84f958e0d701215321b0a [LEADER]: Connected to new peer: Peer: permanent_uuid: "93ad23d21d4e4504b85bc1b26c49056b" member_type: VOTER last_known_addr { host: "127.26.58.66" port: 35705 }, Status: LMP_MISMATCH, Last received: 0.0, Next index: 1, Last known committed idx: 0, Time since last communication: 0.001s
I20260713 09:10:12.533568 28148 ts_tablet_manager.cc:1434] T dab29928a9c1402397adfd24e299909a P 93ad23d21d4e4504b85bc1b26c49056b: Time spent starting tablet: real 0.023s	user 0.001s	sys 0.005s
I20260713 09:10:12.534448 28148 tablet_bootstrap.cc:492] T 6a28c1fb6dc34fcfbc69b82ebb283372 P 93ad23d21d4e4504b85bc1b26c49056b: Bootstrap starting.
I20260713 09:10:12.537814 28152 consensus_queue.cc:1048] T 2a814c423c8043f9adc39e43d362729c P 93ad23d21d4e4504b85bc1b26c49056b [LEADER]: Connected to new peer: Peer: permanent_uuid: "eebd88ee01ca4fe3a678cf6e91dc0ea6" member_type: VOTER last_known_addr { host: "127.26.58.67" port: 36291 }, Status: LMP_MISMATCH, Last received: 0.0, Next index: 1, Last known committed idx: 0, Time since last communication: 0.000s
I20260713 09:10:12.532878 28181 raft_consensus.cc:515] T f72d99a0284542e1991d143ea0eb12e5 P eebd88ee01ca4fe3a678cf6e91dc0ea6 [term 1 FOLLOWER]: Starting leader election with config: opid_index: -1 OBSOLETE_local: false peers { permanent_uuid: "6e6fd2494be84f958e0d701215321b0a" member_type: VOTER last_known_addr { host: "127.26.58.65" port: 36613 } } peers { permanent_uuid: "93ad23d21d4e4504b85bc1b26c49056b" member_type: VOTER last_known_addr { host: "127.26.58.66" port: 35705 } } peers { permanent_uuid: "eebd88ee01ca4fe3a678cf6e91dc0ea6" member_type: VOTER last_known_addr { host: "127.26.58.67" port: 36291 } }
I20260713 09:10:12.550729 28152 raft_consensus.cc:493] T dab29928a9c1402397adfd24e299909a P 93ad23d21d4e4504b85bc1b26c49056b [term 0 FOLLOWER]: Starting pre-election (no leader contacted us within the election timeout)
I20260713 09:10:12.558949 28032 tablet_service.cc:1917] Received RequestConsensusVote() RPC: tablet_id: "6cadfd6f967a4e88b5e9490ee98f0642" candidate_uuid: "eebd88ee01ca4fe3a678cf6e91dc0ea6" candidate_term: 1 candidate_status { last_received { term: 0 index: 0 } } ignore_live_leader: false dest_uuid: "93ad23d21d4e4504b85bc1b26c49056b" is_pre_election: true
I20260713 09:10:12.550169 28157 consensus_queue.cc:1048] T b70f6da91752486b87505aa6fe865ca2 P 6e6fd2494be84f958e0d701215321b0a [LEADER]: Connected to new peer: Peer: permanent_uuid: "93ad23d21d4e4504b85bc1b26c49056b" member_type: VOTER last_known_addr { host: "127.26.58.66" port: 35705 }, Status: LMP_MISMATCH, Last received: 0.0, Next index: 1, Last known committed idx: 0, Time since last communication: 0.009s
I20260713 09:10:12.559298 28152 raft_consensus.cc:515] T dab29928a9c1402397adfd24e299909a P 93ad23d21d4e4504b85bc1b26c49056b [term 0 FOLLOWER]: Starting pre-election with config: opid_index: -1 OBSOLETE_local: false peers { permanent_uuid: "6e6fd2494be84f958e0d701215321b0a" member_type: VOTER last_known_addr { host: "127.26.58.65" port: 36613 } } peers { permanent_uuid: "93ad23d21d4e4504b85bc1b26c49056b" member_type: VOTER last_known_addr { host: "127.26.58.66" port: 35705 } } peers { permanent_uuid: "eebd88ee01ca4fe3a678cf6e91dc0ea6" member_type: VOTER last_known_addr { host: "127.26.58.67" port: 36291 } }
I20260713 09:10:12.559549 28032 raft_consensus.cc:2468] T 6cadfd6f967a4e88b5e9490ee98f0642 P 93ad23d21d4e4504b85bc1b26c49056b [term 0 FOLLOWER]: Leader pre-election vote request: Granting yes vote for candidate eebd88ee01ca4fe3a678cf6e91dc0ea6 in term 0.
W20260713 09:10:12.561285 27922 leader_election.cc:343] T a52f975c94b34d75bd84f583074c093b P 6e6fd2494be84f958e0d701215321b0a [CANDIDATE]: Term 1 pre-election: Tablet error from VoteRequest() call to peer 93ad23d21d4e4504b85bc1b26c49056b (127.26.58.66:35705): Illegal state: must be running to vote when last-logged opid is not known
I20260713 09:10:12.563287 28196 consensus_queue.cc:1048] T 7dbed56ba1f14040aeeeaf48b9bd020f P 6e6fd2494be84f958e0d701215321b0a [LEADER]: Connected to new peer: Peer: permanent_uuid: "93ad23d21d4e4504b85bc1b26c49056b" member_type: VOTER last_known_addr { host: "127.26.58.66" port: 35705 }, Status: LMP_MISMATCH, Last received: 0.0, Next index: 1, Last known committed idx: 0, Time since last communication: 0.000s
I20260713 09:10:12.566882 28107 tablet_service.cc:1917] Received RequestConsensusVote() RPC: tablet_id: "dab29928a9c1402397adfd24e299909a" candidate_uuid: "93ad23d21d4e4504b85bc1b26c49056b" candidate_term: 1 candidate_status { last_received { term: 0 index: 0 } } ignore_live_leader: false dest_uuid: "eebd88ee01ca4fe3a678cf6e91dc0ea6" is_pre_election: true
W20260713 09:10:12.568276 27997 leader_election.cc:343] T dab29928a9c1402397adfd24e299909a P 93ad23d21d4e4504b85bc1b26c49056b [CANDIDATE]: Term 1 pre-election: Tablet error from VoteRequest() call to peer eebd88ee01ca4fe3a678cf6e91dc0ea6 (127.26.58.67:36291): Illegal state: must be running to vote when last-logged opid is not known
I20260713 09:10:12.569113 28149 tablet_bootstrap.cc:492] T a1544f4e0fdb4fc7862524214af0a4c2 P 6e6fd2494be84f958e0d701215321b0a: No bootstrap required, opened a new log
I20260713 09:10:12.569816 28149 ts_tablet_manager.cc:1403] T a1544f4e0fdb4fc7862524214af0a4c2 P 6e6fd2494be84f958e0d701215321b0a: Time spent bootstrapping tablet: real 0.120s	user 0.017s	sys 0.010s
I20260713 09:10:12.571264 28181 leader_election.cc:290] T f72d99a0284542e1991d143ea0eb12e5 P eebd88ee01ca4fe3a678cf6e91dc0ea6 [CANDIDATE]: Term 1 election: Requested vote from peers 6e6fd2494be84f958e0d701215321b0a (127.26.58.65:36613), 93ad23d21d4e4504b85bc1b26c49056b (127.26.58.66:35705)
I20260713 09:10:12.571961 28106 raft_consensus.cc:2393] T f72d99a0284542e1991d143ea0eb12e5 P eebd88ee01ca4fe3a678cf6e91dc0ea6 [term 1 FOLLOWER]: Leader election vote request: Denying vote to candidate 93ad23d21d4e4504b85bc1b26c49056b in current term 1: Already voted for candidate eebd88ee01ca4fe3a678cf6e91dc0ea6 in this term.
I20260713 09:10:12.571820 27857 catalog_manager.cc:5697] T ca8ff2a9268c4db7ad15f050511a592c P 93ad23d21d4e4504b85bc1b26c49056b reported cstate change: term changed from 0 to 1, leader changed from <none> to 93ad23d21d4e4504b85bc1b26c49056b (127.26.58.66). New cstate: current_term: 1 leader_uuid: "93ad23d21d4e4504b85bc1b26c49056b" committed_config { opid_index: -1 OBSOLETE_local: false peers { permanent_uuid: "6e6fd2494be84f958e0d701215321b0a" member_type: VOTER last_known_addr { host: "127.26.58.65" port: 36613 } health_report { overall_health: UNKNOWN } } peers { permanent_uuid: "93ad23d21d4e4504b85bc1b26c49056b" member_type: VOTER last_known_addr { host: "127.26.58.66" port: 35705 } health_report { overall_health: HEALTHY } } peers { permanent_uuid: "eebd88ee01ca4fe3a678cf6e91dc0ea6" member_type: VOTER last_known_addr { host: "127.26.58.67" port: 36291 } health_report { overall_health: UNKNOWN } } }
I20260713 09:10:12.573889 28071 leader_election.cc:304] T 6cadfd6f967a4e88b5e9490ee98f0642 P eebd88ee01ca4fe3a678cf6e91dc0ea6 [CANDIDATE]: Term 1 pre-election: Election decided. Result: candidate won. Election summary: received 3 responses out of 3 voters: 2 yes votes; 1 no votes. yes voters: 93ad23d21d4e4504b85bc1b26c49056b, eebd88ee01ca4fe3a678cf6e91dc0ea6; no voters: 6e6fd2494be84f958e0d701215321b0a
I20260713 09:10:12.574355 28152 leader_election.cc:290] T dab29928a9c1402397adfd24e299909a P 93ad23d21d4e4504b85bc1b26c49056b [CANDIDATE]: Term 1 pre-election: Requested pre-vote from peers 6e6fd2494be84f958e0d701215321b0a (127.26.58.65:36613), eebd88ee01ca4fe3a678cf6e91dc0ea6 (127.26.58.67:36291)
I20260713 09:10:12.576073 27957 tablet_service.cc:1917] Received RequestConsensusVote() RPC: tablet_id: "f72d99a0284542e1991d143ea0eb12e5" candidate_uuid: "eebd88ee01ca4fe3a678cf6e91dc0ea6" candidate_term: 1 candidate_status { last_received { term: 0 index: 0 } } ignore_live_leader: false dest_uuid: "6e6fd2494be84f958e0d701215321b0a"
I20260713 09:10:12.576833 27956 tablet_service.cc:1917] Received RequestConsensusVote() RPC: tablet_id: "dab29928a9c1402397adfd24e299909a" candidate_uuid: "93ad23d21d4e4504b85bc1b26c49056b" candidate_term: 1 candidate_status { last_received { term: 0 index: 0 } } ignore_live_leader: false dest_uuid: "6e6fd2494be84f958e0d701215321b0a" is_pre_election: true
W20260713 09:10:12.577805 27922 leader_election.cc:343] T a52f975c94b34d75bd84f583074c093b P 6e6fd2494be84f958e0d701215321b0a [CANDIDATE]: Term 1 pre-election: Tablet error from VoteRequest() call to peer eebd88ee01ca4fe3a678cf6e91dc0ea6 (127.26.58.67:36291): Illegal state: must be running to vote when last-logged opid is not known
I20260713 09:10:12.578130 27922 leader_election.cc:304] T a52f975c94b34d75bd84f583074c093b P 6e6fd2494be84f958e0d701215321b0a [CANDIDATE]: Term 1 pre-election: Election decided. Result: candidate lost. Election summary: received 3 responses out of 3 voters: 1 yes votes; 2 no votes. yes voters: 6e6fd2494be84f958e0d701215321b0a; no voters: 93ad23d21d4e4504b85bc1b26c49056b, eebd88ee01ca4fe3a678cf6e91dc0ea6
I20260713 09:10:12.579895 28217 raft_consensus.cc:493] T 81b5401f41a448938efc51baed811986 P 93ad23d21d4e4504b85bc1b26c49056b [term 0 FOLLOWER]: Starting pre-election (no leader contacted us within the election timeout)
I20260713 09:10:12.580502 28033 tablet_service.cc:1917] Received RequestConsensusVote() RPC: tablet_id: "f72d99a0284542e1991d143ea0eb12e5" candidate_uuid: "eebd88ee01ca4fe3a678cf6e91dc0ea6" candidate_term: 1 candidate_status { last_received { term: 0 index: 0 } } ignore_live_leader: false dest_uuid: "93ad23d21d4e4504b85bc1b26c49056b"
I20260713 09:10:12.580371 28217 raft_consensus.cc:515] T 81b5401f41a448938efc51baed811986 P 93ad23d21d4e4504b85bc1b26c49056b [term 0 FOLLOWER]: Starting pre-election with config: opid_index: -1 OBSOLETE_local: false peers { permanent_uuid: "6e6fd2494be84f958e0d701215321b0a" member_type: VOTER last_known_addr { host: "127.26.58.65" port: 36613 } } peers { permanent_uuid: "93ad23d21d4e4504b85bc1b26c49056b" member_type: VOTER last_known_addr { host: "127.26.58.66" port: 35705 } } peers { permanent_uuid: "eebd88ee01ca4fe3a678cf6e91dc0ea6" member_type: VOTER last_known_addr { host: "127.26.58.67" port: 36291 } }
