I20260713 09:10:15.893167 28735 ts_tablet_manager.cc:933] T 7a1d30c84da445849a4dad996fd87cd1 P b047023fdc104a55ab07b063a6f1d6f3: Initiating tablet copy from peer 26d055725fdf43a69f99c3258ca2aaad (127.26.135.129:34635)
I20260713 09:10:16.314344 28712 heartbeater.cc:499] Master 127.26.135.190:44877 was elected leader, sending a full tablet report...
I20260713 09:10:16.334447 28736 ts_tablet_manager.cc:933] T a8d7487ecd354dd8bf0307fe39297dc8 P b047023fdc104a55ab07b063a6f1d6f3: Initiating tablet copy from peer 26d055725fdf43a69f99c3258ca2aaad (127.26.135.129:34635)
I20260713 09:10:16.339495 28735 tablet_copy_client.cc:323] T 7a1d30c84da445849a4dad996fd87cd1 P b047023fdc104a55ab07b063a6f1d6f3: tablet copy: Beginning tablet copy session from remote peer at address 127.26.135.129:34635
I20260713 09:10:16.391229 28736 tablet_copy_client.cc:323] T a8d7487ecd354dd8bf0307fe39297dc8 P b047023fdc104a55ab07b063a6f1d6f3: tablet copy: Beginning tablet copy session from remote peer at address 127.26.135.129:34635
I20260713 09:10:16.644289 28749 ts_tablet_manager.cc:933] T b885270ef33a4141b412e1882488f3d1 P b047023fdc104a55ab07b063a6f1d6f3: Initiating tablet copy from peer 3fd7864c1de647f6b0e088a07fe4b0b5 (127.26.135.130:39321)
I20260713 09:10:16.645501 28751 ts_tablet_manager.cc:933] T 0e937af62c444165a41b02cc5839d3bc P b047023fdc104a55ab07b063a6f1d6f3: Initiating tablet copy from peer 3fd7864c1de647f6b0e088a07fe4b0b5 (127.26.135.130:39321)
I20260713 09:10:16.652456 28749 tablet_copy_client.cc:323] T b885270ef33a4141b412e1882488f3d1 P b047023fdc104a55ab07b063a6f1d6f3: tablet copy: Beginning tablet copy session from remote peer at address 127.26.135.130:39321
I20260713 09:10:16.669955 28751 tablet_copy_client.cc:323] T 0e937af62c444165a41b02cc5839d3bc P b047023fdc104a55ab07b063a6f1d6f3: tablet copy: Beginning tablet copy session from remote peer at address 127.26.135.130:39321
I20260713 09:10:16.681258 28277 tablet_copy_service.cc:140] P 26d055725fdf43a69f99c3258ca2aaad: Received BeginTabletCopySession request for tablet 7a1d30c84da445849a4dad996fd87cd1 from peer b047023fdc104a55ab07b063a6f1d6f3 ({username='slave'} at 127.0.0.1:39480)
I20260713 09:10:16.681856 28277 tablet_copy_service.cc:161] P 26d055725fdf43a69f99c3258ca2aaad: Beginning new tablet copy session on tablet 7a1d30c84da445849a4dad996fd87cd1 from peer b047023fdc104a55ab07b063a6f1d6f3 at {username='slave'} at 127.0.0.1:39480: session id = b047023fdc104a55ab07b063a6f1d6f3-7a1d30c84da445849a4dad996fd87cd1
I20260713 09:10:16.682884 28276 tablet_copy_service.cc:140] P 26d055725fdf43a69f99c3258ca2aaad: Received BeginTabletCopySession request for tablet a8d7487ecd354dd8bf0307fe39297dc8 from peer b047023fdc104a55ab07b063a6f1d6f3 ({username='slave'} at 127.0.0.1:39480)
I20260713 09:10:16.683425 28276 tablet_copy_service.cc:161] P 26d055725fdf43a69f99c3258ca2aaad: Beginning new tablet copy session on tablet a8d7487ecd354dd8bf0307fe39297dc8 from peer b047023fdc104a55ab07b063a6f1d6f3 at {username='slave'} at 127.0.0.1:39480: session id = b047023fdc104a55ab07b063a6f1d6f3-a8d7487ecd354dd8bf0307fe39297dc8
I20260713 09:10:16.691550 28276 tablet_copy_source_session.cc:215] T a8d7487ecd354dd8bf0307fe39297dc8 P 26d055725fdf43a69f99c3258ca2aaad: Tablet Copy: opened 0 blocks and 1 log segments
I20260713 09:10:16.694763 28277 tablet_copy_source_session.cc:215] T 7a1d30c84da445849a4dad996fd87cd1 P 26d055725fdf43a69f99c3258ca2aaad: Tablet Copy: opened 0 blocks and 1 log segments
I20260713 09:10:16.695463 28736 data_dirs.cc:400] Could only allocate 1 dirs of requested 3 for tablet a8d7487ecd354dd8bf0307fe39297dc8. 1 dirs total, 0 dirs full, 0 dirs failed
I20260713 09:10:16.709208 28735 data_dirs.cc:400] Could only allocate 1 dirs of requested 3 for tablet 7a1d30c84da445849a4dad996fd87cd1. 1 dirs total, 0 dirs full, 0 dirs failed
I20260713 09:10:16.717805 28736 tablet_copy_client.cc:806] T a8d7487ecd354dd8bf0307fe39297dc8 P b047023fdc104a55ab07b063a6f1d6f3: tablet copy: Starting download of 0 data blocks...
I20260713 09:10:16.718678 28736 tablet_copy_client.cc:670] T a8d7487ecd354dd8bf0307fe39297dc8 P b047023fdc104a55ab07b063a6f1d6f3: tablet copy: Starting download of 1 WAL segments...
I20260713 09:10:16.726315 28735 tablet_copy_client.cc:806] T 7a1d30c84da445849a4dad996fd87cd1 P b047023fdc104a55ab07b063a6f1d6f3: tablet copy: Starting download of 0 data blocks...
I20260713 09:10:16.727028 28735 tablet_copy_client.cc:670] T 7a1d30c84da445849a4dad996fd87cd1 P b047023fdc104a55ab07b063a6f1d6f3: tablet copy: Starting download of 1 WAL segments...
I20260713 09:10:16.733901 28735 tablet_copy_client.cc:538] T 7a1d30c84da445849a4dad996fd87cd1 P b047023fdc104a55ab07b063a6f1d6f3: tablet copy: Tablet Copy complete. Replacing tablet superblock.
I20260713 09:10:16.741618 28736 tablet_copy_client.cc:538] T a8d7487ecd354dd8bf0307fe39297dc8 P b047023fdc104a55ab07b063a6f1d6f3: tablet copy: Tablet Copy complete. Replacing tablet superblock.
I20260713 09:10:16.743752 28351 tablet_copy_service.cc:140] P 3fd7864c1de647f6b0e088a07fe4b0b5: Received BeginTabletCopySession request for tablet 0e937af62c444165a41b02cc5839d3bc from peer b047023fdc104a55ab07b063a6f1d6f3 ({username='slave'} at 127.0.0.1:35804)
I20260713 09:10:16.744112 28352 tablet_copy_service.cc:140] P 3fd7864c1de647f6b0e088a07fe4b0b5: Received BeginTabletCopySession request for tablet b885270ef33a4141b412e1882488f3d1 from peer b047023fdc104a55ab07b063a6f1d6f3 ({username='slave'} at 127.0.0.1:35804)
I20260713 09:10:16.744289 28351 tablet_copy_service.cc:161] P 3fd7864c1de647f6b0e088a07fe4b0b5: Beginning new tablet copy session on tablet 0e937af62c444165a41b02cc5839d3bc from peer b047023fdc104a55ab07b063a6f1d6f3 at {username='slave'} at 127.0.0.1:35804: session id = b047023fdc104a55ab07b063a6f1d6f3-0e937af62c444165a41b02cc5839d3bc
I20260713 09:10:16.744989 28352 tablet_copy_service.cc:161] P 3fd7864c1de647f6b0e088a07fe4b0b5: Beginning new tablet copy session on tablet b885270ef33a4141b412e1882488f3d1 from peer b047023fdc104a55ab07b063a6f1d6f3 at {username='slave'} at 127.0.0.1:35804: session id = b047023fdc104a55ab07b063a6f1d6f3-b885270ef33a4141b412e1882488f3d1
I20260713 09:10:16.752094 28352 tablet_copy_source_session.cc:215] T b885270ef33a4141b412e1882488f3d1 P 3fd7864c1de647f6b0e088a07fe4b0b5: Tablet Copy: opened 0 blocks and 1 log segments
I20260713 09:10:16.752245 28351 tablet_copy_source_session.cc:215] T 0e937af62c444165a41b02cc5839d3bc P 3fd7864c1de647f6b0e088a07fe4b0b5: Tablet Copy: opened 0 blocks and 1 log segments
I20260713 09:10:16.756042 28749 data_dirs.cc:400] Could only allocate 1 dirs of requested 3 for tablet b885270ef33a4141b412e1882488f3d1. 1 dirs total, 0 dirs full, 0 dirs failed
I20260713 09:10:16.756575 28751 data_dirs.cc:400] Could only allocate 1 dirs of requested 3 for tablet 0e937af62c444165a41b02cc5839d3bc. 1 dirs total, 0 dirs full, 0 dirs failed
I20260713 09:10:16.764751 28735 tablet_bootstrap.cc:492] T 7a1d30c84da445849a4dad996fd87cd1 P b047023fdc104a55ab07b063a6f1d6f3: Bootstrap starting.
I20260713 09:10:16.771000 28751 tablet_copy_client.cc:806] T 0e937af62c444165a41b02cc5839d3bc P b047023fdc104a55ab07b063a6f1d6f3: tablet copy: Starting download of 0 data blocks...
I20260713 09:10:16.771579 28751 tablet_copy_client.cc:670] T 0e937af62c444165a41b02cc5839d3bc P b047023fdc104a55ab07b063a6f1d6f3: tablet copy: Starting download of 1 WAL segments...
I20260713 09:10:16.772607 28736 tablet_bootstrap.cc:492] T a8d7487ecd354dd8bf0307fe39297dc8 P b047023fdc104a55ab07b063a6f1d6f3: Bootstrap starting.
W20260713 09:10:16.778129 28686 thread.cc:641] tablet-copy [worker] (thread pool) Time spent creating pthread: real 0.891s	user 0.010s	sys 0.011s
W20260713 09:10:16.778445 28686 thread.cc:608] tablet-copy [worker] (thread pool) Time spent starting thread: real 0.892s	user 0.010s	sys 0.011s
I20260713 09:10:16.779094 28751 tablet_copy_client.cc:538] T 0e937af62c444165a41b02cc5839d3bc P b047023fdc104a55ab07b063a6f1d6f3: tablet copy: Tablet Copy complete. Replacing tablet superblock.
I20260713 09:10:16.782987 28749 tablet_copy_client.cc:806] T b885270ef33a4141b412e1882488f3d1 P b047023fdc104a55ab07b063a6f1d6f3: tablet copy: Starting download of 0 data blocks...
I20260713 09:10:16.783536 28749 tablet_copy_client.cc:670] T b885270ef33a4141b412e1882488f3d1 P b047023fdc104a55ab07b063a6f1d6f3: tablet copy: Starting download of 1 WAL segments...
I20260713 09:10:16.790369 28751 tablet_bootstrap.cc:492] T 0e937af62c444165a41b02cc5839d3bc P b047023fdc104a55ab07b063a6f1d6f3: Bootstrap starting.
I20260713 09:10:16.790972 28749 tablet_copy_client.cc:538] T b885270ef33a4141b412e1882488f3d1 P b047023fdc104a55ab07b063a6f1d6f3: tablet copy: Tablet Copy complete. Replacing tablet superblock.
I20260713 09:10:16.798658 28749 tablet_bootstrap.cc:492] T b885270ef33a4141b412e1882488f3d1 P b047023fdc104a55ab07b063a6f1d6f3: Bootstrap starting.
I20260713 09:10:16.837000 28735 tablet_bootstrap.cc:492] T 7a1d30c84da445849a4dad996fd87cd1 P b047023fdc104a55ab07b063a6f1d6f3: Bootstrap replayed 1/1 log segments. Stats: ops{read=2 overwritten=0 applied=2 ignored=0} inserts{seen=0 ignored=0} mutations{seen=0 ignored=0} orphaned_commits=0. Pending: 0 replicates
I20260713 09:10:16.839129 28735 tablet_bootstrap.cc:492] T 7a1d30c84da445849a4dad996fd87cd1 P b047023fdc104a55ab07b063a6f1d6f3: Bootstrap complete.
I20260713 09:10:16.841377 28735 ts_tablet_manager.cc:1403] T 7a1d30c84da445849a4dad996fd87cd1 P b047023fdc104a55ab07b063a6f1d6f3: Time spent bootstrapping tablet: real 0.077s	user 0.017s	sys 0.009s
I20260713 09:10:16.838831 28736 tablet_bootstrap.cc:492] T a8d7487ecd354dd8bf0307fe39297dc8 P b047023fdc104a55ab07b063a6f1d6f3: Bootstrap replayed 1/1 log segments. Stats: ops{read=2 overwritten=0 applied=2 ignored=0} inserts{seen=0 ignored=0} mutations{seen=0 ignored=0} orphaned_commits=0. Pending: 0 replicates
I20260713 09:10:16.844352 28735 raft_consensus.cc:359] T 7a1d30c84da445849a4dad996fd87cd1 P b047023fdc104a55ab07b063a6f1d6f3 [term 1 LEARNER]: Replica starting. Triggering 0 pending ops. Active config: opid_index: 2 OBSOLETE_local: false peers { permanent_uuid: "26d055725fdf43a69f99c3258ca2aaad" member_type: VOTER last_known_addr { host: "127.26.135.129" port: 34635 } } peers { permanent_uuid: "3fd7864c1de647f6b0e088a07fe4b0b5" member_type: VOTER last_known_addr { host: "127.26.135.130" port: 39321 } } peers { permanent_uuid: "f2a0462995c447c28bf19a28589217d1" member_type: VOTER last_known_addr { host: "127.26.135.131" port: 34037 } attrs { replace: true } } peers { permanent_uuid: "b047023fdc104a55ab07b063a6f1d6f3" member_type: NON_VOTER last_known_addr { host: "127.26.135.132" port: 45021 } attrs { promote: true } }
I20260713 09:10:16.845345 28735 raft_consensus.cc:740] T 7a1d30c84da445849a4dad996fd87cd1 P b047023fdc104a55ab07b063a6f1d6f3 [term 1 LEARNER]: Becoming Follower/Learner. State: Replica: b047023fdc104a55ab07b063a6f1d6f3, State: Initialized, Role: LEARNER
I20260713 09:10:16.845769 28736 tablet_bootstrap.cc:492] T a8d7487ecd354dd8bf0307fe39297dc8 P b047023fdc104a55ab07b063a6f1d6f3: Bootstrap complete.
I20260713 09:10:16.846436 28736 ts_tablet_manager.cc:1403] T a8d7487ecd354dd8bf0307fe39297dc8 P b047023fdc104a55ab07b063a6f1d6f3: Time spent bootstrapping tablet: real 0.074s	user 0.019s	sys 0.005s
I20260713 09:10:16.846124 28735 consensus_queue.cc:260] T 7a1d30c84da445849a4dad996fd87cd1 P b047023fdc104a55ab07b063a6f1d6f3 [NON_LEADER]: Queue going to NON_LEADER mode. State: All replicated index: 0, Majority replicated index: 0, Committed index: 2, Last appended: 1.2, Last appended by leader: 2, Current term: 0, Majority size: -1, State: 0, Mode: NON_LEADER, active raft config: opid_index: 2 OBSOLETE_local: false peers { permanent_uuid: "26d055725fdf43a69f99c3258ca2aaad" member_type: VOTER last_known_addr { host: "127.26.135.129" port: 34635 } } peers { permanent_uuid: "3fd7864c1de647f6b0e088a07fe4b0b5" member_type: VOTER last_known_addr { host: "127.26.135.130" port: 39321 } } peers { permanent_uuid: "f2a0462995c447c28bf19a28589217d1" member_type: VOTER last_known_addr { host: "127.26.135.131" port: 34037 } attrs { replace: true } } peers { permanent_uuid: "b047023fdc104a55ab07b063a6f1d6f3" member_type: NON_VOTER last_known_addr { host: "127.26.135.132" port: 45021 } attrs { promote: true } }
I20260713 09:10:16.849510 28736 raft_consensus.cc:359] T a8d7487ecd354dd8bf0307fe39297dc8 P b047023fdc104a55ab07b063a6f1d6f3 [term 1 LEARNER]: Replica starting. Triggering 0 pending ops. Active config: opid_index: 2 OBSOLETE_local: false peers { permanent_uuid: "26d055725fdf43a69f99c3258ca2aaad" member_type: VOTER last_known_addr { host: "127.26.135.129" port: 34635 } } peers { permanent_uuid: "3fd7864c1de647f6b0e088a07fe4b0b5" member_type: VOTER last_known_addr { host: "127.26.135.130" port: 39321 } attrs { replace: true } } peers { permanent_uuid: "f2a0462995c447c28bf19a28589217d1" member_type: VOTER last_known_addr { host: "127.26.135.131" port: 34037 } } peers { permanent_uuid: "b047023fdc104a55ab07b063a6f1d6f3" member_type: NON_VOTER last_known_addr { host: "127.26.135.132" port: 45021 } attrs { promote: true } }
I20260713 09:10:16.850329 28736 raft_consensus.cc:740] T a8d7487ecd354dd8bf0307fe39297dc8 P b047023fdc104a55ab07b063a6f1d6f3 [term 1 LEARNER]: Becoming Follower/Learner. State: Replica: b047023fdc104a55ab07b063a6f1d6f3, State: Initialized, Role: LEARNER
I20260713 09:10:16.850939 28736 consensus_queue.cc:260] T a8d7487ecd354dd8bf0307fe39297dc8 P b047023fdc104a55ab07b063a6f1d6f3 [NON_LEADER]: Queue going to NON_LEADER mode. State: All replicated index: 0, Majority replicated index: 0, Committed index: 2, Last appended: 1.2, Last appended by leader: 2, Current term: 0, Majority size: -1, State: 0, Mode: NON_LEADER, active raft config: opid_index: 2 OBSOLETE_local: false peers { permanent_uuid: "26d055725fdf43a69f99c3258ca2aaad" member_type: VOTER last_known_addr { host: "127.26.135.129" port: 34635 } } peers { permanent_uuid: "3fd7864c1de647f6b0e088a07fe4b0b5" member_type: VOTER last_known_addr { host: "127.26.135.130" port: 39321 } attrs { replace: true } } peers { permanent_uuid: "f2a0462995c447c28bf19a28589217d1" member_type: VOTER last_known_addr { host: "127.26.135.131" port: 34037 } } peers { permanent_uuid: "b047023fdc104a55ab07b063a6f1d6f3" member_type: NON_VOTER last_known_addr { host: "127.26.135.132" port: 45021 } attrs { promote: true } }
I20260713 09:10:16.852078 28751 tablet_bootstrap.cc:492] T 0e937af62c444165a41b02cc5839d3bc P b047023fdc104a55ab07b063a6f1d6f3: Bootstrap replayed 1/1 log segments. Stats: ops{read=2 overwritten=0 applied=2 ignored=0} inserts{seen=0 ignored=0} mutations{seen=0 ignored=0} orphaned_commits=0. Pending: 0 replicates
I20260713 09:10:16.852429 28749 tablet_bootstrap.cc:492] T b885270ef33a4141b412e1882488f3d1 P b047023fdc104a55ab07b063a6f1d6f3: Bootstrap replayed 1/1 log segments. Stats: ops{read=2 overwritten=0 applied=2 ignored=0} inserts{seen=0 ignored=0} mutations{seen=0 ignored=0} orphaned_commits=0. Pending: 0 replicates
I20260713 09:10:16.853082 28751 tablet_bootstrap.cc:492] T 0e937af62c444165a41b02cc5839d3bc P b047023fdc104a55ab07b063a6f1d6f3: Bootstrap complete.
I20260713 09:10:16.853298 28749 tablet_bootstrap.cc:492] T b885270ef33a4141b412e1882488f3d1 P b047023fdc104a55ab07b063a6f1d6f3: Bootstrap complete.
I20260713 09:10:16.854028 28749 ts_tablet_manager.cc:1403] T b885270ef33a4141b412e1882488f3d1 P b047023fdc104a55ab07b063a6f1d6f3: Time spent bootstrapping tablet: real 0.056s	user 0.025s	sys 0.012s
I20260713 09:10:16.856184 28735 ts_tablet_manager.cc:1434] T 7a1d30c84da445849a4dad996fd87cd1 P b047023fdc104a55ab07b063a6f1d6f3: Time spent starting tablet: real 0.014s	user 0.012s	sys 0.000s
I20260713 09:10:16.856932 28749 raft_consensus.cc:359] T b885270ef33a4141b412e1882488f3d1 P b047023fdc104a55ab07b063a6f1d6f3 [term 1 LEARNER]: Replica starting. Triggering 0 pending ops. Active config: opid_index: 2 OBSOLETE_local: false peers { permanent_uuid: "26d055725fdf43a69f99c3258ca2aaad" member_type: VOTER last_known_addr { host: "127.26.135.129" port: 34635 } } peers { permanent_uuid: "3fd7864c1de647f6b0e088a07fe4b0b5" member_type: VOTER last_known_addr { host: "127.26.135.130" port: 39321 } } peers { permanent_uuid: "f2a0462995c447c28bf19a28589217d1" member_type: VOTER last_known_addr { host: "127.26.135.131" port: 34037 } attrs { replace: true } } peers { permanent_uuid: "b047023fdc104a55ab07b063a6f1d6f3" member_type: NON_VOTER last_known_addr { host: "127.26.135.132" port: 45021 } attrs { promote: true } }
I20260713 09:10:16.857784 28749 raft_consensus.cc:740] T b885270ef33a4141b412e1882488f3d1 P b047023fdc104a55ab07b063a6f1d6f3 [term 1 LEARNER]: Becoming Follower/Learner. State: Replica: b047023fdc104a55ab07b063a6f1d6f3, State: Initialized, Role: LEARNER
I20260713 09:10:16.858448 28749 consensus_queue.cc:260] T b885270ef33a4141b412e1882488f3d1 P b047023fdc104a55ab07b063a6f1d6f3 [NON_LEADER]: Queue going to NON_LEADER mode. State: All replicated index: 0, Majority replicated index: 0, Committed index: 2, Last appended: 1.2, Last appended by leader: 2, Current term: 0, Majority size: -1, State: 0, Mode: NON_LEADER, active raft config: opid_index: 2 OBSOLETE_local: false peers { permanent_uuid: "26d055725fdf43a69f99c3258ca2aaad" member_type: VOTER last_known_addr { host: "127.26.135.129" port: 34635 } } peers { permanent_uuid: "3fd7864c1de647f6b0e088a07fe4b0b5" member_type: VOTER last_known_addr { host: "127.26.135.130" port: 39321 } } peers { permanent_uuid: "f2a0462995c447c28bf19a28589217d1" member_type: VOTER last_known_addr { host: "127.26.135.131" port: 34037 } attrs { replace: true } } peers { permanent_uuid: "b047023fdc104a55ab07b063a6f1d6f3" member_type: NON_VOTER last_known_addr { host: "127.26.135.132" port: 45021 } attrs { promote: true } }
I20260713 09:10:16.862854 28277 tablet_copy_service.cc:342] P 26d055725fdf43a69f99c3258ca2aaad: Request end of tablet copy session b047023fdc104a55ab07b063a6f1d6f3-7a1d30c84da445849a4dad996fd87cd1 received from {username='slave'} at 127.0.0.1:39480
I20260713 09:10:16.870106 28277 tablet_copy_service.cc:434] P 26d055725fdf43a69f99c3258ca2aaad: ending tablet copy session b047023fdc104a55ab07b063a6f1d6f3-7a1d30c84da445849a4dad996fd87cd1 on tablet 7a1d30c84da445849a4dad996fd87cd1 with peer b047023fdc104a55ab07b063a6f1d6f3
I20260713 09:10:16.868101 28749 ts_tablet_manager.cc:1434] T b885270ef33a4141b412e1882488f3d1 P b047023fdc104a55ab07b063a6f1d6f3: Time spent starting tablet: real 0.014s	user 0.009s	sys 0.002s
I20260713 09:10:16.884250 28751 ts_tablet_manager.cc:1403] T 0e937af62c444165a41b02cc5839d3bc P b047023fdc104a55ab07b063a6f1d6f3: Time spent bootstrapping tablet: real 0.094s	user 0.034s	sys 0.034s
I20260713 09:10:16.886484 28351 tablet_copy_service.cc:342] P 3fd7864c1de647f6b0e088a07fe4b0b5: Request end of tablet copy session b047023fdc104a55ab07b063a6f1d6f3-b885270ef33a4141b412e1882488f3d1 received from {username='slave'} at 127.0.0.1:35804
I20260713 09:10:16.886945 28351 tablet_copy_service.cc:434] P 3fd7864c1de647f6b0e088a07fe4b0b5: ending tablet copy session b047023fdc104a55ab07b063a6f1d6f3-b885270ef33a4141b412e1882488f3d1 on tablet b885270ef33a4141b412e1882488f3d1 with peer b047023fdc104a55ab07b063a6f1d6f3
I20260713 09:10:16.887228 28751 raft_consensus.cc:359] T 0e937af62c444165a41b02cc5839d3bc P b047023fdc104a55ab07b063a6f1d6f3 [term 1 LEARNER]: Replica starting. Triggering 0 pending ops. Active config: opid_index: 2 OBSOLETE_local: false peers { permanent_uuid: "26d055725fdf43a69f99c3258ca2aaad" member_type: VOTER last_known_addr { host: "127.26.135.129" port: 34635 } attrs { replace: true } } peers { permanent_uuid: "3fd7864c1de647f6b0e088a07fe4b0b5" member_type: VOTER last_known_addr { host: "127.26.135.130" port: 39321 } } peers { permanent_uuid: "f2a0462995c447c28bf19a28589217d1" member_type: VOTER last_known_addr { host: "127.26.135.131" port: 34037 } } peers { permanent_uuid: "b047023fdc104a55ab07b063a6f1d6f3" member_type: NON_VOTER last_known_addr { host: "127.26.135.132" port: 45021 } attrs { promote: true } }
I20260713 09:10:16.888494 28751 raft_consensus.cc:740] T 0e937af62c444165a41b02cc5839d3bc P b047023fdc104a55ab07b063a6f1d6f3 [term 1 LEARNER]: Becoming Follower/Learner. State: Replica: b047023fdc104a55ab07b063a6f1d6f3, State: Initialized, Role: LEARNER
I20260713 09:10:16.889034 28751 consensus_queue.cc:260] T 0e937af62c444165a41b02cc5839d3bc P b047023fdc104a55ab07b063a6f1d6f3 [NON_LEADER]: Queue going to NON_LEADER mode. State: All replicated index: 0, Majority replicated index: 0, Committed index: 2, Last appended: 1.2, Last appended by leader: 2, Current term: 0, Majority size: -1, State: 0, Mode: NON_LEADER, active raft config: opid_index: 2 OBSOLETE_local: false peers { permanent_uuid: "26d055725fdf43a69f99c3258ca2aaad" member_type: VOTER last_known_addr { host: "127.26.135.129" port: 34635 } attrs { replace: true } } peers { permanent_uuid: "3fd7864c1de647f6b0e088a07fe4b0b5" member_type: VOTER last_known_addr { host: "127.26.135.130" port: 39321 } } peers { permanent_uuid: "f2a0462995c447c28bf19a28589217d1" member_type: VOTER last_known_addr { host: "127.26.135.131" port: 34037 } } peers { permanent_uuid: "b047023fdc104a55ab07b063a6f1d6f3" member_type: NON_VOTER last_known_addr { host: "127.26.135.132" port: 45021 } attrs { promote: true } }
I20260713 09:10:16.892086 28736 ts_tablet_manager.cc:1434] T a8d7487ecd354dd8bf0307fe39297dc8 P b047023fdc104a55ab07b063a6f1d6f3: Time spent starting tablet: real 0.045s	user 0.010s	sys 0.008s
I20260713 09:10:16.893455 28751 ts_tablet_manager.cc:1434] T 0e937af62c444165a41b02cc5839d3bc P b047023fdc104a55ab07b063a6f1d6f3: Time spent starting tablet: real 0.009s	user 0.000s	sys 0.006s
I20260713 09:10:16.893787 28277 tablet_copy_service.cc:342] P 26d055725fdf43a69f99c3258ca2aaad: Request end of tablet copy session b047023fdc104a55ab07b063a6f1d6f3-a8d7487ecd354dd8bf0307fe39297dc8 received from {username='slave'} at 127.0.0.1:39480
I20260713 09:10:16.894217 28277 tablet_copy_service.cc:434] P 26d055725fdf43a69f99c3258ca2aaad: ending tablet copy session b047023fdc104a55ab07b063a6f1d6f3-a8d7487ecd354dd8bf0307fe39297dc8 on tablet a8d7487ecd354dd8bf0307fe39297dc8 with peer b047023fdc104a55ab07b063a6f1d6f3
I20260713 09:10:16.898320 28686 raft_consensus.cc:1217] T 7a1d30c84da445849a4dad996fd87cd1 P b047023fdc104a55ab07b063a6f1d6f3 [term 1 LEARNER]: Deduplicated request from leader. Original: 1.1->[1.2-1.2]   Dedup: 1.2->[]
I20260713 09:10:16.901976 28351 tablet_copy_service.cc:342] P 3fd7864c1de647f6b0e088a07fe4b0b5: Request end of tablet copy session b047023fdc104a55ab07b063a6f1d6f3-0e937af62c444165a41b02cc5839d3bc received from {username='slave'} at 127.0.0.1:35804
I20260713 09:10:16.902312 28351 tablet_copy_service.cc:434] P 3fd7864c1de647f6b0e088a07fe4b0b5: ending tablet copy session b047023fdc104a55ab07b063a6f1d6f3-0e937af62c444165a41b02cc5839d3bc on tablet 0e937af62c444165a41b02cc5839d3bc with peer b047023fdc104a55ab07b063a6f1d6f3
I20260713 09:10:16.990265 28686 raft_consensus.cc:1217] T a8d7487ecd354dd8bf0307fe39297dc8 P b047023fdc104a55ab07b063a6f1d6f3 [term 1 LEARNER]: Deduplicated request from leader. Original: 1.1->[1.2-1.2]   Dedup: 1.2->[]
W20260713 09:10:17.046589 28363 debug-util.cc:398] Leaking SignalData structure 0x7b08000e0340 after lost signal to thread 27169
W20260713 09:10:17.048089 28363 debug-util.cc:398] Leaking SignalData structure 0x7b08000bf9a0 after lost signal to thread 28199
W20260713 09:10:17.052376 28363 debug-util.cc:398] Leaking SignalData structure 0x7b080027ca80 after lost signal to thread 28440
W20260713 09:10:17.053906 28363 debug-util.cc:398] Leaking SignalData structure 0x7b0800277fa0 after lost signal to thread 28711
I20260713 09:10:17.129715 28686 raft_consensus.cc:1217] T 0e937af62c444165a41b02cc5839d3bc P b047023fdc104a55ab07b063a6f1d6f3 [term 1 LEARNER]: Deduplicated request from leader. Original: 1.1->[1.2-1.2]   Dedup: 1.2->[]
I20260713 09:10:17.164857 28686 raft_consensus.cc:1217] T b885270ef33a4141b412e1882488f3d1 P b047023fdc104a55ab07b063a6f1d6f3 [term 1 LEARNER]: Deduplicated request from leader. Original: 1.1->[1.2-1.2]   Dedup: 1.2->[]
W20260713 09:10:17.200309 27171 debug-util.cc:398] Leaking SignalData structure 0x7b080000f940 after lost signal to thread 28686
I20260713 09:10:17.332862 28555 raft_consensus.cc:1064] T 7a1d30c84da445849a4dad996fd87cd1 P 26d055725fdf43a69f99c3258ca2aaad: attempting to promote NON_VOTER b047023fdc104a55ab07b063a6f1d6f3 to VOTER
I20260713 09:10:17.335642 28555 consensus_queue.cc:237] T 7a1d30c84da445849a4dad996fd87cd1 P 26d055725fdf43a69f99c3258ca2aaad [LEADER]: Queue going to LEADER mode. State: All replicated index: 0, Majority replicated index: 2, Committed index: 2, Last appended: 1.2, Last appended by leader: 0, Current term: 1, Majority size: 3, State: 0, Mode: LEADER, active raft config: opid_index: 3 OBSOLETE_local: false peers { permanent_uuid: "26d055725fdf43a69f99c3258ca2aaad" member_type: VOTER last_known_addr { host: "127.26.135.129" port: 34635 } } peers { permanent_uuid: "3fd7864c1de647f6b0e088a07fe4b0b5" member_type: VOTER last_known_addr { host: "127.26.135.130" port: 39321 } } peers { permanent_uuid: "f2a0462995c447c28bf19a28589217d1" member_type: VOTER last_known_addr { host: "127.26.135.131" port: 34037 } attrs { replace: true } } peers { permanent_uuid: "b047023fdc104a55ab07b063a6f1d6f3" member_type: VOTER last_known_addr { host: "127.26.135.132" port: 45021 } attrs { promote: false } }
I20260713 09:10:17.341938 28410 raft_consensus.cc:1275] T 7a1d30c84da445849a4dad996fd87cd1 P f2a0462995c447c28bf19a28589217d1 [term 1 FOLLOWER]: Refusing update from remote peer 26d055725fdf43a69f99c3258ca2aaad: Log matching property violated. Preceding OpId in replica: term: 1 index: 2. Preceding OpId from leader: term: 1 index: 3. (index mismatch)
I20260713 09:10:17.343396 28756 consensus_queue.cc:1048] T 7a1d30c84da445849a4dad996fd87cd1 P 26d055725fdf43a69f99c3258ca2aaad [LEADER]: Connected to new peer: Peer: permanent_uuid: "f2a0462995c447c28bf19a28589217d1" member_type: VOTER last_known_addr { host: "127.26.135.131" port: 34037 } attrs { replace: true }, Status: LMP_MISMATCH, Last received: 0.0, Next index: 3, Last known committed idx: 2, Time since last communication: 0.001s
I20260713 09:10:17.344718 28686 raft_consensus.cc:1275] T 7a1d30c84da445849a4dad996fd87cd1 P b047023fdc104a55ab07b063a6f1d6f3 [term 1 LEARNER]: Refusing update from remote peer 26d055725fdf43a69f99c3258ca2aaad: Log matching property violated. Preceding OpId in replica: term: 1 index: 2. Preceding OpId from leader: term: 1 index: 3. (index mismatch)
I20260713 09:10:17.346215 28756 consensus_queue.cc:1048] T 7a1d30c84da445849a4dad996fd87cd1 P 26d055725fdf43a69f99c3258ca2aaad [LEADER]: Connected to new peer: Peer: permanent_uuid: "b047023fdc104a55ab07b063a6f1d6f3" member_type: VOTER last_known_addr { host: "127.26.135.132" port: 45021 } attrs { promote: false }, Status: LMP_MISMATCH, Last received: 0.0, Next index: 3, Last known committed idx: 2, Time since last communication: 0.000s
I20260713 09:10:17.361548 28335 raft_consensus.cc:1275] T 7a1d30c84da445849a4dad996fd87cd1 P 3fd7864c1de647f6b0e088a07fe4b0b5 [term 1 FOLLOWER]: Refusing update from remote peer 26d055725fdf43a69f99c3258ca2aaad: Log matching property violated. Preceding OpId in replica: term: 1 index: 2. Preceding OpId from leader: term: 1 index: 3. (index mismatch)
I20260713 09:10:17.360906 28756 raft_consensus.cc:2955] T 7a1d30c84da445849a4dad996fd87cd1 P 26d055725fdf43a69f99c3258ca2aaad [term 1 LEADER]: Committing config change with OpId 1.3: config changed from index 2 to 3, b047023fdc104a55ab07b063a6f1d6f3 (127.26.135.132) changed from NON_VOTER to VOTER. New config: { opid_index: 3 OBSOLETE_local: false peers { permanent_uuid: "26d055725fdf43a69f99c3258ca2aaad" member_type: VOTER last_known_addr { host: "127.26.135.129" port: 34635 } } peers { permanent_uuid: "3fd7864c1de647f6b0e088a07fe4b0b5" member_type: VOTER last_known_addr { host: "127.26.135.130" port: 39321 } } peers { permanent_uuid: "f2a0462995c447c28bf19a28589217d1" member_type: VOTER last_known_addr { host: "127.26.135.131" port: 34037 } attrs { replace: true } } peers { permanent_uuid: "b047023fdc104a55ab07b063a6f1d6f3" member_type: VOTER last_known_addr { host: "127.26.135.132" port: 45021 } attrs { promote: false } } }
I20260713 09:10:17.363850 28554 consensus_queue.cc:1048] T 7a1d30c84da445849a4dad996fd87cd1 P 26d055725fdf43a69f99c3258ca2aaad [LEADER]: Connected to new peer: Peer: permanent_uuid: "3fd7864c1de647f6b0e088a07fe4b0b5" member_type: VOTER last_known_addr { host: "127.26.135.130" port: 39321 }, Status: LMP_MISMATCH, Last received: 0.0, Next index: 3, Last known committed idx: 2, Time since last communication: 0.000s
I20260713 09:10:17.369437 28686 raft_consensus.cc:2955] T 7a1d30c84da445849a4dad996fd87cd1 P b047023fdc104a55ab07b063a6f1d6f3 [term 1 FOLLOWER]: Committing config change with OpId 1.3: config changed from index 2 to 3, b047023fdc104a55ab07b063a6f1d6f3 (127.26.135.132) changed from NON_VOTER to VOTER. New config: { opid_index: 3 OBSOLETE_local: false peers { permanent_uuid: "26d055725fdf43a69f99c3258ca2aaad" member_type: VOTER last_known_addr { host: "127.26.135.129" port: 34635 } } peers { permanent_uuid: "3fd7864c1de647f6b0e088a07fe4b0b5" member_type: VOTER last_known_addr { host: "127.26.135.130" port: 39321 } } peers { permanent_uuid: "f2a0462995c447c28bf19a28589217d1" member_type: VOTER last_known_addr { host: "127.26.135.131" port: 34037 } attrs { replace: true } } peers { permanent_uuid: "b047023fdc104a55ab07b063a6f1d6f3" member_type: VOTER last_known_addr { host: "127.26.135.132" port: 45021 } attrs { promote: false } } }
I20260713 09:10:17.406191 28410 raft_consensus.cc:2955] T 7a1d30c84da445849a4dad996fd87cd1 P f2a0462995c447c28bf19a28589217d1 [term 1 FOLLOWER]: Committing config change with OpId 1.3: config changed from index 2 to 3, b047023fdc104a55ab07b063a6f1d6f3 (127.26.135.132) changed from NON_VOTER to VOTER. New config: { opid_index: 3 OBSOLETE_local: false peers { permanent_uuid: "26d055725fdf43a69f99c3258ca2aaad" member_type: VOTER last_known_addr { host: "127.26.135.129" port: 34635 } } peers { permanent_uuid: "3fd7864c1de647f6b0e088a07fe4b0b5" member_type: VOTER last_known_addr { host: "127.26.135.130" port: 39321 } } peers { permanent_uuid: "f2a0462995c447c28bf19a28589217d1" member_type: VOTER last_known_addr { host: "127.26.135.131" port: 34037 } attrs { replace: true } } peers { permanent_uuid: "b047023fdc104a55ab07b063a6f1d6f3" member_type: VOTER last_known_addr { host: "127.26.135.132" port: 45021 } attrs { promote: false } } }
I20260713 09:10:17.411996 28162 catalog_manager.cc:5697] T 7a1d30c84da445849a4dad996fd87cd1 P 26d055725fdf43a69f99c3258ca2aaad reported cstate change: config changed from index 2 to 3, b047023fdc104a55ab07b063a6f1d6f3 (127.26.135.132) changed from NON_VOTER to VOTER. New cstate: current_term: 1 leader_uuid: "26d055725fdf43a69f99c3258ca2aaad" committed_config { opid_index: 3 OBSOLETE_local: false peers { permanent_uuid: "26d055725fdf43a69f99c3258ca2aaad" member_type: VOTER last_known_addr { host: "127.26.135.129" port: 34635 } health_report { overall_health: HEALTHY } } peers { permanent_uuid: "3fd7864c1de647f6b0e088a07fe4b0b5" member_type: VOTER last_known_addr { host: "127.26.135.130" port: 39321 } health_report { overall_health: UNKNOWN } } peers { permanent_uuid: "f2a0462995c447c28bf19a28589217d1" member_type: VOTER last_known_addr { host: "127.26.135.131" port: 34037 } attrs { replace: true } health_report { overall_health: HEALTHY } } peers { permanent_uuid: "b047023fdc104a55ab07b063a6f1d6f3" member_type: VOTER last_known_addr { host: "127.26.135.132" port: 45021 } attrs { promote: false } health_report { overall_health: HEALTHY } } }
I20260713 09:10:17.454319 28335 raft_consensus.cc:2955] T 7a1d30c84da445849a4dad996fd87cd1 P 3fd7864c1de647f6b0e088a07fe4b0b5 [term 1 FOLLOWER]: Committing config change with OpId 1.3: config changed from index 2 to 3, b047023fdc104a55ab07b063a6f1d6f3 (127.26.135.132) changed from NON_VOTER to VOTER. New config: { opid_index: 3 OBSOLETE_local: false peers { permanent_uuid: "26d055725fdf43a69f99c3258ca2aaad" member_type: VOTER last_known_addr { host: "127.26.135.129" port: 34635 } } peers { permanent_uuid: "3fd7864c1de647f6b0e088a07fe4b0b5" member_type: VOTER last_known_addr { host: "127.26.135.130" port: 39321 } } peers { permanent_uuid: "f2a0462995c447c28bf19a28589217d1" member_type: VOTER last_known_addr { host: "127.26.135.131" port: 34037 } attrs { replace: true } } peers { permanent_uuid: "b047023fdc104a55ab07b063a6f1d6f3" member_type: VOTER last_known_addr { host: "127.26.135.132" port: 45021 } attrs { promote: false } } }
I20260713 09:10:17.578101 28516 raft_consensus.cc:1064] T b885270ef33a4141b412e1882488f3d1 P 3fd7864c1de647f6b0e088a07fe4b0b5: attempting to promote NON_VOTER b047023fdc104a55ab07b063a6f1d6f3 to VOTER
I20260713 09:10:17.580698 28516 consensus_queue.cc:237] T b885270ef33a4141b412e1882488f3d1 P 3fd7864c1de647f6b0e088a07fe4b0b5 [LEADER]: Queue going to LEADER mode. State: All replicated index: 0, Majority replicated index: 2, Committed index: 2, Last appended: 1.2, Last appended by leader: 0, Current term: 1, Majority size: 3, State: 0, Mode: LEADER, active raft config: opid_index: 3 OBSOLETE_local: false peers { permanent_uuid: "26d055725fdf43a69f99c3258ca2aaad" member_type: VOTER last_known_addr { host: "127.26.135.129" port: 34635 } } peers { permanent_uuid: "3fd7864c1de647f6b0e088a07fe4b0b5" member_type: VOTER last_known_addr { host: "127.26.135.130" port: 39321 } } peers { permanent_uuid: "f2a0462995c447c28bf19a28589217d1" member_type: VOTER last_known_addr { host: "127.26.135.131" port: 34037 } attrs { replace: true } } peers { permanent_uuid: "b047023fdc104a55ab07b063a6f1d6f3" member_type: VOTER last_known_addr { host: "127.26.135.132" port: 45021 } attrs { promote: false } }
I20260713 09:10:17.587587 28686 raft_consensus.cc:1275] T b885270ef33a4141b412e1882488f3d1 P b047023fdc104a55ab07b063a6f1d6f3 [term 1 LEARNER]: Refusing update from remote peer 3fd7864c1de647f6b0e088a07fe4b0b5: Log matching property violated. Preceding OpId in replica: term: 1 index: 2. Preceding OpId from leader: term: 1 index: 3. (index mismatch)
I20260713 09:10:17.590201 28410 raft_consensus.cc:1275] T b885270ef33a4141b412e1882488f3d1 P f2a0462995c447c28bf19a28589217d1 [term 1 FOLLOWER]: Refusing update from remote peer 3fd7864c1de647f6b0e088a07fe4b0b5: Log matching property violated. Preceding OpId in replica: term: 1 index: 2. Preceding OpId from leader: term: 1 index: 3. (index mismatch)
I20260713 09:10:17.592769 28485 consensus_queue.cc:1048] T b885270ef33a4141b412e1882488f3d1 P 3fd7864c1de647f6b0e088a07fe4b0b5 [LEADER]: Connected to new peer: Peer: permanent_uuid: "f2a0462995c447c28bf19a28589217d1" member_type: VOTER last_known_addr { host: "127.26.135.131" port: 34037 } attrs { replace: true }, Status: LMP_MISMATCH, Last received: 0.0, Next index: 3, Last known committed idx: 2, Time since last communication: 0.001s
I20260713 09:10:17.594581 28485 consensus_queue.cc:1048] T b885270ef33a4141b412e1882488f3d1 P 3fd7864c1de647f6b0e088a07fe4b0b5 [LEADER]: Connected to new peer: Peer: permanent_uuid: "b047023fdc104a55ab07b063a6f1d6f3" member_type: VOTER last_known_addr { host: "127.26.135.132" port: 45021 } attrs { promote: false }, Status: LMP_MISMATCH, Last received: 0.0, Next index: 3, Last known committed idx: 2, Time since last communication: 0.000s
I20260713 09:10:17.606388 28555 raft_consensus.cc:1064] T a8d7487ecd354dd8bf0307fe39297dc8 P 26d055725fdf43a69f99c3258ca2aaad: attempting to promote NON_VOTER b047023fdc104a55ab07b063a6f1d6f3 to VOTER
I20260713 09:10:17.608516 28555 consensus_queue.cc:237] T a8d7487ecd354dd8bf0307fe39297dc8 P 26d055725fdf43a69f99c3258ca2aaad [LEADER]: Queue going to LEADER mode. State: All replicated index: 0, Majority replicated index: 2, Committed index: 2, Last appended: 1.2, Last appended by leader: 0, Current term: 1, Majority size: 3, State: 0, Mode: LEADER, active raft config: opid_index: 3 OBSOLETE_local: false peers { permanent_uuid: "26d055725fdf43a69f99c3258ca2aaad" member_type: VOTER last_known_addr { host: "127.26.135.129" port: 34635 } } peers { permanent_uuid: "3fd7864c1de647f6b0e088a07fe4b0b5" member_type: VOTER last_known_addr { host: "127.26.135.130" port: 39321 } attrs { replace: true } } peers { permanent_uuid: "f2a0462995c447c28bf19a28589217d1" member_type: VOTER last_known_addr { host: "127.26.135.131" port: 34037 } } peers { permanent_uuid: "b047023fdc104a55ab07b063a6f1d6f3" member_type: VOTER last_known_addr { host: "127.26.135.132" port: 45021 } attrs { promote: false } }
I20260713 09:10:17.616050 28263 raft_consensus.cc:1275] T b885270ef33a4141b412e1882488f3d1 P 26d055725fdf43a69f99c3258ca2aaad [term 1 FOLLOWER]: Refusing update from remote peer 3fd7864c1de647f6b0e088a07fe4b0b5: Log matching property violated. Preceding OpId in replica: term: 1 index: 2. Preceding OpId from leader: term: 1 index: 3. (index mismatch)
I20260713 09:10:17.617576 28516 consensus_queue.cc:1048] T b885270ef33a4141b412e1882488f3d1 P 3fd7864c1de647f6b0e088a07fe4b0b5 [LEADER]: Connected to new peer: Peer: permanent_uuid: "26d055725fdf43a69f99c3258ca2aaad" member_type: VOTER last_known_addr { host: "127.26.135.129" port: 34635 }, Status: LMP_MISMATCH, Last received: 0.0, Next index: 3, Last known committed idx: 2, Time since last communication: 0.000s
I20260713 09:10:17.633070 28410 raft_consensus.cc:1275] T a8d7487ecd354dd8bf0307fe39297dc8 P f2a0462995c447c28bf19a28589217d1 [term 1 FOLLOWER]: Refusing update from remote peer 26d055725fdf43a69f99c3258ca2aaad: Log matching property violated. Preceding OpId in replica: term: 1 index: 2. Preceding OpId from leader: term: 1 index: 3. (index mismatch)
I20260713 09:10:17.634631 28687 raft_consensus.cc:1275] T a8d7487ecd354dd8bf0307fe39297dc8 P b047023fdc104a55ab07b063a6f1d6f3 [term 1 LEARNER]: Refusing update from remote peer 26d055725fdf43a69f99c3258ca2aaad: Log matching property violated. Preceding OpId in replica: term: 1 index: 2. Preceding OpId from leader: term: 1 index: 3. (index mismatch)
I20260713 09:10:17.641172 28756 consensus_queue.cc:1048] T a8d7487ecd354dd8bf0307fe39297dc8 P 26d055725fdf43a69f99c3258ca2aaad [LEADER]: Connected to new peer: Peer: permanent_uuid: "f2a0462995c447c28bf19a28589217d1" member_type: VOTER last_known_addr { host: "127.26.135.131" port: 34037 }, Status: LMP_MISMATCH, Last received: 0.0, Next index: 3, Last known committed idx: 2, Time since last communication: 0.001s
I20260713 09:10:17.646231 28555 consensus_queue.cc:1048] T a8d7487ecd354dd8bf0307fe39297dc8 P 26d055725fdf43a69f99c3258ca2aaad [LEADER]: Connected to new peer: Peer: permanent_uuid: "b047023fdc104a55ab07b063a6f1d6f3" member_type: VOTER last_known_addr { host: "127.26.135.132" port: 45021 } attrs { promote: false }, Status: LMP_MISMATCH, Last received: 0.0, Next index: 3, Last known committed idx: 2, Time since last communication: 0.000s
I20260713 09:10:17.648970 28335 raft_consensus.cc:1275] T a8d7487ecd354dd8bf0307fe39297dc8 P 3fd7864c1de647f6b0e088a07fe4b0b5 [term 1 FOLLOWER]: Refusing update from remote peer 26d055725fdf43a69f99c3258ca2aaad: Log matching property violated. Preceding OpId in replica: term: 1 index: 2. Preceding OpId from leader: term: 1 index: 3. (index mismatch)
I20260713 09:10:17.650573 28738 consensus_queue.cc:1048] T a8d7487ecd354dd8bf0307fe39297dc8 P 26d055725fdf43a69f99c3258ca2aaad [LEADER]: Connected to new peer: Peer: permanent_uuid: "3fd7864c1de647f6b0e088a07fe4b0b5" member_type: VOTER last_known_addr { host: "127.26.135.130" port: 39321 } attrs { replace: true }, Status: LMP_MISMATCH, Last received: 0.0, Next index: 3, Last known committed idx: 2, Time since last communication: 0.001s
I20260713 09:10:17.671871 28516 raft_consensus.cc:2955] T b885270ef33a4141b412e1882488f3d1 P 3fd7864c1de647f6b0e088a07fe4b0b5 [term 1 LEADER]: Committing config change with OpId 1.3: config changed from index 2 to 3, b047023fdc104a55ab07b063a6f1d6f3 (127.26.135.132) changed from NON_VOTER to VOTER. New config: { opid_index: 3 OBSOLETE_local: false peers { permanent_uuid: "26d055725fdf43a69f99c3258ca2aaad" member_type: VOTER last_known_addr { host: "127.26.135.129" port: 34635 } } peers { permanent_uuid: "3fd7864c1de647f6b0e088a07fe4b0b5" member_type: VOTER last_known_addr { host: "127.26.135.130" port: 39321 } } peers { permanent_uuid: "f2a0462995c447c28bf19a28589217d1" member_type: VOTER last_known_addr { host: "127.26.135.131" port: 34037 } attrs { replace: true } } peers { permanent_uuid: "b047023fdc104a55ab07b063a6f1d6f3" member_type: VOTER last_known_addr { host: "127.26.135.132" port: 45021 } attrs { promote: false } } }
I20260713 09:10:17.683508 28263 raft_consensus.cc:2955] T b885270ef33a4141b412e1882488f3d1 P 26d055725fdf43a69f99c3258ca2aaad [term 1 FOLLOWER]: Committing config change with OpId 1.3: config changed from index 2 to 3, b047023fdc104a55ab07b063a6f1d6f3 (127.26.135.132) changed from NON_VOTER to VOTER. New config: { opid_index: 3 OBSOLETE_local: false peers { permanent_uuid: "26d055725fdf43a69f99c3258ca2aaad" member_type: VOTER last_known_addr { host: "127.26.135.129" port: 34635 } } peers { permanent_uuid: "3fd7864c1de647f6b0e088a07fe4b0b5" member_type: VOTER last_known_addr { host: "127.26.135.130" port: 39321 } } peers { permanent_uuid: "f2a0462995c447c28bf19a28589217d1" member_type: VOTER last_known_addr { host: "127.26.135.131" port: 34037 } attrs { replace: true } } peers { permanent_uuid: "b047023fdc104a55ab07b063a6f1d6f3" member_type: VOTER last_known_addr { host: "127.26.135.132" port: 45021 } attrs { promote: false } } }
I20260713 09:10:17.697964 28485 raft_consensus.cc:1064] T 0e937af62c444165a41b02cc5839d3bc P 3fd7864c1de647f6b0e088a07fe4b0b5: attempting to promote NON_VOTER b047023fdc104a55ab07b063a6f1d6f3 to VOTER
I20260713 09:10:17.702319 28485 consensus_queue.cc:237] T 0e937af62c444165a41b02cc5839d3bc P 3fd7864c1de647f6b0e088a07fe4b0b5 [LEADER]: Queue going to LEADER mode. State: All replicated index: 0, Majority replicated index: 2, Committed index: 2, Last appended: 1.2, Last appended by leader: 0, Current term: 1, Majority size: 3, State: 0, Mode: LEADER, active raft config: opid_index: 3 OBSOLETE_local: false peers { permanent_uuid: "26d055725fdf43a69f99c3258ca2aaad" member_type: VOTER last_known_addr { host: "127.26.135.129" port: 34635 } attrs { replace: true } } peers { permanent_uuid: "3fd7864c1de647f6b0e088a07fe4b0b5" member_type: VOTER last_known_addr { host: "127.26.135.130" port: 39321 } } peers { permanent_uuid: "f2a0462995c447c28bf19a28589217d1" member_type: VOTER last_known_addr { host: "127.26.135.131" port: 34037 } } peers { permanent_uuid: "b047023fdc104a55ab07b063a6f1d6f3" member_type: VOTER last_known_addr { host: "127.26.135.132" port: 45021 } attrs { promote: false } }
I20260713 09:10:17.707445 28410 raft_consensus.cc:2955] T b885270ef33a4141b412e1882488f3d1 P f2a0462995c447c28bf19a28589217d1 [term 1 FOLLOWER]: Committing config change with OpId 1.3: config changed from index 2 to 3, b047023fdc104a55ab07b063a6f1d6f3 (127.26.135.132) changed from NON_VOTER to VOTER. New config: { opid_index: 3 OBSOLETE_local: false peers { permanent_uuid: "26d055725fdf43a69f99c3258ca2aaad" member_type: VOTER last_known_addr { host: "127.26.135.129" port: 34635 } } peers { permanent_uuid: "3fd7864c1de647f6b0e088a07fe4b0b5" member_type: VOTER last_known_addr { host: "127.26.135.130" port: 39321 } } peers { permanent_uuid: "f2a0462995c447c28bf19a28589217d1" member_type: VOTER last_known_addr { host: "127.26.135.131" port: 34037 } attrs { replace: true } } peers { permanent_uuid: "b047023fdc104a55ab07b063a6f1d6f3" member_type: VOTER last_known_addr { host: "127.26.135.132" port: 45021 } attrs { promote: false } } }
W20260713 09:10:17.719673 28777 log.cc:927] Time spent T a8d7487ecd354dd8bf0307fe39297dc8 P 26d055725fdf43a69f99c3258ca2aaad: Append to log took a long time: real 0.060s	user 0.000s	sys 0.000s
I20260713 09:10:17.720882 28555 raft_consensus.cc:2955] T a8d7487ecd354dd8bf0307fe39297dc8 P 26d055725fdf43a69f99c3258ca2aaad [term 1 LEADER]: Committing config change with OpId 1.3: config changed from index 2 to 3, b047023fdc104a55ab07b063a6f1d6f3 (127.26.135.132) changed from NON_VOTER to VOTER. New config: { opid_index: 3 OBSOLETE_local: false peers { permanent_uuid: "26d055725fdf43a69f99c3258ca2aaad" member_type: VOTER last_known_addr { host: "127.26.135.129" port: 34635 } } peers { permanent_uuid: "3fd7864c1de647f6b0e088a07fe4b0b5" member_type: VOTER last_known_addr { host: "127.26.135.130" port: 39321 } attrs { replace: true } } peers { permanent_uuid: "f2a0462995c447c28bf19a28589217d1" member_type: VOTER last_known_addr { host: "127.26.135.131" port: 34037 } } peers { permanent_uuid: "b047023fdc104a55ab07b063a6f1d6f3" member_type: VOTER last_known_addr { host: "127.26.135.132" port: 45021 } attrs { promote: false } } }
I20260713 09:10:17.724623 28686 raft_consensus.cc:2955] T b885270ef33a4141b412e1882488f3d1 P b047023fdc104a55ab07b063a6f1d6f3 [term 1 FOLLOWER]: Committing config change with OpId 1.3: config changed from index 2 to 3, b047023fdc104a55ab07b063a6f1d6f3 (127.26.135.132) changed from NON_VOTER to VOTER. New config: { opid_index: 3 OBSOLETE_local: false peers { permanent_uuid: "26d055725fdf43a69f99c3258ca2aaad" member_type: VOTER last_known_addr { host: "127.26.135.129" port: 34635 } } peers { permanent_uuid: "3fd7864c1de647f6b0e088a07fe4b0b5" member_type: VOTER last_known_addr { host: "127.26.135.130" port: 39321 } } peers { permanent_uuid: "f2a0462995c447c28bf19a28589217d1" member_type: VOTER last_known_addr { host: "127.26.135.131" port: 34037 } attrs { replace: true } } peers { permanent_uuid: "b047023fdc104a55ab07b063a6f1d6f3" member_type: VOTER last_known_addr { host: "127.26.135.132" port: 45021 } attrs { promote: false } } }
I20260713 09:10:17.739451 28165 catalog_manager.cc:5697] T b885270ef33a4141b412e1882488f3d1 P 3fd7864c1de647f6b0e088a07fe4b0b5 reported cstate change: config changed from index 2 to 3, b047023fdc104a55ab07b063a6f1d6f3 (127.26.135.132) changed from NON_VOTER to VOTER. New cstate: current_term: 1 leader_uuid: "3fd7864c1de647f6b0e088a07fe4b0b5" committed_config { opid_index: 3 OBSOLETE_local: false peers { permanent_uuid: "26d055725fdf43a69f99c3258ca2aaad" member_type: VOTER last_known_addr { host: "127.26.135.129" port: 34635 } health_report { overall_health: HEALTHY } } peers { permanent_uuid: "3fd7864c1de647f6b0e088a07fe4b0b5" member_type: VOTER last_known_addr { host: "127.26.135.130" port: 39321 } health_report { overall_health: HEALTHY } } peers { permanent_uuid: "f2a0462995c447c28bf19a28589217d1" member_type: VOTER last_known_addr { host: "127.26.135.131" port: 34037 } attrs { replace: true } health_report { overall_health: HEALTHY } } peers { permanent_uuid: "b047023fdc104a55ab07b063a6f1d6f3" member_type: VOTER last_known_addr { host: "127.26.135.132" port: 45021 } attrs { promote: false } health_report { overall_health: HEALTHY } } }
I20260713 09:10:17.741793 28164 catalog_manager.cc:5697] T a8d7487ecd354dd8bf0307fe39297dc8 P 26d055725fdf43a69f99c3258ca2aaad reported cstate change: config changed from index 2 to 3, b047023fdc104a55ab07b063a6f1d6f3 (127.26.135.132) changed from NON_VOTER to VOTER. New cstate: current_term: 1 leader_uuid: "26d055725fdf43a69f99c3258ca2aaad" committed_config { opid_index: 3 OBSOLETE_local: false peers { permanent_uuid: "26d055725fdf43a69f99c3258ca2aaad" member_type: VOTER last_known_addr { host: "127.26.135.129" port: 34635 } health_report { overall_health: HEALTHY } } peers { permanent_uuid: "3fd7864c1de647f6b0e088a07fe4b0b5" member_type: VOTER last_known_addr { host: "127.26.135.130" port: 39321 } attrs { replace: true } health_report { overall_health: HEALTHY } } peers { permanent_uuid: "f2a0462995c447c28bf19a28589217d1" member_type: VOTER last_known_addr { host: "127.26.135.131" port: 34037 } health_report { overall_health: HEALTHY } } peers { permanent_uuid: "b047023fdc104a55ab07b063a6f1d6f3" member_type: VOTER last_known_addr { host: "127.26.135.132" port: 45021 } attrs { promote: false } health_report { overall_health: UNKNOWN } } }
I20260713 09:10:17.745864 28335 raft_consensus.cc:2955] T a8d7487ecd354dd8bf0307fe39297dc8 P 3fd7864c1de647f6b0e088a07fe4b0b5 [term 1 FOLLOWER]: Committing config change with OpId 1.3: config changed from index 2 to 3, b047023fdc104a55ab07b063a6f1d6f3 (127.26.135.132) changed from NON_VOTER to VOTER. New config: { opid_index: 3 OBSOLETE_local: false peers { permanent_uuid: "26d055725fdf43a69f99c3258ca2aaad" member_type: VOTER last_known_addr { host: "127.26.135.129" port: 34635 } } peers { permanent_uuid: "3fd7864c1de647f6b0e088a07fe4b0b5" member_type: VOTER last_known_addr { host: "127.26.135.130" port: 39321 } attrs { replace: true } } peers { permanent_uuid: "f2a0462995c447c28bf19a28589217d1" member_type: VOTER last_known_addr { host: "127.26.135.131" port: 34037 } } peers { permanent_uuid: "b047023fdc104a55ab07b063a6f1d6f3" member_type: VOTER last_known_addr { host: "127.26.135.132" port: 45021 } attrs { promote: false } } }
