I20260713 09:10:14.020036 28456 raft_consensus.cc:359] T e7f771f961824230a23bbcaab35056b0 P 26d055725fdf43a69f99c3258ca2aaad [term 0 FOLLOWER]: Replica starting. Triggering 0 pending ops. Active config: opid_index: -1 OBSOLETE_local: false peers { permanent_uuid: "26d055725fdf43a69f99c3258ca2aaad" member_type: VOTER last_known_addr { host: "127.26.135.129" port: 34635 } } peers { permanent_uuid: "3fd7864c1de647f6b0e088a07fe4b0b5" member_type: VOTER last_known_addr { host: "127.26.135.130" port: 39321 } } peers { permanent_uuid: "f2a0462995c447c28bf19a28589217d1" member_type: VOTER last_known_addr { host: "127.26.135.131" port: 34037 } }
I20260713 09:10:14.020607 28456 raft_consensus.cc:385] T e7f771f961824230a23bbcaab35056b0 P 26d055725fdf43a69f99c3258ca2aaad [term 0 FOLLOWER]: Consensus starting up: Expiring failure detector timer to make a prompt election more likely
I20260713 09:10:14.020848 28456 raft_consensus.cc:740] T e7f771f961824230a23bbcaab35056b0 P 26d055725fdf43a69f99c3258ca2aaad [term 0 FOLLOWER]: Becoming Follower/Learner. State: Replica: 26d055725fdf43a69f99c3258ca2aaad, State: Initialized, Role: FOLLOWER
I20260713 09:10:14.021366 28456 consensus_queue.cc:260] T e7f771f961824230a23bbcaab35056b0 P 26d055725fdf43a69f99c3258ca2aaad [NON_LEADER]: Queue going to NON_LEADER mode. State: All replicated index: 0, Majority replicated index: 0, Committed index: 0, Last appended: 0.0, Last appended by leader: 0, Current term: 0, Majority size: -1, State: 0, Mode: NON_LEADER, active raft config: opid_index: -1 OBSOLETE_local: false peers { permanent_uuid: "26d055725fdf43a69f99c3258ca2aaad" member_type: VOTER last_known_addr { host: "127.26.135.129" port: 34635 } } peers { permanent_uuid: "3fd7864c1de647f6b0e088a07fe4b0b5" member_type: VOTER last_known_addr { host: "127.26.135.130" port: 39321 } } peers { permanent_uuid: "f2a0462995c447c28bf19a28589217d1" member_type: VOTER last_known_addr { host: "127.26.135.131" port: 34037 } }
I20260713 09:10:14.023422 28456 ts_tablet_manager.cc:1434] T e7f771f961824230a23bbcaab35056b0 P 26d055725fdf43a69f99c3258ca2aaad: Time spent starting tablet: real 0.006s	user 0.007s	sys 0.000s
I20260713 09:10:14.023311 28411 tablet_service.cc:1917] Received RequestConsensusVote() RPC: tablet_id: "0e937af62c444165a41b02cc5839d3bc" candidate_uuid: "3fd7864c1de647f6b0e088a07fe4b0b5" candidate_term: 1 candidate_status { last_received { term: 0 index: 0 } } ignore_live_leader: false dest_uuid: "f2a0462995c447c28bf19a28589217d1"
I20260713 09:10:14.023850 28411 raft_consensus.cc:3060] T 0e937af62c444165a41b02cc5839d3bc P f2a0462995c447c28bf19a28589217d1 [term 0 FOLLOWER]: Advancing to term 1
I20260713 09:10:14.024274 28456 tablet_bootstrap.cc:492] T 8840d77d9e34420781a58574f05f24f1 P 26d055725fdf43a69f99c3258ca2aaad: Bootstrap starting.
I20260713 09:10:14.030246 28456 tablet_bootstrap.cc:654] T 8840d77d9e34420781a58574f05f24f1 P 26d055725fdf43a69f99c3258ca2aaad: Neither blocks nor log segments found. Creating new log.
I20260713 09:10:14.031291 28264 raft_consensus.cc:2468] T 0e937af62c444165a41b02cc5839d3bc P 26d055725fdf43a69f99c3258ca2aaad [term 1 FOLLOWER]: Leader election vote request: Granting yes vote for candidate 3fd7864c1de647f6b0e088a07fe4b0b5 in term 1.
I20260713 09:10:14.031594 28459 tablet_bootstrap.cc:492] T a34e8b037cb74fa682c21bbe07e26796 P 3fd7864c1de647f6b0e088a07fe4b0b5: No bootstrap required, opened a new log
I20260713 09:10:14.032145 28459 ts_tablet_manager.cc:1403] T a34e8b037cb74fa682c21bbe07e26796 P 3fd7864c1de647f6b0e088a07fe4b0b5: Time spent bootstrapping tablet: real 0.058s	user 0.024s	sys 0.021s
I20260713 09:10:14.034578 28459 raft_consensus.cc:359] T a34e8b037cb74fa682c21bbe07e26796 P 3fd7864c1de647f6b0e088a07fe4b0b5 [term 0 FOLLOWER]: Replica starting. Triggering 0 pending ops. Active config: opid_index: -1 OBSOLETE_local: false peers { permanent_uuid: "26d055725fdf43a69f99c3258ca2aaad" member_type: VOTER last_known_addr { host: "127.26.135.129" port: 34635 } } peers { permanent_uuid: "3fd7864c1de647f6b0e088a07fe4b0b5" member_type: VOTER last_known_addr { host: "127.26.135.130" port: 39321 } } peers { permanent_uuid: "f2a0462995c447c28bf19a28589217d1" member_type: VOTER last_known_addr { host: "127.26.135.131" port: 34037 } }
I20260713 09:10:14.035356 28459 raft_consensus.cc:385] T a34e8b037cb74fa682c21bbe07e26796 P 3fd7864c1de647f6b0e088a07fe4b0b5 [term 0 FOLLOWER]: Consensus starting up: Expiring failure detector timer to make a prompt election more likely
I20260713 09:10:14.037698 28411 raft_consensus.cc:2468] T 0e937af62c444165a41b02cc5839d3bc P f2a0462995c447c28bf19a28589217d1 [term 1 FOLLOWER]: Leader election vote request: Granting yes vote for candidate 3fd7864c1de647f6b0e088a07fe4b0b5 in term 1.
I20260713 09:10:14.038777 28305 leader_election.cc:304] T 0e937af62c444165a41b02cc5839d3bc P 3fd7864c1de647f6b0e088a07fe4b0b5 [CANDIDATE]: Term 1 election: Election decided. Result: candidate won. Election summary: received 2 responses out of 3 voters: 2 yes votes; 0 no votes. yes voters: 3fd7864c1de647f6b0e088a07fe4b0b5, f2a0462995c447c28bf19a28589217d1; no voters: 
I20260713 09:10:14.035658 28459 raft_consensus.cc:740] T a34e8b037cb74fa682c21bbe07e26796 P 3fd7864c1de647f6b0e088a07fe4b0b5 [term 0 FOLLOWER]: Becoming Follower/Learner. State: Replica: 3fd7864c1de647f6b0e088a07fe4b0b5, State: Initialized, Role: FOLLOWER
I20260713 09:10:14.039594 28465 raft_consensus.cc:2804] T 0e937af62c444165a41b02cc5839d3bc P 3fd7864c1de647f6b0e088a07fe4b0b5 [term 1 FOLLOWER]: Leader election won for term 1
I20260713 09:10:14.040534 28465 raft_consensus.cc:697] T 0e937af62c444165a41b02cc5839d3bc P 3fd7864c1de647f6b0e088a07fe4b0b5 [term 1 LEADER]: Becoming Leader. State: Replica: 3fd7864c1de647f6b0e088a07fe4b0b5, State: Running, Role: LEADER
I20260713 09:10:14.040752 28459 consensus_queue.cc:260] T a34e8b037cb74fa682c21bbe07e26796 P 3fd7864c1de647f6b0e088a07fe4b0b5 [NON_LEADER]: Queue going to NON_LEADER mode. State: All replicated index: 0, Majority replicated index: 0, Committed index: 0, Last appended: 0.0, Last appended by leader: 0, Current term: 0, Majority size: -1, State: 0, Mode: NON_LEADER, active raft config: opid_index: -1 OBSOLETE_local: false peers { permanent_uuid: "26d055725fdf43a69f99c3258ca2aaad" member_type: VOTER last_known_addr { host: "127.26.135.129" port: 34635 } } peers { permanent_uuid: "3fd7864c1de647f6b0e088a07fe4b0b5" member_type: VOTER last_known_addr { host: "127.26.135.130" port: 39321 } } peers { permanent_uuid: "f2a0462995c447c28bf19a28589217d1" member_type: VOTER last_known_addr { host: "127.26.135.131" port: 34037 } }
I20260713 09:10:14.041535 28162 catalog_manager.cc:5697] T dda0b51816dd43389e421f3801ed1118 P f2a0462995c447c28bf19a28589217d1 reported cstate change: term changed from 0 to 1, leader changed from <none> to f2a0462995c447c28bf19a28589217d1 (127.26.135.131). New cstate: current_term: 1 leader_uuid: "f2a0462995c447c28bf19a28589217d1" committed_config { opid_index: -1 OBSOLETE_local: false peers { permanent_uuid: "26d055725fdf43a69f99c3258ca2aaad" member_type: VOTER last_known_addr { host: "127.26.135.129" port: 34635 } health_report { overall_health: UNKNOWN } } peers { permanent_uuid: "3fd7864c1de647f6b0e088a07fe4b0b5" member_type: VOTER last_known_addr { host: "127.26.135.130" port: 39321 } health_report { overall_health: UNKNOWN } } peers { permanent_uuid: "f2a0462995c447c28bf19a28589217d1" member_type: VOTER last_known_addr { host: "127.26.135.131" port: 34037 } health_report { overall_health: HEALTHY } } }
I20260713 09:10:14.041320 28465 consensus_queue.cc:237] T 0e937af62c444165a41b02cc5839d3bc P 3fd7864c1de647f6b0e088a07fe4b0b5 [LEADER]: Queue going to LEADER mode. State: All replicated index: 0, Majority replicated index: 0, Committed index: 0, Last appended: 0.0, Last appended by leader: 0, Current term: 1, Majority size: 2, State: 0, Mode: LEADER, active raft config: opid_index: -1 OBSOLETE_local: false peers { permanent_uuid: "26d055725fdf43a69f99c3258ca2aaad" member_type: VOTER last_known_addr { host: "127.26.135.129" port: 34635 } } peers { permanent_uuid: "3fd7864c1de647f6b0e088a07fe4b0b5" member_type: VOTER last_known_addr { host: "127.26.135.130" port: 39321 } } peers { permanent_uuid: "f2a0462995c447c28bf19a28589217d1" member_type: VOTER last_known_addr { host: "127.26.135.131" port: 34037 } }
I20260713 09:10:14.043481 28459 ts_tablet_manager.cc:1434] T a34e8b037cb74fa682c21bbe07e26796 P 3fd7864c1de647f6b0e088a07fe4b0b5: Time spent starting tablet: real 0.011s	user 0.002s	sys 0.003s
I20260713 09:10:14.044399 28459 tablet_bootstrap.cc:492] T 18db82696e7340cba3b5c3bb6728ee3a P 3fd7864c1de647f6b0e088a07fe4b0b5: Bootstrap starting.
I20260713 09:10:14.009917 28455 tablet_bootstrap.cc:492] T a8d7487ecd354dd8bf0307fe39297dc8 P f2a0462995c447c28bf19a28589217d1: Bootstrap starting.
I20260713 09:10:14.039736 28516 leader_election.cc:290] T 0e937af62c444165a41b02cc5839d3bc P 3fd7864c1de647f6b0e088a07fe4b0b5 [CANDIDATE]: Term 1 election: Requested vote from peers 26d055725fdf43a69f99c3258ca2aaad (127.26.135.129:34635), f2a0462995c447c28bf19a28589217d1 (127.26.135.131:34037)
I20260713 09:10:14.050045 28459 tablet_bootstrap.cc:654] T 18db82696e7340cba3b5c3bb6728ee3a P 3fd7864c1de647f6b0e088a07fe4b0b5: Neither blocks nor log segments found. Creating new log.
I20260713 09:10:14.052783 28456 tablet_bootstrap.cc:492] T 8840d77d9e34420781a58574f05f24f1 P 26d055725fdf43a69f99c3258ca2aaad: No bootstrap required, opened a new log
I20260713 09:10:14.053309 28456 ts_tablet_manager.cc:1403] T 8840d77d9e34420781a58574f05f24f1 P 26d055725fdf43a69f99c3258ca2aaad: Time spent bootstrapping tablet: real 0.029s	user 0.005s	sys 0.017s
I20260713 09:10:14.056010 28456 raft_consensus.cc:359] T 8840d77d9e34420781a58574f05f24f1 P 26d055725fdf43a69f99c3258ca2aaad [term 0 FOLLOWER]: Replica starting. Triggering 0 pending ops. Active config: opid_index: -1 OBSOLETE_local: false peers { permanent_uuid: "26d055725fdf43a69f99c3258ca2aaad" member_type: VOTER last_known_addr { host: "127.26.135.129" port: 34635 } } peers { permanent_uuid: "3fd7864c1de647f6b0e088a07fe4b0b5" member_type: VOTER last_known_addr { host: "127.26.135.130" port: 39321 } } peers { permanent_uuid: "f2a0462995c447c28bf19a28589217d1" member_type: VOTER last_known_addr { host: "127.26.135.131" port: 34037 } }
I20260713 09:10:14.056741 28456 raft_consensus.cc:385] T 8840d77d9e34420781a58574f05f24f1 P 26d055725fdf43a69f99c3258ca2aaad [term 0 FOLLOWER]: Consensus starting up: Expiring failure detector timer to make a prompt election more likely
I20260713 09:10:14.057046 28456 raft_consensus.cc:740] T 8840d77d9e34420781a58574f05f24f1 P 26d055725fdf43a69f99c3258ca2aaad [term 0 FOLLOWER]: Becoming Follower/Learner. State: Replica: 26d055725fdf43a69f99c3258ca2aaad, State: Initialized, Role: FOLLOWER
I20260713 09:10:14.057801 28456 consensus_queue.cc:260] T 8840d77d9e34420781a58574f05f24f1 P 26d055725fdf43a69f99c3258ca2aaad [NON_LEADER]: Queue going to NON_LEADER mode. State: All replicated index: 0, Majority replicated index: 0, Committed index: 0, Last appended: 0.0, Last appended by leader: 0, Current term: 0, Majority size: -1, State: 0, Mode: NON_LEADER, active raft config: opid_index: -1 OBSOLETE_local: false peers { permanent_uuid: "26d055725fdf43a69f99c3258ca2aaad" member_type: VOTER last_known_addr { host: "127.26.135.129" port: 34635 } } peers { permanent_uuid: "3fd7864c1de647f6b0e088a07fe4b0b5" member_type: VOTER last_known_addr { host: "127.26.135.130" port: 39321 } } peers { permanent_uuid: "f2a0462995c447c28bf19a28589217d1" member_type: VOTER last_known_addr { host: "127.26.135.131" port: 34037 } }
I20260713 09:10:14.059979 28456 ts_tablet_manager.cc:1434] T 8840d77d9e34420781a58574f05f24f1 P 26d055725fdf43a69f99c3258ca2aaad: Time spent starting tablet: real 0.006s	user 0.005s	sys 0.000s
I20260713 09:10:14.060840 28456 tablet_bootstrap.cc:492] T e9bbd0ddce784bfaa3ff73805f97fdcb P 26d055725fdf43a69f99c3258ca2aaad: Bootstrap starting.
I20260713 09:10:14.061630 28455 tablet_bootstrap.cc:654] T a8d7487ecd354dd8bf0307fe39297dc8 P f2a0462995c447c28bf19a28589217d1: Neither blocks nor log segments found. Creating new log.
I20260713 09:10:14.066039 28456 tablet_bootstrap.cc:654] T e9bbd0ddce784bfaa3ff73805f97fdcb P 26d055725fdf43a69f99c3258ca2aaad: Neither blocks nor log segments found. Creating new log.
I20260713 09:10:14.065423 28164 catalog_manager.cc:5697] T 982f2ea0a0ca451699a253fe05d07a18 P 26d055725fdf43a69f99c3258ca2aaad reported cstate change: term changed from 0 to 1, leader changed from <none> to 26d055725fdf43a69f99c3258ca2aaad (127.26.135.129). New cstate: current_term: 1 leader_uuid: "26d055725fdf43a69f99c3258ca2aaad" committed_config { opid_index: -1 OBSOLETE_local: false peers { permanent_uuid: "26d055725fdf43a69f99c3258ca2aaad" member_type: VOTER last_known_addr { host: "127.26.135.129" port: 34635 } health_report { overall_health: HEALTHY } } peers { permanent_uuid: "3fd7864c1de647f6b0e088a07fe4b0b5" member_type: VOTER last_known_addr { host: "127.26.135.130" port: 39321 } health_report { overall_health: UNKNOWN } } peers { permanent_uuid: "f2a0462995c447c28bf19a28589217d1" member_type: VOTER last_known_addr { host: "127.26.135.131" port: 34037 } health_report { overall_health: UNKNOWN } } }
I20260713 09:10:14.068697 28459 tablet_bootstrap.cc:492] T 18db82696e7340cba3b5c3bb6728ee3a P 3fd7864c1de647f6b0e088a07fe4b0b5: No bootstrap required, opened a new log
I20260713 09:10:14.069100 28459 ts_tablet_manager.cc:1403] T 18db82696e7340cba3b5c3bb6728ee3a P 3fd7864c1de647f6b0e088a07fe4b0b5: Time spent bootstrapping tablet: real 0.025s	user 0.014s	sys 0.007s
I20260713 09:10:14.068358 28164 catalog_manager.cc:5697] T a8d7487ecd354dd8bf0307fe39297dc8 P 26d055725fdf43a69f99c3258ca2aaad reported cstate change: term changed from 0 to 1, leader changed from <none> to 26d055725fdf43a69f99c3258ca2aaad (127.26.135.129). New cstate: current_term: 1 leader_uuid: "26d055725fdf43a69f99c3258ca2aaad" committed_config { opid_index: -1 OBSOLETE_local: false peers { permanent_uuid: "26d055725fdf43a69f99c3258ca2aaad" member_type: VOTER last_known_addr { host: "127.26.135.129" port: 34635 } health_report { overall_health: HEALTHY } } peers { permanent_uuid: "3fd7864c1de647f6b0e088a07fe4b0b5" member_type: VOTER last_known_addr { host: "127.26.135.130" port: 39321 } health_report { overall_health: UNKNOWN } } peers { permanent_uuid: "f2a0462995c447c28bf19a28589217d1" member_type: VOTER last_known_addr { host: "127.26.135.131" port: 34037 } health_report { overall_health: UNKNOWN } } }
I20260713 09:10:14.073873 28555 raft_consensus.cc:493] T e7f771f961824230a23bbcaab35056b0 P 26d055725fdf43a69f99c3258ca2aaad [term 0 FOLLOWER]: Starting pre-election (no leader contacted us within the election timeout)
I20260713 09:10:14.074322 28555 raft_consensus.cc:515] T e7f771f961824230a23bbcaab35056b0 P 26d055725fdf43a69f99c3258ca2aaad [term 0 FOLLOWER]: Starting pre-election with config: opid_index: -1 OBSOLETE_local: false peers { permanent_uuid: "26d055725fdf43a69f99c3258ca2aaad" member_type: VOTER last_known_addr { host: "127.26.135.129" port: 34635 } } peers { permanent_uuid: "3fd7864c1de647f6b0e088a07fe4b0b5" member_type: VOTER last_known_addr { host: "127.26.135.130" port: 39321 } } peers { permanent_uuid: "f2a0462995c447c28bf19a28589217d1" member_type: VOTER last_known_addr { host: "127.26.135.131" port: 34037 } }
I20260713 09:10:14.075201 28455 tablet_bootstrap.cc:492] T a8d7487ecd354dd8bf0307fe39297dc8 P f2a0462995c447c28bf19a28589217d1: No bootstrap required, opened a new log
I20260713 09:10:14.075995 28465 raft_consensus.cc:493] T 1397ba03cbbb457e9b5bf8fda6d1e01d P 3fd7864c1de647f6b0e088a07fe4b0b5 [term 0 FOLLOWER]: Starting pre-election (no leader contacted us within the election timeout)
I20260713 09:10:14.076442 28465 raft_consensus.cc:515] T 1397ba03cbbb457e9b5bf8fda6d1e01d P 3fd7864c1de647f6b0e088a07fe4b0b5 [term 0 FOLLOWER]: Starting pre-election with config: opid_index: -1 OBSOLETE_local: false peers { permanent_uuid: "26d055725fdf43a69f99c3258ca2aaad" member_type: VOTER last_known_addr { host: "127.26.135.129" port: 34635 } } peers { permanent_uuid: "3fd7864c1de647f6b0e088a07fe4b0b5" member_type: VOTER last_known_addr { host: "127.26.135.130" port: 39321 } } peers { permanent_uuid: "f2a0462995c447c28bf19a28589217d1" member_type: VOTER last_known_addr { host: "127.26.135.131" port: 34037 } }
I20260713 09:10:14.076884 28555 leader_election.cc:290] T e7f771f961824230a23bbcaab35056b0 P 26d055725fdf43a69f99c3258ca2aaad [CANDIDATE]: Term 1 pre-election: Requested pre-vote from peers 3fd7864c1de647f6b0e088a07fe4b0b5 (127.26.135.130:39321), f2a0462995c447c28bf19a28589217d1 (127.26.135.131:34037)
I20260713 09:10:14.078418 28465 leader_election.cc:290] T 1397ba03cbbb457e9b5bf8fda6d1e01d P 3fd7864c1de647f6b0e088a07fe4b0b5 [CANDIDATE]: Term 1 pre-election: Requested pre-vote from peers 26d055725fdf43a69f99c3258ca2aaad (127.26.135.129:34635), f2a0462995c447c28bf19a28589217d1 (127.26.135.131:34037)
I20260713 09:10:14.078727 28411 tablet_service.cc:1917] Received RequestConsensusVote() RPC: tablet_id: "e7f771f961824230a23bbcaab35056b0" candidate_uuid: "26d055725fdf43a69f99c3258ca2aaad" candidate_term: 1 candidate_status { last_received { term: 0 index: 0 } } ignore_live_leader: false dest_uuid: "f2a0462995c447c28bf19a28589217d1" is_pre_election: true
I20260713 09:10:14.079331 28411 raft_consensus.cc:2468] T e7f771f961824230a23bbcaab35056b0 P f2a0462995c447c28bf19a28589217d1 [term 0 FOLLOWER]: Leader pre-election vote request: Granting yes vote for candidate 26d055725fdf43a69f99c3258ca2aaad in term 0.
I20260713 09:10:14.079844 28414 tablet_service.cc:1917] Received RequestConsensusVote() RPC: tablet_id: "1397ba03cbbb457e9b5bf8fda6d1e01d" candidate_uuid: "3fd7864c1de647f6b0e088a07fe4b0b5" candidate_term: 1 candidate_status { last_received { term: 0 index: 0 } } ignore_live_leader: false dest_uuid: "f2a0462995c447c28bf19a28589217d1" is_pre_election: true
I20260713 09:10:14.080410 28414 raft_consensus.cc:2468] T 1397ba03cbbb457e9b5bf8fda6d1e01d P f2a0462995c447c28bf19a28589217d1 [term 0 FOLLOWER]: Leader pre-election vote request: Granting yes vote for candidate 3fd7864c1de647f6b0e088a07fe4b0b5 in term 0.
I20260713 09:10:14.080600 28230 leader_election.cc:304] T e7f771f961824230a23bbcaab35056b0 P 26d055725fdf43a69f99c3258ca2aaad [CANDIDATE]: Term 1 pre-election: Election decided. Result: candidate won. Election summary: received 2 responses out of 3 voters: 2 yes votes; 0 no votes. yes voters: 26d055725fdf43a69f99c3258ca2aaad, f2a0462995c447c28bf19a28589217d1; no voters: 
I20260713 09:10:14.081255 28165 catalog_manager.cc:5697] T 0e937af62c444165a41b02cc5839d3bc P 3fd7864c1de647f6b0e088a07fe4b0b5 reported cstate change: term changed from 0 to 1, leader changed from <none> to 3fd7864c1de647f6b0e088a07fe4b0b5 (127.26.135.130). New cstate: current_term: 1 leader_uuid: "3fd7864c1de647f6b0e088a07fe4b0b5" committed_config { opid_index: -1 OBSOLETE_local: false peers { permanent_uuid: "26d055725fdf43a69f99c3258ca2aaad" member_type: VOTER last_known_addr { host: "127.26.135.129" port: 34635 } health_report { overall_health: UNKNOWN } } peers { permanent_uuid: "3fd7864c1de647f6b0e088a07fe4b0b5" member_type: VOTER last_known_addr { host: "127.26.135.130" port: 39321 } health_report { overall_health: HEALTHY } } peers { permanent_uuid: "f2a0462995c447c28bf19a28589217d1" member_type: VOTER last_known_addr { host: "127.26.135.131" port: 34037 } health_report { overall_health: UNKNOWN } } }
I20260713 09:10:14.081863 28305 leader_election.cc:304] T 1397ba03cbbb457e9b5bf8fda6d1e01d P 3fd7864c1de647f6b0e088a07fe4b0b5 [CANDIDATE]: Term 1 pre-election: Election decided. Result: candidate won. Election summary: received 2 responses out of 3 voters: 2 yes votes; 0 no votes. yes voters: 3fd7864c1de647f6b0e088a07fe4b0b5, f2a0462995c447c28bf19a28589217d1; no voters: 
I20260713 09:10:14.081985 28264 tablet_service.cc:1917] Received RequestConsensusVote() RPC: tablet_id: "1397ba03cbbb457e9b5bf8fda6d1e01d" candidate_uuid: "3fd7864c1de647f6b0e088a07fe4b0b5" candidate_term: 1 candidate_status { last_received { term: 0 index: 0 } } ignore_live_leader: false dest_uuid: "26d055725fdf43a69f99c3258ca2aaad" is_pre_election: true
I20260713 09:10:14.082633 28465 raft_consensus.cc:2804] T 1397ba03cbbb457e9b5bf8fda6d1e01d P 3fd7864c1de647f6b0e088a07fe4b0b5 [term 0 FOLLOWER]: Leader pre-election won for term 1
I20260713 09:10:14.083089 28465 raft_consensus.cc:493] T 1397ba03cbbb457e9b5bf8fda6d1e01d P 3fd7864c1de647f6b0e088a07fe4b0b5 [term 0 FOLLOWER]: Starting leader election (no leader contacted us within the election timeout)
I20260713 09:10:14.083403 28465 raft_consensus.cc:3060] T 1397ba03cbbb457e9b5bf8fda6d1e01d P 3fd7864c1de647f6b0e088a07fe4b0b5 [term 0 FOLLOWER]: Advancing to term 1
I20260713 09:10:14.085253 28342 tablet_service.cc:1917] Received RequestConsensusVote() RPC: tablet_id: "e7f771f961824230a23bbcaab35056b0" candidate_uuid: "26d055725fdf43a69f99c3258ca2aaad" candidate_term: 1 candidate_status { last_received { term: 0 index: 0 } } ignore_live_leader: false dest_uuid: "3fd7864c1de647f6b0e088a07fe4b0b5" is_pre_election: true
I20260713 09:10:14.082671 28264 raft_consensus.cc:2468] T 1397ba03cbbb457e9b5bf8fda6d1e01d P 26d055725fdf43a69f99c3258ca2aaad [term 0 FOLLOWER]: Leader pre-election vote request: Granting yes vote for candidate 3fd7864c1de647f6b0e088a07fe4b0b5 in term 0.
W20260713 09:10:14.087231 28231 leader_election.cc:343] T e7f771f961824230a23bbcaab35056b0 P 26d055725fdf43a69f99c3258ca2aaad [CANDIDATE]: Term 1 pre-election: Tablet error from VoteRequest() call to peer 3fd7864c1de647f6b0e088a07fe4b0b5 (127.26.135.130:39321): Illegal state: must be running to vote when last-logged opid is not known
I20260713 09:10:14.088076 28555 raft_consensus.cc:2804] T e7f771f961824230a23bbcaab35056b0 P 26d055725fdf43a69f99c3258ca2aaad [term 0 FOLLOWER]: Leader pre-election won for term 1
I20260713 09:10:14.088488 28555 raft_consensus.cc:493] T e7f771f961824230a23bbcaab35056b0 P 26d055725fdf43a69f99c3258ca2aaad [term 0 FOLLOWER]: Starting leader election (no leader contacted us within the election timeout)
I20260713 09:10:14.088858 28555 raft_consensus.cc:3060] T e7f771f961824230a23bbcaab35056b0 P 26d055725fdf43a69f99c3258ca2aaad [term 0 FOLLOWER]: Advancing to term 1
I20260713 09:10:14.094167 28459 raft_consensus.cc:359] T 18db82696e7340cba3b5c3bb6728ee3a P 3fd7864c1de647f6b0e088a07fe4b0b5 [term 0 FOLLOWER]: Replica starting. Triggering 0 pending ops. Active config: opid_index: -1 OBSOLETE_local: false peers { permanent_uuid: "26d055725fdf43a69f99c3258ca2aaad" member_type: VOTER last_known_addr { host: "127.26.135.129" port: 34635 } } peers { permanent_uuid: "3fd7864c1de647f6b0e088a07fe4b0b5" member_type: VOTER last_known_addr { host: "127.26.135.130" port: 39321 } } peers { permanent_uuid: "f2a0462995c447c28bf19a28589217d1" member_type: VOTER last_known_addr { host: "127.26.135.131" port: 34037 } }
I20260713 09:10:14.094848 28459 raft_consensus.cc:385] T 18db82696e7340cba3b5c3bb6728ee3a P 3fd7864c1de647f6b0e088a07fe4b0b5 [term 0 FOLLOWER]: Consensus starting up: Expiring failure detector timer to make a prompt election more likely
I20260713 09:10:14.095124 28459 raft_consensus.cc:740] T 18db82696e7340cba3b5c3bb6728ee3a P 3fd7864c1de647f6b0e088a07fe4b0b5 [term 0 FOLLOWER]: Becoming Follower/Learner. State: Replica: 3fd7864c1de647f6b0e088a07fe4b0b5, State: Initialized, Role: FOLLOWER
I20260713 09:10:14.095798 28459 consensus_queue.cc:260] T 18db82696e7340cba3b5c3bb6728ee3a P 3fd7864c1de647f6b0e088a07fe4b0b5 [NON_LEADER]: Queue going to NON_LEADER mode. State: All replicated index: 0, Majority replicated index: 0, Committed index: 0, Last appended: 0.0, Last appended by leader: 0, Current term: 0, Majority size: -1, State: 0, Mode: NON_LEADER, active raft config: opid_index: -1 OBSOLETE_local: false peers { permanent_uuid: "26d055725fdf43a69f99c3258ca2aaad" member_type: VOTER last_known_addr { host: "127.26.135.129" port: 34635 } } peers { permanent_uuid: "3fd7864c1de647f6b0e088a07fe4b0b5" member_type: VOTER last_known_addr { host: "127.26.135.130" port: 39321 } } peers { permanent_uuid: "f2a0462995c447c28bf19a28589217d1" member_type: VOTER last_known_addr { host: "127.26.135.131" port: 34037 } }
I20260713 09:10:14.096828 28555 raft_consensus.cc:515] T e7f771f961824230a23bbcaab35056b0 P 26d055725fdf43a69f99c3258ca2aaad [term 1 FOLLOWER]: Starting leader election with config: opid_index: -1 OBSOLETE_local: false peers { permanent_uuid: "26d055725fdf43a69f99c3258ca2aaad" member_type: VOTER last_known_addr { host: "127.26.135.129" port: 34635 } } peers { permanent_uuid: "3fd7864c1de647f6b0e088a07fe4b0b5" member_type: VOTER last_known_addr { host: "127.26.135.130" port: 39321 } } peers { permanent_uuid: "f2a0462995c447c28bf19a28589217d1" member_type: VOTER last_known_addr { host: "127.26.135.131" port: 34037 } }
I20260713 09:10:14.097935 28459 ts_tablet_manager.cc:1434] T 18db82696e7340cba3b5c3bb6728ee3a P 3fd7864c1de647f6b0e088a07fe4b0b5: Time spent starting tablet: real 0.029s	user 0.005s	sys 0.000s
I20260713 09:10:14.098845 28459 tablet_bootstrap.cc:492] T 8840d77d9e34420781a58574f05f24f1 P 3fd7864c1de647f6b0e088a07fe4b0b5: Bootstrap starting.
I20260713 09:10:14.099604 28465 raft_consensus.cc:515] T 1397ba03cbbb457e9b5bf8fda6d1e01d P 3fd7864c1de647f6b0e088a07fe4b0b5 [term 1 FOLLOWER]: Starting leader election with config: opid_index: -1 OBSOLETE_local: false peers { permanent_uuid: "26d055725fdf43a69f99c3258ca2aaad" member_type: VOTER last_known_addr { host: "127.26.135.129" port: 34635 } } peers { permanent_uuid: "3fd7864c1de647f6b0e088a07fe4b0b5" member_type: VOTER last_known_addr { host: "127.26.135.130" port: 39321 } } peers { permanent_uuid: "f2a0462995c447c28bf19a28589217d1" member_type: VOTER last_known_addr { host: "127.26.135.131" port: 34037 } }
I20260713 09:10:14.100193 28342 tablet_service.cc:1917] Received RequestConsensusVote() RPC: tablet_id: "e7f771f961824230a23bbcaab35056b0" candidate_uuid: "26d055725fdf43a69f99c3258ca2aaad" candidate_term: 1 candidate_status { last_received { term: 0 index: 0 } } ignore_live_leader: false dest_uuid: "3fd7864c1de647f6b0e088a07fe4b0b5"
I20260713 09:10:14.075604 28455 ts_tablet_manager.cc:1403] T a8d7487ecd354dd8bf0307fe39297dc8 P f2a0462995c447c28bf19a28589217d1: Time spent bootstrapping tablet: real 0.066s	user 0.010s	sys 0.001s
W20260713 09:10:14.101531 28231 leader_election.cc:343] T e7f771f961824230a23bbcaab35056b0 P 26d055725fdf43a69f99c3258ca2aaad [CANDIDATE]: Term 1 election: Tablet error from VoteRequest() call to peer 3fd7864c1de647f6b0e088a07fe4b0b5 (127.26.135.130:39321): Illegal state: must be running to vote when last-logged opid is not known
I20260713 09:10:14.107146 28459 tablet_bootstrap.cc:654] T 8840d77d9e34420781a58574f05f24f1 P 3fd7864c1de647f6b0e088a07fe4b0b5: Neither blocks nor log segments found. Creating new log.
I20260713 09:10:14.113670 28555 leader_election.cc:290] T e7f771f961824230a23bbcaab35056b0 P 26d055725fdf43a69f99c3258ca2aaad [CANDIDATE]: Term 1 election: Requested vote from peers 3fd7864c1de647f6b0e088a07fe4b0b5 (127.26.135.130:39321), f2a0462995c447c28bf19a28589217d1 (127.26.135.131:34037)
I20260713 09:10:14.114514 28414 tablet_service.cc:1917] Received RequestConsensusVote() RPC: tablet_id: "e7f771f961824230a23bbcaab35056b0" candidate_uuid: "26d055725fdf43a69f99c3258ca2aaad" candidate_term: 1 candidate_status { last_received { term: 0 index: 0 } } ignore_live_leader: false dest_uuid: "f2a0462995c447c28bf19a28589217d1"
I20260713 09:10:14.115582 28414 raft_consensus.cc:3060] T e7f771f961824230a23bbcaab35056b0 P f2a0462995c447c28bf19a28589217d1 [term 0 FOLLOWER]: Advancing to term 1
I20260713 09:10:14.119232 28456 tablet_bootstrap.cc:492] T e9bbd0ddce784bfaa3ff73805f97fdcb P 26d055725fdf43a69f99c3258ca2aaad: No bootstrap required, opened a new log
I20260713 09:10:14.119732 28456 ts_tablet_manager.cc:1403] T e9bbd0ddce784bfaa3ff73805f97fdcb P 26d055725fdf43a69f99c3258ca2aaad: Time spent bootstrapping tablet: real 0.059s	user 0.009s	sys 0.003s
I20260713 09:10:14.122299 28456 raft_consensus.cc:359] T e9bbd0ddce784bfaa3ff73805f97fdcb P 26d055725fdf43a69f99c3258ca2aaad [term 0 FOLLOWER]: Replica starting. Triggering 0 pending ops. Active config: opid_index: -1 OBSOLETE_local: false peers { permanent_uuid: "26d055725fdf43a69f99c3258ca2aaad" member_type: VOTER last_known_addr { host: "127.26.135.129" port: 34635 } } peers { permanent_uuid: "3fd7864c1de647f6b0e088a07fe4b0b5" member_type: VOTER last_known_addr { host: "127.26.135.130" port: 39321 } } peers { permanent_uuid: "f2a0462995c447c28bf19a28589217d1" member_type: VOTER last_known_addr { host: "127.26.135.131" port: 34037 } }
I20260713 09:10:14.123090 28456 raft_consensus.cc:385] T e9bbd0ddce784bfaa3ff73805f97fdcb P 26d055725fdf43a69f99c3258ca2aaad [term 0 FOLLOWER]: Consensus starting up: Expiring failure detector timer to make a prompt election more likely
I20260713 09:10:14.123397 28456 raft_consensus.cc:740] T e9bbd0ddce784bfaa3ff73805f97fdcb P 26d055725fdf43a69f99c3258ca2aaad [term 0 FOLLOWER]: Becoming Follower/Learner. State: Replica: 26d055725fdf43a69f99c3258ca2aaad, State: Initialized, Role: FOLLOWER
I20260713 09:10:14.124024 28456 consensus_queue.cc:260] T e9bbd0ddce784bfaa3ff73805f97fdcb P 26d055725fdf43a69f99c3258ca2aaad [NON_LEADER]: Queue going to NON_LEADER mode. State: All replicated index: 0, Majority replicated index: 0, Committed index: 0, Last appended: 0.0, Last appended by leader: 0, Current term: 0, Majority size: -1, State: 0, Mode: NON_LEADER, active raft config: opid_index: -1 OBSOLETE_local: false peers { permanent_uuid: "26d055725fdf43a69f99c3258ca2aaad" member_type: VOTER last_known_addr { host: "127.26.135.129" port: 34635 } } peers { permanent_uuid: "3fd7864c1de647f6b0e088a07fe4b0b5" member_type: VOTER last_known_addr { host: "127.26.135.130" port: 39321 } } peers { permanent_uuid: "f2a0462995c447c28bf19a28589217d1" member_type: VOTER last_known_addr { host: "127.26.135.131" port: 34037 } }
I20260713 09:10:14.124894 28455 raft_consensus.cc:359] T a8d7487ecd354dd8bf0307fe39297dc8 P f2a0462995c447c28bf19a28589217d1 [term 0 FOLLOWER]: Replica starting. Triggering 0 pending ops. Active config: opid_index: -1 OBSOLETE_local: false peers { permanent_uuid: "26d055725fdf43a69f99c3258ca2aaad" member_type: VOTER last_known_addr { host: "127.26.135.129" port: 34635 } } peers { permanent_uuid: "3fd7864c1de647f6b0e088a07fe4b0b5" member_type: VOTER last_known_addr { host: "127.26.135.130" port: 39321 } } peers { permanent_uuid: "f2a0462995c447c28bf19a28589217d1" member_type: VOTER last_known_addr { host: "127.26.135.131" port: 34037 } }
I20260713 09:10:14.125612 28455 raft_consensus.cc:385] T a8d7487ecd354dd8bf0307fe39297dc8 P f2a0462995c447c28bf19a28589217d1 [term 0 FOLLOWER]: Consensus starting up: Expiring failure detector timer to make a prompt election more likely
I20260713 09:10:14.125881 28455 raft_consensus.cc:740] T a8d7487ecd354dd8bf0307fe39297dc8 P f2a0462995c447c28bf19a28589217d1 [term 0 FOLLOWER]: Becoming Follower/Learner. State: Replica: f2a0462995c447c28bf19a28589217d1, State: Initialized, Role: FOLLOWER
I20260713 09:10:14.126576 28414 raft_consensus.cc:2468] T e7f771f961824230a23bbcaab35056b0 P f2a0462995c447c28bf19a28589217d1 [term 1 FOLLOWER]: Leader election vote request: Granting yes vote for candidate 26d055725fdf43a69f99c3258ca2aaad in term 1.
I20260713 09:10:14.127997 28230 leader_election.cc:304] T e7f771f961824230a23bbcaab35056b0 P 26d055725fdf43a69f99c3258ca2aaad [CANDIDATE]: Term 1 election: Election decided. Result: candidate won. Election summary: received 3 responses out of 3 voters: 2 yes votes; 1 no votes. yes voters: 26d055725fdf43a69f99c3258ca2aaad, f2a0462995c447c28bf19a28589217d1; no voters: 3fd7864c1de647f6b0e088a07fe4b0b5
I20260713 09:10:14.128908 28264 tablet_service.cc:1917] Received RequestConsensusVote() RPC: tablet_id: "1397ba03cbbb457e9b5bf8fda6d1e01d" candidate_uuid: "3fd7864c1de647f6b0e088a07fe4b0b5" candidate_term: 1 candidate_status { last_received { term: 0 index: 0 } } ignore_live_leader: false dest_uuid: "26d055725fdf43a69f99c3258ca2aaad"
I20260713 09:10:14.129462 28264 raft_consensus.cc:3060] T 1397ba03cbbb457e9b5bf8fda6d1e01d P 26d055725fdf43a69f99c3258ca2aaad [term 0 FOLLOWER]: Advancing to term 1
I20260713 09:10:14.129520 28555 raft_consensus.cc:2804] T e7f771f961824230a23bbcaab35056b0 P 26d055725fdf43a69f99c3258ca2aaad [term 1 FOLLOWER]: Leader election won for term 1
I20260713 09:10:14.133958 28555 raft_consensus.cc:697] T e7f771f961824230a23bbcaab35056b0 P 26d055725fdf43a69f99c3258ca2aaad [term 1 LEADER]: Becoming Leader. State: Replica: 26d055725fdf43a69f99c3258ca2aaad, State: Running, Role: LEADER
I20260713 09:10:14.134734 28555 consensus_queue.cc:237] T e7f771f961824230a23bbcaab35056b0 P 26d055725fdf43a69f99c3258ca2aaad [LEADER]: Queue going to LEADER mode. State: All replicated index: 0, Majority replicated index: 0, Committed index: 0, Last appended: 0.0, Last appended by leader: 0, Current term: 1, Majority size: 2, State: 0, Mode: LEADER, active raft config: opid_index: -1 OBSOLETE_local: false peers { permanent_uuid: "26d055725fdf43a69f99c3258ca2aaad" member_type: VOTER last_known_addr { host: "127.26.135.129" port: 34635 } } peers { permanent_uuid: "3fd7864c1de647f6b0e088a07fe4b0b5" member_type: VOTER last_known_addr { host: "127.26.135.130" port: 39321 } } peers { permanent_uuid: "f2a0462995c447c28bf19a28589217d1" member_type: VOTER last_known_addr { host: "127.26.135.131" port: 34037 } }
I20260713 09:10:14.140264 28456 ts_tablet_manager.cc:1434] T e9bbd0ddce784bfaa3ff73805f97fdcb P 26d055725fdf43a69f99c3258ca2aaad: Time spent starting tablet: real 0.020s	user 0.003s	sys 0.002s
I20260713 09:10:14.142728 28456 tablet_bootstrap.cc:492] T c4d53bd725dc4943b82999c9925075cc P 26d055725fdf43a69f99c3258ca2aaad: Bootstrap starting.
I20260713 09:10:14.144021 28264 raft_consensus.cc:2468] T 1397ba03cbbb457e9b5bf8fda6d1e01d P 26d055725fdf43a69f99c3258ca2aaad [term 1 FOLLOWER]: Leader election vote request: Granting yes vote for candidate 3fd7864c1de647f6b0e088a07fe4b0b5 in term 1.
I20260713 09:10:14.145318 28306 leader_election.cc:304] T 1397ba03cbbb457e9b5bf8fda6d1e01d P 3fd7864c1de647f6b0e088a07fe4b0b5 [CANDIDATE]: Term 1 election: Election decided. Result: candidate won. Election summary: received 2 responses out of 3 voters: 2 yes votes; 0 no votes. yes voters: 26d055725fdf43a69f99c3258ca2aaad, 3fd7864c1de647f6b0e088a07fe4b0b5; no voters: 
I20260713 09:10:14.146219 28516 raft_consensus.cc:2804] T 1397ba03cbbb457e9b5bf8fda6d1e01d P 3fd7864c1de647f6b0e088a07fe4b0b5 [term 1 FOLLOWER]: Leader election won for term 1
I20260713 09:10:14.146719 28516 raft_consensus.cc:697] T 1397ba03cbbb457e9b5bf8fda6d1e01d P 3fd7864c1de647f6b0e088a07fe4b0b5 [term 1 LEADER]: Becoming Leader. State: Replica: 3fd7864c1de647f6b0e088a07fe4b0b5, State: Running, Role: LEADER
I20260713 09:10:14.148274 28516 consensus_queue.cc:237] T 1397ba03cbbb457e9b5bf8fda6d1e01d P 3fd7864c1de647f6b0e088a07fe4b0b5 [LEADER]: Queue going to LEADER mode. State: All replicated index: 0, Majority replicated index: 0, Committed index: 0, Last appended: 0.0, Last appended by leader: 0, Current term: 1, Majority size: 2, State: 0, Mode: LEADER, active raft config: opid_index: -1 OBSOLETE_local: false peers { permanent_uuid: "26d055725fdf43a69f99c3258ca2aaad" member_type: VOTER last_known_addr { host: "127.26.135.129" port: 34635 } } peers { permanent_uuid: "3fd7864c1de647f6b0e088a07fe4b0b5" member_type: VOTER last_known_addr { host: "127.26.135.130" port: 39321 } } peers { permanent_uuid: "f2a0462995c447c28bf19a28589217d1" member_type: VOTER last_known_addr { host: "127.26.135.131" port: 34037 } }
I20260713 09:10:14.149621 28456 tablet_bootstrap.cc:654] T c4d53bd725dc4943b82999c9925075cc P 26d055725fdf43a69f99c3258ca2aaad: Neither blocks nor log segments found. Creating new log.
I20260713 09:10:14.155746 28414 tablet_service.cc:1917] Received RequestConsensusVote() RPC: tablet_id: "1397ba03cbbb457e9b5bf8fda6d1e01d" candidate_uuid: "3fd7864c1de647f6b0e088a07fe4b0b5" candidate_term: 1 candidate_status { last_received { term: 0 index: 0 } } ignore_live_leader: false dest_uuid: "f2a0462995c447c28bf19a28589217d1"
I20260713 09:10:14.156446 28414 raft_consensus.cc:3060] T 1397ba03cbbb457e9b5bf8fda6d1e01d P f2a0462995c447c28bf19a28589217d1 [term 0 FOLLOWER]: Advancing to term 1
I20260713 09:10:14.156495 28165 catalog_manager.cc:5697] T e7f771f961824230a23bbcaab35056b0 P 26d055725fdf43a69f99c3258ca2aaad reported cstate change: term changed from 0 to 1, leader changed from <none> to 26d055725fdf43a69f99c3258ca2aaad (127.26.135.129). New cstate: current_term: 1 leader_uuid: "26d055725fdf43a69f99c3258ca2aaad" committed_config { opid_index: -1 OBSOLETE_local: false peers { permanent_uuid: "26d055725fdf43a69f99c3258ca2aaad" member_type: VOTER last_known_addr { host: "127.26.135.129" port: 34635 } health_report { overall_health: HEALTHY } } peers { permanent_uuid: "3fd7864c1de647f6b0e088a07fe4b0b5" member_type: VOTER last_known_addr { host: "127.26.135.130" port: 39321 } health_report { overall_health: UNKNOWN } } peers { permanent_uuid: "f2a0462995c447c28bf19a28589217d1" member_type: VOTER last_known_addr { host: "127.26.135.131" port: 34037 } health_report { overall_health: UNKNOWN } } }
I20260713 09:10:14.158463 28465 leader_election.cc:290] T 1397ba03cbbb457e9b5bf8fda6d1e01d P 3fd7864c1de647f6b0e088a07fe4b0b5 [CANDIDATE]: Term 1 election: Requested vote from peers 26d055725fdf43a69f99c3258ca2aaad (127.26.135.129:34635), f2a0462995c447c28bf19a28589217d1 (127.26.135.131:34037)
I20260713 09:10:14.157184 28455 consensus_queue.cc:260] T a8d7487ecd354dd8bf0307fe39297dc8 P f2a0462995c447c28bf19a28589217d1 [NON_LEADER]: Queue going to NON_LEADER mode. State: All replicated index: 0, Majority replicated index: 0, Committed index: 0, Last appended: 0.0, Last appended by leader: 0, Current term: 0, Majority size: -1, State: 0, Mode: NON_LEADER, active raft config: opid_index: -1 OBSOLETE_local: false peers { permanent_uuid: "26d055725fdf43a69f99c3258ca2aaad" member_type: VOTER last_known_addr { host: "127.26.135.129" port: 34635 } } peers { permanent_uuid: "3fd7864c1de647f6b0e088a07fe4b0b5" member_type: VOTER last_known_addr { host: "127.26.135.130" port: 39321 } } peers { permanent_uuid: "f2a0462995c447c28bf19a28589217d1" member_type: VOTER last_known_addr { host: "127.26.135.131" port: 34037 } }
I20260713 09:10:14.164512 28455 ts_tablet_manager.cc:1434] T a8d7487ecd354dd8bf0307fe39297dc8 P f2a0462995c447c28bf19a28589217d1: Time spent starting tablet: real 0.063s	user 0.003s	sys 0.002s
I20260713 09:10:14.179150 28165 catalog_manager.cc:5697] T 1397ba03cbbb457e9b5bf8fda6d1e01d P 3fd7864c1de647f6b0e088a07fe4b0b5 reported cstate change: term changed from 0 to 1, leader changed from <none> to 3fd7864c1de647f6b0e088a07fe4b0b5 (127.26.135.130). New cstate: current_term: 1 leader_uuid: "3fd7864c1de647f6b0e088a07fe4b0b5" committed_config { opid_index: -1 OBSOLETE_local: false peers { permanent_uuid: "26d055725fdf43a69f99c3258ca2aaad" member_type: VOTER last_known_addr { host: "127.26.135.129" port: 34635 } health_report { overall_health: UNKNOWN } } peers { permanent_uuid: "3fd7864c1de647f6b0e088a07fe4b0b5" member_type: VOTER last_known_addr { host: "127.26.135.130" port: 39321 } health_report { overall_health: HEALTHY } } peers { permanent_uuid: "f2a0462995c447c28bf19a28589217d1" member_type: VOTER last_known_addr { host: "127.26.135.131" port: 34037 } health_report { overall_health: UNKNOWN } } }
I20260713 09:10:14.183269 28455 tablet_bootstrap.cc:492] T 18db82696e7340cba3b5c3bb6728ee3a P f2a0462995c447c28bf19a28589217d1: Bootstrap starting.
I20260713 09:10:14.191993 28456 tablet_bootstrap.cc:492] T c4d53bd725dc4943b82999c9925075cc P 26d055725fdf43a69f99c3258ca2aaad: No bootstrap required, opened a new log
I20260713 09:10:14.192389 28456 ts_tablet_manager.cc:1403] T c4d53bd725dc4943b82999c9925075cc P 26d055725fdf43a69f99c3258ca2aaad: Time spent bootstrapping tablet: real 0.050s	user 0.004s	sys 0.017s
I20260713 09:10:14.194332 28456 raft_consensus.cc:359] T c4d53bd725dc4943b82999c9925075cc P 26d055725fdf43a69f99c3258ca2aaad [term 0 FOLLOWER]: Replica starting. Triggering 0 pending ops. Active config: opid_index: -1 OBSOLETE_local: false peers { permanent_uuid: "26d055725fdf43a69f99c3258ca2aaad" member_type: VOTER last_known_addr { host: "127.26.135.129" port: 34635 } } peers { permanent_uuid: "3fd7864c1de647f6b0e088a07fe4b0b5" member_type: VOTER last_known_addr { host: "127.26.135.130" port: 39321 } } peers { permanent_uuid: "f2a0462995c447c28bf19a28589217d1" member_type: VOTER last_known_addr { host: "127.26.135.131" port: 34037 } }
I20260713 09:10:14.194793 28456 raft_consensus.cc:385] T c4d53bd725dc4943b82999c9925075cc P 26d055725fdf43a69f99c3258ca2aaad [term 0 FOLLOWER]: Consensus starting up: Expiring failure detector timer to make a prompt election more likely
I20260713 09:10:14.195084 28456 raft_consensus.cc:740] T c4d53bd725dc4943b82999c9925075cc P 26d055725fdf43a69f99c3258ca2aaad [term 0 FOLLOWER]: Becoming Follower/Learner. State: Replica: 26d055725fdf43a69f99c3258ca2aaad, State: Initialized, Role: FOLLOWER
I20260713 09:10:14.195802 28456 consensus_queue.cc:260] T c4d53bd725dc4943b82999c9925075cc P 26d055725fdf43a69f99c3258ca2aaad [NON_LEADER]: Queue going to NON_LEADER mode. State: All replicated index: 0, Majority replicated index: 0, Committed index: 0, Last appended: 0.0, Last appended by leader: 0, Current term: 0, Majority size: -1, State: 0, Mode: NON_LEADER, active raft config: opid_index: -1 OBSOLETE_local: false peers { permanent_uuid: "26d055725fdf43a69f99c3258ca2aaad" member_type: VOTER last_known_addr { host: "127.26.135.129" port: 34635 } } peers { permanent_uuid: "3fd7864c1de647f6b0e088a07fe4b0b5" member_type: VOTER last_known_addr { host: "127.26.135.130" port: 39321 } } peers { permanent_uuid: "f2a0462995c447c28bf19a28589217d1" member_type: VOTER last_known_addr { host: "127.26.135.131" port: 34037 } }
I20260713 09:10:14.199282 28503 consensus_queue.cc:1048] T dda0b51816dd43389e421f3801ed1118 P f2a0462995c447c28bf19a28589217d1 [LEADER]: Connected to new peer: Peer: permanent_uuid: "26d055725fdf43a69f99c3258ca2aaad" member_type: VOTER last_known_addr { host: "127.26.135.129" port: 34635 }, Status: LMP_MISMATCH, Last received: 0.0, Next index: 1, Last known committed idx: 0, Time since last communication: 0.000s
I20260713 09:10:14.200821 28555 consensus_queue.cc:1048] T 7a1d30c84da445849a4dad996fd87cd1 P 26d055725fdf43a69f99c3258ca2aaad [LEADER]: Connected to new peer: Peer: permanent_uuid: "3fd7864c1de647f6b0e088a07fe4b0b5" member_type: VOTER last_known_addr { host: "127.26.135.130" port: 39321 }, Status: LMP_MISMATCH, Last received: 0.0, Next index: 1, Last known committed idx: 0, Time since last communication: 0.000s
I20260713 09:10:14.208349 28459 tablet_bootstrap.cc:492] T 8840d77d9e34420781a58574f05f24f1 P 3fd7864c1de647f6b0e088a07fe4b0b5: No bootstrap required, opened a new log
I20260713 09:10:14.208796 28459 ts_tablet_manager.cc:1403] T 8840d77d9e34420781a58574f05f24f1 P 3fd7864c1de647f6b0e088a07fe4b0b5: Time spent bootstrapping tablet: real 0.110s	user 0.041s	sys 0.039s
I20260713 09:10:14.209901 28456 ts_tablet_manager.cc:1434] T c4d53bd725dc4943b82999c9925075cc P 26d055725fdf43a69f99c3258ca2aaad: Time spent starting tablet: real 0.017s	user 0.005s	sys 0.001s
I20260713 09:10:14.195345 28414 raft_consensus.cc:2468] T 1397ba03cbbb457e9b5bf8fda6d1e01d P f2a0462995c447c28bf19a28589217d1 [term 1 FOLLOWER]: Leader election vote request: Granting yes vote for candidate 3fd7864c1de647f6b0e088a07fe4b0b5 in term 1.
I20260713 09:10:14.212850 28455 tablet_bootstrap.cc:654] T 18db82696e7340cba3b5c3bb6728ee3a P f2a0462995c447c28bf19a28589217d1: Neither blocks nor log segments found. Creating new log.
I20260713 09:10:14.215713 28459 raft_consensus.cc:359] T 8840d77d9e34420781a58574f05f24f1 P 3fd7864c1de647f6b0e088a07fe4b0b5 [term 0 FOLLOWER]: Replica starting. Triggering 0 pending ops. Active config: opid_index: -1 OBSOLETE_local: false peers { permanent_uuid: "26d055725fdf43a69f99c3258ca2aaad" member_type: VOTER last_known_addr { host: "127.26.135.129" port: 34635 } } peers { permanent_uuid: "3fd7864c1de647f6b0e088a07fe4b0b5" member_type: VOTER last_known_addr { host: "127.26.135.130" port: 39321 } } peers { permanent_uuid: "f2a0462995c447c28bf19a28589217d1" member_type: VOTER last_known_addr { host: "127.26.135.131" port: 34037 } }
I20260713 09:10:14.216342 28459 raft_consensus.cc:385] T 8840d77d9e34420781a58574f05f24f1 P 3fd7864c1de647f6b0e088a07fe4b0b5 [term 0 FOLLOWER]: Consensus starting up: Expiring failure detector timer to make a prompt election more likely
I20260713 09:10:14.216588 28459 raft_consensus.cc:740] T 8840d77d9e34420781a58574f05f24f1 P 3fd7864c1de647f6b0e088a07fe4b0b5 [term 0 FOLLOWER]: Becoming Follower/Learner. State: Replica: 3fd7864c1de647f6b0e088a07fe4b0b5, State: Initialized, Role: FOLLOWER
I20260713 09:10:14.217172 28459 consensus_queue.cc:260] T 8840d77d9e34420781a58574f05f24f1 P 3fd7864c1de647f6b0e088a07fe4b0b5 [NON_LEADER]: Queue going to NON_LEADER mode. State: All replicated index: 0, Majority replicated index: 0, Committed index: 0, Last appended: 0.0, Last appended by leader: 0, Current term: 0, Majority size: -1, State: 0, Mode: NON_LEADER, active raft config: opid_index: -1 OBSOLETE_local: false peers { permanent_uuid: "26d055725fdf43a69f99c3258ca2aaad" member_type: VOTER last_known_addr { host: "127.26.135.129" port: 34635 } } peers { permanent_uuid: "3fd7864c1de647f6b0e088a07fe4b0b5" member_type: VOTER last_known_addr { host: "127.26.135.130" port: 39321 } } peers { permanent_uuid: "f2a0462995c447c28bf19a28589217d1" member_type: VOTER last_known_addr { host: "127.26.135.131" port: 34037 } }
I20260713 09:10:14.219085 28459 ts_tablet_manager.cc:1434] T 8840d77d9e34420781a58574f05f24f1 P 3fd7864c1de647f6b0e088a07fe4b0b5: Time spent starting tablet: real 0.010s	user 0.007s	sys 0.000s
I20260713 09:10:14.220320 28459 tablet_bootstrap.cc:492] T c4d53bd725dc4943b82999c9925075cc P 3fd7864c1de647f6b0e088a07fe4b0b5: Bootstrap starting.
I20260713 09:10:14.233469 28461 consensus_queue.cc:1048] T dda0b51816dd43389e421f3801ed1118 P f2a0462995c447c28bf19a28589217d1 [LEADER]: Connected to new peer: Peer: permanent_uuid: "3fd7864c1de647f6b0e088a07fe4b0b5" member_type: VOTER last_known_addr { host: "127.26.135.130" port: 39321 }, Status: LMP_MISMATCH, Last received: 0.0, Next index: 1, Last known committed idx: 0, Time since last communication: 0.000s
I20260713 09:10:14.236516 28559 consensus_queue.cc:1048] T 7a1d30c84da445849a4dad996fd87cd1 P 26d055725fdf43a69f99c3258ca2aaad [LEADER]: Connected to new peer: Peer: permanent_uuid: "f2a0462995c447c28bf19a28589217d1" member_type: VOTER last_known_addr { host: "127.26.135.131" port: 34037 }, Status: LMP_MISMATCH, Last received: 0.0, Next index: 1, Last known committed idx: 0, Time since last communication: 0.000s
I20260713 09:10:14.247438 28559 consensus_queue.cc:1048] T 982f2ea0a0ca451699a253fe05d07a18 P 26d055725fdf43a69f99c3258ca2aaad [LEADER]: Connected to new peer: Peer: permanent_uuid: "3fd7864c1de647f6b0e088a07fe4b0b5" member_type: VOTER last_known_addr { host: "127.26.135.130" port: 39321 }, Status: LMP_MISMATCH, Last received: 0.0, Next index: 1, Last known committed idx: 0, Time since last communication: 0.000s
I20260713 09:10:14.260942 28459 tablet_bootstrap.cc:654] T c4d53bd725dc4943b82999c9925075cc P 3fd7864c1de647f6b0e088a07fe4b0b5: Neither blocks nor log segments found. Creating new log.
W20260713 09:10:14.279873 28230 consensus_peers.cc:597] T 982f2ea0a0ca451699a253fe05d07a18 P 26d055725fdf43a69f99c3258ca2aaad -> Peer f2a0462995c447c28bf19a28589217d1 (127.26.135.131:34037): Couldn't send request to peer f2a0462995c447c28bf19a28589217d1. Error code: TABLET_NOT_RUNNING (12). Status: Illegal state: Tablet not RUNNING: INITIALIZED. This is attempt 1: this message will repeat every 5th retry.
I20260713 09:10:14.282855 28455 tablet_bootstrap.cc:492] T 18db82696e7340cba3b5c3bb6728ee3a P f2a0462995c447c28bf19a28589217d1: No bootstrap required, opened a new log
I20260713 09:10:14.283342 28455 ts_tablet_manager.cc:1403] T 18db82696e7340cba3b5c3bb6728ee3a P f2a0462995c447c28bf19a28589217d1: Time spent bootstrapping tablet: real 0.100s	user 0.013s	sys 0.003s
W20260713 09:10:14.284667 28213 auto_rebalancer.cc:288] Could not retrieve cluster info: Service unavailable: Tablet not running
I20260713 09:10:14.288120 28455 raft_consensus.cc:359] T 18db82696e7340cba3b5c3bb6728ee3a P f2a0462995c447c28bf19a28589217d1 [term 0 FOLLOWER]: Replica starting. Triggering 0 pending ops. Active config: opid_index: -1 OBSOLETE_local: false peers { permanent_uuid: "26d055725fdf43a69f99c3258ca2aaad" member_type: VOTER last_known_addr { host: "127.26.135.129" port: 34635 } } peers { permanent_uuid: "3fd7864c1de647f6b0e088a07fe4b0b5" member_type: VOTER last_known_addr { host: "127.26.135.130" port: 39321 } } peers { permanent_uuid: "f2a0462995c447c28bf19a28589217d1" member_type: VOTER last_known_addr { host: "127.26.135.131" port: 34037 } }
I20260713 09:10:14.288865 28455 raft_consensus.cc:385] T 18db82696e7340cba3b5c3bb6728ee3a P f2a0462995c447c28bf19a28589217d1 [term 0 FOLLOWER]: Consensus starting up: Expiring failure detector timer to make a prompt election more likely
I20260713 09:10:14.289183 28455 raft_consensus.cc:740] T 18db82696e7340cba3b5c3bb6728ee3a P f2a0462995c447c28bf19a28589217d1 [term 0 FOLLOWER]: Becoming Follower/Learner. State: Replica: f2a0462995c447c28bf19a28589217d1, State: Initialized, Role: FOLLOWER
