I20260713 09:10:04.074401 27991 consensus_queue.cc:237] T d50d945f19d2488f86948e5ffeeebabe P 30e7a31c49924e339f48ed18ce31c9af [LEADER]: Queue going to LEADER mode. State: All replicated index: 0, Majority replicated index: 1, Committed index: 1, Last appended: 1.1, Last appended by leader: 1, Current term: 2, Majority size: 2, State: 0, Mode: LEADER, active raft config: opid_index: -1 OBSOLETE_local: false peers { permanent_uuid: "d720ae2eb795469b91ec0e124d5dc0aa" member_type: VOTER last_known_addr { host: "127.26.135.129" port: 40503 } } peers { permanent_uuid: "d1638937a1c3437eb48fad0afccd99bc" member_type: VOTER last_known_addr { host: "127.26.135.130" port: 40729 } } peers { permanent_uuid: "30e7a31c49924e339f48ed18ce31c9af" member_type: VOTER last_known_addr { host: "127.26.135.131" port: 35485 } }
I20260713 09:10:04.080003 27679 catalog_manager.cc:5697] T d50d945f19d2488f86948e5ffeeebabe P 30e7a31c49924e339f48ed18ce31c9af reported cstate change: term changed from 1 to 2, leader changed from d720ae2eb795469b91ec0e124d5dc0aa (127.26.135.129) to 30e7a31c49924e339f48ed18ce31c9af (127.26.135.131). New cstate: current_term: 2 leader_uuid: "30e7a31c49924e339f48ed18ce31c9af" committed_config { opid_index: -1 OBSOLETE_local: false peers { permanent_uuid: "d720ae2eb795469b91ec0e124d5dc0aa" member_type: VOTER last_known_addr { host: "127.26.135.129" port: 40503 } health_report { overall_health: UNKNOWN } } peers { permanent_uuid: "d1638937a1c3437eb48fad0afccd99bc" member_type: VOTER last_known_addr { host: "127.26.135.130" port: 40729 } health_report { overall_health: UNKNOWN } } peers { permanent_uuid: "30e7a31c49924e339f48ed18ce31c9af" member_type: VOTER last_known_addr { host: "127.26.135.131" port: 35485 } health_report { overall_health: HEALTHY } } }
I20260713 09:10:04.126459 28057 raft_consensus.cc:993] T 868c6702a16b4905953c0bf29fddb86f P d720ae2eb795469b91ec0e124d5dc0aa: : Instructing follower 30e7a31c49924e339f48ed18ce31c9af to start an election
I20260713 09:10:04.126823 28058 raft_consensus.cc:1081] T 868c6702a16b4905953c0bf29fddb86f P d720ae2eb795469b91ec0e124d5dc0aa [term 1 LEADER]: Signalling peer 30e7a31c49924e339f48ed18ce31c9af to start an election
I20260713 09:10:04.128083 27929 tablet_service.cc:2044] Received Run Leader Election RPC: tablet_id: "868c6702a16b4905953c0bf29fddb86f"
dest_uuid: "30e7a31c49924e339f48ed18ce31c9af"
 from {username='slave'} at 127.0.0.1:33048
I20260713 09:10:04.128484 27929 raft_consensus.cc:493] T 868c6702a16b4905953c0bf29fddb86f P 30e7a31c49924e339f48ed18ce31c9af [term 1 FOLLOWER]: Starting forced leader election (received explicit request)
I20260713 09:10:04.128785 27929 raft_consensus.cc:3060] T 868c6702a16b4905953c0bf29fddb86f P 30e7a31c49924e339f48ed18ce31c9af [term 1 FOLLOWER]: Advancing to term 2
I20260713 09:10:04.132978 27929 raft_consensus.cc:515] T 868c6702a16b4905953c0bf29fddb86f P 30e7a31c49924e339f48ed18ce31c9af [term 2 FOLLOWER]: Starting forced leader election with config: opid_index: -1 OBSOLETE_local: false peers { permanent_uuid: "d720ae2eb795469b91ec0e124d5dc0aa" member_type: VOTER last_known_addr { host: "127.26.135.129" port: 40503 } } peers { permanent_uuid: "d1638937a1c3437eb48fad0afccd99bc" member_type: VOTER last_known_addr { host: "127.26.135.130" port: 40729 } } peers { permanent_uuid: "30e7a31c49924e339f48ed18ce31c9af" member_type: VOTER last_known_addr { host: "127.26.135.131" port: 35485 } }
I20260713 09:10:04.134379 27929 leader_election.cc:290] T 868c6702a16b4905953c0bf29fddb86f P 30e7a31c49924e339f48ed18ce31c9af [CANDIDATE]: Term 2 election: Requested vote from peers d720ae2eb795469b91ec0e124d5dc0aa (127.26.135.129:40503), d1638937a1c3437eb48fad0afccd99bc (127.26.135.130:40729)
I20260713 09:10:04.135100 27781 tablet_service.cc:1917] Received RequestConsensusVote() RPC: tablet_id: "868c6702a16b4905953c0bf29fddb86f" candidate_uuid: "30e7a31c49924e339f48ed18ce31c9af" candidate_term: 2 candidate_status { last_received { term: 1 index: 1 } } ignore_live_leader: true dest_uuid: "d720ae2eb795469b91ec0e124d5dc0aa"
I20260713 09:10:04.135283 27855 tablet_service.cc:1917] Received RequestConsensusVote() RPC: tablet_id: "868c6702a16b4905953c0bf29fddb86f" candidate_uuid: "30e7a31c49924e339f48ed18ce31c9af" candidate_term: 2 candidate_status { last_received { term: 1 index: 1 } } ignore_live_leader: true dest_uuid: "d1638937a1c3437eb48fad0afccd99bc"
I20260713 09:10:04.135747 27855 raft_consensus.cc:3060] T 868c6702a16b4905953c0bf29fddb86f P d1638937a1c3437eb48fad0afccd99bc [term 1 FOLLOWER]: Advancing to term 2
I20260713 09:10:04.135842 27781 raft_consensus.cc:3055] T 868c6702a16b4905953c0bf29fddb86f P d720ae2eb795469b91ec0e124d5dc0aa [term 1 LEADER]: Stepping down as leader of term 1
I20260713 09:10:04.136154 27781 raft_consensus.cc:740] T 868c6702a16b4905953c0bf29fddb86f P d720ae2eb795469b91ec0e124d5dc0aa [term 1 LEADER]: Becoming Follower/Learner. State: Replica: d720ae2eb795469b91ec0e124d5dc0aa, State: Running, Role: LEADER
I20260713 09:10:04.136740 27781 consensus_queue.cc:260] T 868c6702a16b4905953c0bf29fddb86f P d720ae2eb795469b91ec0e124d5dc0aa [NON_LEADER]: Queue going to NON_LEADER mode. State: All replicated index: 0, Majority replicated index: 1, Committed index: 1, Last appended: 1.1, Last appended by leader: 1, Current term: 1, Majority size: -1, State: 0, Mode: NON_LEADER, active raft config: opid_index: -1 OBSOLETE_local: false peers { permanent_uuid: "d720ae2eb795469b91ec0e124d5dc0aa" member_type: VOTER last_known_addr { host: "127.26.135.129" port: 40503 } } peers { permanent_uuid: "d1638937a1c3437eb48fad0afccd99bc" member_type: VOTER last_known_addr { host: "127.26.135.130" port: 40729 } } peers { permanent_uuid: "30e7a31c49924e339f48ed18ce31c9af" member_type: VOTER last_known_addr { host: "127.26.135.131" port: 35485 } }
I20260713 09:10:04.137553 27781 raft_consensus.cc:3060] T 868c6702a16b4905953c0bf29fddb86f P d720ae2eb795469b91ec0e124d5dc0aa [term 1 FOLLOWER]: Advancing to term 2
I20260713 09:10:04.139583 27855 raft_consensus.cc:2468] T 868c6702a16b4905953c0bf29fddb86f P d1638937a1c3437eb48fad0afccd99bc [term 2 FOLLOWER]: Leader election vote request: Granting yes vote for candidate 30e7a31c49924e339f48ed18ce31c9af in term 2.
I20260713 09:10:04.140412 27896 leader_election.cc:304] T 868c6702a16b4905953c0bf29fddb86f P 30e7a31c49924e339f48ed18ce31c9af [CANDIDATE]: Term 2 election: Election decided. Result: candidate won. Election summary: received 2 responses out of 3 voters: 2 yes votes; 0 no votes. yes voters: 30e7a31c49924e339f48ed18ce31c9af, d1638937a1c3437eb48fad0afccd99bc; no voters: 
I20260713 09:10:04.141129 27991 raft_consensus.cc:2804] T 868c6702a16b4905953c0bf29fddb86f P 30e7a31c49924e339f48ed18ce31c9af [term 2 FOLLOWER]: Leader election won for term 2
I20260713 09:10:04.141474 27991 raft_consensus.cc:697] T 868c6702a16b4905953c0bf29fddb86f P 30e7a31c49924e339f48ed18ce31c9af [term 2 LEADER]: Becoming Leader. State: Replica: 30e7a31c49924e339f48ed18ce31c9af, State: Running, Role: LEADER
I20260713 09:10:04.142216 27781 raft_consensus.cc:2468] T 868c6702a16b4905953c0bf29fddb86f P d720ae2eb795469b91ec0e124d5dc0aa [term 2 FOLLOWER]: Leader election vote request: Granting yes vote for candidate 30e7a31c49924e339f48ed18ce31c9af in term 2.
I20260713 09:10:04.142113 27991 consensus_queue.cc:237] T 868c6702a16b4905953c0bf29fddb86f P 30e7a31c49924e339f48ed18ce31c9af [LEADER]: Queue going to LEADER mode. State: All replicated index: 0, Majority replicated index: 1, Committed index: 1, Last appended: 1.1, Last appended by leader: 1, Current term: 2, Majority size: 2, State: 0, Mode: LEADER, active raft config: opid_index: -1 OBSOLETE_local: false peers { permanent_uuid: "d720ae2eb795469b91ec0e124d5dc0aa" member_type: VOTER last_known_addr { host: "127.26.135.129" port: 40503 } } peers { permanent_uuid: "d1638937a1c3437eb48fad0afccd99bc" member_type: VOTER last_known_addr { host: "127.26.135.130" port: 40729 } } peers { permanent_uuid: "30e7a31c49924e339f48ed18ce31c9af" member_type: VOTER last_known_addr { host: "127.26.135.131" port: 35485 } }
I20260713 09:10:04.148334 27679 catalog_manager.cc:5697] T 868c6702a16b4905953c0bf29fddb86f P 30e7a31c49924e339f48ed18ce31c9af reported cstate change: term changed from 1 to 2, leader changed from d720ae2eb795469b91ec0e124d5dc0aa (127.26.135.129) to 30e7a31c49924e339f48ed18ce31c9af (127.26.135.131). New cstate: current_term: 2 leader_uuid: "30e7a31c49924e339f48ed18ce31c9af" committed_config { opid_index: -1 OBSOLETE_local: false peers { permanent_uuid: "d720ae2eb795469b91ec0e124d5dc0aa" member_type: VOTER last_known_addr { host: "127.26.135.129" port: 40503 } health_report { overall_health: UNKNOWN } } peers { permanent_uuid: "d1638937a1c3437eb48fad0afccd99bc" member_type: VOTER last_known_addr { host: "127.26.135.130" port: 40729 } health_report { overall_health: UNKNOWN } } peers { permanent_uuid: "30e7a31c49924e339f48ed18ce31c9af" member_type: VOTER last_known_addr { host: "127.26.135.131" port: 35485 } health_report { overall_health: HEALTHY } } }
I20260713 09:10:04.567737 27781 raft_consensus.cc:1275] T 868c6702a16b4905953c0bf29fddb86f P d720ae2eb795469b91ec0e124d5dc0aa [term 2 FOLLOWER]: Refusing update from remote peer 30e7a31c49924e339f48ed18ce31c9af: Log matching property violated. Preceding OpId in replica: term: 1 index: 1. Preceding OpId from leader: term: 2 index: 2. (index mismatch)
I20260713 09:10:04.568854 27991 consensus_queue.cc:1048] T 868c6702a16b4905953c0bf29fddb86f P 30e7a31c49924e339f48ed18ce31c9af [LEADER]: Connected to new peer: Peer: permanent_uuid: "d720ae2eb795469b91ec0e124d5dc0aa" member_type: VOTER last_known_addr { host: "127.26.135.129" port: 40503 }, Status: LMP_MISMATCH, Last received: 0.0, Next index: 2, Last known committed idx: 1, Time since last communication: 0.000s
I20260713 09:10:04.578454 27856 raft_consensus.cc:1275] T d50d945f19d2488f86948e5ffeeebabe P d1638937a1c3437eb48fad0afccd99bc [term 2 FOLLOWER]: Refusing update from remote peer 30e7a31c49924e339f48ed18ce31c9af: Log matching property violated. Preceding OpId in replica: term: 1 index: 1. Preceding OpId from leader: term: 2 index: 2. (index mismatch)
I20260713 09:10:04.580503 27991 consensus_queue.cc:1048] T d50d945f19d2488f86948e5ffeeebabe P 30e7a31c49924e339f48ed18ce31c9af [LEADER]: Connected to new peer: Peer: permanent_uuid: "d1638937a1c3437eb48fad0afccd99bc" member_type: VOTER last_known_addr { host: "127.26.135.130" port: 40729 }, Status: LMP_MISMATCH, Last received: 0.0, Next index: 2, Last known committed idx: 1, Time since last communication: 0.000s
I20260713 09:10:04.581286 27855 raft_consensus.cc:1275] T 868c6702a16b4905953c0bf29fddb86f P d1638937a1c3437eb48fad0afccd99bc [term 2 FOLLOWER]: Refusing update from remote peer 30e7a31c49924e339f48ed18ce31c9af: Log matching property violated. Preceding OpId in replica: term: 1 index: 1. Preceding OpId from leader: term: 2 index: 2. (index mismatch)
I20260713 09:10:04.582561 27991 consensus_queue.cc:1048] T 868c6702a16b4905953c0bf29fddb86f P 30e7a31c49924e339f48ed18ce31c9af [LEADER]: Connected to new peer: Peer: permanent_uuid: "d1638937a1c3437eb48fad0afccd99bc" member_type: VOTER last_known_addr { host: "127.26.135.130" port: 40729 }, Status: LMP_MISMATCH, Last received: 0.0, Next index: 2, Last known committed idx: 1, Time since last communication: 0.000s
I20260713 09:10:04.594137 27780 raft_consensus.cc:1275] T d50d945f19d2488f86948e5ffeeebabe P d720ae2eb795469b91ec0e124d5dc0aa [term 2 FOLLOWER]: Refusing update from remote peer 30e7a31c49924e339f48ed18ce31c9af: Log matching property violated. Preceding OpId in replica: term: 1 index: 1. Preceding OpId from leader: term: 2 index: 2. (index mismatch)
I20260713 09:10:04.595844 28059 consensus_queue.cc:1048] T d50d945f19d2488f86948e5ffeeebabe P 30e7a31c49924e339f48ed18ce31c9af [LEADER]: Connected to new peer: Peer: permanent_uuid: "d720ae2eb795469b91ec0e124d5dc0aa" member_type: VOTER last_known_addr { host: "127.26.135.129" port: 40503 }, Status: LMP_MISMATCH, Last received: 0.0, Next index: 2, Last known committed idx: 1, Time since last communication: 0.000s
I20260713 09:10:05.002013 27166 auto_leader_rebalancer.cc:141] leader rebalance for table test-workload
I20260713 09:10:05.016990 27929 tablet_service.cc:2072] Received LeaderStepDown RPC: tablet_id: "868c6702a16b4905953c0bf29fddb86f"
dest_uuid: "30e7a31c49924e339f48ed18ce31c9af"
mode: GRACEFUL
new_leader_uuid: "d720ae2eb795469b91ec0e124d5dc0aa"
 from {username='slave'} at 127.0.0.1:40086
I20260713 09:10:05.017477 27929 raft_consensus.cc:606] T 868c6702a16b4905953c0bf29fddb86f P 30e7a31c49924e339f48ed18ce31c9af [term 2 LEADER]: Received request to transfer leadership to TS d720ae2eb795469b91ec0e124d5dc0aa
I20260713 09:10:05.023376 27929 tablet_service.cc:2072] Received LeaderStepDown RPC: tablet_id: "d50d945f19d2488f86948e5ffeeebabe"
dest_uuid: "30e7a31c49924e339f48ed18ce31c9af"
mode: GRACEFUL
new_leader_uuid: "d720ae2eb795469b91ec0e124d5dc0aa"
 from {username='slave'} at 127.0.0.1:40086
I20260713 09:10:05.023903 27929 raft_consensus.cc:606] T d50d945f19d2488f86948e5ffeeebabe P 30e7a31c49924e339f48ed18ce31c9af [term 2 LEADER]: Received request to transfer leadership to TS d720ae2eb795469b91ec0e124d5dc0aa
I20260713 09:10:05.040263 27854 tablet_service.cc:2072] Received LeaderStepDown RPC: tablet_id: "30dcfe2f2da14dc4b61ebf2fdcc503b7"
dest_uuid: "d1638937a1c3437eb48fad0afccd99bc"
mode: GRACEFUL
new_leader_uuid: "d720ae2eb795469b91ec0e124d5dc0aa"
 from {username='slave'} at 127.0.0.1:42736
I20260713 09:10:05.040776 27854 raft_consensus.cc:606] T 30dcfe2f2da14dc4b61ebf2fdcc503b7 P d1638937a1c3437eb48fad0afccd99bc [term 1 LEADER]: Received request to transfer leadership to TS d720ae2eb795469b91ec0e124d5dc0aa
I20260713 09:10:05.045230 27854 tablet_service.cc:2072] Received LeaderStepDown RPC: tablet_id: "bd5b0d7cf1e14ce4b1e96a412ca59453"
dest_uuid: "d1638937a1c3437eb48fad0afccd99bc"
mode: GRACEFUL
new_leader_uuid: "d720ae2eb795469b91ec0e124d5dc0aa"
 from {username='slave'} at 127.0.0.1:42736
I20260713 09:10:05.045655 27854 raft_consensus.cc:606] T bd5b0d7cf1e14ce4b1e96a412ca59453 P d1638937a1c3437eb48fad0afccd99bc [term 1 LEADER]: Received request to transfer leadership to TS d720ae2eb795469b91ec0e124d5dc0aa
I20260713 09:10:05.049530 27854 tablet_service.cc:2072] Received LeaderStepDown RPC: tablet_id: "d9955679a79d4c14be7536feec005cbe"
dest_uuid: "d1638937a1c3437eb48fad0afccd99bc"
mode: GRACEFUL
new_leader_uuid: "d720ae2eb795469b91ec0e124d5dc0aa"
 from {username='slave'} at 127.0.0.1:42736
I20260713 09:10:05.049939 27854 raft_consensus.cc:606] T d9955679a79d4c14be7536feec005cbe P d1638937a1c3437eb48fad0afccd99bc [term 2 LEADER]: Received request to transfer leadership to TS d720ae2eb795469b91ec0e124d5dc0aa
I20260713 09:10:05.063696 28068 raft_consensus.cc:993] T d9955679a79d4c14be7536feec005cbe P d1638937a1c3437eb48fad0afccd99bc: : Instructing follower d720ae2eb795469b91ec0e124d5dc0aa to start an election
I20260713 09:10:05.064038 28052 raft_consensus.cc:1081] T d9955679a79d4c14be7536feec005cbe P d1638937a1c3437eb48fad0afccd99bc [term 2 LEADER]: Signalling peer d720ae2eb795469b91ec0e124d5dc0aa to start an election
I20260713 09:10:05.065363 27780 tablet_service.cc:2044] Received Run Leader Election RPC: tablet_id: "d9955679a79d4c14be7536feec005cbe"
dest_uuid: "d720ae2eb795469b91ec0e124d5dc0aa"
 from {username='slave'} at 127.0.0.1:60496
I20260713 09:10:05.065794 27780 raft_consensus.cc:493] T d9955679a79d4c14be7536feec005cbe P d720ae2eb795469b91ec0e124d5dc0aa [term 2 FOLLOWER]: Starting forced leader election (received explicit request)
I20260713 09:10:05.066035 27780 raft_consensus.cc:3060] T d9955679a79d4c14be7536feec005cbe P d720ae2eb795469b91ec0e124d5dc0aa [term 2 FOLLOWER]: Advancing to term 3
I20260713 09:10:05.070363 27780 raft_consensus.cc:515] T d9955679a79d4c14be7536feec005cbe P d720ae2eb795469b91ec0e124d5dc0aa [term 3 FOLLOWER]: Starting forced leader election with config: opid_index: -1 OBSOLETE_local: false peers { permanent_uuid: "d720ae2eb795469b91ec0e124d5dc0aa" member_type: VOTER last_known_addr { host: "127.26.135.129" port: 40503 } } peers { permanent_uuid: "d1638937a1c3437eb48fad0afccd99bc" member_type: VOTER last_known_addr { host: "127.26.135.130" port: 40729 } } peers { permanent_uuid: "30e7a31c49924e339f48ed18ce31c9af" member_type: VOTER last_known_addr { host: "127.26.135.131" port: 35485 } }
I20260713 09:10:05.071789 27780 leader_election.cc:290] T d9955679a79d4c14be7536feec005cbe P d720ae2eb795469b91ec0e124d5dc0aa [CANDIDATE]: Term 3 election: Requested vote from peers d1638937a1c3437eb48fad0afccd99bc (127.26.135.130:40729), 30e7a31c49924e339f48ed18ce31c9af (127.26.135.131:35485)
I20260713 09:10:05.072500 27854 tablet_service.cc:1917] Received RequestConsensusVote() RPC: tablet_id: "d9955679a79d4c14be7536feec005cbe" candidate_uuid: "d720ae2eb795469b91ec0e124d5dc0aa" candidate_term: 3 candidate_status { last_received { term: 2 index: 2 } } ignore_live_leader: true dest_uuid: "d1638937a1c3437eb48fad0afccd99bc"
I20260713 09:10:05.072721 27929 tablet_service.cc:1917] Received RequestConsensusVote() RPC: tablet_id: "d9955679a79d4c14be7536feec005cbe" candidate_uuid: "d720ae2eb795469b91ec0e124d5dc0aa" candidate_term: 3 candidate_status { last_received { term: 2 index: 2 } } ignore_live_leader: true dest_uuid: "30e7a31c49924e339f48ed18ce31c9af"
I20260713 09:10:05.073038 27854 raft_consensus.cc:3055] T d9955679a79d4c14be7536feec005cbe P d1638937a1c3437eb48fad0afccd99bc [term 2 LEADER]: Stepping down as leader of term 2
I20260713 09:10:05.073179 27929 raft_consensus.cc:3060] T d9955679a79d4c14be7536feec005cbe P 30e7a31c49924e339f48ed18ce31c9af [term 2 FOLLOWER]: Advancing to term 3
I20260713 09:10:05.073338 27854 raft_consensus.cc:740] T d9955679a79d4c14be7536feec005cbe P d1638937a1c3437eb48fad0afccd99bc [term 2 LEADER]: Becoming Follower/Learner. State: Replica: d1638937a1c3437eb48fad0afccd99bc, State: Running, Role: LEADER
I20260713 09:10:05.074050 27854 consensus_queue.cc:260] T d9955679a79d4c14be7536feec005cbe P d1638937a1c3437eb48fad0afccd99bc [NON_LEADER]: Queue going to NON_LEADER mode. State: All replicated index: 0, Majority replicated index: 2, Committed index: 2, Last appended: 2.2, Last appended by leader: 2, Current term: 2, Majority size: -1, State: 0, Mode: NON_LEADER, active raft config: opid_index: -1 OBSOLETE_local: false peers { permanent_uuid: "d720ae2eb795469b91ec0e124d5dc0aa" member_type: VOTER last_known_addr { host: "127.26.135.129" port: 40503 } } peers { permanent_uuid: "d1638937a1c3437eb48fad0afccd99bc" member_type: VOTER last_known_addr { host: "127.26.135.130" port: 40729 } } peers { permanent_uuid: "30e7a31c49924e339f48ed18ce31c9af" member_type: VOTER last_known_addr { host: "127.26.135.131" port: 35485 } }
I20260713 09:10:05.074927 27854 raft_consensus.cc:3060] T d9955679a79d4c14be7536feec005cbe P d1638937a1c3437eb48fad0afccd99bc [term 2 FOLLOWER]: Advancing to term 3
I20260713 09:10:05.077497 27929 raft_consensus.cc:2468] T d9955679a79d4c14be7536feec005cbe P 30e7a31c49924e339f48ed18ce31c9af [term 3 FOLLOWER]: Leader election vote request: Granting yes vote for candidate d720ae2eb795469b91ec0e124d5dc0aa in term 3.
I20260713 09:10:05.078423 27746 leader_election.cc:304] T d9955679a79d4c14be7536feec005cbe P d720ae2eb795469b91ec0e124d5dc0aa [CANDIDATE]: Term 3 election: Election decided. Result: candidate won. Election summary: received 2 responses out of 3 voters: 2 yes votes; 0 no votes. yes voters: 30e7a31c49924e339f48ed18ce31c9af, d720ae2eb795469b91ec0e124d5dc0aa; no voters: 
I20260713 09:10:05.079109 28058 raft_consensus.cc:2804] T d9955679a79d4c14be7536feec005cbe P d720ae2eb795469b91ec0e124d5dc0aa [term 3 FOLLOWER]: Leader election won for term 3
I20260713 09:10:05.079500 27854 raft_consensus.cc:2468] T d9955679a79d4c14be7536feec005cbe P d1638937a1c3437eb48fad0afccd99bc [term 3 FOLLOWER]: Leader election vote request: Granting yes vote for candidate d720ae2eb795469b91ec0e124d5dc0aa in term 3.
I20260713 09:10:05.079553 28058 raft_consensus.cc:697] T d9955679a79d4c14be7536feec005cbe P d720ae2eb795469b91ec0e124d5dc0aa [term 3 LEADER]: Becoming Leader. State: Replica: d720ae2eb795469b91ec0e124d5dc0aa, State: Running, Role: LEADER
I20260713 09:10:05.080485 28058 consensus_queue.cc:237] T d9955679a79d4c14be7536feec005cbe P d720ae2eb795469b91ec0e124d5dc0aa [LEADER]: Queue going to LEADER mode. State: All replicated index: 0, Majority replicated index: 2, Committed index: 2, Last appended: 2.2, Last appended by leader: 2, Current term: 3, Majority size: 2, State: 0, Mode: LEADER, active raft config: opid_index: -1 OBSOLETE_local: false peers { permanent_uuid: "d720ae2eb795469b91ec0e124d5dc0aa" member_type: VOTER last_known_addr { host: "127.26.135.129" port: 40503 } } peers { permanent_uuid: "d1638937a1c3437eb48fad0afccd99bc" member_type: VOTER last_known_addr { host: "127.26.135.130" port: 40729 } } peers { permanent_uuid: "30e7a31c49924e339f48ed18ce31c9af" member_type: VOTER last_known_addr { host: "127.26.135.131" port: 35485 } }
I20260713 09:10:05.087363 27679 catalog_manager.cc:5697] T d9955679a79d4c14be7536feec005cbe P d720ae2eb795469b91ec0e124d5dc0aa reported cstate change: term changed from 2 to 3, leader changed from d1638937a1c3437eb48fad0afccd99bc (127.26.135.130) to d720ae2eb795469b91ec0e124d5dc0aa (127.26.135.129). New cstate: current_term: 3 leader_uuid: "d720ae2eb795469b91ec0e124d5dc0aa" committed_config { opid_index: -1 OBSOLETE_local: false peers { permanent_uuid: "d720ae2eb795469b91ec0e124d5dc0aa" member_type: VOTER last_known_addr { host: "127.26.135.129" port: 40503 } health_report { overall_health: HEALTHY } } peers { permanent_uuid: "d1638937a1c3437eb48fad0afccd99bc" member_type: VOTER last_known_addr { host: "127.26.135.130" port: 40729 } health_report { overall_health: UNKNOWN } } peers { permanent_uuid: "30e7a31c49924e339f48ed18ce31c9af" member_type: VOTER last_known_addr { host: "127.26.135.131" port: 35485 } health_report { overall_health: UNKNOWN } } }
I20260713 09:10:05.100847 28072 raft_consensus.cc:993] T d50d945f19d2488f86948e5ffeeebabe P 30e7a31c49924e339f48ed18ce31c9af: : Instructing follower d720ae2eb795469b91ec0e124d5dc0aa to start an election
I20260713 09:10:05.101229 28059 raft_consensus.cc:1081] T d50d945f19d2488f86948e5ffeeebabe P 30e7a31c49924e339f48ed18ce31c9af [term 2 LEADER]: Signalling peer d720ae2eb795469b91ec0e124d5dc0aa to start an election
I20260713 09:10:05.102864 27780 tablet_service.cc:2044] Received Run Leader Election RPC: tablet_id: "d50d945f19d2488f86948e5ffeeebabe"
dest_uuid: "d720ae2eb795469b91ec0e124d5dc0aa"
 from {username='slave'} at 127.0.0.1:60484
I20260713 09:10:05.103406 27780 raft_consensus.cc:493] T d50d945f19d2488f86948e5ffeeebabe P d720ae2eb795469b91ec0e124d5dc0aa [term 2 FOLLOWER]: Starting forced leader election (received explicit request)
I20260713 09:10:05.103677 27780 raft_consensus.cc:3060] T d50d945f19d2488f86948e5ffeeebabe P d720ae2eb795469b91ec0e124d5dc0aa [term 2 FOLLOWER]: Advancing to term 3
I20260713 09:10:05.109306 27780 raft_consensus.cc:515] T d50d945f19d2488f86948e5ffeeebabe P d720ae2eb795469b91ec0e124d5dc0aa [term 3 FOLLOWER]: Starting forced leader election with config: opid_index: -1 OBSOLETE_local: false peers { permanent_uuid: "d720ae2eb795469b91ec0e124d5dc0aa" member_type: VOTER last_known_addr { host: "127.26.135.129" port: 40503 } } peers { permanent_uuid: "d1638937a1c3437eb48fad0afccd99bc" member_type: VOTER last_known_addr { host: "127.26.135.130" port: 40729 } } peers { permanent_uuid: "30e7a31c49924e339f48ed18ce31c9af" member_type: VOTER last_known_addr { host: "127.26.135.131" port: 35485 } }
I20260713 09:10:05.110603 27780 leader_election.cc:290] T d50d945f19d2488f86948e5ffeeebabe P d720ae2eb795469b91ec0e124d5dc0aa [CANDIDATE]: Term 3 election: Requested vote from peers d1638937a1c3437eb48fad0afccd99bc (127.26.135.130:40729), 30e7a31c49924e339f48ed18ce31c9af (127.26.135.131:35485)
I20260713 09:10:05.111449 27854 tablet_service.cc:1917] Received RequestConsensusVote() RPC: tablet_id: "d50d945f19d2488f86948e5ffeeebabe" candidate_uuid: "d720ae2eb795469b91ec0e124d5dc0aa" candidate_term: 3 candidate_status { last_received { term: 2 index: 2 } } ignore_live_leader: true dest_uuid: "d1638937a1c3437eb48fad0afccd99bc"
I20260713 09:10:05.111519 27929 tablet_service.cc:1917] Received RequestConsensusVote() RPC: tablet_id: "d50d945f19d2488f86948e5ffeeebabe" candidate_uuid: "d720ae2eb795469b91ec0e124d5dc0aa" candidate_term: 3 candidate_status { last_received { term: 2 index: 2 } } ignore_live_leader: true dest_uuid: "30e7a31c49924e339f48ed18ce31c9af"
I20260713 09:10:05.112124 27854 raft_consensus.cc:3060] T d50d945f19d2488f86948e5ffeeebabe P d1638937a1c3437eb48fad0afccd99bc [term 2 FOLLOWER]: Advancing to term 3
I20260713 09:10:05.112201 27929 raft_consensus.cc:3055] T d50d945f19d2488f86948e5ffeeebabe P 30e7a31c49924e339f48ed18ce31c9af [term 2 LEADER]: Stepping down as leader of term 2
I20260713 09:10:05.112540 27929 raft_consensus.cc:740] T d50d945f19d2488f86948e5ffeeebabe P 30e7a31c49924e339f48ed18ce31c9af [term 2 LEADER]: Becoming Follower/Learner. State: Replica: 30e7a31c49924e339f48ed18ce31c9af, State: Running, Role: LEADER
I20260713 09:10:05.113302 27929 consensus_queue.cc:260] T d50d945f19d2488f86948e5ffeeebabe P 30e7a31c49924e339f48ed18ce31c9af [NON_LEADER]: Queue going to NON_LEADER mode. State: All replicated index: 0, Majority replicated index: 2, Committed index: 2, Last appended: 2.2, Last appended by leader: 2, Current term: 2, Majority size: -1, State: 0, Mode: NON_LEADER, active raft config: opid_index: -1 OBSOLETE_local: false peers { permanent_uuid: "d720ae2eb795469b91ec0e124d5dc0aa" member_type: VOTER last_known_addr { host: "127.26.135.129" port: 40503 } } peers { permanent_uuid: "d1638937a1c3437eb48fad0afccd99bc" member_type: VOTER last_known_addr { host: "127.26.135.130" port: 40729 } } peers { permanent_uuid: "30e7a31c49924e339f48ed18ce31c9af" member_type: VOTER last_known_addr { host: "127.26.135.131" port: 35485 } }
I20260713 09:10:05.114434 27929 raft_consensus.cc:3060] T d50d945f19d2488f86948e5ffeeebabe P 30e7a31c49924e339f48ed18ce31c9af [term 2 FOLLOWER]: Advancing to term 3
I20260713 09:10:05.118654 27854 raft_consensus.cc:2468] T d50d945f19d2488f86948e5ffeeebabe P d1638937a1c3437eb48fad0afccd99bc [term 3 FOLLOWER]: Leader election vote request: Granting yes vote for candidate d720ae2eb795469b91ec0e124d5dc0aa in term 3.
I20260713 09:10:05.119707 27747 leader_election.cc:304] T d50d945f19d2488f86948e5ffeeebabe P d720ae2eb795469b91ec0e124d5dc0aa [CANDIDATE]: Term 3 election: Election decided. Result: candidate won. Election summary: received 2 responses out of 3 voters: 2 yes votes; 0 no votes. yes voters: d1638937a1c3437eb48fad0afccd99bc, d720ae2eb795469b91ec0e124d5dc0aa; no voters: 
I20260713 09:10:05.120328 28058 raft_consensus.cc:2804] T d50d945f19d2488f86948e5ffeeebabe P d720ae2eb795469b91ec0e124d5dc0aa [term 3 FOLLOWER]: Leader election won for term 3
I20260713 09:10:05.120298 27929 raft_consensus.cc:2468] T d50d945f19d2488f86948e5ffeeebabe P 30e7a31c49924e339f48ed18ce31c9af [term 3 FOLLOWER]: Leader election vote request: Granting yes vote for candidate d720ae2eb795469b91ec0e124d5dc0aa in term 3.
I20260713 09:10:05.120905 28058 raft_consensus.cc:697] T d50d945f19d2488f86948e5ffeeebabe P d720ae2eb795469b91ec0e124d5dc0aa [term 3 LEADER]: Becoming Leader. State: Replica: d720ae2eb795469b91ec0e124d5dc0aa, State: Running, Role: LEADER
I20260713 09:10:05.121644 28058 consensus_queue.cc:237] T d50d945f19d2488f86948e5ffeeebabe P d720ae2eb795469b91ec0e124d5dc0aa [LEADER]: Queue going to LEADER mode. State: All replicated index: 0, Majority replicated index: 2, Committed index: 2, Last appended: 2.2, Last appended by leader: 2, Current term: 3, Majority size: 2, State: 0, Mode: LEADER, active raft config: opid_index: -1 OBSOLETE_local: false peers { permanent_uuid: "d720ae2eb795469b91ec0e124d5dc0aa" member_type: VOTER last_known_addr { host: "127.26.135.129" port: 40503 } } peers { permanent_uuid: "d1638937a1c3437eb48fad0afccd99bc" member_type: VOTER last_known_addr { host: "127.26.135.130" port: 40729 } } peers { permanent_uuid: "30e7a31c49924e339f48ed18ce31c9af" member_type: VOTER last_known_addr { host: "127.26.135.131" port: 35485 } }
I20260713 09:10:05.126814 27676 catalog_manager.cc:5697] T d50d945f19d2488f86948e5ffeeebabe P d720ae2eb795469b91ec0e124d5dc0aa reported cstate change: term changed from 2 to 3, leader changed from 30e7a31c49924e339f48ed18ce31c9af (127.26.135.131) to d720ae2eb795469b91ec0e124d5dc0aa (127.26.135.129). New cstate: current_term: 3 leader_uuid: "d720ae2eb795469b91ec0e124d5dc0aa" committed_config { opid_index: -1 OBSOLETE_local: false peers { permanent_uuid: "d720ae2eb795469b91ec0e124d5dc0aa" member_type: VOTER last_known_addr { host: "127.26.135.129" port: 40503 } health_report { overall_health: HEALTHY } } peers { permanent_uuid: "d1638937a1c3437eb48fad0afccd99bc" member_type: VOTER last_known_addr { host: "127.26.135.130" port: 40729 } health_report { overall_health: UNKNOWN } } peers { permanent_uuid: "30e7a31c49924e339f48ed18ce31c9af" member_type: VOTER last_known_addr { host: "127.26.135.131" port: 35485 } health_report { overall_health: UNKNOWN } } }
I20260713 09:10:05.161322 28072 raft_consensus.cc:993] T 868c6702a16b4905953c0bf29fddb86f P 30e7a31c49924e339f48ed18ce31c9af: : Instructing follower d720ae2eb795469b91ec0e124d5dc0aa to start an election
I20260713 09:10:05.161706 28072 raft_consensus.cc:1081] T 868c6702a16b4905953c0bf29fddb86f P 30e7a31c49924e339f48ed18ce31c9af [term 2 LEADER]: Signalling peer d720ae2eb795469b91ec0e124d5dc0aa to start an election
I20260713 09:10:05.163025 27780 tablet_service.cc:2044] Received Run Leader Election RPC: tablet_id: "868c6702a16b4905953c0bf29fddb86f"
dest_uuid: "d720ae2eb795469b91ec0e124d5dc0aa"
 from {username='slave'} at 127.0.0.1:60484
I20260713 09:10:05.163434 27780 raft_consensus.cc:493] T 868c6702a16b4905953c0bf29fddb86f P d720ae2eb795469b91ec0e124d5dc0aa [term 2 FOLLOWER]: Starting forced leader election (received explicit request)
I20260713 09:10:05.163689 27780 raft_consensus.cc:3060] T 868c6702a16b4905953c0bf29fddb86f P d720ae2eb795469b91ec0e124d5dc0aa [term 2 FOLLOWER]: Advancing to term 3
I20260713 09:10:05.167552 27780 raft_consensus.cc:515] T 868c6702a16b4905953c0bf29fddb86f P d720ae2eb795469b91ec0e124d5dc0aa [term 3 FOLLOWER]: Starting forced leader election with config: opid_index: -1 OBSOLETE_local: false peers { permanent_uuid: "d720ae2eb795469b91ec0e124d5dc0aa" member_type: VOTER last_known_addr { host: "127.26.135.129" port: 40503 } } peers { permanent_uuid: "d1638937a1c3437eb48fad0afccd99bc" member_type: VOTER last_known_addr { host: "127.26.135.130" port: 40729 } } peers { permanent_uuid: "30e7a31c49924e339f48ed18ce31c9af" member_type: VOTER last_known_addr { host: "127.26.135.131" port: 35485 } }
I20260713 09:10:05.168852 27780 leader_election.cc:290] T 868c6702a16b4905953c0bf29fddb86f P d720ae2eb795469b91ec0e124d5dc0aa [CANDIDATE]: Term 3 election: Requested vote from peers d1638937a1c3437eb48fad0afccd99bc (127.26.135.130:40729), 30e7a31c49924e339f48ed18ce31c9af (127.26.135.131:35485)
I20260713 09:10:05.169530 27854 tablet_service.cc:1917] Received RequestConsensusVote() RPC: tablet_id: "868c6702a16b4905953c0bf29fddb86f" candidate_uuid: "d720ae2eb795469b91ec0e124d5dc0aa" candidate_term: 3 candidate_status { last_received { term: 2 index: 2 } } ignore_live_leader: true dest_uuid: "d1638937a1c3437eb48fad0afccd99bc"
I20260713 09:10:05.169791 27929 tablet_service.cc:1917] Received RequestConsensusVote() RPC: tablet_id: "868c6702a16b4905953c0bf29fddb86f" candidate_uuid: "d720ae2eb795469b91ec0e124d5dc0aa" candidate_term: 3 candidate_status { last_received { term: 2 index: 2 } } ignore_live_leader: true dest_uuid: "30e7a31c49924e339f48ed18ce31c9af"
I20260713 09:10:05.170081 27854 raft_consensus.cc:3060] T 868c6702a16b4905953c0bf29fddb86f P d1638937a1c3437eb48fad0afccd99bc [term 2 FOLLOWER]: Advancing to term 3
I20260713 09:10:05.170284 27929 raft_consensus.cc:3055] T 868c6702a16b4905953c0bf29fddb86f P 30e7a31c49924e339f48ed18ce31c9af [term 2 LEADER]: Stepping down as leader of term 2
I20260713 09:10:05.170610 27929 raft_consensus.cc:740] T 868c6702a16b4905953c0bf29fddb86f P 30e7a31c49924e339f48ed18ce31c9af [term 2 LEADER]: Becoming Follower/Learner. State: Replica: 30e7a31c49924e339f48ed18ce31c9af, State: Running, Role: LEADER
I20260713 09:10:05.171386 27929 consensus_queue.cc:260] T 868c6702a16b4905953c0bf29fddb86f P 30e7a31c49924e339f48ed18ce31c9af [NON_LEADER]: Queue going to NON_LEADER mode. State: All replicated index: 0, Majority replicated index: 2, Committed index: 2, Last appended: 2.2, Last appended by leader: 2, Current term: 2, Majority size: -1, State: 0, Mode: NON_LEADER, active raft config: opid_index: -1 OBSOLETE_local: false peers { permanent_uuid: "d720ae2eb795469b91ec0e124d5dc0aa" member_type: VOTER last_known_addr { host: "127.26.135.129" port: 40503 } } peers { permanent_uuid: "d1638937a1c3437eb48fad0afccd99bc" member_type: VOTER last_known_addr { host: "127.26.135.130" port: 40729 } } peers { permanent_uuid: "30e7a31c49924e339f48ed18ce31c9af" member_type: VOTER last_known_addr { host: "127.26.135.131" port: 35485 } }
I20260713 09:10:05.172519 27929 raft_consensus.cc:3060] T 868c6702a16b4905953c0bf29fddb86f P 30e7a31c49924e339f48ed18ce31c9af [term 2 FOLLOWER]: Advancing to term 3
I20260713 09:10:05.176681 27854 raft_consensus.cc:2468] T 868c6702a16b4905953c0bf29fddb86f P d1638937a1c3437eb48fad0afccd99bc [term 3 FOLLOWER]: Leader election vote request: Granting yes vote for candidate d720ae2eb795469b91ec0e124d5dc0aa in term 3.
I20260713 09:10:05.177742 27747 leader_election.cc:304] T 868c6702a16b4905953c0bf29fddb86f P d720ae2eb795469b91ec0e124d5dc0aa [CANDIDATE]: Term 3 election: Election decided. Result: candidate won. Election summary: received 2 responses out of 3 voters: 2 yes votes; 0 no votes. yes voters: d1638937a1c3437eb48fad0afccd99bc, d720ae2eb795469b91ec0e124d5dc0aa; no voters: 
I20260713 09:10:05.178514 28058 raft_consensus.cc:2804] T 868c6702a16b4905953c0bf29fddb86f P d720ae2eb795469b91ec0e124d5dc0aa [term 3 FOLLOWER]: Leader election won for term 3
I20260713 09:10:05.178706 27929 raft_consensus.cc:2468] T 868c6702a16b4905953c0bf29fddb86f P 30e7a31c49924e339f48ed18ce31c9af [term 3 FOLLOWER]: Leader election vote request: Granting yes vote for candidate d720ae2eb795469b91ec0e124d5dc0aa in term 3.
I20260713 09:10:05.178921 28058 raft_consensus.cc:697] T 868c6702a16b4905953c0bf29fddb86f P d720ae2eb795469b91ec0e124d5dc0aa [term 3 LEADER]: Becoming Leader. State: Replica: d720ae2eb795469b91ec0e124d5dc0aa, State: Running, Role: LEADER
I20260713 09:10:05.179699 28058 consensus_queue.cc:237] T 868c6702a16b4905953c0bf29fddb86f P d720ae2eb795469b91ec0e124d5dc0aa [LEADER]: Queue going to LEADER mode. State: All replicated index: 0, Majority replicated index: 2, Committed index: 2, Last appended: 2.2, Last appended by leader: 2, Current term: 3, Majority size: 2, State: 0, Mode: LEADER, active raft config: opid_index: -1 OBSOLETE_local: false peers { permanent_uuid: "d720ae2eb795469b91ec0e124d5dc0aa" member_type: VOTER last_known_addr { host: "127.26.135.129" port: 40503 } } peers { permanent_uuid: "d1638937a1c3437eb48fad0afccd99bc" member_type: VOTER last_known_addr { host: "127.26.135.130" port: 40729 } } peers { permanent_uuid: "30e7a31c49924e339f48ed18ce31c9af" member_type: VOTER last_known_addr { host: "127.26.135.131" port: 35485 } }
I20260713 09:10:05.184913 27676 catalog_manager.cc:5697] T 868c6702a16b4905953c0bf29fddb86f P d720ae2eb795469b91ec0e124d5dc0aa reported cstate change: term changed from 2 to 3, leader changed from 30e7a31c49924e339f48ed18ce31c9af (127.26.135.131) to d720ae2eb795469b91ec0e124d5dc0aa (127.26.135.129). New cstate: current_term: 3 leader_uuid: "d720ae2eb795469b91ec0e124d5dc0aa" committed_config { opid_index: -1 OBSOLETE_local: false peers { permanent_uuid: "d720ae2eb795469b91ec0e124d5dc0aa" member_type: VOTER last_known_addr { host: "127.26.135.129" port: 40503 } health_report { overall_health: HEALTHY } } peers { permanent_uuid: "d1638937a1c3437eb48fad0afccd99bc" member_type: VOTER last_known_addr { host: "127.26.135.130" port: 40729 } health_report { overall_health: UNKNOWN } } peers { permanent_uuid: "30e7a31c49924e339f48ed18ce31c9af" member_type: VOTER last_known_addr { host: "127.26.135.131" port: 35485 } health_report { overall_health: UNKNOWN } } }
I20260713 09:10:05.219040 28068 raft_consensus.cc:993] T bd5b0d7cf1e14ce4b1e96a412ca59453 P d1638937a1c3437eb48fad0afccd99bc: : Instructing follower d720ae2eb795469b91ec0e124d5dc0aa to start an election
I20260713 09:10:05.219435 28052 raft_consensus.cc:1081] T bd5b0d7cf1e14ce4b1e96a412ca59453 P d1638937a1c3437eb48fad0afccd99bc [term 1 LEADER]: Signalling peer d720ae2eb795469b91ec0e124d5dc0aa to start an election
I20260713 09:10:05.220678 27780 tablet_service.cc:2044] Received Run Leader Election RPC: tablet_id: "bd5b0d7cf1e14ce4b1e96a412ca59453"
dest_uuid: "d720ae2eb795469b91ec0e124d5dc0aa"
 from {username='slave'} at 127.0.0.1:60496
I20260713 09:10:05.221068 27780 raft_consensus.cc:493] T bd5b0d7cf1e14ce4b1e96a412ca59453 P d720ae2eb795469b91ec0e124d5dc0aa [term 1 FOLLOWER]: Starting forced leader election (received explicit request)
I20260713 09:10:05.221314 27780 raft_consensus.cc:3060] T bd5b0d7cf1e14ce4b1e96a412ca59453 P d720ae2eb795469b91ec0e124d5dc0aa [term 1 FOLLOWER]: Advancing to term 2
I20260713 09:10:05.225179 27780 raft_consensus.cc:515] T bd5b0d7cf1e14ce4b1e96a412ca59453 P d720ae2eb795469b91ec0e124d5dc0aa [term 2 FOLLOWER]: Starting forced leader election with config: opid_index: -1 OBSOLETE_local: false peers { permanent_uuid: "d720ae2eb795469b91ec0e124d5dc0aa" member_type: VOTER last_known_addr { host: "127.26.135.129" port: 40503 } } peers { permanent_uuid: "d1638937a1c3437eb48fad0afccd99bc" member_type: VOTER last_known_addr { host: "127.26.135.130" port: 40729 } } peers { permanent_uuid: "30e7a31c49924e339f48ed18ce31c9af" member_type: VOTER last_known_addr { host: "127.26.135.131" port: 35485 } }
I20260713 09:10:05.226577 27780 leader_election.cc:290] T bd5b0d7cf1e14ce4b1e96a412ca59453 P d720ae2eb795469b91ec0e124d5dc0aa [CANDIDATE]: Term 2 election: Requested vote from peers d1638937a1c3437eb48fad0afccd99bc (127.26.135.130:40729), 30e7a31c49924e339f48ed18ce31c9af (127.26.135.131:35485)
I20260713 09:10:05.227473 27854 tablet_service.cc:1917] Received RequestConsensusVote() RPC: tablet_id: "bd5b0d7cf1e14ce4b1e96a412ca59453" candidate_uuid: "d720ae2eb795469b91ec0e124d5dc0aa" candidate_term: 2 candidate_status { last_received { term: 1 index: 1 } } ignore_live_leader: true dest_uuid: "d1638937a1c3437eb48fad0afccd99bc"
I20260713 09:10:05.227855 27929 tablet_service.cc:1917] Received RequestConsensusVote() RPC: tablet_id: "bd5b0d7cf1e14ce4b1e96a412ca59453" candidate_uuid: "d720ae2eb795469b91ec0e124d5dc0aa" candidate_term: 2 candidate_status { last_received { term: 1 index: 1 } } ignore_live_leader: true dest_uuid: "30e7a31c49924e339f48ed18ce31c9af"
I20260713 09:10:05.228055 27854 raft_consensus.cc:3055] T bd5b0d7cf1e14ce4b1e96a412ca59453 P d1638937a1c3437eb48fad0afccd99bc [term 1 LEADER]: Stepping down as leader of term 1
I20260713 09:10:05.228374 27929 raft_consensus.cc:3060] T bd5b0d7cf1e14ce4b1e96a412ca59453 P 30e7a31c49924e339f48ed18ce31c9af [term 1 FOLLOWER]: Advancing to term 2
I20260713 09:10:05.228402 27854 raft_consensus.cc:740] T bd5b0d7cf1e14ce4b1e96a412ca59453 P d1638937a1c3437eb48fad0afccd99bc [term 1 LEADER]: Becoming Follower/Learner. State: Replica: d1638937a1c3437eb48fad0afccd99bc, State: Running, Role: LEADER
I20260713 09:10:05.229301 27854 consensus_queue.cc:260] T bd5b0d7cf1e14ce4b1e96a412ca59453 P d1638937a1c3437eb48fad0afccd99bc [NON_LEADER]: Queue going to NON_LEADER mode. State: All replicated index: 0, Majority replicated index: 1, Committed index: 1, Last appended: 1.1, Last appended by leader: 1, Current term: 1, Majority size: -1, State: 0, Mode: NON_LEADER, active raft config: opid_index: -1 OBSOLETE_local: false peers { permanent_uuid: "d720ae2eb795469b91ec0e124d5dc0aa" member_type: VOTER last_known_addr { host: "127.26.135.129" port: 40503 } } peers { permanent_uuid: "d1638937a1c3437eb48fad0afccd99bc" member_type: VOTER last_known_addr { host: "127.26.135.130" port: 40729 } } peers { permanent_uuid: "30e7a31c49924e339f48ed18ce31c9af" member_type: VOTER last_known_addr { host: "127.26.135.131" port: 35485 } }
I20260713 09:10:05.230458 27854 raft_consensus.cc:3060] T bd5b0d7cf1e14ce4b1e96a412ca59453 P d1638937a1c3437eb48fad0afccd99bc [term 1 FOLLOWER]: Advancing to term 2
I20260713 09:10:05.234572 27929 raft_consensus.cc:2468] T bd5b0d7cf1e14ce4b1e96a412ca59453 P 30e7a31c49924e339f48ed18ce31c9af [term 2 FOLLOWER]: Leader election vote request: Granting yes vote for candidate d720ae2eb795469b91ec0e124d5dc0aa in term 2.
I20260713 09:10:05.235579 27746 leader_election.cc:304] T bd5b0d7cf1e14ce4b1e96a412ca59453 P d720ae2eb795469b91ec0e124d5dc0aa [CANDIDATE]: Term 2 election: Election decided. Result: candidate won. Election summary: received 2 responses out of 3 voters: 2 yes votes; 0 no votes. yes voters: 30e7a31c49924e339f48ed18ce31c9af, d720ae2eb795469b91ec0e124d5dc0aa; no voters: 
I20260713 09:10:05.236280 28058 raft_consensus.cc:2804] T bd5b0d7cf1e14ce4b1e96a412ca59453 P d720ae2eb795469b91ec0e124d5dc0aa [term 2 FOLLOWER]: Leader election won for term 2
I20260713 09:10:05.236469 27854 raft_consensus.cc:2468] T bd5b0d7cf1e14ce4b1e96a412ca59453 P d1638937a1c3437eb48fad0afccd99bc [term 2 FOLLOWER]: Leader election vote request: Granting yes vote for candidate d720ae2eb795469b91ec0e124d5dc0aa in term 2.
I20260713 09:10:05.236650 28058 raft_consensus.cc:697] T bd5b0d7cf1e14ce4b1e96a412ca59453 P d720ae2eb795469b91ec0e124d5dc0aa [term 2 LEADER]: Becoming Leader. State: Replica: d720ae2eb795469b91ec0e124d5dc0aa, State: Running, Role: LEADER
I20260713 09:10:05.237402 28058 consensus_queue.cc:237] T bd5b0d7cf1e14ce4b1e96a412ca59453 P d720ae2eb795469b91ec0e124d5dc0aa [LEADER]: Queue going to LEADER mode. State: All replicated index: 0, Majority replicated index: 1, Committed index: 1, Last appended: 1.1, Last appended by leader: 1, Current term: 2, Majority size: 2, State: 0, Mode: LEADER, active raft config: opid_index: -1 OBSOLETE_local: false peers { permanent_uuid: "d720ae2eb795469b91ec0e124d5dc0aa" member_type: VOTER last_known_addr { host: "127.26.135.129" port: 40503 } } peers { permanent_uuid: "d1638937a1c3437eb48fad0afccd99bc" member_type: VOTER last_known_addr { host: "127.26.135.130" port: 40729 } } peers { permanent_uuid: "30e7a31c49924e339f48ed18ce31c9af" member_type: VOTER last_known_addr { host: "127.26.135.131" port: 35485 } }
I20260713 09:10:05.243476 27676 catalog_manager.cc:5697] T bd5b0d7cf1e14ce4b1e96a412ca59453 P d720ae2eb795469b91ec0e124d5dc0aa reported cstate change: term changed from 1 to 2, leader changed from d1638937a1c3437eb48fad0afccd99bc (127.26.135.130) to d720ae2eb795469b91ec0e124d5dc0aa (127.26.135.129). New cstate: current_term: 2 leader_uuid: "d720ae2eb795469b91ec0e124d5dc0aa" committed_config { opid_index: -1 OBSOLETE_local: false peers { permanent_uuid: "d720ae2eb795469b91ec0e124d5dc0aa" member_type: VOTER last_known_addr { host: "127.26.135.129" port: 40503 } health_report { overall_health: HEALTHY } } peers { permanent_uuid: "d1638937a1c3437eb48fad0afccd99bc" member_type: VOTER last_known_addr { host: "127.26.135.130" port: 40729 } health_report { overall_health: UNKNOWN } } peers { permanent_uuid: "30e7a31c49924e339f48ed18ce31c9af" member_type: VOTER last_known_addr { host: "127.26.135.131" port: 35485 } health_report { overall_health: UNKNOWN } } }
I20260713 09:10:05.354000 28068 raft_consensus.cc:993] T 30dcfe2f2da14dc4b61ebf2fdcc503b7 P d1638937a1c3437eb48fad0afccd99bc: : Instructing follower d720ae2eb795469b91ec0e124d5dc0aa to start an election
I20260713 09:10:05.354362 28052 raft_consensus.cc:1081] T 30dcfe2f2da14dc4b61ebf2fdcc503b7 P d1638937a1c3437eb48fad0afccd99bc [term 1 LEADER]: Signalling peer d720ae2eb795469b91ec0e124d5dc0aa to start an election
I20260713 09:10:05.355588 27781 tablet_service.cc:2044] Received Run Leader Election RPC: tablet_id: "30dcfe2f2da14dc4b61ebf2fdcc503b7"
dest_uuid: "d720ae2eb795469b91ec0e124d5dc0aa"
 from {username='slave'} at 127.0.0.1:60496
I20260713 09:10:05.356015 27781 raft_consensus.cc:493] T 30dcfe2f2da14dc4b61ebf2fdcc503b7 P d720ae2eb795469b91ec0e124d5dc0aa [term 1 FOLLOWER]: Starting forced leader election (received explicit request)
I20260713 09:10:05.356279 27781 raft_consensus.cc:3060] T 30dcfe2f2da14dc4b61ebf2fdcc503b7 P d720ae2eb795469b91ec0e124d5dc0aa [term 1 FOLLOWER]: Advancing to term 2
I20260713 09:10:05.360574 27781 raft_consensus.cc:515] T 30dcfe2f2da14dc4b61ebf2fdcc503b7 P d720ae2eb795469b91ec0e124d5dc0aa [term 2 FOLLOWER]: Starting forced leader election with config: opid_index: -1 OBSOLETE_local: false peers { permanent_uuid: "d720ae2eb795469b91ec0e124d5dc0aa" member_type: VOTER last_known_addr { host: "127.26.135.129" port: 40503 } } peers { permanent_uuid: "d1638937a1c3437eb48fad0afccd99bc" member_type: VOTER last_known_addr { host: "127.26.135.130" port: 40729 } } peers { permanent_uuid: "30e7a31c49924e339f48ed18ce31c9af" member_type: VOTER last_known_addr { host: "127.26.135.131" port: 35485 } }
I20260713 09:10:05.362475 27781 leader_election.cc:290] T 30dcfe2f2da14dc4b61ebf2fdcc503b7 P d720ae2eb795469b91ec0e124d5dc0aa [CANDIDATE]: Term 2 election: Requested vote from peers d1638937a1c3437eb48fad0afccd99bc (127.26.135.130:40729), 30e7a31c49924e339f48ed18ce31c9af (127.26.135.131:35485)
I20260713 09:10:05.363135 27854 tablet_service.cc:1917] Received RequestConsensusVote() RPC: tablet_id: "30dcfe2f2da14dc4b61ebf2fdcc503b7" candidate_uuid: "d720ae2eb795469b91ec0e124d5dc0aa" candidate_term: 2 candidate_status { last_received { term: 1 index: 1 } } ignore_live_leader: true dest_uuid: "d1638937a1c3437eb48fad0afccd99bc"
I20260713 09:10:05.363663 27854 raft_consensus.cc:3055] T 30dcfe2f2da14dc4b61ebf2fdcc503b7 P d1638937a1c3437eb48fad0afccd99bc [term 1 LEADER]: Stepping down as leader of term 1
I20260713 09:10:05.363953 27854 raft_consensus.cc:740] T 30dcfe2f2da14dc4b61ebf2fdcc503b7 P d1638937a1c3437eb48fad0afccd99bc [term 1 LEADER]: Becoming Follower/Learner. State: Replica: d1638937a1c3437eb48fad0afccd99bc, State: Running, Role: LEADER
I20260713 09:10:05.363986 27929 tablet_service.cc:1917] Received RequestConsensusVote() RPC: tablet_id: "30dcfe2f2da14dc4b61ebf2fdcc503b7" candidate_uuid: "d720ae2eb795469b91ec0e124d5dc0aa" candidate_term: 2 candidate_status { last_received { term: 1 index: 1 } } ignore_live_leader: true dest_uuid: "30e7a31c49924e339f48ed18ce31c9af"
I20260713 09:10:05.365005 27929 raft_consensus.cc:3060] T 30dcfe2f2da14dc4b61ebf2fdcc503b7 P 30e7a31c49924e339f48ed18ce31c9af [term 1 FOLLOWER]: Advancing to term 2
I20260713 09:10:05.364725 27854 consensus_queue.cc:260] T 30dcfe2f2da14dc4b61ebf2fdcc503b7 P d1638937a1c3437eb48fad0afccd99bc [NON_LEADER]: Queue going to NON_LEADER mode. State: All replicated index: 0, Majority replicated index: 1, Committed index: 1, Last appended: 1.1, Last appended by leader: 1, Current term: 1, Majority size: -1, State: 0, Mode: NON_LEADER, active raft config: opid_index: -1 OBSOLETE_local: false peers { permanent_uuid: "d720ae2eb795469b91ec0e124d5dc0aa" member_type: VOTER last_known_addr { host: "127.26.135.129" port: 40503 } } peers { permanent_uuid: "d1638937a1c3437eb48fad0afccd99bc" member_type: VOTER last_known_addr { host: "127.26.135.130" port: 40729 } } peers { permanent_uuid: "30e7a31c49924e339f48ed18ce31c9af" member_type: VOTER last_known_addr { host: "127.26.135.131" port: 35485 } }
I20260713 09:10:05.366763 27854 raft_consensus.cc:3060] T 30dcfe2f2da14dc4b61ebf2fdcc503b7 P d1638937a1c3437eb48fad0afccd99bc [term 1 FOLLOWER]: Advancing to term 2
I20260713 09:10:05.370672 27929 raft_consensus.cc:2468] T 30dcfe2f2da14dc4b61ebf2fdcc503b7 P 30e7a31c49924e339f48ed18ce31c9af [term 2 FOLLOWER]: Leader election vote request: Granting yes vote for candidate d720ae2eb795469b91ec0e124d5dc0aa in term 2.
I20260713 09:10:05.370841 27854 raft_consensus.cc:2468] T 30dcfe2f2da14dc4b61ebf2fdcc503b7 P d1638937a1c3437eb48fad0afccd99bc [term 2 FOLLOWER]: Leader election vote request: Granting yes vote for candidate d720ae2eb795469b91ec0e124d5dc0aa in term 2.
I20260713 09:10:05.371667 27746 leader_election.cc:304] T 30dcfe2f2da14dc4b61ebf2fdcc503b7 P d720ae2eb795469b91ec0e124d5dc0aa [CANDIDATE]: Term 2 election: Election decided. Result: candidate won. Election summary: received 2 responses out of 3 voters: 2 yes votes; 0 no votes. yes voters: 30e7a31c49924e339f48ed18ce31c9af, d720ae2eb795469b91ec0e124d5dc0aa; no voters: 
I20260713 09:10:05.372385 28058 raft_consensus.cc:2804] T 30dcfe2f2da14dc4b61ebf2fdcc503b7 P d720ae2eb795469b91ec0e124d5dc0aa [term 2 FOLLOWER]: Leader election won for term 2
I20260713 09:10:05.372740 28058 raft_consensus.cc:697] T 30dcfe2f2da14dc4b61ebf2fdcc503b7 P d720ae2eb795469b91ec0e124d5dc0aa [term 2 LEADER]: Becoming Leader. State: Replica: d720ae2eb795469b91ec0e124d5dc0aa, State: Running, Role: LEADER
