I20260713 09:10:09.272179   931 leader_election.cc:304] T bc801f796781489ab8626bdbc2d45616 P 87e91b9dfe10496785111ad8ff6e6e7d [CANDIDATE]: Term 1 pre-election: Election decided. Result: candidate won. Election summary: received 3 responses out of 3 voters: 2 yes votes; 1 no votes. yes voters: 00f03ac3f35b4f30a3e7e1a3209f0c3a, 87e91b9dfe10496785111ad8ff6e6e7d; no voters: 837a305a57fe4d88b0fd9f0e6d160629
I20260713 09:10:09.272370  1163 raft_consensus.cc:3060] T c100b26508db4c728a727d24a3aabe5f P 837a305a57fe4d88b0fd9f0e6d160629 [term 0 FOLLOWER]: Advancing to term 1
I20260713 09:10:09.274644  1201 raft_consensus.cc:2804] T bc801f796781489ab8626bdbc2d45616 P 87e91b9dfe10496785111ad8ff6e6e7d [term 0 FOLLOWER]: Leader pre-election won for term 1
I20260713 09:10:09.275031  1201 raft_consensus.cc:493] T bc801f796781489ab8626bdbc2d45616 P 87e91b9dfe10496785111ad8ff6e6e7d [term 0 FOLLOWER]: Starting leader election (no leader contacted us within the election timeout)
W20260713 09:10:09.271528  1081 leader_election.cc:343] T c100b26508db4c728a727d24a3aabe5f P 837a305a57fe4d88b0fd9f0e6d160629 [CANDIDATE]: Term 1 pre-election: Tablet error from VoteRequest() call to peer 87e91b9dfe10496785111ad8ff6e6e7d (127.31.144.1:42283): Illegal state: must be running to vote when last-logged opid is not known
I20260713 09:10:09.281396  1201 raft_consensus.cc:3060] T bc801f796781489ab8626bdbc2d45616 P 87e91b9dfe10496785111ad8ff6e6e7d [term 0 FOLLOWER]: Advancing to term 1
I20260713 09:10:09.280485  1164 raft_consensus.cc:493] T 4f3e3f747a3c4f20bf389ef818dd80d7 P 87e91b9dfe10496785111ad8ff6e6e7d [term 0 FOLLOWER]: Starting pre-election (no leader contacted us within the election timeout)
I20260713 09:10:09.278704  1163 raft_consensus.cc:515] T c100b26508db4c728a727d24a3aabe5f P 837a305a57fe4d88b0fd9f0e6d160629 [term 1 FOLLOWER]: Starting leader election with config: opid_index: -1 OBSOLETE_local: false peers { permanent_uuid: "87e91b9dfe10496785111ad8ff6e6e7d" member_type: VOTER last_known_addr { host: "127.31.144.1" port: 42283 } } peers { permanent_uuid: "00f03ac3f35b4f30a3e7e1a3209f0c3a" member_type: VOTER last_known_addr { host: "127.31.144.2" port: 45075 } } peers { permanent_uuid: "837a305a57fe4d88b0fd9f0e6d160629" member_type: VOTER last_known_addr { host: "127.31.144.3" port: 45921 } }
I20260713 09:10:09.282735  1164 raft_consensus.cc:515] T 4f3e3f747a3c4f20bf389ef818dd80d7 P 87e91b9dfe10496785111ad8ff6e6e7d [term 0 FOLLOWER]: Starting pre-election with config: opid_index: -1 OBSOLETE_local: false peers { permanent_uuid: "87e91b9dfe10496785111ad8ff6e6e7d" member_type: VOTER last_known_addr { host: "127.31.144.1" port: 42283 } } peers { permanent_uuid: "00f03ac3f35b4f30a3e7e1a3209f0c3a" member_type: VOTER last_known_addr { host: "127.31.144.2" port: 45075 } } peers { permanent_uuid: "837a305a57fe4d88b0fd9f0e6d160629" member_type: VOTER last_known_addr { host: "127.31.144.3" port: 45921 } }
I20260713 09:10:09.284618  1164 leader_election.cc:290] T 4f3e3f747a3c4f20bf389ef818dd80d7 P 87e91b9dfe10496785111ad8ff6e6e7d [CANDIDATE]: Term 1 pre-election: Requested pre-vote from peers 00f03ac3f35b4f30a3e7e1a3209f0c3a (127.31.144.2:45075), 837a305a57fe4d88b0fd9f0e6d160629 (127.31.144.3:45921)
I20260713 09:10:09.286065  1116 tablet_service.cc:1917] Received RequestConsensusVote() RPC: tablet_id: "4f3e3f747a3c4f20bf389ef818dd80d7" candidate_uuid: "87e91b9dfe10496785111ad8ff6e6e7d" candidate_term: 1 candidate_status { last_received { term: 0 index: 0 } } ignore_live_leader: false dest_uuid: "837a305a57fe4d88b0fd9f0e6d160629" is_pre_election: true
I20260713 09:10:09.286238  1042 tablet_service.cc:1917] Received RequestConsensusVote() RPC: tablet_id: "c100b26508db4c728a727d24a3aabe5f" candidate_uuid: "837a305a57fe4d88b0fd9f0e6d160629" candidate_term: 1 candidate_status { last_received { term: 0 index: 0 } } ignore_live_leader: false dest_uuid: "00f03ac3f35b4f30a3e7e1a3209f0c3a"
I20260713 09:10:09.286788  1116 raft_consensus.cc:2393] T 4f3e3f747a3c4f20bf389ef818dd80d7 P 837a305a57fe4d88b0fd9f0e6d160629 [term 1 FOLLOWER]: Leader pre-election vote request: Denying vote to candidate 87e91b9dfe10496785111ad8ff6e6e7d in current term 1: Already voted for candidate 00f03ac3f35b4f30a3e7e1a3209f0c3a in this term.
I20260713 09:10:09.287101  1163 leader_election.cc:290] T c100b26508db4c728a727d24a3aabe5f P 837a305a57fe4d88b0fd9f0e6d160629 [CANDIDATE]: Term 1 election: Requested vote from peers 87e91b9dfe10496785111ad8ff6e6e7d (127.31.144.1:42283), 00f03ac3f35b4f30a3e7e1a3209f0c3a (127.31.144.2:45075)
I20260713 09:10:09.284536   967 tablet_service.cc:1917] Received RequestConsensusVote() RPC: tablet_id: "c100b26508db4c728a727d24a3aabe5f" candidate_uuid: "837a305a57fe4d88b0fd9f0e6d160629" candidate_term: 1 candidate_status { last_received { term: 0 index: 0 } } ignore_live_leader: false dest_uuid: "87e91b9dfe10496785111ad8ff6e6e7d"
W20260713 09:10:09.289182  1081 leader_election.cc:343] T c100b26508db4c728a727d24a3aabe5f P 837a305a57fe4d88b0fd9f0e6d160629 [CANDIDATE]: Term 1 election: Tablet error from VoteRequest() call to peer 87e91b9dfe10496785111ad8ff6e6e7d (127.31.144.1:42283): Illegal state: must be running to vote when last-logged opid is not known
I20260713 09:10:09.292523  1043 tablet_service.cc:1917] Received RequestConsensusVote() RPC: tablet_id: "4f3e3f747a3c4f20bf389ef818dd80d7" candidate_uuid: "87e91b9dfe10496785111ad8ff6e6e7d" candidate_term: 1 candidate_status { last_received { term: 0 index: 0 } } ignore_live_leader: false dest_uuid: "00f03ac3f35b4f30a3e7e1a3209f0c3a" is_pre_election: true
I20260713 09:10:09.286741  1042 raft_consensus.cc:3060] T c100b26508db4c728a727d24a3aabe5f P 00f03ac3f35b4f30a3e7e1a3209f0c3a [term 0 FOLLOWER]: Advancing to term 1
I20260713 09:10:09.298946   931 leader_election.cc:304] T 4f3e3f747a3c4f20bf389ef818dd80d7 P 87e91b9dfe10496785111ad8ff6e6e7d [CANDIDATE]: Term 1 pre-election: Election decided. Result: candidate lost. Election summary: received 3 responses out of 3 voters: 1 yes votes; 2 no votes. yes voters: 87e91b9dfe10496785111ad8ff6e6e7d; no voters: 00f03ac3f35b4f30a3e7e1a3209f0c3a, 837a305a57fe4d88b0fd9f0e6d160629
I20260713 09:10:09.300079  1164 raft_consensus.cc:3060] T 4f3e3f747a3c4f20bf389ef818dd80d7 P 87e91b9dfe10496785111ad8ff6e6e7d [term 0 FOLLOWER]: Advancing to term 1
I20260713 09:10:09.314064  1164 raft_consensus.cc:2749] T 4f3e3f747a3c4f20bf389ef818dd80d7 P 87e91b9dfe10496785111ad8ff6e6e7d [term 1 FOLLOWER]: Leader pre-election lost for term 1. Reason: could not achieve majority
I20260713 09:10:09.321593  1042 raft_consensus.cc:2468] T c100b26508db4c728a727d24a3aabe5f P 00f03ac3f35b4f30a3e7e1a3209f0c3a [term 1 FOLLOWER]: Leader election vote request: Granting yes vote for candidate 837a305a57fe4d88b0fd9f0e6d160629 in term 1.
I20260713 09:10:09.322710  1080 leader_election.cc:304] T c100b26508db4c728a727d24a3aabe5f P 837a305a57fe4d88b0fd9f0e6d160629 [CANDIDATE]: Term 1 election: Election decided. Result: candidate won. Election summary: received 3 responses out of 3 voters: 2 yes votes; 1 no votes. yes voters: 00f03ac3f35b4f30a3e7e1a3209f0c3a, 837a305a57fe4d88b0fd9f0e6d160629; no voters: 87e91b9dfe10496785111ad8ff6e6e7d
I20260713 09:10:09.323716  1163 raft_consensus.cc:2804] T c100b26508db4c728a727d24a3aabe5f P 837a305a57fe4d88b0fd9f0e6d160629 [term 1 FOLLOWER]: Leader election won for term 1
I20260713 09:10:09.324155  1163 raft_consensus.cc:697] T c100b26508db4c728a727d24a3aabe5f P 837a305a57fe4d88b0fd9f0e6d160629 [term 1 LEADER]: Becoming Leader. State: Replica: 837a305a57fe4d88b0fd9f0e6d160629, State: Running, Role: LEADER
I20260713 09:10:09.309434  1201 raft_consensus.cc:515] T bc801f796781489ab8626bdbc2d45616 P 87e91b9dfe10496785111ad8ff6e6e7d [term 1 FOLLOWER]: Starting leader election with config: opid_index: -1 OBSOLETE_local: false peers { permanent_uuid: "87e91b9dfe10496785111ad8ff6e6e7d" member_type: VOTER last_known_addr { host: "127.31.144.1" port: 42283 } } peers { permanent_uuid: "00f03ac3f35b4f30a3e7e1a3209f0c3a" member_type: VOTER last_known_addr { host: "127.31.144.2" port: 45075 } } peers { permanent_uuid: "837a305a57fe4d88b0fd9f0e6d160629" member_type: VOTER last_known_addr { host: "127.31.144.3" port: 45921 } }
I20260713 09:10:09.324884  1163 consensus_queue.cc:237] T c100b26508db4c728a727d24a3aabe5f P 837a305a57fe4d88b0fd9f0e6d160629 [LEADER]: Queue going to LEADER mode. State: All replicated index: 0, Majority replicated index: 0, Committed index: 0, Last appended: 0.0, Last appended by leader: 0, Current term: 1, Majority size: 2, State: 0, Mode: LEADER, active raft config: opid_index: -1 OBSOLETE_local: false peers { permanent_uuid: "87e91b9dfe10496785111ad8ff6e6e7d" member_type: VOTER last_known_addr { host: "127.31.144.1" port: 42283 } } peers { permanent_uuid: "00f03ac3f35b4f30a3e7e1a3209f0c3a" member_type: VOTER last_known_addr { host: "127.31.144.2" port: 45075 } } peers { permanent_uuid: "837a305a57fe4d88b0fd9f0e6d160629" member_type: VOTER last_known_addr { host: "127.31.144.3" port: 45921 } }
I20260713 09:10:09.329107  1042 tablet_service.cc:1917] Received RequestConsensusVote() RPC: tablet_id: "bc801f796781489ab8626bdbc2d45616" candidate_uuid: "87e91b9dfe10496785111ad8ff6e6e7d" candidate_term: 1 candidate_status { last_received { term: 0 index: 0 } } ignore_live_leader: false dest_uuid: "00f03ac3f35b4f30a3e7e1a3209f0c3a"
I20260713 09:10:09.329699  1042 raft_consensus.cc:3060] T bc801f796781489ab8626bdbc2d45616 P 00f03ac3f35b4f30a3e7e1a3209f0c3a [term 0 FOLLOWER]: Advancing to term 1
I20260713 09:10:09.333976  1116 tablet_service.cc:1917] Received RequestConsensusVote() RPC: tablet_id: "bc801f796781489ab8626bdbc2d45616" candidate_uuid: "87e91b9dfe10496785111ad8ff6e6e7d" candidate_term: 1 candidate_status { last_received { term: 0 index: 0 } } ignore_live_leader: false dest_uuid: "837a305a57fe4d88b0fd9f0e6d160629"
W20260713 09:10:09.335368   933 leader_election.cc:343] T bc801f796781489ab8626bdbc2d45616 P 87e91b9dfe10496785111ad8ff6e6e7d [CANDIDATE]: Term 1 election: Tablet error from VoteRequest() call to peer 837a305a57fe4d88b0fd9f0e6d160629 (127.31.144.3:45921): Illegal state: must be running to vote when last-logged opid is not known
I20260713 09:10:09.335938  1201 leader_election.cc:290] T bc801f796781489ab8626bdbc2d45616 P 87e91b9dfe10496785111ad8ff6e6e7d [CANDIDATE]: Term 1 election: Requested vote from peers 00f03ac3f35b4f30a3e7e1a3209f0c3a (127.31.144.2:45075), 837a305a57fe4d88b0fd9f0e6d160629 (127.31.144.3:45921)
I20260713 09:10:09.339581  1200 raft_consensus.cc:493] T 8819f81948d44194a3515e556e33cf03 P 00f03ac3f35b4f30a3e7e1a3209f0c3a [term 0 FOLLOWER]: Starting pre-election (no leader contacted us within the election timeout)
I20260713 09:10:09.340092  1042 raft_consensus.cc:2468] T bc801f796781489ab8626bdbc2d45616 P 00f03ac3f35b4f30a3e7e1a3209f0c3a [term 1 FOLLOWER]: Leader election vote request: Granting yes vote for candidate 87e91b9dfe10496785111ad8ff6e6e7d in term 1.
I20260713 09:10:09.340057  1200 raft_consensus.cc:515] T 8819f81948d44194a3515e556e33cf03 P 00f03ac3f35b4f30a3e7e1a3209f0c3a [term 0 FOLLOWER]: Starting pre-election with config: opid_index: -1 OBSOLETE_local: false peers { permanent_uuid: "87e91b9dfe10496785111ad8ff6e6e7d" member_type: VOTER last_known_addr { host: "127.31.144.1" port: 42283 } } peers { permanent_uuid: "00f03ac3f35b4f30a3e7e1a3209f0c3a" member_type: VOTER last_known_addr { host: "127.31.144.2" port: 45075 } } peers { permanent_uuid: "837a305a57fe4d88b0fd9f0e6d160629" member_type: VOTER last_known_addr { host: "127.31.144.3" port: 45921 } }
I20260713 09:10:09.343066  1158 tablet_bootstrap.cc:492] T d03779102a4d452b88f2fd6fc641ebdc P 00f03ac3f35b4f30a3e7e1a3209f0c3a: No bootstrap required, opened a new log
I20260713 09:10:09.343974   967 tablet_service.cc:1917] Received RequestConsensusVote() RPC: tablet_id: "8819f81948d44194a3515e556e33cf03" candidate_uuid: "00f03ac3f35b4f30a3e7e1a3209f0c3a" candidate_term: 1 candidate_status { last_received { term: 0 index: 0 } } ignore_live_leader: false dest_uuid: "87e91b9dfe10496785111ad8ff6e6e7d" is_pre_election: true
I20260713 09:10:09.344338  1116 tablet_service.cc:1917] Received RequestConsensusVote() RPC: tablet_id: "8819f81948d44194a3515e556e33cf03" candidate_uuid: "00f03ac3f35b4f30a3e7e1a3209f0c3a" candidate_term: 1 candidate_status { last_received { term: 0 index: 0 } } ignore_live_leader: false dest_uuid: "837a305a57fe4d88b0fd9f0e6d160629" is_pre_election: true
I20260713 09:10:09.344703  1158 ts_tablet_manager.cc:1403] T d03779102a4d452b88f2fd6fc641ebdc P 00f03ac3f35b4f30a3e7e1a3209f0c3a: Time spent bootstrapping tablet: real 0.102s	user 0.038s	sys 0.062s
I20260713 09:10:09.346267  1157 tablet_bootstrap.cc:492] T 213feed92004476088c4ac972bc6ce5a P 87e91b9dfe10496785111ad8ff6e6e7d: No bootstrap required, opened a new log
I20260713 09:10:09.346163   931 leader_election.cc:304] T bc801f796781489ab8626bdbc2d45616 P 87e91b9dfe10496785111ad8ff6e6e7d [CANDIDATE]: Term 1 election: Election decided. Result: candidate won. Election summary: received 3 responses out of 3 voters: 2 yes votes; 1 no votes. yes voters: 00f03ac3f35b4f30a3e7e1a3209f0c3a, 87e91b9dfe10496785111ad8ff6e6e7d; no voters: 837a305a57fe4d88b0fd9f0e6d160629
I20260713 09:10:09.346755  1157 ts_tablet_manager.cc:1403] T 213feed92004476088c4ac972bc6ce5a P 87e91b9dfe10496785111ad8ff6e6e7d: Time spent bootstrapping tablet: real 0.109s	user 0.036s	sys 0.050s
W20260713 09:10:09.347312  1007 leader_election.cc:343] T 8819f81948d44194a3515e556e33cf03 P 00f03ac3f35b4f30a3e7e1a3209f0c3a [CANDIDATE]: Term 1 pre-election: Tablet error from VoteRequest() call to peer 87e91b9dfe10496785111ad8ff6e6e7d (127.31.144.1:42283): Illegal state: must be running to vote when last-logged opid is not known
I20260713 09:10:09.347716  1158 raft_consensus.cc:359] T d03779102a4d452b88f2fd6fc641ebdc P 00f03ac3f35b4f30a3e7e1a3209f0c3a [term 0 FOLLOWER]: Replica starting. Triggering 0 pending ops. Active config: opid_index: -1 OBSOLETE_local: false peers { permanent_uuid: "87e91b9dfe10496785111ad8ff6e6e7d" member_type: VOTER last_known_addr { host: "127.31.144.1" port: 42283 } } peers { permanent_uuid: "00f03ac3f35b4f30a3e7e1a3209f0c3a" member_type: VOTER last_known_addr { host: "127.31.144.2" port: 45075 } } peers { permanent_uuid: "837a305a57fe4d88b0fd9f0e6d160629" member_type: VOTER last_known_addr { host: "127.31.144.3" port: 45921 } }
W20260713 09:10:09.347995  1008 leader_election.cc:343] T 8819f81948d44194a3515e556e33cf03 P 00f03ac3f35b4f30a3e7e1a3209f0c3a [CANDIDATE]: Term 1 pre-election: Tablet error from VoteRequest() call to peer 837a305a57fe4d88b0fd9f0e6d160629 (127.31.144.3:45921): Illegal state: must be running to vote when last-logged opid is not known
I20260713 09:10:09.348387  1158 raft_consensus.cc:385] T d03779102a4d452b88f2fd6fc641ebdc P 00f03ac3f35b4f30a3e7e1a3209f0c3a [term 0 FOLLOWER]: Consensus starting up: Expiring failure detector timer to make a prompt election more likely
I20260713 09:10:09.348565  1008 leader_election.cc:304] T 8819f81948d44194a3515e556e33cf03 P 00f03ac3f35b4f30a3e7e1a3209f0c3a [CANDIDATE]: Term 1 pre-election: Election decided. Result: candidate lost. Election summary: received 3 responses out of 3 voters: 1 yes votes; 2 no votes. yes voters: 00f03ac3f35b4f30a3e7e1a3209f0c3a; no voters: 837a305a57fe4d88b0fd9f0e6d160629, 87e91b9dfe10496785111ad8ff6e6e7d
I20260713 09:10:09.348800  1158 raft_consensus.cc:740] T d03779102a4d452b88f2fd6fc641ebdc P 00f03ac3f35b4f30a3e7e1a3209f0c3a [term 0 FOLLOWER]: Becoming Follower/Learner. State: Replica: 00f03ac3f35b4f30a3e7e1a3209f0c3a, State: Initialized, Role: FOLLOWER
I20260713 09:10:09.348382  1201 raft_consensus.cc:2804] T bc801f796781489ab8626bdbc2d45616 P 87e91b9dfe10496785111ad8ff6e6e7d [term 1 FOLLOWER]: Leader election won for term 1
I20260713 09:10:09.349606  1158 consensus_queue.cc:260] T d03779102a4d452b88f2fd6fc641ebdc P 00f03ac3f35b4f30a3e7e1a3209f0c3a [NON_LEADER]: Queue going to NON_LEADER mode. State: All replicated index: 0, Majority replicated index: 0, Committed index: 0, Last appended: 0.0, Last appended by leader: 0, Current term: 0, Majority size: -1, State: 0, Mode: NON_LEADER, active raft config: opid_index: -1 OBSOLETE_local: false peers { permanent_uuid: "87e91b9dfe10496785111ad8ff6e6e7d" member_type: VOTER last_known_addr { host: "127.31.144.1" port: 42283 } } peers { permanent_uuid: "00f03ac3f35b4f30a3e7e1a3209f0c3a" member_type: VOTER last_known_addr { host: "127.31.144.2" port: 45075 } } peers { permanent_uuid: "837a305a57fe4d88b0fd9f0e6d160629" member_type: VOTER last_known_addr { host: "127.31.144.3" port: 45921 } }
I20260713 09:10:09.349393  1157 raft_consensus.cc:359] T 213feed92004476088c4ac972bc6ce5a P 87e91b9dfe10496785111ad8ff6e6e7d [term 0 FOLLOWER]: Replica starting. Triggering 0 pending ops. Active config: opid_index: -1 OBSOLETE_local: false peers { permanent_uuid: "87e91b9dfe10496785111ad8ff6e6e7d" member_type: VOTER last_known_addr { host: "127.31.144.1" port: 42283 } } peers { permanent_uuid: "00f03ac3f35b4f30a3e7e1a3209f0c3a" member_type: VOTER last_known_addr { host: "127.31.144.2" port: 45075 } } peers { permanent_uuid: "837a305a57fe4d88b0fd9f0e6d160629" member_type: VOTER last_known_addr { host: "127.31.144.3" port: 45921 } }
I20260713 09:10:09.342213  1200 leader_election.cc:290] T 8819f81948d44194a3515e556e33cf03 P 00f03ac3f35b4f30a3e7e1a3209f0c3a [CANDIDATE]: Term 1 pre-election: Requested pre-vote from peers 87e91b9dfe10496785111ad8ff6e6e7d (127.31.144.1:42283), 837a305a57fe4d88b0fd9f0e6d160629 (127.31.144.3:45921)
I20260713 09:10:09.349705  1201 raft_consensus.cc:697] T bc801f796781489ab8626bdbc2d45616 P 87e91b9dfe10496785111ad8ff6e6e7d [term 1 LEADER]: Becoming Leader. State: Replica: 87e91b9dfe10496785111ad8ff6e6e7d, State: Running, Role: LEADER
I20260713 09:10:09.352062  1158 ts_tablet_manager.cc:1434] T d03779102a4d452b88f2fd6fc641ebdc P 00f03ac3f35b4f30a3e7e1a3209f0c3a: Time spent starting tablet: real 0.007s	user 0.004s	sys 0.002s
I20260713 09:10:09.351752  1201 consensus_queue.cc:237] T bc801f796781489ab8626bdbc2d45616 P 87e91b9dfe10496785111ad8ff6e6e7d [LEADER]: Queue going to LEADER mode. State: All replicated index: 0, Majority replicated index: 0, Committed index: 0, Last appended: 0.0, Last appended by leader: 0, Current term: 1, Majority size: 2, State: 0, Mode: LEADER, active raft config: opid_index: -1 OBSOLETE_local: false peers { permanent_uuid: "87e91b9dfe10496785111ad8ff6e6e7d" member_type: VOTER last_known_addr { host: "127.31.144.1" port: 42283 } } peers { permanent_uuid: "00f03ac3f35b4f30a3e7e1a3209f0c3a" member_type: VOTER last_known_addr { host: "127.31.144.2" port: 45075 } } peers { permanent_uuid: "837a305a57fe4d88b0fd9f0e6d160629" member_type: VOTER last_known_addr { host: "127.31.144.3" port: 45921 } }
I20260713 09:10:09.351557   865 catalog_manager.cc:5697] T c100b26508db4c728a727d24a3aabe5f P 837a305a57fe4d88b0fd9f0e6d160629 reported cstate change: term changed from 0 to 1, leader changed from <none> to 837a305a57fe4d88b0fd9f0e6d160629 (127.31.144.3). New cstate: current_term: 1 leader_uuid: "837a305a57fe4d88b0fd9f0e6d160629" committed_config { opid_index: -1 OBSOLETE_local: false peers { permanent_uuid: "87e91b9dfe10496785111ad8ff6e6e7d" member_type: VOTER last_known_addr { host: "127.31.144.1" port: 42283 } health_report { overall_health: UNKNOWN } } peers { permanent_uuid: "00f03ac3f35b4f30a3e7e1a3209f0c3a" member_type: VOTER last_known_addr { host: "127.31.144.2" port: 45075 } health_report { overall_health: UNKNOWN } } peers { permanent_uuid: "837a305a57fe4d88b0fd9f0e6d160629" member_type: VOTER last_known_addr { host: "127.31.144.3" port: 45921 } health_report { overall_health: HEALTHY } } }
I20260713 09:10:09.353025  1158 tablet_bootstrap.cc:492] T c2eeab5a4f0e490f835f00d3c884361e P 00f03ac3f35b4f30a3e7e1a3209f0c3a: Bootstrap starting.
I20260713 09:10:09.349447  1165 raft_consensus.cc:2749] T 8819f81948d44194a3515e556e33cf03 P 00f03ac3f35b4f30a3e7e1a3209f0c3a [term 0 FOLLOWER]: Leader pre-election lost for term 1. Reason: could not achieve majority
I20260713 09:10:09.358611  1158 tablet_bootstrap.cc:654] T c2eeab5a4f0e490f835f00d3c884361e P 00f03ac3f35b4f30a3e7e1a3209f0c3a: Neither blocks nor log segments found. Creating new log.
I20260713 09:10:09.361817  1157 raft_consensus.cc:385] T 213feed92004476088c4ac972bc6ce5a P 87e91b9dfe10496785111ad8ff6e6e7d [term 0 FOLLOWER]: Consensus starting up: Expiring failure detector timer to make a prompt election more likely
I20260713 09:10:09.362185  1157 raft_consensus.cc:740] T 213feed92004476088c4ac972bc6ce5a P 87e91b9dfe10496785111ad8ff6e6e7d [term 0 FOLLOWER]: Becoming Follower/Learner. State: Replica: 87e91b9dfe10496785111ad8ff6e6e7d, State: Initialized, Role: FOLLOWER
I20260713 09:10:09.362933  1157 consensus_queue.cc:260] T 213feed92004476088c4ac972bc6ce5a P 87e91b9dfe10496785111ad8ff6e6e7d [NON_LEADER]: Queue going to NON_LEADER mode. State: All replicated index: 0, Majority replicated index: 0, Committed index: 0, Last appended: 0.0, Last appended by leader: 0, Current term: 0, Majority size: -1, State: 0, Mode: NON_LEADER, active raft config: opid_index: -1 OBSOLETE_local: false peers { permanent_uuid: "87e91b9dfe10496785111ad8ff6e6e7d" member_type: VOTER last_known_addr { host: "127.31.144.1" port: 42283 } } peers { permanent_uuid: "00f03ac3f35b4f30a3e7e1a3209f0c3a" member_type: VOTER last_known_addr { host: "127.31.144.2" port: 45075 } } peers { permanent_uuid: "837a305a57fe4d88b0fd9f0e6d160629" member_type: VOTER last_known_addr { host: "127.31.144.3" port: 45921 } }
I20260713 09:10:09.365090  1157 ts_tablet_manager.cc:1434] T 213feed92004476088c4ac972bc6ce5a P 87e91b9dfe10496785111ad8ff6e6e7d: Time spent starting tablet: real 0.018s	user 0.001s	sys 0.003s
I20260713 09:10:09.367161  1159 tablet_bootstrap.cc:492] T 1f1ed463cb87407aabff50c3916def3f P 837a305a57fe4d88b0fd9f0e6d160629: No bootstrap required, opened a new log
I20260713 09:10:09.367450  1158 tablet_bootstrap.cc:492] T c2eeab5a4f0e490f835f00d3c884361e P 00f03ac3f35b4f30a3e7e1a3209f0c3a: No bootstrap required, opened a new log
I20260713 09:10:09.367633  1159 ts_tablet_manager.cc:1403] T 1f1ed463cb87407aabff50c3916def3f P 837a305a57fe4d88b0fd9f0e6d160629: Time spent bootstrapping tablet: real 0.126s	user 0.040s	sys 0.029s
I20260713 09:10:09.367995  1158 ts_tablet_manager.cc:1403] T c2eeab5a4f0e490f835f00d3c884361e P 00f03ac3f35b4f30a3e7e1a3209f0c3a: Time spent bootstrapping tablet: real 0.015s	user 0.007s	sys 0.006s
I20260713 09:10:09.368969  1157 tablet_bootstrap.cc:492] T 12720f394a154062aac52148b348de44 P 87e91b9dfe10496785111ad8ff6e6e7d: Bootstrap starting.
I20260713 09:10:09.370029  1159 raft_consensus.cc:359] T 1f1ed463cb87407aabff50c3916def3f P 837a305a57fe4d88b0fd9f0e6d160629 [term 0 FOLLOWER]: Replica starting. Triggering 0 pending ops. Active config: opid_index: -1 OBSOLETE_local: false peers { permanent_uuid: "87e91b9dfe10496785111ad8ff6e6e7d" member_type: VOTER last_known_addr { host: "127.31.144.1" port: 42283 } } peers { permanent_uuid: "00f03ac3f35b4f30a3e7e1a3209f0c3a" member_type: VOTER last_known_addr { host: "127.31.144.2" port: 45075 } } peers { permanent_uuid: "837a305a57fe4d88b0fd9f0e6d160629" member_type: VOTER last_known_addr { host: "127.31.144.3" port: 45921 } }
I20260713 09:10:09.369639   866 catalog_manager.cc:5697] T bc801f796781489ab8626bdbc2d45616 P 87e91b9dfe10496785111ad8ff6e6e7d reported cstate change: term changed from 0 to 1, leader changed from <none> to 87e91b9dfe10496785111ad8ff6e6e7d (127.31.144.1). New cstate: current_term: 1 leader_uuid: "87e91b9dfe10496785111ad8ff6e6e7d" committed_config { opid_index: -1 OBSOLETE_local: false peers { permanent_uuid: "87e91b9dfe10496785111ad8ff6e6e7d" member_type: VOTER last_known_addr { host: "127.31.144.1" port: 42283 } health_report { overall_health: HEALTHY } } peers { permanent_uuid: "00f03ac3f35b4f30a3e7e1a3209f0c3a" member_type: VOTER last_known_addr { host: "127.31.144.2" port: 45075 } health_report { overall_health: UNKNOWN } } peers { permanent_uuid: "837a305a57fe4d88b0fd9f0e6d160629" member_type: VOTER last_known_addr { host: "127.31.144.3" port: 45921 } health_report { overall_health: UNKNOWN } } }
I20260713 09:10:09.370669  1159 raft_consensus.cc:385] T 1f1ed463cb87407aabff50c3916def3f P 837a305a57fe4d88b0fd9f0e6d160629 [term 0 FOLLOWER]: Consensus starting up: Expiring failure detector timer to make a prompt election more likely
I20260713 09:10:09.370546  1158 raft_consensus.cc:359] T c2eeab5a4f0e490f835f00d3c884361e P 00f03ac3f35b4f30a3e7e1a3209f0c3a [term 0 FOLLOWER]: Replica starting. Triggering 0 pending ops. Active config: opid_index: -1 OBSOLETE_local: false peers { permanent_uuid: "87e91b9dfe10496785111ad8ff6e6e7d" member_type: VOTER last_known_addr { host: "127.31.144.1" port: 42283 } } peers { permanent_uuid: "00f03ac3f35b4f30a3e7e1a3209f0c3a" member_type: VOTER last_known_addr { host: "127.31.144.2" port: 45075 } } peers { permanent_uuid: "837a305a57fe4d88b0fd9f0e6d160629" member_type: VOTER last_known_addr { host: "127.31.144.3" port: 45921 } }
I20260713 09:10:09.371129  1159 raft_consensus.cc:740] T 1f1ed463cb87407aabff50c3916def3f P 837a305a57fe4d88b0fd9f0e6d160629 [term 0 FOLLOWER]: Becoming Follower/Learner. State: Replica: 837a305a57fe4d88b0fd9f0e6d160629, State: Initialized, Role: FOLLOWER
I20260713 09:10:09.371578  1158 raft_consensus.cc:385] T c2eeab5a4f0e490f835f00d3c884361e P 00f03ac3f35b4f30a3e7e1a3209f0c3a [term 0 FOLLOWER]: Consensus starting up: Expiring failure detector timer to make a prompt election more likely
I20260713 09:10:09.371901  1158 raft_consensus.cc:740] T c2eeab5a4f0e490f835f00d3c884361e P 00f03ac3f35b4f30a3e7e1a3209f0c3a [term 0 FOLLOWER]: Becoming Follower/Learner. State: Replica: 00f03ac3f35b4f30a3e7e1a3209f0c3a, State: Initialized, Role: FOLLOWER
I20260713 09:10:09.372027  1159 consensus_queue.cc:260] T 1f1ed463cb87407aabff50c3916def3f P 837a305a57fe4d88b0fd9f0e6d160629 [NON_LEADER]: Queue going to NON_LEADER mode. State: All replicated index: 0, Majority replicated index: 0, Committed index: 0, Last appended: 0.0, Last appended by leader: 0, Current term: 0, Majority size: -1, State: 0, Mode: NON_LEADER, active raft config: opid_index: -1 OBSOLETE_local: false peers { permanent_uuid: "87e91b9dfe10496785111ad8ff6e6e7d" member_type: VOTER last_known_addr { host: "127.31.144.1" port: 42283 } } peers { permanent_uuid: "00f03ac3f35b4f30a3e7e1a3209f0c3a" member_type: VOTER last_known_addr { host: "127.31.144.2" port: 45075 } } peers { permanent_uuid: "837a305a57fe4d88b0fd9f0e6d160629" member_type: VOTER last_known_addr { host: "127.31.144.3" port: 45921 } }
I20260713 09:10:09.372737  1158 consensus_queue.cc:260] T c2eeab5a4f0e490f835f00d3c884361e P 00f03ac3f35b4f30a3e7e1a3209f0c3a [NON_LEADER]: Queue going to NON_LEADER mode. State: All replicated index: 0, Majority replicated index: 0, Committed index: 0, Last appended: 0.0, Last appended by leader: 0, Current term: 0, Majority size: -1, State: 0, Mode: NON_LEADER, active raft config: opid_index: -1 OBSOLETE_local: false peers { permanent_uuid: "87e91b9dfe10496785111ad8ff6e6e7d" member_type: VOTER last_known_addr { host: "127.31.144.1" port: 42283 } } peers { permanent_uuid: "00f03ac3f35b4f30a3e7e1a3209f0c3a" member_type: VOTER last_known_addr { host: "127.31.144.2" port: 45075 } } peers { permanent_uuid: "837a305a57fe4d88b0fd9f0e6d160629" member_type: VOTER last_known_addr { host: "127.31.144.3" port: 45921 } }
I20260713 09:10:09.374511  1159 ts_tablet_manager.cc:1434] T 1f1ed463cb87407aabff50c3916def3f P 837a305a57fe4d88b0fd9f0e6d160629: Time spent starting tablet: real 0.007s	user 0.007s	sys 0.000s
I20260713 09:10:09.374766  1158 ts_tablet_manager.cc:1434] T c2eeab5a4f0e490f835f00d3c884361e P 00f03ac3f35b4f30a3e7e1a3209f0c3a: Time spent starting tablet: real 0.006s	user 0.006s	sys 0.000s
I20260713 09:10:09.375000  1157 tablet_bootstrap.cc:654] T 12720f394a154062aac52148b348de44 P 87e91b9dfe10496785111ad8ff6e6e7d: Neither blocks nor log segments found. Creating new log.
I20260713 09:10:09.375346  1159 tablet_bootstrap.cc:492] T 4417f54f18f74a83b0858cd8250c0762 P 837a305a57fe4d88b0fd9f0e6d160629: Bootstrap starting.
I20260713 09:10:09.375722  1158 tablet_bootstrap.cc:492] T c9fe77d207904936915f851431e1e83f P 00f03ac3f35b4f30a3e7e1a3209f0c3a: Bootstrap starting.
I20260713 09:10:09.380731  1159 tablet_bootstrap.cc:654] T 4417f54f18f74a83b0858cd8250c0762 P 837a305a57fe4d88b0fd9f0e6d160629: Neither blocks nor log segments found. Creating new log.
I20260713 09:10:09.380755  1158 tablet_bootstrap.cc:654] T c9fe77d207904936915f851431e1e83f P 00f03ac3f35b4f30a3e7e1a3209f0c3a: Neither blocks nor log segments found. Creating new log.
I20260713 09:10:09.390756  1165 raft_consensus.cc:493] T 4417f54f18f74a83b0858cd8250c0762 P 00f03ac3f35b4f30a3e7e1a3209f0c3a [term 0 FOLLOWER]: Starting pre-election (no leader contacted us within the election timeout)
I20260713 09:10:09.391196  1165 raft_consensus.cc:515] T 4417f54f18f74a83b0858cd8250c0762 P 00f03ac3f35b4f30a3e7e1a3209f0c3a [term 0 FOLLOWER]: Starting pre-election with config: opid_index: -1 OBSOLETE_local: false peers { permanent_uuid: "87e91b9dfe10496785111ad8ff6e6e7d" member_type: VOTER last_known_addr { host: "127.31.144.1" port: 42283 } } peers { permanent_uuid: "00f03ac3f35b4f30a3e7e1a3209f0c3a" member_type: VOTER last_known_addr { host: "127.31.144.2" port: 45075 } } peers { permanent_uuid: "837a305a57fe4d88b0fd9f0e6d160629" member_type: VOTER last_known_addr { host: "127.31.144.3" port: 45921 } }
I20260713 09:10:09.393091  1165 leader_election.cc:290] T 4417f54f18f74a83b0858cd8250c0762 P 00f03ac3f35b4f30a3e7e1a3209f0c3a [CANDIDATE]: Term 1 pre-election: Requested pre-vote from peers 87e91b9dfe10496785111ad8ff6e6e7d (127.31.144.1:42283), 837a305a57fe4d88b0fd9f0e6d160629 (127.31.144.3:45921)
I20260713 09:10:09.394874  1116 tablet_service.cc:1917] Received RequestConsensusVote() RPC: tablet_id: "4417f54f18f74a83b0858cd8250c0762" candidate_uuid: "00f03ac3f35b4f30a3e7e1a3209f0c3a" candidate_term: 1 candidate_status { last_received { term: 0 index: 0 } } ignore_live_leader: false dest_uuid: "837a305a57fe4d88b0fd9f0e6d160629" is_pre_election: true
I20260713 09:10:09.395447   967 tablet_service.cc:1917] Received RequestConsensusVote() RPC: tablet_id: "4417f54f18f74a83b0858cd8250c0762" candidate_uuid: "00f03ac3f35b4f30a3e7e1a3209f0c3a" candidate_term: 1 candidate_status { last_received { term: 0 index: 0 } } ignore_live_leader: false dest_uuid: "87e91b9dfe10496785111ad8ff6e6e7d" is_pre_election: true
I20260713 09:10:09.395984   967 raft_consensus.cc:2468] T 4417f54f18f74a83b0858cd8250c0762 P 87e91b9dfe10496785111ad8ff6e6e7d [term 0 FOLLOWER]: Leader pre-election vote request: Granting yes vote for candidate 00f03ac3f35b4f30a3e7e1a3209f0c3a in term 0.
W20260713 09:10:09.396232  1008 leader_election.cc:343] T 4417f54f18f74a83b0858cd8250c0762 P 00f03ac3f35b4f30a3e7e1a3209f0c3a [CANDIDATE]: Term 1 pre-election: Tablet error from VoteRequest() call to peer 837a305a57fe4d88b0fd9f0e6d160629 (127.31.144.3:45921): Illegal state: must be running to vote when last-logged opid is not known
I20260713 09:10:09.398792  1159 tablet_bootstrap.cc:492] T 4417f54f18f74a83b0858cd8250c0762 P 837a305a57fe4d88b0fd9f0e6d160629: No bootstrap required, opened a new log
I20260713 09:10:09.399250  1159 ts_tablet_manager.cc:1403] T 4417f54f18f74a83b0858cd8250c0762 P 837a305a57fe4d88b0fd9f0e6d160629: Time spent bootstrapping tablet: real 0.024s	user 0.013s	sys 0.002s
I20260713 09:10:09.401793  1159 raft_consensus.cc:359] T 4417f54f18f74a83b0858cd8250c0762 P 837a305a57fe4d88b0fd9f0e6d160629 [term 0 FOLLOWER]: Replica starting. Triggering 0 pending ops. Active config: opid_index: -1 OBSOLETE_local: false peers { permanent_uuid: "87e91b9dfe10496785111ad8ff6e6e7d" member_type: VOTER last_known_addr { host: "127.31.144.1" port: 42283 } } peers { permanent_uuid: "00f03ac3f35b4f30a3e7e1a3209f0c3a" member_type: VOTER last_known_addr { host: "127.31.144.2" port: 45075 } } peers { permanent_uuid: "837a305a57fe4d88b0fd9f0e6d160629" member_type: VOTER last_known_addr { host: "127.31.144.3" port: 45921 } }
I20260713 09:10:09.402427  1159 raft_consensus.cc:385] T 4417f54f18f74a83b0858cd8250c0762 P 837a305a57fe4d88b0fd9f0e6d160629 [term 0 FOLLOWER]: Consensus starting up: Expiring failure detector timer to make a prompt election more likely
I20260713 09:10:09.402706  1159 raft_consensus.cc:740] T 4417f54f18f74a83b0858cd8250c0762 P 837a305a57fe4d88b0fd9f0e6d160629 [term 0 FOLLOWER]: Becoming Follower/Learner. State: Replica: 837a305a57fe4d88b0fd9f0e6d160629, State: Initialized, Role: FOLLOWER
I20260713 09:10:09.403295  1007 leader_election.cc:304] T 4417f54f18f74a83b0858cd8250c0762 P 00f03ac3f35b4f30a3e7e1a3209f0c3a [CANDIDATE]: Term 1 pre-election: Election decided. Result: candidate won. Election summary: received 3 responses out of 3 voters: 2 yes votes; 1 no votes. yes voters: 00f03ac3f35b4f30a3e7e1a3209f0c3a, 87e91b9dfe10496785111ad8ff6e6e7d; no voters: 837a305a57fe4d88b0fd9f0e6d160629
I20260713 09:10:09.403515  1159 consensus_queue.cc:260] T 4417f54f18f74a83b0858cd8250c0762 P 837a305a57fe4d88b0fd9f0e6d160629 [NON_LEADER]: Queue going to NON_LEADER mode. State: All replicated index: 0, Majority replicated index: 0, Committed index: 0, Last appended: 0.0, Last appended by leader: 0, Current term: 0, Majority size: -1, State: 0, Mode: NON_LEADER, active raft config: opid_index: -1 OBSOLETE_local: false peers { permanent_uuid: "87e91b9dfe10496785111ad8ff6e6e7d" member_type: VOTER last_known_addr { host: "127.31.144.1" port: 42283 } } peers { permanent_uuid: "00f03ac3f35b4f30a3e7e1a3209f0c3a" member_type: VOTER last_known_addr { host: "127.31.144.2" port: 45075 } } peers { permanent_uuid: "837a305a57fe4d88b0fd9f0e6d160629" member_type: VOTER last_known_addr { host: "127.31.144.3" port: 45921 } }
I20260713 09:10:09.404387  1165 raft_consensus.cc:2804] T 4417f54f18f74a83b0858cd8250c0762 P 00f03ac3f35b4f30a3e7e1a3209f0c3a [term 0 FOLLOWER]: Leader pre-election won for term 1
I20260713 09:10:09.404760  1165 raft_consensus.cc:493] T 4417f54f18f74a83b0858cd8250c0762 P 00f03ac3f35b4f30a3e7e1a3209f0c3a [term 0 FOLLOWER]: Starting leader election (no leader contacted us within the election timeout)
I20260713 09:10:09.405092  1165 raft_consensus.cc:3060] T 4417f54f18f74a83b0858cd8250c0762 P 00f03ac3f35b4f30a3e7e1a3209f0c3a [term 0 FOLLOWER]: Advancing to term 1
I20260713 09:10:09.405687  1159 ts_tablet_manager.cc:1434] T 4417f54f18f74a83b0858cd8250c0762 P 837a305a57fe4d88b0fd9f0e6d160629: Time spent starting tablet: real 0.006s	user 0.006s	sys 0.000s
I20260713 09:10:09.406600  1159 tablet_bootstrap.cc:492] T a3d20cac9ab3430ba91277eef63b47c7 P 837a305a57fe4d88b0fd9f0e6d160629: Bootstrap starting.
I20260713 09:10:09.414933  1165 raft_consensus.cc:515] T 4417f54f18f74a83b0858cd8250c0762 P 00f03ac3f35b4f30a3e7e1a3209f0c3a [term 1 FOLLOWER]: Starting leader election with config: opid_index: -1 OBSOLETE_local: false peers { permanent_uuid: "87e91b9dfe10496785111ad8ff6e6e7d" member_type: VOTER last_known_addr { host: "127.31.144.1" port: 42283 } } peers { permanent_uuid: "00f03ac3f35b4f30a3e7e1a3209f0c3a" member_type: VOTER last_known_addr { host: "127.31.144.2" port: 45075 } } peers { permanent_uuid: "837a305a57fe4d88b0fd9f0e6d160629" member_type: VOTER last_known_addr { host: "127.31.144.3" port: 45921 } }
I20260713 09:10:09.417520  1159 tablet_bootstrap.cc:654] T a3d20cac9ab3430ba91277eef63b47c7 P 837a305a57fe4d88b0fd9f0e6d160629: Neither blocks nor log segments found. Creating new log.
I20260713 09:10:09.417590   967 tablet_service.cc:1917] Received RequestConsensusVote() RPC: tablet_id: "4417f54f18f74a83b0858cd8250c0762" candidate_uuid: "00f03ac3f35b4f30a3e7e1a3209f0c3a" candidate_term: 1 candidate_status { last_received { term: 0 index: 0 } } ignore_live_leader: false dest_uuid: "87e91b9dfe10496785111ad8ff6e6e7d"
I20260713 09:10:09.418504   967 raft_consensus.cc:3060] T 4417f54f18f74a83b0858cd8250c0762 P 87e91b9dfe10496785111ad8ff6e6e7d [term 0 FOLLOWER]: Advancing to term 1
I20260713 09:10:09.425664   967 raft_consensus.cc:2468] T 4417f54f18f74a83b0858cd8250c0762 P 87e91b9dfe10496785111ad8ff6e6e7d [term 1 FOLLOWER]: Leader election vote request: Granting yes vote for candidate 00f03ac3f35b4f30a3e7e1a3209f0c3a in term 1.
I20260713 09:10:09.426785  1007 leader_election.cc:304] T 4417f54f18f74a83b0858cd8250c0762 P 00f03ac3f35b4f30a3e7e1a3209f0c3a [CANDIDATE]: Term 1 election: Election decided. Result: candidate won. Election summary: received 2 responses out of 3 voters: 2 yes votes; 0 no votes. yes voters: 00f03ac3f35b4f30a3e7e1a3209f0c3a, 87e91b9dfe10496785111ad8ff6e6e7d; no voters: 
I20260713 09:10:09.427615  1200 raft_consensus.cc:2804] T 4417f54f18f74a83b0858cd8250c0762 P 00f03ac3f35b4f30a3e7e1a3209f0c3a [term 1 FOLLOWER]: Leader election won for term 1
I20260713 09:10:09.428081  1200 raft_consensus.cc:697] T 4417f54f18f74a83b0858cd8250c0762 P 00f03ac3f35b4f30a3e7e1a3209f0c3a [term 1 LEADER]: Becoming Leader. State: Replica: 00f03ac3f35b4f30a3e7e1a3209f0c3a, State: Running, Role: LEADER
I20260713 09:10:09.428368  1159 tablet_bootstrap.cc:492] T a3d20cac9ab3430ba91277eef63b47c7 P 837a305a57fe4d88b0fd9f0e6d160629: No bootstrap required, opened a new log
I20260713 09:10:09.428825  1159 ts_tablet_manager.cc:1403] T a3d20cac9ab3430ba91277eef63b47c7 P 837a305a57fe4d88b0fd9f0e6d160629: Time spent bootstrapping tablet: real 0.022s	user 0.007s	sys 0.008s
I20260713 09:10:09.428867  1200 consensus_queue.cc:237] T 4417f54f18f74a83b0858cd8250c0762 P 00f03ac3f35b4f30a3e7e1a3209f0c3a [LEADER]: Queue going to LEADER mode. State: All replicated index: 0, Majority replicated index: 0, Committed index: 0, Last appended: 0.0, Last appended by leader: 0, Current term: 1, Majority size: 2, State: 0, Mode: LEADER, active raft config: opid_index: -1 OBSOLETE_local: false peers { permanent_uuid: "87e91b9dfe10496785111ad8ff6e6e7d" member_type: VOTER last_known_addr { host: "127.31.144.1" port: 42283 } } peers { permanent_uuid: "00f03ac3f35b4f30a3e7e1a3209f0c3a" member_type: VOTER last_known_addr { host: "127.31.144.2" port: 45075 } } peers { permanent_uuid: "837a305a57fe4d88b0fd9f0e6d160629" member_type: VOTER last_known_addr { host: "127.31.144.3" port: 45921 } }
I20260713 09:10:09.431296  1159 raft_consensus.cc:359] T a3d20cac9ab3430ba91277eef63b47c7 P 837a305a57fe4d88b0fd9f0e6d160629 [term 0 FOLLOWER]: Replica starting. Triggering 0 pending ops. Active config: opid_index: -1 OBSOLETE_local: false peers { permanent_uuid: "87e91b9dfe10496785111ad8ff6e6e7d" member_type: VOTER last_known_addr { host: "127.31.144.1" port: 42283 } } peers { permanent_uuid: "00f03ac3f35b4f30a3e7e1a3209f0c3a" member_type: VOTER last_known_addr { host: "127.31.144.2" port: 45075 } } peers { permanent_uuid: "837a305a57fe4d88b0fd9f0e6d160629" member_type: VOTER last_known_addr { host: "127.31.144.3" port: 45921 } }
I20260713 09:10:09.431934  1159 raft_consensus.cc:385] T a3d20cac9ab3430ba91277eef63b47c7 P 837a305a57fe4d88b0fd9f0e6d160629 [term 0 FOLLOWER]: Consensus starting up: Expiring failure detector timer to make a prompt election more likely
I20260713 09:10:09.432188  1159 raft_consensus.cc:740] T a3d20cac9ab3430ba91277eef63b47c7 P 837a305a57fe4d88b0fd9f0e6d160629 [term 0 FOLLOWER]: Becoming Follower/Learner. State: Replica: 837a305a57fe4d88b0fd9f0e6d160629, State: Initialized, Role: FOLLOWER
I20260713 09:10:09.433100  1159 consensus_queue.cc:260] T a3d20cac9ab3430ba91277eef63b47c7 P 837a305a57fe4d88b0fd9f0e6d160629 [NON_LEADER]: Queue going to NON_LEADER mode. State: All replicated index: 0, Majority replicated index: 0, Committed index: 0, Last appended: 0.0, Last appended by leader: 0, Current term: 0, Majority size: -1, State: 0, Mode: NON_LEADER, active raft config: opid_index: -1 OBSOLETE_local: false peers { permanent_uuid: "87e91b9dfe10496785111ad8ff6e6e7d" member_type: VOTER last_known_addr { host: "127.31.144.1" port: 42283 } } peers { permanent_uuid: "00f03ac3f35b4f30a3e7e1a3209f0c3a" member_type: VOTER last_known_addr { host: "127.31.144.2" port: 45075 } } peers { permanent_uuid: "837a305a57fe4d88b0fd9f0e6d160629" member_type: VOTER last_known_addr { host: "127.31.144.3" port: 45921 } }
I20260713 09:10:09.435312  1159 ts_tablet_manager.cc:1434] T a3d20cac9ab3430ba91277eef63b47c7 P 837a305a57fe4d88b0fd9f0e6d160629: Time spent starting tablet: real 0.006s	user 0.006s	sys 0.001s
I20260713 09:10:09.436180  1159 tablet_bootstrap.cc:492] T bc801f796781489ab8626bdbc2d45616 P 837a305a57fe4d88b0fd9f0e6d160629: Bootstrap starting.
I20260713 09:10:09.442656  1166 consensus_queue.cc:1048] T 40f23624d09c41f9a21353313df9d034 P 00f03ac3f35b4f30a3e7e1a3209f0c3a [LEADER]: Connected to new peer: Peer: permanent_uuid: "87e91b9dfe10496785111ad8ff6e6e7d" member_type: VOTER last_known_addr { host: "127.31.144.1" port: 42283 }, Status: LMP_MISMATCH, Last received: 0.0, Next index: 1, Last known committed idx: 0, Time since last communication: 0.000s
I20260713 09:10:09.443061  1163 raft_consensus.cc:493] T 12720f394a154062aac52148b348de44 P 837a305a57fe4d88b0fd9f0e6d160629 [term 0 FOLLOWER]: Starting pre-election (no leader contacted us within the election timeout)
I20260713 09:10:09.443552  1163 raft_consensus.cc:515] T 12720f394a154062aac52148b348de44 P 837a305a57fe4d88b0fd9f0e6d160629 [term 0 FOLLOWER]: Starting pre-election with config: opid_index: -1 OBSOLETE_local: false peers { permanent_uuid: "87e91b9dfe10496785111ad8ff6e6e7d" member_type: VOTER last_known_addr { host: "127.31.144.1" port: 42283 } } peers { permanent_uuid: "00f03ac3f35b4f30a3e7e1a3209f0c3a" member_type: VOTER last_known_addr { host: "127.31.144.2" port: 45075 } } peers { permanent_uuid: "837a305a57fe4d88b0fd9f0e6d160629" member_type: VOTER last_known_addr { host: "127.31.144.3" port: 45921 } }
I20260713 09:10:09.445547  1163 leader_election.cc:290] T 12720f394a154062aac52148b348de44 P 837a305a57fe4d88b0fd9f0e6d160629 [CANDIDATE]: Term 1 pre-election: Requested pre-vote from peers 87e91b9dfe10496785111ad8ff6e6e7d (127.31.144.1:42283), 00f03ac3f35b4f30a3e7e1a3209f0c3a (127.31.144.2:45075)
I20260713 09:10:09.447335  1166 raft_consensus.cc:493] T a15401c68e7c4acdacb1f5aa8d930bc3 P 00f03ac3f35b4f30a3e7e1a3209f0c3a [term 0 FOLLOWER]: Starting pre-election (no leader contacted us within the election timeout)
I20260713 09:10:09.447849  1166 raft_consensus.cc:515] T a15401c68e7c4acdacb1f5aa8d930bc3 P 00f03ac3f35b4f30a3e7e1a3209f0c3a [term 0 FOLLOWER]: Starting pre-election with config: opid_index: -1 OBSOLETE_local: false peers { permanent_uuid: "87e91b9dfe10496785111ad8ff6e6e7d" member_type: VOTER last_known_addr { host: "127.31.144.1" port: 42283 } } peers { permanent_uuid: "00f03ac3f35b4f30a3e7e1a3209f0c3a" member_type: VOTER last_known_addr { host: "127.31.144.2" port: 45075 } } peers { permanent_uuid: "837a305a57fe4d88b0fd9f0e6d160629" member_type: VOTER last_known_addr { host: "127.31.144.3" port: 45921 } }
I20260713 09:10:09.447249   966 tablet_service.cc:1917] Received RequestConsensusVote() RPC: tablet_id: "12720f394a154062aac52148b348de44" candidate_uuid: "837a305a57fe4d88b0fd9f0e6d160629" candidate_term: 1 candidate_status { last_received { term: 0 index: 0 } } ignore_live_leader: false dest_uuid: "87e91b9dfe10496785111ad8ff6e6e7d" is_pre_election: true
I20260713 09:10:09.448783  1042 tablet_service.cc:1917] Received RequestConsensusVote() RPC: tablet_id: "12720f394a154062aac52148b348de44" candidate_uuid: "837a305a57fe4d88b0fd9f0e6d160629" candidate_term: 1 candidate_status { last_received { term: 0 index: 0 } } ignore_live_leader: false dest_uuid: "00f03ac3f35b4f30a3e7e1a3209f0c3a" is_pre_election: true
W20260713 09:10:09.449893  1081 leader_election.cc:343] T 12720f394a154062aac52148b348de44 P 837a305a57fe4d88b0fd9f0e6d160629 [CANDIDATE]: Term 1 pre-election: Tablet error from VoteRequest() call to peer 87e91b9dfe10496785111ad8ff6e6e7d (127.31.144.1:42283): Illegal state: must be running to vote when last-logged opid is not known
W20260713 09:10:09.450788  1080 leader_election.cc:343] T 12720f394a154062aac52148b348de44 P 837a305a57fe4d88b0fd9f0e6d160629 [CANDIDATE]: Term 1 pre-election: Tablet error from VoteRequest() call to peer 00f03ac3f35b4f30a3e7e1a3209f0c3a (127.31.144.2:45075): Illegal state: must be running to vote when last-logged opid is not known
I20260713 09:10:09.451189  1080 leader_election.cc:304] T 12720f394a154062aac52148b348de44 P 837a305a57fe4d88b0fd9f0e6d160629 [CANDIDATE]: Term 1 pre-election: Election decided. Result: candidate lost. Election summary: received 3 responses out of 3 voters: 1 yes votes; 2 no votes. yes voters: 837a305a57fe4d88b0fd9f0e6d160629; no voters: 00f03ac3f35b4f30a3e7e1a3209f0c3a, 87e91b9dfe10496785111ad8ff6e6e7d
I20260713 09:10:09.455829  1188 consensus_queue.cc:1048] T 5fcc1e5d4dba4546bafa7b9e3aa18134 P 837a305a57fe4d88b0fd9f0e6d160629 [LEADER]: Connected to new peer: Peer: permanent_uuid: "87e91b9dfe10496785111ad8ff6e6e7d" member_type: VOTER last_known_addr { host: "127.31.144.1" port: 42283 }, Status: LMP_MISMATCH, Last received: 0.0, Next index: 1, Last known committed idx: 0, Time since last communication: 0.000s
I20260713 09:10:09.457023  1188 raft_consensus.cc:2749] T 12720f394a154062aac52148b348de44 P 837a305a57fe4d88b0fd9f0e6d160629 [term 0 FOLLOWER]: Leader pre-election lost for term 1. Reason: could not achieve majority
I20260713 09:10:09.457126  1116 tablet_service.cc:1917] Received RequestConsensusVote() RPC: tablet_id: "4417f54f18f74a83b0858cd8250c0762" candidate_uuid: "00f03ac3f35b4f30a3e7e1a3209f0c3a" candidate_term: 1 candidate_status { last_received { term: 0 index: 0 } } ignore_live_leader: false dest_uuid: "837a305a57fe4d88b0fd9f0e6d160629"
I20260713 09:10:09.457671  1116 raft_consensus.cc:3060] T 4417f54f18f74a83b0858cd8250c0762 P 837a305a57fe4d88b0fd9f0e6d160629 [term 0 FOLLOWER]: Advancing to term 1
I20260713 09:10:09.458597  1166 leader_election.cc:290] T a15401c68e7c4acdacb1f5aa8d930bc3 P 00f03ac3f35b4f30a3e7e1a3209f0c3a [CANDIDATE]: Term 1 pre-election: Requested pre-vote from peers 87e91b9dfe10496785111ad8ff6e6e7d (127.31.144.1:42283), 837a305a57fe4d88b0fd9f0e6d160629 (127.31.144.3:45921)
I20260713 09:10:09.460173   965 tablet_service.cc:1917] Received RequestConsensusVote() RPC: tablet_id: "a15401c68e7c4acdacb1f5aa8d930bc3" candidate_uuid: "00f03ac3f35b4f30a3e7e1a3209f0c3a" candidate_term: 1 candidate_status { last_received { term: 0 index: 0 } } ignore_live_leader: false dest_uuid: "87e91b9dfe10496785111ad8ff6e6e7d" is_pre_election: true
I20260713 09:10:09.461827  1117 tablet_service.cc:1917] Received RequestConsensusVote() RPC: tablet_id: "a15401c68e7c4acdacb1f5aa8d930bc3" candidate_uuid: "00f03ac3f35b4f30a3e7e1a3209f0c3a" candidate_term: 1 candidate_status { last_received { term: 0 index: 0 } } ignore_live_leader: false dest_uuid: "837a305a57fe4d88b0fd9f0e6d160629" is_pre_election: true
I20260713 09:10:09.448784  1159 tablet_bootstrap.cc:654] T bc801f796781489ab8626bdbc2d45616 P 837a305a57fe4d88b0fd9f0e6d160629: Neither blocks nor log segments found. Creating new log.
I20260713 09:10:09.462400  1117 raft_consensus.cc:2468] T a15401c68e7c4acdacb1f5aa8d930bc3 P 837a305a57fe4d88b0fd9f0e6d160629 [term 0 FOLLOWER]: Leader pre-election vote request: Granting yes vote for candidate 00f03ac3f35b4f30a3e7e1a3209f0c3a in term 0.
W20260713 09:10:09.466473  1007 leader_election.cc:343] T a15401c68e7c4acdacb1f5aa8d930bc3 P 00f03ac3f35b4f30a3e7e1a3209f0c3a [CANDIDATE]: Term 1 pre-election: Tablet error from VoteRequest() call to peer 87e91b9dfe10496785111ad8ff6e6e7d (127.31.144.1:42283): Illegal state: must be running to vote when last-logged opid is not known
I20260713 09:10:09.467131  1008 leader_election.cc:304] T a15401c68e7c4acdacb1f5aa8d930bc3 P 00f03ac3f35b4f30a3e7e1a3209f0c3a [CANDIDATE]: Term 1 pre-election: Election decided. Result: candidate won. Election summary: received 3 responses out of 3 voters: 2 yes votes; 1 no votes. yes voters: 00f03ac3f35b4f30a3e7e1a3209f0c3a, 837a305a57fe4d88b0fd9f0e6d160629; no voters: 87e91b9dfe10496785111ad8ff6e6e7d
I20260713 09:10:09.471020  1166 raft_consensus.cc:2804] T a15401c68e7c4acdacb1f5aa8d930bc3 P 00f03ac3f35b4f30a3e7e1a3209f0c3a [term 0 FOLLOWER]: Leader pre-election won for term 1
I20260713 09:10:09.471354  1166 raft_consensus.cc:493] T a15401c68e7c4acdacb1f5aa8d930bc3 P 00f03ac3f35b4f30a3e7e1a3209f0c3a [term 0 FOLLOWER]: Starting leader election (no leader contacted us within the election timeout)
I20260713 09:10:09.471675  1166 raft_consensus.cc:3060] T a15401c68e7c4acdacb1f5aa8d930bc3 P 00f03ac3f35b4f30a3e7e1a3209f0c3a [term 0 FOLLOWER]: Advancing to term 1
I20260713 09:10:09.479527  1165 leader_election.cc:290] T 4417f54f18f74a83b0858cd8250c0762 P 00f03ac3f35b4f30a3e7e1a3209f0c3a [CANDIDATE]: Term 1 election: Requested vote from peers 87e91b9dfe10496785111ad8ff6e6e7d (127.31.144.1:42283), 837a305a57fe4d88b0fd9f0e6d160629 (127.31.144.3:45921)
I20260713 09:10:09.481817  1166 raft_consensus.cc:515] T a15401c68e7c4acdacb1f5aa8d930bc3 P 00f03ac3f35b4f30a3e7e1a3209f0c3a [term 1 FOLLOWER]: Starting leader election with config: opid_index: -1 OBSOLETE_local: false peers { permanent_uuid: "87e91b9dfe10496785111ad8ff6e6e7d" member_type: VOTER last_known_addr { host: "127.31.144.1" port: 42283 } } peers { permanent_uuid: "00f03ac3f35b4f30a3e7e1a3209f0c3a" member_type: VOTER last_known_addr { host: "127.31.144.2" port: 45075 } } peers { permanent_uuid: "837a305a57fe4d88b0fd9f0e6d160629" member_type: VOTER last_known_addr { host: "127.31.144.3" port: 45921 } }
I20260713 09:10:09.483728  1165 consensus_queue.cc:1048] T 40f23624d09c41f9a21353313df9d034 P 00f03ac3f35b4f30a3e7e1a3209f0c3a [LEADER]: Connected to new peer: Peer: permanent_uuid: "837a305a57fe4d88b0fd9f0e6d160629" member_type: VOTER last_known_addr { host: "127.31.144.3" port: 45921 }, Status: LMP_MISMATCH, Last received: 0.0, Next index: 1, Last known committed idx: 0, Time since last communication: 0.000s
