I20260713 09:09:57.970674 22245 raft_consensus.cc:2393] T 31f37a2648a5417f91999a3f56b9f9af P c5feed7d132042548d90017356929a55 [term 1 FOLLOWER]: Leader election vote request: Denying vote to candidate dd7f62a0e2884608ba2e4268f19a17f2 in current term 1: Already voted for candidate c5feed7d132042548d90017356929a55 in this term.
I20260713 09:09:57.975809 22394 tablet_service.cc:1917] Received RequestConsensusVote() RPC: tablet_id: "31f37a2648a5417f91999a3f56b9f9af" candidate_uuid: "dd7f62a0e2884608ba2e4268f19a17f2" candidate_term: 1 candidate_status { last_received { term: 0 index: 0 } } ignore_live_leader: false dest_uuid: "1e616756ba734f66bce2cb1c05c30eb9"
I20260713 09:09:57.976377 22394 raft_consensus.cc:3060] T 31f37a2648a5417f91999a3f56b9f9af P 1e616756ba734f66bce2cb1c05c30eb9 [term 0 FOLLOWER]: Advancing to term 1
I20260713 09:09:57.979293 22449 raft_consensus.cc:515] T e08e80343f754457b56b8a015a05deef P dd7f62a0e2884608ba2e4268f19a17f2 [term 1 FOLLOWER]: Starting leader election with config: opid_index: -1 OBSOLETE_local: false peers { permanent_uuid: "c5feed7d132042548d90017356929a55" member_type: VOTER last_known_addr { host: "127.21.28.1" port: 35203 } } peers { permanent_uuid: "dd7f62a0e2884608ba2e4268f19a17f2" member_type: VOTER last_known_addr { host: "127.21.28.2" port: 41309 } } peers { permanent_uuid: "1e616756ba734f66bce2cb1c05c30eb9" member_type: VOTER last_known_addr { host: "127.21.28.3" port: 41697 } }
I20260713 09:09:57.982143 22245 tablet_service.cc:1917] Received RequestConsensusVote() RPC: tablet_id: "e08e80343f754457b56b8a015a05deef" candidate_uuid: "dd7f62a0e2884608ba2e4268f19a17f2" candidate_term: 1 candidate_status { last_received { term: 0 index: 0 } } ignore_live_leader: false dest_uuid: "c5feed7d132042548d90017356929a55"
W20260713 09:09:57.983579 22287 leader_election.cc:343] T e08e80343f754457b56b8a015a05deef P dd7f62a0e2884608ba2e4268f19a17f2 [CANDIDATE]: Term 1 election: Tablet error from VoteRequest() call to peer c5feed7d132042548d90017356929a55 (127.21.28.1:35203): Illegal state: must be running to vote when last-logged opid is not known
I20260713 09:09:57.984107 22439 leader_election.cc:290] T 31f37a2648a5417f91999a3f56b9f9af P dd7f62a0e2884608ba2e4268f19a17f2 [CANDIDATE]: Term 1 election: Requested vote from peers c5feed7d132042548d90017356929a55 (127.21.28.1:35203), 1e616756ba734f66bce2cb1c05c30eb9 (127.21.28.3:41697)
I20260713 09:09:57.986990 22437 tablet_bootstrap.cc:654] T 84d02deb8b064d18ac6c67abb69a478e P dd7f62a0e2884608ba2e4268f19a17f2: Neither blocks nor log segments found. Creating new log.
I20260713 09:09:57.988933 22395 tablet_service.cc:1917] Received RequestConsensusVote() RPC: tablet_id: "e08e80343f754457b56b8a015a05deef" candidate_uuid: "dd7f62a0e2884608ba2e4268f19a17f2" candidate_term: 1 candidate_status { last_received { term: 0 index: 0 } } ignore_live_leader: false dest_uuid: "1e616756ba734f66bce2cb1c05c30eb9"
I20260713 09:09:57.989529 22395 raft_consensus.cc:3060] T e08e80343f754457b56b8a015a05deef P 1e616756ba734f66bce2cb1c05c30eb9 [term 0 FOLLOWER]: Advancing to term 1
I20260713 09:09:57.987725 22449 leader_election.cc:290] T e08e80343f754457b56b8a015a05deef P dd7f62a0e2884608ba2e4268f19a17f2 [CANDIDATE]: Term 1 election: Requested vote from peers c5feed7d132042548d90017356929a55 (127.21.28.1:35203), 1e616756ba734f66bce2cb1c05c30eb9 (127.21.28.3:41697)
I20260713 09:09:57.983523 22394 raft_consensus.cc:2468] T 31f37a2648a5417f91999a3f56b9f9af P 1e616756ba734f66bce2cb1c05c30eb9 [term 1 FOLLOWER]: Leader election vote request: Granting yes vote for candidate dd7f62a0e2884608ba2e4268f19a17f2 in term 1.
I20260713 09:09:57.992292 22285 leader_election.cc:304] T 31f37a2648a5417f91999a3f56b9f9af P dd7f62a0e2884608ba2e4268f19a17f2 [CANDIDATE]: Term 1 election: Election decided. Result: candidate won. Election summary: received 3 responses out of 3 voters: 2 yes votes; 1 no votes. yes voters: 1e616756ba734f66bce2cb1c05c30eb9, dd7f62a0e2884608ba2e4268f19a17f2; no voters: c5feed7d132042548d90017356929a55
I20260713 09:09:57.987754 22321 tablet_service.cc:1917] Received RequestConsensusVote() RPC: tablet_id: "31f37a2648a5417f91999a3f56b9f9af" candidate_uuid: "c5feed7d132042548d90017356929a55" candidate_term: 1 candidate_status { last_received { term: 0 index: 0 } } ignore_live_leader: false dest_uuid: "dd7f62a0e2884608ba2e4268f19a17f2"
I20260713 09:09:57.998343 22321 raft_consensus.cc:2393] T 31f37a2648a5417f91999a3f56b9f9af P dd7f62a0e2884608ba2e4268f19a17f2 [term 1 FOLLOWER]: Leader election vote request: Denying vote to candidate c5feed7d132042548d90017356929a55 in current term 1: Already voted for candidate dd7f62a0e2884608ba2e4268f19a17f2 in this term.
I20260713 09:09:58.001374 22449 raft_consensus.cc:2804] T 31f37a2648a5417f91999a3f56b9f9af P dd7f62a0e2884608ba2e4268f19a17f2 [term 1 FOLLOWER]: Leader election won for term 1
I20260713 09:09:58.001828 22449 raft_consensus.cc:697] T 31f37a2648a5417f91999a3f56b9f9af P dd7f62a0e2884608ba2e4268f19a17f2 [term 1 LEADER]: Becoming Leader. State: Replica: dd7f62a0e2884608ba2e4268f19a17f2, State: Running, Role: LEADER
I20260713 09:09:58.002722 22449 consensus_queue.cc:237] T 31f37a2648a5417f91999a3f56b9f9af P dd7f62a0e2884608ba2e4268f19a17f2 [LEADER]: Queue going to LEADER mode. State: All replicated index: 0, Majority replicated index: 0, Committed index: 0, Last appended: 0.0, Last appended by leader: 0, Current term: 1, Majority size: 2, State: 0, Mode: LEADER, active raft config: opid_index: -1 OBSOLETE_local: false peers { permanent_uuid: "c5feed7d132042548d90017356929a55" member_type: VOTER last_known_addr { host: "127.21.28.1" port: 35203 } } peers { permanent_uuid: "dd7f62a0e2884608ba2e4268f19a17f2" member_type: VOTER last_known_addr { host: "127.21.28.2" port: 41309 } } peers { permanent_uuid: "1e616756ba734f66bce2cb1c05c30eb9" member_type: VOTER last_known_addr { host: "127.21.28.3" port: 41697 } }
I20260713 09:09:58.003522 22437 tablet_bootstrap.cc:492] T 84d02deb8b064d18ac6c67abb69a478e P dd7f62a0e2884608ba2e4268f19a17f2: No bootstrap required, opened a new log
I20260713 09:09:58.004033 22437 ts_tablet_manager.cc:1403] T 84d02deb8b064d18ac6c67abb69a478e P dd7f62a0e2884608ba2e4268f19a17f2: Time spent bootstrapping tablet: real 0.069s	user 0.011s	sys 0.008s
I20260713 09:09:58.006966 22437 raft_consensus.cc:359] T 84d02deb8b064d18ac6c67abb69a478e P dd7f62a0e2884608ba2e4268f19a17f2 [term 0 FOLLOWER]: Replica starting. Triggering 0 pending ops. Active config: opid_index: -1 OBSOLETE_local: false peers { permanent_uuid: "c5feed7d132042548d90017356929a55" member_type: VOTER last_known_addr { host: "127.21.28.1" port: 35203 } } peers { permanent_uuid: "dd7f62a0e2884608ba2e4268f19a17f2" member_type: VOTER last_known_addr { host: "127.21.28.2" port: 41309 } } peers { permanent_uuid: "1e616756ba734f66bce2cb1c05c30eb9" member_type: VOTER last_known_addr { host: "127.21.28.3" port: 41697 } }
I20260713 09:09:58.008040 22394 tablet_service.cc:1917] Received RequestConsensusVote() RPC: tablet_id: "31f37a2648a5417f91999a3f56b9f9af" candidate_uuid: "c5feed7d132042548d90017356929a55" candidate_term: 1 candidate_status { last_received { term: 0 index: 0 } } ignore_live_leader: false dest_uuid: "1e616756ba734f66bce2cb1c05c30eb9"
I20260713 09:09:58.008788 22394 raft_consensus.cc:2393] T 31f37a2648a5417f91999a3f56b9f9af P 1e616756ba734f66bce2cb1c05c30eb9 [term 1 FOLLOWER]: Leader election vote request: Denying vote to candidate c5feed7d132042548d90017356929a55 in current term 1: Already voted for candidate dd7f62a0e2884608ba2e4268f19a17f2 in this term.
I20260713 09:09:58.009418 22395 raft_consensus.cc:2468] T e08e80343f754457b56b8a015a05deef P 1e616756ba734f66bce2cb1c05c30eb9 [term 1 FOLLOWER]: Leader election vote request: Granting yes vote for candidate dd7f62a0e2884608ba2e4268f19a17f2 in term 1.
I20260713 09:09:58.010088 22210 leader_election.cc:304] T 31f37a2648a5417f91999a3f56b9f9af P c5feed7d132042548d90017356929a55 [CANDIDATE]: Term 1 election: Election decided. Result: candidate lost. Election summary: received 3 responses out of 3 voters: 1 yes votes; 2 no votes. yes voters: c5feed7d132042548d90017356929a55; no voters: 1e616756ba734f66bce2cb1c05c30eb9, dd7f62a0e2884608ba2e4268f19a17f2
I20260713 09:09:58.010581 22285 leader_election.cc:304] T e08e80343f754457b56b8a015a05deef P dd7f62a0e2884608ba2e4268f19a17f2 [CANDIDATE]: Term 1 election: Election decided. Result: candidate won. Election summary: received 3 responses out of 3 voters: 2 yes votes; 1 no votes. yes voters: 1e616756ba734f66bce2cb1c05c30eb9, dd7f62a0e2884608ba2e4268f19a17f2; no voters: c5feed7d132042548d90017356929a55
I20260713 09:09:58.007702 22437 raft_consensus.cc:385] T 84d02deb8b064d18ac6c67abb69a478e P dd7f62a0e2884608ba2e4268f19a17f2 [term 0 FOLLOWER]: Consensus starting up: Expiring failure detector timer to make a prompt election more likely
I20260713 09:09:58.011533 22437 raft_consensus.cc:740] T 84d02deb8b064d18ac6c67abb69a478e P dd7f62a0e2884608ba2e4268f19a17f2 [term 0 FOLLOWER]: Becoming Follower/Learner. State: Replica: dd7f62a0e2884608ba2e4268f19a17f2, State: Initialized, Role: FOLLOWER
I20260713 09:09:58.012529 22437 consensus_queue.cc:260] T 84d02deb8b064d18ac6c67abb69a478e P dd7f62a0e2884608ba2e4268f19a17f2 [NON_LEADER]: Queue going to NON_LEADER mode. State: All replicated index: 0, Majority replicated index: 0, Committed index: 0, Last appended: 0.0, Last appended by leader: 0, Current term: 0, Majority size: -1, State: 0, Mode: NON_LEADER, active raft config: opid_index: -1 OBSOLETE_local: false peers { permanent_uuid: "c5feed7d132042548d90017356929a55" member_type: VOTER last_known_addr { host: "127.21.28.1" port: 35203 } } peers { permanent_uuid: "dd7f62a0e2884608ba2e4268f19a17f2" member_type: VOTER last_known_addr { host: "127.21.28.2" port: 41309 } } peers { permanent_uuid: "1e616756ba734f66bce2cb1c05c30eb9" member_type: VOTER last_known_addr { host: "127.21.28.3" port: 41697 } }
I20260713 09:09:58.021687 22320 tablet_service.cc:1917] Received RequestConsensusVote() RPC: tablet_id: "e08e80343f754457b56b8a015a05deef" candidate_uuid: "1e616756ba734f66bce2cb1c05c30eb9" candidate_term: 1 candidate_status { last_received { term: 0 index: 0 } } ignore_live_leader: false dest_uuid: "dd7f62a0e2884608ba2e4268f19a17f2" is_pre_election: true
I20260713 09:09:58.022778 22320 raft_consensus.cc:2393] T e08e80343f754457b56b8a015a05deef P dd7f62a0e2884608ba2e4268f19a17f2 [term 1 FOLLOWER]: Leader pre-election vote request: Denying vote to candidate 1e616756ba734f66bce2cb1c05c30eb9 in current term 1: Already voted for candidate dd7f62a0e2884608ba2e4268f19a17f2 in this term.
I20260713 09:09:58.024526 22359 leader_election.cc:304] T e08e80343f754457b56b8a015a05deef P 1e616756ba734f66bce2cb1c05c30eb9 [CANDIDATE]: Term 1 pre-election: Election decided. Result: candidate lost. Election summary: received 3 responses out of 3 voters: 1 yes votes; 2 no votes. yes voters: 1e616756ba734f66bce2cb1c05c30eb9; no voters: c5feed7d132042548d90017356929a55, dd7f62a0e2884608ba2e4268f19a17f2
I20260713 09:09:58.026005 22442 raft_consensus.cc:2749] T e08e80343f754457b56b8a015a05deef P 1e616756ba734f66bce2cb1c05c30eb9 [term 1 FOLLOWER]: Leader pre-election lost for term 1. Reason: could not achieve majority
I20260713 09:09:58.027331 22321 tablet_service.cc:1917] Received RequestConsensusVote() RPC: tablet_id: "7f9af48a94a647099891b2bc308819fe" candidate_uuid: "1e616756ba734f66bce2cb1c05c30eb9" candidate_term: 1 candidate_status { last_received { term: 0 index: 0 } } ignore_live_leader: false dest_uuid: "dd7f62a0e2884608ba2e4268f19a17f2" is_pre_election: true
W20260713 09:09:58.029197 22359 leader_election.cc:343] T 7f9af48a94a647099891b2bc308819fe P 1e616756ba734f66bce2cb1c05c30eb9 [CANDIDATE]: Term 1 pre-election: Tablet error from VoteRequest() call to peer dd7f62a0e2884608ba2e4268f19a17f2 (127.21.28.2:41309): Illegal state: must be running to vote when last-logged opid is not known
I20260713 09:09:58.029770 22359 leader_election.cc:304] T 7f9af48a94a647099891b2bc308819fe P 1e616756ba734f66bce2cb1c05c30eb9 [CANDIDATE]: Term 1 pre-election: Election decided. Result: candidate lost. Election summary: received 3 responses out of 3 voters: 1 yes votes; 2 no votes. yes voters: 1e616756ba734f66bce2cb1c05c30eb9; no voters: c5feed7d132042548d90017356929a55, dd7f62a0e2884608ba2e4268f19a17f2
I20260713 09:09:58.031105 22442 raft_consensus.cc:2749] T 7f9af48a94a647099891b2bc308819fe P 1e616756ba734f66bce2cb1c05c30eb9 [term 0 FOLLOWER]: Leader pre-election lost for term 1. Reason: could not achieve majority
I20260713 09:09:58.032514 22439 raft_consensus.cc:2804] T e08e80343f754457b56b8a015a05deef P dd7f62a0e2884608ba2e4268f19a17f2 [term 1 FOLLOWER]: Leader election won for term 1
I20260713 09:09:58.033116 22439 raft_consensus.cc:697] T e08e80343f754457b56b8a015a05deef P dd7f62a0e2884608ba2e4268f19a17f2 [term 1 LEADER]: Becoming Leader. State: Replica: dd7f62a0e2884608ba2e4268f19a17f2, State: Running, Role: LEADER
I20260713 09:09:58.034217 22439 consensus_queue.cc:237] T e08e80343f754457b56b8a015a05deef P dd7f62a0e2884608ba2e4268f19a17f2 [LEADER]: Queue going to LEADER mode. State: All replicated index: 0, Majority replicated index: 0, Committed index: 0, Last appended: 0.0, Last appended by leader: 0, Current term: 1, Majority size: 2, State: 0, Mode: LEADER, active raft config: opid_index: -1 OBSOLETE_local: false peers { permanent_uuid: "c5feed7d132042548d90017356929a55" member_type: VOTER last_known_addr { host: "127.21.28.1" port: 35203 } } peers { permanent_uuid: "dd7f62a0e2884608ba2e4268f19a17f2" member_type: VOTER last_known_addr { host: "127.21.28.2" port: 41309 } } peers { permanent_uuid: "1e616756ba734f66bce2cb1c05c30eb9" member_type: VOTER last_known_addr { host: "127.21.28.3" port: 41697 } }
I20260713 09:09:58.042789 22144 catalog_manager.cc:5697] T 31f37a2648a5417f91999a3f56b9f9af P dd7f62a0e2884608ba2e4268f19a17f2 reported cstate change: term changed from 0 to 1, leader changed from <none> to dd7f62a0e2884608ba2e4268f19a17f2 (127.21.28.2). New cstate: current_term: 1 leader_uuid: "dd7f62a0e2884608ba2e4268f19a17f2" committed_config { opid_index: -1 OBSOLETE_local: false peers { permanent_uuid: "c5feed7d132042548d90017356929a55" member_type: VOTER last_known_addr { host: "127.21.28.1" port: 35203 } health_report { overall_health: UNKNOWN } } peers { permanent_uuid: "dd7f62a0e2884608ba2e4268f19a17f2" member_type: VOTER last_known_addr { host: "127.21.28.2" port: 41309 } health_report { overall_health: HEALTHY } } peers { permanent_uuid: "1e616756ba734f66bce2cb1c05c30eb9" member_type: VOTER last_known_addr { host: "127.21.28.3" port: 41697 } health_report { overall_health: UNKNOWN } } }
I20260713 09:09:58.053418 22461 raft_consensus.cc:2749] T 31f37a2648a5417f91999a3f56b9f9af P c5feed7d132042548d90017356929a55 [term 1 FOLLOWER]: Leader election lost for term 1. Reason: could not achieve majority
I20260713 09:09:58.057168 22441 raft_consensus.cc:515] T 6de38b50ff8146c9846231410f7c8810 P c5feed7d132042548d90017356929a55 [term 1 FOLLOWER]: Starting leader election with config: opid_index: -1 OBSOLETE_local: false peers { permanent_uuid: "c5feed7d132042548d90017356929a55" member_type: VOTER last_known_addr { host: "127.21.28.1" port: 35203 } } peers { permanent_uuid: "dd7f62a0e2884608ba2e4268f19a17f2" member_type: VOTER last_known_addr { host: "127.21.28.2" port: 41309 } } peers { permanent_uuid: "1e616756ba734f66bce2cb1c05c30eb9" member_type: VOTER last_known_addr { host: "127.21.28.3" port: 41697 } }
I20260713 09:09:58.061685 22434 tablet_bootstrap.cc:492] T 33818d1b425b4a38ad3a617e4ea3e937 P c5feed7d132042548d90017356929a55: No bootstrap required, opened a new log
I20260713 09:09:58.061679 22435 tablet_bootstrap.cc:492] T 33818d1b425b4a38ad3a617e4ea3e937 P 1e616756ba734f66bce2cb1c05c30eb9: No bootstrap required, opened a new log
I20260713 09:09:58.062314 22434 ts_tablet_manager.cc:1403] T 33818d1b425b4a38ad3a617e4ea3e937 P c5feed7d132042548d90017356929a55: Time spent bootstrapping tablet: real 0.124s	user 0.051s	sys 0.070s
I20260713 09:09:58.062326 22435 ts_tablet_manager.cc:1403] T 33818d1b425b4a38ad3a617e4ea3e937 P 1e616756ba734f66bce2cb1c05c30eb9: Time spent bootstrapping tablet: real 0.121s	user 0.056s	sys 0.060s
I20260713 09:09:58.064759 22321 tablet_service.cc:1917] Received RequestConsensusVote() RPC: tablet_id: "6de38b50ff8146c9846231410f7c8810" candidate_uuid: "c5feed7d132042548d90017356929a55" candidate_term: 1 candidate_status { last_received { term: 0 index: 0 } } ignore_live_leader: false dest_uuid: "dd7f62a0e2884608ba2e4268f19a17f2"
I20260713 09:09:58.065467 22435 raft_consensus.cc:359] T 33818d1b425b4a38ad3a617e4ea3e937 P 1e616756ba734f66bce2cb1c05c30eb9 [term 0 FOLLOWER]: Replica starting. Triggering 0 pending ops. Active config: opid_index: -1 OBSOLETE_local: false peers { permanent_uuid: "c5feed7d132042548d90017356929a55" member_type: VOTER last_known_addr { host: "127.21.28.1" port: 35203 } } peers { permanent_uuid: "dd7f62a0e2884608ba2e4268f19a17f2" member_type: VOTER last_known_addr { host: "127.21.28.2" port: 41309 } } peers { permanent_uuid: "1e616756ba734f66bce2cb1c05c30eb9" member_type: VOTER last_known_addr { host: "127.21.28.3" port: 41697 } }
I20260713 09:09:58.065591 22434 raft_consensus.cc:359] T 33818d1b425b4a38ad3a617e4ea3e937 P c5feed7d132042548d90017356929a55 [term 0 FOLLOWER]: Replica starting. Triggering 0 pending ops. Active config: opid_index: -1 OBSOLETE_local: false peers { permanent_uuid: "c5feed7d132042548d90017356929a55" member_type: VOTER last_known_addr { host: "127.21.28.1" port: 35203 } } peers { permanent_uuid: "dd7f62a0e2884608ba2e4268f19a17f2" member_type: VOTER last_known_addr { host: "127.21.28.2" port: 41309 } } peers { permanent_uuid: "1e616756ba734f66bce2cb1c05c30eb9" member_type: VOTER last_known_addr { host: "127.21.28.3" port: 41697 } }
I20260713 09:09:58.066253 22435 raft_consensus.cc:385] T 33818d1b425b4a38ad3a617e4ea3e937 P 1e616756ba734f66bce2cb1c05c30eb9 [term 0 FOLLOWER]: Consensus starting up: Expiring failure detector timer to make a prompt election more likely
I20260713 09:09:58.066285 22434 raft_consensus.cc:385] T 33818d1b425b4a38ad3a617e4ea3e937 P c5feed7d132042548d90017356929a55 [term 0 FOLLOWER]: Consensus starting up: Expiring failure detector timer to make a prompt election more likely
I20260713 09:09:58.066725 22434 raft_consensus.cc:740] T 33818d1b425b4a38ad3a617e4ea3e937 P c5feed7d132042548d90017356929a55 [term 0 FOLLOWER]: Becoming Follower/Learner. State: Replica: c5feed7d132042548d90017356929a55, State: Initialized, Role: FOLLOWER
W20260713 09:09:58.066651 22210 leader_election.cc:343] T 6de38b50ff8146c9846231410f7c8810 P c5feed7d132042548d90017356929a55 [CANDIDATE]: Term 1 election: Tablet error from VoteRequest() call to peer dd7f62a0e2884608ba2e4268f19a17f2 (127.21.28.2:41309): Illegal state: must be running to vote when last-logged opid is not known
I20260713 09:09:58.066700 22435 raft_consensus.cc:740] T 33818d1b425b4a38ad3a617e4ea3e937 P 1e616756ba734f66bce2cb1c05c30eb9 [term 0 FOLLOWER]: Becoming Follower/Learner. State: Replica: 1e616756ba734f66bce2cb1c05c30eb9, State: Initialized, Role: FOLLOWER
I20260713 09:09:58.067723 22434 consensus_queue.cc:260] T 33818d1b425b4a38ad3a617e4ea3e937 P c5feed7d132042548d90017356929a55 [NON_LEADER]: Queue going to NON_LEADER mode. State: All replicated index: 0, Majority replicated index: 0, Committed index: 0, Last appended: 0.0, Last appended by leader: 0, Current term: 0, Majority size: -1, State: 0, Mode: NON_LEADER, active raft config: opid_index: -1 OBSOLETE_local: false peers { permanent_uuid: "c5feed7d132042548d90017356929a55" member_type: VOTER last_known_addr { host: "127.21.28.1" port: 35203 } } peers { permanent_uuid: "dd7f62a0e2884608ba2e4268f19a17f2" member_type: VOTER last_known_addr { host: "127.21.28.2" port: 41309 } } peers { permanent_uuid: "1e616756ba734f66bce2cb1c05c30eb9" member_type: VOTER last_known_addr { host: "127.21.28.3" port: 41697 } }
I20260713 09:09:58.067986 22435 consensus_queue.cc:260] T 33818d1b425b4a38ad3a617e4ea3e937 P 1e616756ba734f66bce2cb1c05c30eb9 [NON_LEADER]: Queue going to NON_LEADER mode. State: All replicated index: 0, Majority replicated index: 0, Committed index: 0, Last appended: 0.0, Last appended by leader: 0, Current term: 0, Majority size: -1, State: 0, Mode: NON_LEADER, active raft config: opid_index: -1 OBSOLETE_local: false peers { permanent_uuid: "c5feed7d132042548d90017356929a55" member_type: VOTER last_known_addr { host: "127.21.28.1" port: 35203 } } peers { permanent_uuid: "dd7f62a0e2884608ba2e4268f19a17f2" member_type: VOTER last_known_addr { host: "127.21.28.2" port: 41309 } } peers { permanent_uuid: "1e616756ba734f66bce2cb1c05c30eb9" member_type: VOTER last_known_addr { host: "127.21.28.3" port: 41697 } }
I20260713 09:09:58.070009 22434 ts_tablet_manager.cc:1434] T 33818d1b425b4a38ad3a617e4ea3e937 P c5feed7d132042548d90017356929a55: Time spent starting tablet: real 0.007s	user 0.007s	sys 0.000s
I20260713 09:09:58.070915 22434 tablet_bootstrap.cc:492] T cec17b5494e744a2a706fd91cd07626b P c5feed7d132042548d90017356929a55: Bootstrap starting.
I20260713 09:09:58.072114 22435 ts_tablet_manager.cc:1434] T 33818d1b425b4a38ad3a617e4ea3e937 P 1e616756ba734f66bce2cb1c05c30eb9: Time spent starting tablet: real 0.009s	user 0.002s	sys 0.004s
I20260713 09:09:58.073041 22435 tablet_bootstrap.cc:492] T 599b7dd6e43f4479bf8106ef8dbc7f34 P 1e616756ba734f66bce2cb1c05c30eb9: Bootstrap starting.
I20260713 09:09:58.070029 22441 leader_election.cc:290] T 6de38b50ff8146c9846231410f7c8810 P c5feed7d132042548d90017356929a55 [CANDIDATE]: Term 1 election: Requested vote from peers dd7f62a0e2884608ba2e4268f19a17f2 (127.21.28.2:41309), 1e616756ba734f66bce2cb1c05c30eb9 (127.21.28.3:41697)
I20260713 09:09:58.076675 22395 tablet_service.cc:1917] Received RequestConsensusVote() RPC: tablet_id: "6de38b50ff8146c9846231410f7c8810" candidate_uuid: "c5feed7d132042548d90017356929a55" candidate_term: 1 candidate_status { last_received { term: 0 index: 0 } } ignore_live_leader: false dest_uuid: "1e616756ba734f66bce2cb1c05c30eb9"
I20260713 09:09:58.077458 22395 raft_consensus.cc:3060] T 6de38b50ff8146c9846231410f7c8810 P 1e616756ba734f66bce2cb1c05c30eb9 [term 0 FOLLOWER]: Advancing to term 1
I20260713 09:09:58.077948 22434 tablet_bootstrap.cc:654] T cec17b5494e744a2a706fd91cd07626b P c5feed7d132042548d90017356929a55: Neither blocks nor log segments found. Creating new log.
I20260713 09:09:58.079398 22435 tablet_bootstrap.cc:654] T 599b7dd6e43f4479bf8106ef8dbc7f34 P 1e616756ba734f66bce2cb1c05c30eb9: Neither blocks nor log segments found. Creating new log.
W20260713 09:09:58.080739 22285 outbound_call.cc:321] RPC callback for RPC call kudu.consensus.ConsensusService.RequestConsensusVote -> {remote=127.21.28.3:41697, user_credentials={real_user=slave}} blocked reactor thread for 70239.6us
I20260713 09:09:58.091969 22437 ts_tablet_manager.cc:1434] T 84d02deb8b064d18ac6c67abb69a478e P dd7f62a0e2884608ba2e4268f19a17f2: Time spent starting tablet: real 0.088s	user 0.040s	sys 0.024s
I20260713 09:09:58.093637 22437 tablet_bootstrap.cc:492] T 6de38b50ff8146c9846231410f7c8810 P dd7f62a0e2884608ba2e4268f19a17f2: Bootstrap starting.
I20260713 09:09:58.094542 22435 tablet_bootstrap.cc:492] T 599b7dd6e43f4479bf8106ef8dbc7f34 P 1e616756ba734f66bce2cb1c05c30eb9: No bootstrap required, opened a new log
I20260713 09:09:58.095940 22435 ts_tablet_manager.cc:1403] T 599b7dd6e43f4479bf8106ef8dbc7f34 P 1e616756ba734f66bce2cb1c05c30eb9: Time spent bootstrapping tablet: real 0.023s	user 0.013s	sys 0.002s
I20260713 09:09:58.098091 22434 tablet_bootstrap.cc:492] T cec17b5494e744a2a706fd91cd07626b P c5feed7d132042548d90017356929a55: No bootstrap required, opened a new log
I20260713 09:09:58.098795 22434 ts_tablet_manager.cc:1403] T cec17b5494e744a2a706fd91cd07626b P c5feed7d132042548d90017356929a55: Time spent bootstrapping tablet: real 0.028s	user 0.018s	sys 0.002s
I20260713 09:09:58.099143 22435 raft_consensus.cc:359] T 599b7dd6e43f4479bf8106ef8dbc7f34 P 1e616756ba734f66bce2cb1c05c30eb9 [term 0 FOLLOWER]: Replica starting. Triggering 0 pending ops. Active config: opid_index: -1 OBSOLETE_local: false peers { permanent_uuid: "c5feed7d132042548d90017356929a55" member_type: VOTER last_known_addr { host: "127.21.28.1" port: 35203 } } peers { permanent_uuid: "dd7f62a0e2884608ba2e4268f19a17f2" member_type: VOTER last_known_addr { host: "127.21.28.2" port: 41309 } } peers { permanent_uuid: "1e616756ba734f66bce2cb1c05c30eb9" member_type: VOTER last_known_addr { host: "127.21.28.3" port: 41697 } }
I20260713 09:09:58.099877 22435 raft_consensus.cc:385] T 599b7dd6e43f4479bf8106ef8dbc7f34 P 1e616756ba734f66bce2cb1c05c30eb9 [term 0 FOLLOWER]: Consensus starting up: Expiring failure detector timer to make a prompt election more likely
I20260713 09:09:58.100167 22435 raft_consensus.cc:740] T 599b7dd6e43f4479bf8106ef8dbc7f34 P 1e616756ba734f66bce2cb1c05c30eb9 [term 0 FOLLOWER]: Becoming Follower/Learner. State: Replica: 1e616756ba734f66bce2cb1c05c30eb9, State: Initialized, Role: FOLLOWER
I20260713 09:09:58.100965 22435 consensus_queue.cc:260] T 599b7dd6e43f4479bf8106ef8dbc7f34 P 1e616756ba734f66bce2cb1c05c30eb9 [NON_LEADER]: Queue going to NON_LEADER mode. State: All replicated index: 0, Majority replicated index: 0, Committed index: 0, Last appended: 0.0, Last appended by leader: 0, Current term: 0, Majority size: -1, State: 0, Mode: NON_LEADER, active raft config: opid_index: -1 OBSOLETE_local: false peers { permanent_uuid: "c5feed7d132042548d90017356929a55" member_type: VOTER last_known_addr { host: "127.21.28.1" port: 35203 } } peers { permanent_uuid: "dd7f62a0e2884608ba2e4268f19a17f2" member_type: VOTER last_known_addr { host: "127.21.28.2" port: 41309 } } peers { permanent_uuid: "1e616756ba734f66bce2cb1c05c30eb9" member_type: VOTER last_known_addr { host: "127.21.28.3" port: 41697 } }
I20260713 09:09:58.101686 22434 raft_consensus.cc:359] T cec17b5494e744a2a706fd91cd07626b P c5feed7d132042548d90017356929a55 [term 0 FOLLOWER]: Replica starting. Triggering 0 pending ops. Active config: opid_index: -1 OBSOLETE_local: false peers { permanent_uuid: "c5feed7d132042548d90017356929a55" member_type: VOTER last_known_addr { host: "127.21.28.1" port: 35203 } } peers { permanent_uuid: "dd7f62a0e2884608ba2e4268f19a17f2" member_type: VOTER last_known_addr { host: "127.21.28.2" port: 41309 } } peers { permanent_uuid: "1e616756ba734f66bce2cb1c05c30eb9" member_type: VOTER last_known_addr { host: "127.21.28.3" port: 41697 } }
I20260713 09:09:58.102383 22434 raft_consensus.cc:385] T cec17b5494e744a2a706fd91cd07626b P c5feed7d132042548d90017356929a55 [term 0 FOLLOWER]: Consensus starting up: Expiring failure detector timer to make a prompt election more likely
I20260713 09:09:58.102674 22434 raft_consensus.cc:740] T cec17b5494e744a2a706fd91cd07626b P c5feed7d132042548d90017356929a55 [term 0 FOLLOWER]: Becoming Follower/Learner. State: Replica: c5feed7d132042548d90017356929a55, State: Initialized, Role: FOLLOWER
I20260713 09:09:58.103619 22435 ts_tablet_manager.cc:1434] T 599b7dd6e43f4479bf8106ef8dbc7f34 P 1e616756ba734f66bce2cb1c05c30eb9: Time spent starting tablet: real 0.007s	user 0.002s	sys 0.003s
I20260713 09:09:58.103469 22434 consensus_queue.cc:260] T cec17b5494e744a2a706fd91cd07626b P c5feed7d132042548d90017356929a55 [NON_LEADER]: Queue going to NON_LEADER mode. State: All replicated index: 0, Majority replicated index: 0, Committed index: 0, Last appended: 0.0, Last appended by leader: 0, Current term: 0, Majority size: -1, State: 0, Mode: NON_LEADER, active raft config: opid_index: -1 OBSOLETE_local: false peers { permanent_uuid: "c5feed7d132042548d90017356929a55" member_type: VOTER last_known_addr { host: "127.21.28.1" port: 35203 } } peers { permanent_uuid: "dd7f62a0e2884608ba2e4268f19a17f2" member_type: VOTER last_known_addr { host: "127.21.28.2" port: 41309 } } peers { permanent_uuid: "1e616756ba734f66bce2cb1c05c30eb9" member_type: VOTER last_known_addr { host: "127.21.28.3" port: 41697 } }
I20260713 09:09:58.104732 22435 tablet_bootstrap.cc:492] T cec17b5494e744a2a706fd91cd07626b P 1e616756ba734f66bce2cb1c05c30eb9: Bootstrap starting.
I20260713 09:09:58.105894 22434 ts_tablet_manager.cc:1434] T cec17b5494e744a2a706fd91cd07626b P c5feed7d132042548d90017356929a55: Time spent starting tablet: real 0.007s	user 0.006s	sys 0.000s
I20260713 09:09:58.106194 22437 tablet_bootstrap.cc:654] T 6de38b50ff8146c9846231410f7c8810 P dd7f62a0e2884608ba2e4268f19a17f2: Neither blocks nor log segments found. Creating new log.
I20260713 09:09:58.106873 22434 tablet_bootstrap.cc:492] T 599b7dd6e43f4479bf8106ef8dbc7f34 P c5feed7d132042548d90017356929a55: Bootstrap starting.
I20260713 09:09:58.111651 22395 raft_consensus.cc:2468] T 6de38b50ff8146c9846231410f7c8810 P 1e616756ba734f66bce2cb1c05c30eb9 [term 1 FOLLOWER]: Leader election vote request: Granting yes vote for candidate c5feed7d132042548d90017356929a55 in term 1.
I20260713 09:09:58.112285 22435 tablet_bootstrap.cc:654] T cec17b5494e744a2a706fd91cd07626b P 1e616756ba734f66bce2cb1c05c30eb9: Neither blocks nor log segments found. Creating new log.
I20260713 09:09:58.113389 22210 leader_election.cc:304] T 6de38b50ff8146c9846231410f7c8810 P c5feed7d132042548d90017356929a55 [CANDIDATE]: Term 1 election: Election decided. Result: candidate won. Election summary: received 3 responses out of 3 voters: 2 yes votes; 1 no votes. yes voters: 1e616756ba734f66bce2cb1c05c30eb9, c5feed7d132042548d90017356929a55; no voters: dd7f62a0e2884608ba2e4268f19a17f2
I20260713 09:09:58.114707 22461 raft_consensus.cc:2804] T 6de38b50ff8146c9846231410f7c8810 P c5feed7d132042548d90017356929a55 [term 1 FOLLOWER]: Leader election won for term 1
I20260713 09:09:58.115248 22461 raft_consensus.cc:697] T 6de38b50ff8146c9846231410f7c8810 P c5feed7d132042548d90017356929a55 [term 1 LEADER]: Becoming Leader. State: Replica: c5feed7d132042548d90017356929a55, State: Running, Role: LEADER
I20260713 09:09:58.116356 22461 consensus_queue.cc:237] T 6de38b50ff8146c9846231410f7c8810 P c5feed7d132042548d90017356929a55 [LEADER]: Queue going to LEADER mode. State: All replicated index: 0, Majority replicated index: 0, Committed index: 0, Last appended: 0.0, Last appended by leader: 0, Current term: 1, Majority size: 2, State: 0, Mode: LEADER, active raft config: opid_index: -1 OBSOLETE_local: false peers { permanent_uuid: "c5feed7d132042548d90017356929a55" member_type: VOTER last_known_addr { host: "127.21.28.1" port: 35203 } } peers { permanent_uuid: "dd7f62a0e2884608ba2e4268f19a17f2" member_type: VOTER last_known_addr { host: "127.21.28.2" port: 41309 } } peers { permanent_uuid: "1e616756ba734f66bce2cb1c05c30eb9" member_type: VOTER last_known_addr { host: "127.21.28.3" port: 41697 } }
I20260713 09:09:58.119828 22467 raft_consensus.cc:493] T 8af31176959744f597527d6ab9327c41 P dd7f62a0e2884608ba2e4268f19a17f2 [term 0 FOLLOWER]: Starting pre-election (no leader contacted us within the election timeout)
I20260713 09:09:58.120486 22467 raft_consensus.cc:515] T 8af31176959744f597527d6ab9327c41 P dd7f62a0e2884608ba2e4268f19a17f2 [term 0 FOLLOWER]: Starting pre-election with config: opid_index: -1 OBSOLETE_local: false peers { permanent_uuid: "c5feed7d132042548d90017356929a55" member_type: VOTER last_known_addr { host: "127.21.28.1" port: 35203 } } peers { permanent_uuid: "dd7f62a0e2884608ba2e4268f19a17f2" member_type: VOTER last_known_addr { host: "127.21.28.2" port: 41309 } } peers { permanent_uuid: "1e616756ba734f66bce2cb1c05c30eb9" member_type: VOTER last_known_addr { host: "127.21.28.3" port: 41697 } }
I20260713 09:09:58.122004 22434 tablet_bootstrap.cc:654] T 599b7dd6e43f4479bf8106ef8dbc7f34 P c5feed7d132042548d90017356929a55: Neither blocks nor log segments found. Creating new log.
I20260713 09:09:58.123867 22245 tablet_service.cc:1917] Received RequestConsensusVote() RPC: tablet_id: "8af31176959744f597527d6ab9327c41" candidate_uuid: "dd7f62a0e2884608ba2e4268f19a17f2" candidate_term: 1 candidate_status { last_received { term: 0 index: 0 } } ignore_live_leader: false dest_uuid: "c5feed7d132042548d90017356929a55" is_pre_election: true
I20260713 09:09:58.124471 22245 raft_consensus.cc:2468] T 8af31176959744f597527d6ab9327c41 P c5feed7d132042548d90017356929a55 [term 0 FOLLOWER]: Leader pre-election vote request: Granting yes vote for candidate dd7f62a0e2884608ba2e4268f19a17f2 in term 0.
I20260713 09:09:58.126142 22287 leader_election.cc:304] T 8af31176959744f597527d6ab9327c41 P dd7f62a0e2884608ba2e4268f19a17f2 [CANDIDATE]: Term 1 pre-election: Election decided. Result: candidate won. Election summary: received 2 responses out of 3 voters: 2 yes votes; 0 no votes. yes voters: c5feed7d132042548d90017356929a55, dd7f62a0e2884608ba2e4268f19a17f2; no voters: 
I20260713 09:09:58.127345 22466 raft_consensus.cc:2804] T 8af31176959744f597527d6ab9327c41 P dd7f62a0e2884608ba2e4268f19a17f2 [term 0 FOLLOWER]: Leader pre-election won for term 1
I20260713 09:09:58.127790 22466 raft_consensus.cc:493] T 8af31176959744f597527d6ab9327c41 P dd7f62a0e2884608ba2e4268f19a17f2 [term 0 FOLLOWER]: Starting leader election (no leader contacted us within the election timeout)
I20260713 09:09:58.128185 22466 raft_consensus.cc:3060] T 8af31176959744f597527d6ab9327c41 P dd7f62a0e2884608ba2e4268f19a17f2 [term 0 FOLLOWER]: Advancing to term 1
I20260713 09:09:58.131253 22434 tablet_bootstrap.cc:492] T 599b7dd6e43f4479bf8106ef8dbc7f34 P c5feed7d132042548d90017356929a55: No bootstrap required, opened a new log
I20260713 09:09:58.131713 22434 ts_tablet_manager.cc:1403] T 599b7dd6e43f4479bf8106ef8dbc7f34 P c5feed7d132042548d90017356929a55: Time spent bootstrapping tablet: real 0.025s	user 0.006s	sys 0.004s
I20260713 09:09:58.136482 22466 raft_consensus.cc:515] T 8af31176959744f597527d6ab9327c41 P dd7f62a0e2884608ba2e4268f19a17f2 [term 1 FOLLOWER]: Starting leader election with config: opid_index: -1 OBSOLETE_local: false peers { permanent_uuid: "c5feed7d132042548d90017356929a55" member_type: VOTER last_known_addr { host: "127.21.28.1" port: 35203 } } peers { permanent_uuid: "dd7f62a0e2884608ba2e4268f19a17f2" member_type: VOTER last_known_addr { host: "127.21.28.2" port: 41309 } } peers { permanent_uuid: "1e616756ba734f66bce2cb1c05c30eb9" member_type: VOTER last_known_addr { host: "127.21.28.3" port: 41697 } }
I20260713 09:09:58.137575 22434 raft_consensus.cc:359] T 599b7dd6e43f4479bf8106ef8dbc7f34 P c5feed7d132042548d90017356929a55 [term 0 FOLLOWER]: Replica starting. Triggering 0 pending ops. Active config: opid_index: -1 OBSOLETE_local: false peers { permanent_uuid: "c5feed7d132042548d90017356929a55" member_type: VOTER last_known_addr { host: "127.21.28.1" port: 35203 } } peers { permanent_uuid: "dd7f62a0e2884608ba2e4268f19a17f2" member_type: VOTER last_known_addr { host: "127.21.28.2" port: 41309 } } peers { permanent_uuid: "1e616756ba734f66bce2cb1c05c30eb9" member_type: VOTER last_known_addr { host: "127.21.28.3" port: 41697 } }
I20260713 09:09:58.138230 22434 raft_consensus.cc:385] T 599b7dd6e43f4479bf8106ef8dbc7f34 P c5feed7d132042548d90017356929a55 [term 0 FOLLOWER]: Consensus starting up: Expiring failure detector timer to make a prompt election more likely
I20260713 09:09:58.138532 22434 raft_consensus.cc:740] T 599b7dd6e43f4479bf8106ef8dbc7f34 P c5feed7d132042548d90017356929a55 [term 0 FOLLOWER]: Becoming Follower/Learner. State: Replica: c5feed7d132042548d90017356929a55, State: Initialized, Role: FOLLOWER
I20260713 09:09:58.139180 22434 consensus_queue.cc:260] T 599b7dd6e43f4479bf8106ef8dbc7f34 P c5feed7d132042548d90017356929a55 [NON_LEADER]: Queue going to NON_LEADER mode. State: All replicated index: 0, Majority replicated index: 0, Committed index: 0, Last appended: 0.0, Last appended by leader: 0, Current term: 0, Majority size: -1, State: 0, Mode: NON_LEADER, active raft config: opid_index: -1 OBSOLETE_local: false peers { permanent_uuid: "c5feed7d132042548d90017356929a55" member_type: VOTER last_known_addr { host: "127.21.28.1" port: 35203 } } peers { permanent_uuid: "dd7f62a0e2884608ba2e4268f19a17f2" member_type: VOTER last_known_addr { host: "127.21.28.2" port: 41309 } } peers { permanent_uuid: "1e616756ba734f66bce2cb1c05c30eb9" member_type: VOTER last_known_addr { host: "127.21.28.3" port: 41697 } }
I20260713 09:09:58.139654 22245 tablet_service.cc:1917] Received RequestConsensusVote() RPC: tablet_id: "8af31176959744f597527d6ab9327c41" candidate_uuid: "dd7f62a0e2884608ba2e4268f19a17f2" candidate_term: 1 candidate_status { last_received { term: 0 index: 0 } } ignore_live_leader: false dest_uuid: "c5feed7d132042548d90017356929a55"
I20260713 09:09:58.140230 22245 raft_consensus.cc:3060] T 8af31176959744f597527d6ab9327c41 P c5feed7d132042548d90017356929a55 [term 0 FOLLOWER]: Advancing to term 1
I20260713 09:09:58.145382 22434 ts_tablet_manager.cc:1434] T 599b7dd6e43f4479bf8106ef8dbc7f34 P c5feed7d132042548d90017356929a55: Time spent starting tablet: real 0.013s	user 0.009s	sys 0.000s
I20260713 09:09:58.146334 22434 tablet_bootstrap.cc:492] T 21eb5e5154014d93a3399f0684e9dd82 P c5feed7d132042548d90017356929a55: Bootstrap starting.
I20260713 09:09:58.147045 22394 tablet_service.cc:1917] Received RequestConsensusVote() RPC: tablet_id: "8af31176959744f597527d6ab9327c41" candidate_uuid: "dd7f62a0e2884608ba2e4268f19a17f2" candidate_term: 1 candidate_status { last_received { term: 0 index: 0 } } ignore_live_leader: false dest_uuid: "1e616756ba734f66bce2cb1c05c30eb9"
W20260713 09:09:58.150228 22285 leader_election.cc:343] T 8af31176959744f597527d6ab9327c41 P dd7f62a0e2884608ba2e4268f19a17f2 [CANDIDATE]: Term 1 election: Tablet error from VoteRequest() call to peer 1e616756ba734f66bce2cb1c05c30eb9 (127.21.28.3:41697): Illegal state: must be running to vote when last-logged opid is not known
I20260713 09:09:58.155033 22467 leader_election.cc:290] T 8af31176959744f597527d6ab9327c41 P dd7f62a0e2884608ba2e4268f19a17f2 [CANDIDATE]: Term 1 pre-election: Requested pre-vote from peers c5feed7d132042548d90017356929a55 (127.21.28.1:35203), 1e616756ba734f66bce2cb1c05c30eb9 (127.21.28.3:41697)
I20260713 09:09:58.155864 22395 tablet_service.cc:1917] Received RequestConsensusVote() RPC: tablet_id: "8af31176959744f597527d6ab9327c41" candidate_uuid: "dd7f62a0e2884608ba2e4268f19a17f2" candidate_term: 1 candidate_status { last_received { term: 0 index: 0 } } ignore_live_leader: false dest_uuid: "1e616756ba734f66bce2cb1c05c30eb9" is_pre_election: true
W20260713 09:09:58.157328 22285 leader_election.cc:343] T 8af31176959744f597527d6ab9327c41 P dd7f62a0e2884608ba2e4268f19a17f2 [CANDIDATE]: Term 1 pre-election: Tablet error from VoteRequest() call to peer 1e616756ba734f66bce2cb1c05c30eb9 (127.21.28.3:41697): Illegal state: must be running to vote when last-logged opid is not known
I20260713 09:09:58.157922 22434 tablet_bootstrap.cc:654] T 21eb5e5154014d93a3399f0684e9dd82 P c5feed7d132042548d90017356929a55: Neither blocks nor log segments found. Creating new log.
I20260713 09:09:58.159973 22245 raft_consensus.cc:2468] T 8af31176959744f597527d6ab9327c41 P c5feed7d132042548d90017356929a55 [term 1 FOLLOWER]: Leader election vote request: Granting yes vote for candidate dd7f62a0e2884608ba2e4268f19a17f2 in term 1.
I20260713 09:09:58.161561 22287 leader_election.cc:304] T 8af31176959744f597527d6ab9327c41 P dd7f62a0e2884608ba2e4268f19a17f2 [CANDIDATE]: Term 1 election: Election decided. Result: candidate won. Election summary: received 3 responses out of 3 voters: 2 yes votes; 1 no votes. yes voters: c5feed7d132042548d90017356929a55, dd7f62a0e2884608ba2e4268f19a17f2; no voters: 1e616756ba734f66bce2cb1c05c30eb9
I20260713 09:09:58.164235 22467 raft_consensus.cc:2804] T 8af31176959744f597527d6ab9327c41 P dd7f62a0e2884608ba2e4268f19a17f2 [term 1 FOLLOWER]: Leader election won for term 1
I20260713 09:09:58.164922 22467 raft_consensus.cc:697] T 8af31176959744f597527d6ab9327c41 P dd7f62a0e2884608ba2e4268f19a17f2 [term 1 LEADER]: Becoming Leader. State: Replica: dd7f62a0e2884608ba2e4268f19a17f2, State: Running, Role: LEADER
I20260713 09:09:58.166114 22467 consensus_queue.cc:237] T 8af31176959744f597527d6ab9327c41 P dd7f62a0e2884608ba2e4268f19a17f2 [LEADER]: Queue going to LEADER mode. State: All replicated index: 0, Majority replicated index: 0, Committed index: 0, Last appended: 0.0, Last appended by leader: 0, Current term: 1, Majority size: 2, State: 0, Mode: LEADER, active raft config: opid_index: -1 OBSOLETE_local: false peers { permanent_uuid: "c5feed7d132042548d90017356929a55" member_type: VOTER last_known_addr { host: "127.21.28.1" port: 35203 } } peers { permanent_uuid: "dd7f62a0e2884608ba2e4268f19a17f2" member_type: VOTER last_known_addr { host: "127.21.28.2" port: 41309 } } peers { permanent_uuid: "1e616756ba734f66bce2cb1c05c30eb9" member_type: VOTER last_known_addr { host: "127.21.28.3" port: 41697 } }
I20260713 09:09:58.168212 22466 leader_election.cc:290] T 8af31176959744f597527d6ab9327c41 P dd7f62a0e2884608ba2e4268f19a17f2 [CANDIDATE]: Term 1 election: Requested vote from peers c5feed7d132042548d90017356929a55 (127.21.28.1:35203), 1e616756ba734f66bce2cb1c05c30eb9 (127.21.28.3:41697)
I20260713 09:09:58.169346 22434 tablet_bootstrap.cc:492] T 21eb5e5154014d93a3399f0684e9dd82 P c5feed7d132042548d90017356929a55: No bootstrap required, opened a new log
I20260713 09:09:58.169824 22434 ts_tablet_manager.cc:1403] T 21eb5e5154014d93a3399f0684e9dd82 P c5feed7d132042548d90017356929a55: Time spent bootstrapping tablet: real 0.024s	user 0.010s	sys 0.000s
I20260713 09:09:58.172415 22434 raft_consensus.cc:359] T 21eb5e5154014d93a3399f0684e9dd82 P c5feed7d132042548d90017356929a55 [term 0 FOLLOWER]: Replica starting. Triggering 0 pending ops. Active config: opid_index: -1 OBSOLETE_local: false peers { permanent_uuid: "c5feed7d132042548d90017356929a55" member_type: VOTER last_known_addr { host: "127.21.28.1" port: 35203 } } peers { permanent_uuid: "dd7f62a0e2884608ba2e4268f19a17f2" member_type: VOTER last_known_addr { host: "127.21.28.2" port: 41309 } } peers { permanent_uuid: "1e616756ba734f66bce2cb1c05c30eb9" member_type: VOTER last_known_addr { host: "127.21.28.3" port: 41697 } }
I20260713 09:09:58.173038 22434 raft_consensus.cc:385] T 21eb5e5154014d93a3399f0684e9dd82 P c5feed7d132042548d90017356929a55 [term 0 FOLLOWER]: Consensus starting up: Expiring failure detector timer to make a prompt election more likely
I20260713 09:09:58.178205 22434 raft_consensus.cc:740] T 21eb5e5154014d93a3399f0684e9dd82 P c5feed7d132042548d90017356929a55 [term 0 FOLLOWER]: Becoming Follower/Learner. State: Replica: c5feed7d132042548d90017356929a55, State: Initialized, Role: FOLLOWER
I20260713 09:09:58.179605 22434 consensus_queue.cc:260] T 21eb5e5154014d93a3399f0684e9dd82 P c5feed7d132042548d90017356929a55 [NON_LEADER]: Queue going to NON_LEADER mode. State: All replicated index: 0, Majority replicated index: 0, Committed index: 0, Last appended: 0.0, Last appended by leader: 0, Current term: 0, Majority size: -1, State: 0, Mode: NON_LEADER, active raft config: opid_index: -1 OBSOLETE_local: false peers { permanent_uuid: "c5feed7d132042548d90017356929a55" member_type: VOTER last_known_addr { host: "127.21.28.1" port: 35203 } } peers { permanent_uuid: "dd7f62a0e2884608ba2e4268f19a17f2" member_type: VOTER last_known_addr { host: "127.21.28.2" port: 41309 } } peers { permanent_uuid: "1e616756ba734f66bce2cb1c05c30eb9" member_type: VOTER last_known_addr { host: "127.21.28.3" port: 41697 } }
I20260713 09:09:58.181743 22434 ts_tablet_manager.cc:1434] T 21eb5e5154014d93a3399f0684e9dd82 P c5feed7d132042548d90017356929a55: Time spent starting tablet: real 0.012s	user 0.006s	sys 0.000s
I20260713 09:09:58.182667 22434 tablet_bootstrap.cc:492] T 7f9af48a94a647099891b2bc308819fe P c5feed7d132042548d90017356929a55: Bootstrap starting.
I20260713 09:09:58.186964 22435 tablet_bootstrap.cc:492] T cec17b5494e744a2a706fd91cd07626b P 1e616756ba734f66bce2cb1c05c30eb9: No bootstrap required, opened a new log
I20260713 09:09:58.187433 22435 ts_tablet_manager.cc:1403] T cec17b5494e744a2a706fd91cd07626b P 1e616756ba734f66bce2cb1c05c30eb9: Time spent bootstrapping tablet: real 0.083s	user 0.026s	sys 0.050s
I20260713 09:09:58.188743 22434 tablet_bootstrap.cc:654] T 7f9af48a94a647099891b2bc308819fe P c5feed7d132042548d90017356929a55: Neither blocks nor log segments found. Creating new log.
I20260713 09:09:58.190392 22435 raft_consensus.cc:359] T cec17b5494e744a2a706fd91cd07626b P 1e616756ba734f66bce2cb1c05c30eb9 [term 0 FOLLOWER]: Replica starting. Triggering 0 pending ops. Active config: opid_index: -1 OBSOLETE_local: false peers { permanent_uuid: "c5feed7d132042548d90017356929a55" member_type: VOTER last_known_addr { host: "127.21.28.1" port: 35203 } } peers { permanent_uuid: "dd7f62a0e2884608ba2e4268f19a17f2" member_type: VOTER last_known_addr { host: "127.21.28.2" port: 41309 } } peers { permanent_uuid: "1e616756ba734f66bce2cb1c05c30eb9" member_type: VOTER last_known_addr { host: "127.21.28.3" port: 41697 } }
I20260713 09:09:58.191143 22435 raft_consensus.cc:385] T cec17b5494e744a2a706fd91cd07626b P 1e616756ba734f66bce2cb1c05c30eb9 [term 0 FOLLOWER]: Consensus starting up: Expiring failure detector timer to make a prompt election more likely
I20260713 09:09:58.191429 22435 raft_consensus.cc:740] T cec17b5494e744a2a706fd91cd07626b P 1e616756ba734f66bce2cb1c05c30eb9 [term 0 FOLLOWER]: Becoming Follower/Learner. State: Replica: 1e616756ba734f66bce2cb1c05c30eb9, State: Initialized, Role: FOLLOWER
I20260713 09:09:58.192291 22435 consensus_queue.cc:260] T cec17b5494e744a2a706fd91cd07626b P 1e616756ba734f66bce2cb1c05c30eb9 [NON_LEADER]: Queue going to NON_LEADER mode. State: All replicated index: 0, Majority replicated index: 0, Committed index: 0, Last appended: 0.0, Last appended by leader: 0, Current term: 0, Majority size: -1, State: 0, Mode: NON_LEADER, active raft config: opid_index: -1 OBSOLETE_local: false peers { permanent_uuid: "c5feed7d132042548d90017356929a55" member_type: VOTER last_known_addr { host: "127.21.28.1" port: 35203 } } peers { permanent_uuid: "dd7f62a0e2884608ba2e4268f19a17f2" member_type: VOTER last_known_addr { host: "127.21.28.2" port: 41309 } } peers { permanent_uuid: "1e616756ba734f66bce2cb1c05c30eb9" member_type: VOTER last_known_addr { host: "127.21.28.3" port: 41697 } }
I20260713 09:09:58.194768 22435 ts_tablet_manager.cc:1434] T cec17b5494e744a2a706fd91cd07626b P 1e616756ba734f66bce2cb1c05c30eb9: Time spent starting tablet: real 0.007s	user 0.006s	sys 0.002s
I20260713 09:09:58.194680 22144 catalog_manager.cc:5697] T 6de38b50ff8146c9846231410f7c8810 P c5feed7d132042548d90017356929a55 reported cstate change: term changed from 0 to 1, leader changed from <none> to c5feed7d132042548d90017356929a55 (127.21.28.1). New cstate: current_term: 1 leader_uuid: "c5feed7d132042548d90017356929a55" committed_config { opid_index: -1 OBSOLETE_local: false peers { permanent_uuid: "c5feed7d132042548d90017356929a55" member_type: VOTER last_known_addr { host: "127.21.28.1" port: 35203 } health_report { overall_health: HEALTHY } } peers { permanent_uuid: "dd7f62a0e2884608ba2e4268f19a17f2" member_type: VOTER last_known_addr { host: "127.21.28.2" port: 41309 } health_report { overall_health: UNKNOWN } } peers { permanent_uuid: "1e616756ba734f66bce2cb1c05c30eb9" member_type: VOTER last_known_addr { host: "127.21.28.3" port: 41697 } health_report { overall_health: UNKNOWN } } }
I20260713 09:09:58.195708 22435 tablet_bootstrap.cc:492] T 84d02deb8b064d18ac6c67abb69a478e P 1e616756ba734f66bce2cb1c05c30eb9: Bootstrap starting.
I20260713 09:09:58.198189 22142 catalog_manager.cc:5697] T e08e80343f754457b56b8a015a05deef P dd7f62a0e2884608ba2e4268f19a17f2 reported cstate change: term changed from 0 to 1, leader changed from <none> to dd7f62a0e2884608ba2e4268f19a17f2 (127.21.28.2). New cstate: current_term: 1 leader_uuid: "dd7f62a0e2884608ba2e4268f19a17f2" committed_config { opid_index: -1 OBSOLETE_local: false peers { permanent_uuid: "c5feed7d132042548d90017356929a55" member_type: VOTER last_known_addr { host: "127.21.28.1" port: 35203 } health_report { overall_health: UNKNOWN } } peers { permanent_uuid: "dd7f62a0e2884608ba2e4268f19a17f2" member_type: VOTER last_known_addr { host: "127.21.28.2" port: 41309 } health_report { overall_health: HEALTHY } } peers { permanent_uuid: "1e616756ba734f66bce2cb1c05c30eb9" member_type: VOTER last_known_addr { host: "127.21.28.3" port: 41697 } health_report { overall_health: UNKNOWN } } }
I20260713 09:09:58.199748 22434 tablet_bootstrap.cc:492] T 7f9af48a94a647099891b2bc308819fe P c5feed7d132042548d90017356929a55: No bootstrap required, opened a new log
I20260713 09:09:58.200174 22434 ts_tablet_manager.cc:1403] T 7f9af48a94a647099891b2bc308819fe P c5feed7d132042548d90017356929a55: Time spent bootstrapping tablet: real 0.018s	user 0.010s	sys 0.005s
I20260713 09:09:58.200089 22142 catalog_manager.cc:5697] T 8af31176959744f597527d6ab9327c41 P dd7f62a0e2884608ba2e4268f19a17f2 reported cstate change: term changed from 0 to 1, leader changed from <none> to dd7f62a0e2884608ba2e4268f19a17f2 (127.21.28.2). New cstate: current_term: 1 leader_uuid: "dd7f62a0e2884608ba2e4268f19a17f2" committed_config { opid_index: -1 OBSOLETE_local: false peers { permanent_uuid: "c5feed7d132042548d90017356929a55" member_type: VOTER last_known_addr { host: "127.21.28.1" port: 35203 } health_report { overall_health: UNKNOWN } } peers { permanent_uuid: "dd7f62a0e2884608ba2e4268f19a17f2" member_type: VOTER last_known_addr { host: "127.21.28.2" port: 41309 } health_report { overall_health: HEALTHY } } peers { permanent_uuid: "1e616756ba734f66bce2cb1c05c30eb9" member_type: VOTER last_known_addr { host: "127.21.28.3" port: 41697 } health_report { overall_health: UNKNOWN } } }
I20260713 09:09:58.202133 22435 tablet_bootstrap.cc:654] T 84d02deb8b064d18ac6c67abb69a478e P 1e616756ba734f66bce2cb1c05c30eb9: Neither blocks nor log segments found. Creating new log.
