I20260713 09:10:23.954429 22800 consensus_queue.cc:237] T ea7e3d59383f41d594a60462877e063e P 0533a4aeb8f3419ca545a64e20396577 [LEADER]: Queue going to LEADER mode. State: All replicated index: 0, Majority replicated index: 3, Committed index: 3, Last appended: 2.3, Last appended by leader: 0, Current term: 2, Majority size: 2, State: 0, Mode: LEADER, active raft config: opid_index: 4 OBSOLETE_local: false peers { permanent_uuid: "0933ee9727834e18a57c19a37b24aaf3" member_type: VOTER last_known_addr { host: "127.21.28.1" port: 42087 } } peers { permanent_uuid: "0533a4aeb8f3419ca545a64e20396577" member_type: VOTER last_known_addr { host: "127.21.28.2" port: 39941 } } peers { permanent_uuid: "2dcd2a543d43431faaa9da04969e2b48" member_type: VOTER last_known_addr { host: "127.21.28.4" port: 37767 } attrs { promote: false } }
I20260713 09:10:23.956504 22626 catalog_manager.cc:5697] T ef229f1086c747c4823678a25e2bc6e3 P beaa5e118ae34a8ea1c8b9cfc5ac3981 reported cstate change: config changed from index 3 to 4, VOTER 0933ee9727834e18a57c19a37b24aaf3 (127.21.28.1) evicted. New cstate: current_term: 1 leader_uuid: "0533a4aeb8f3419ca545a64e20396577" committed_config { opid_index: 4 OBSOLETE_local: false peers { permanent_uuid: "0533a4aeb8f3419ca545a64e20396577" member_type: VOTER last_known_addr { host: "127.21.28.2" port: 39941 } } peers { permanent_uuid: "beaa5e118ae34a8ea1c8b9cfc5ac3981" member_type: VOTER last_known_addr { host: "127.21.28.3" port: 35369 } } peers { permanent_uuid: "2dcd2a543d43431faaa9da04969e2b48" member_type: VOTER last_known_addr { host: "127.21.28.4" port: 37767 } attrs { promote: false } } }
I20260713 09:10:23.966835 22725 raft_consensus.cc:1275] T ea7e3d59383f41d594a60462877e063e P 0933ee9727834e18a57c19a37b24aaf3 [term 2 FOLLOWER]: Refusing update from remote peer 0533a4aeb8f3419ca545a64e20396577: Log matching property violated. Preceding OpId in replica: term: 2 index: 3. Preceding OpId from leader: term: 2 index: 4. (index mismatch)
I20260713 09:10:23.967586 23170 raft_consensus.cc:1275] T ea7e3d59383f41d594a60462877e063e P 2dcd2a543d43431faaa9da04969e2b48 [term 2 FOLLOWER]: Refusing update from remote peer 0533a4aeb8f3419ca545a64e20396577: Log matching property violated. Preceding OpId in replica: term: 2 index: 3. Preceding OpId from leader: term: 2 index: 4. (index mismatch)
I20260713 09:10:23.968366 23393 consensus_queue.cc:1048] T ea7e3d59383f41d594a60462877e063e P 0533a4aeb8f3419ca545a64e20396577 [LEADER]: Connected to new peer: Peer: permanent_uuid: "0933ee9727834e18a57c19a37b24aaf3" member_type: VOTER last_known_addr { host: "127.21.28.1" port: 42087 }, Status: LMP_MISMATCH, Last received: 0.0, Next index: 4, Last known committed idx: 3, Time since last communication: 0.000s
I20260713 09:10:23.970986 23407 consensus_queue.cc:1048] T ea7e3d59383f41d594a60462877e063e P 0533a4aeb8f3419ca545a64e20396577 [LEADER]: Connected to new peer: Peer: permanent_uuid: "2dcd2a543d43431faaa9da04969e2b48" member_type: VOTER last_known_addr { host: "127.21.28.4" port: 37767 } attrs { promote: false }, Status: LMP_MISMATCH, Last received: 0.0, Next index: 4, Last known committed idx: 3, Time since last communication: 0.000s
I20260713 09:10:23.974560 22712 tablet_service.cc:1558] Processing DeleteTablet for tablet ef229f1086c747c4823678a25e2bc6e3 with delete_type TABLET_DATA_TOMBSTONED (TS 0933ee9727834e18a57c19a37b24aaf3 not found in new config with opid_index 4) from {username='slave'} at 127.0.0.1:48330
I20260713 09:10:23.976516 23459 tablet_replica.cc:333] T ef229f1086c747c4823678a25e2bc6e3 P 0933ee9727834e18a57c19a37b24aaf3: stopping tablet replica
I20260713 09:10:23.977469 23459 raft_consensus.cc:2243] T ef229f1086c747c4823678a25e2bc6e3 P 0933ee9727834e18a57c19a37b24aaf3 [term 1 FOLLOWER]: Raft consensus shutting down.
I20260713 09:10:23.978157 23459 raft_consensus.cc:2272] T ef229f1086c747c4823678a25e2bc6e3 P 0933ee9727834e18a57c19a37b24aaf3 [term 1 FOLLOWER]: Raft consensus is shut down!
I20260713 09:10:23.982218 23442 raft_consensus.cc:2955] T ea7e3d59383f41d594a60462877e063e P 0533a4aeb8f3419ca545a64e20396577 [term 2 LEADER]: Committing config change with OpId 2.4: config changed from index 3 to 4, VOTER beaa5e118ae34a8ea1c8b9cfc5ac3981 (127.21.28.3) evicted. New config: { opid_index: 4 OBSOLETE_local: false peers { permanent_uuid: "0933ee9727834e18a57c19a37b24aaf3" member_type: VOTER last_known_addr { host: "127.21.28.1" port: 42087 } } peers { permanent_uuid: "0533a4aeb8f3419ca545a64e20396577" member_type: VOTER last_known_addr { host: "127.21.28.2" port: 39941 } } peers { permanent_uuid: "2dcd2a543d43431faaa9da04969e2b48" member_type: VOTER last_known_addr { host: "127.21.28.4" port: 37767 } attrs { promote: false } } }
I20260713 09:10:23.984543 23459 ts_tablet_manager.cc:1916] T ef229f1086c747c4823678a25e2bc6e3 P 0933ee9727834e18a57c19a37b24aaf3: Deleting tablet data with delete state TABLET_DATA_TOMBSTONED
I20260713 09:10:23.986495 23172 raft_consensus.cc:2955] T ea7e3d59383f41d594a60462877e063e P 2dcd2a543d43431faaa9da04969e2b48 [term 2 FOLLOWER]: Committing config change with OpId 2.4: config changed from index 3 to 4, VOTER beaa5e118ae34a8ea1c8b9cfc5ac3981 (127.21.28.3) evicted. New config: { opid_index: 4 OBSOLETE_local: false peers { permanent_uuid: "0933ee9727834e18a57c19a37b24aaf3" member_type: VOTER last_known_addr { host: "127.21.28.1" port: 42087 } } peers { permanent_uuid: "0533a4aeb8f3419ca545a64e20396577" member_type: VOTER last_known_addr { host: "127.21.28.2" port: 39941 } } peers { permanent_uuid: "2dcd2a543d43431faaa9da04969e2b48" member_type: VOTER last_known_addr { host: "127.21.28.4" port: 37767 } attrs { promote: false } } }
I20260713 09:10:23.995606 22613 catalog_manager.cc:5210] ChangeConfig:REMOVE_PEER RPC for tablet ea7e3d59383f41d594a60462877e063e with cas_config_opid_index 3: ChangeConfig:REMOVE_PEER succeeded (attempt 1)
I20260713 09:10:23.995929 22724 raft_consensus.cc:2955] T ea7e3d59383f41d594a60462877e063e P 0933ee9727834e18a57c19a37b24aaf3 [term 2 FOLLOWER]: Committing config change with OpId 2.4: config changed from index 3 to 4, VOTER beaa5e118ae34a8ea1c8b9cfc5ac3981 (127.21.28.3) evicted. New config: { opid_index: 4 OBSOLETE_local: false peers { permanent_uuid: "0933ee9727834e18a57c19a37b24aaf3" member_type: VOTER last_known_addr { host: "127.21.28.1" port: 42087 } } peers { permanent_uuid: "0533a4aeb8f3419ca545a64e20396577" member_type: VOTER last_known_addr { host: "127.21.28.2" port: 39941 } } peers { permanent_uuid: "2dcd2a543d43431faaa9da04969e2b48" member_type: VOTER last_known_addr { host: "127.21.28.4" port: 37767 } attrs { promote: false } } }
I20260713 09:10:23.999559 22626 catalog_manager.cc:5697] T ea7e3d59383f41d594a60462877e063e P 0533a4aeb8f3419ca545a64e20396577 reported cstate change: config changed from index 3 to 4, VOTER beaa5e118ae34a8ea1c8b9cfc5ac3981 (127.21.28.3) evicted. New cstate: current_term: 2 leader_uuid: "0533a4aeb8f3419ca545a64e20396577" committed_config { opid_index: 4 OBSOLETE_local: false peers { permanent_uuid: "0933ee9727834e18a57c19a37b24aaf3" member_type: VOTER last_known_addr { host: "127.21.28.1" port: 42087 } health_report { overall_health: HEALTHY } } peers { permanent_uuid: "0533a4aeb8f3419ca545a64e20396577" member_type: VOTER last_known_addr { host: "127.21.28.2" port: 39941 } health_report { overall_health: HEALTHY } } peers { permanent_uuid: "2dcd2a543d43431faaa9da04969e2b48" member_type: VOTER last_known_addr { host: "127.21.28.4" port: 37767 } attrs { promote: false } health_report { overall_health: HEALTHY } } }
I20260713 09:10:24.016080 23444 raft_consensus.cc:1064] T eb041ecaa3d244bd9a5be6a65b989c76 P beaa5e118ae34a8ea1c8b9cfc5ac3981: attempting to promote NON_VOTER 2dcd2a543d43431faaa9da04969e2b48 to VOTER
I20260713 09:10:24.018579 23444 consensus_queue.cc:237] T eb041ecaa3d244bd9a5be6a65b989c76 P beaa5e118ae34a8ea1c8b9cfc5ac3981 [LEADER]: Queue going to LEADER mode. State: All replicated index: 0, Majority replicated index: 2, Committed index: 2, Last appended: 1.2, Last appended by leader: 0, Current term: 1, Majority size: 3, State: 0, Mode: LEADER, active raft config: opid_index: 3 OBSOLETE_local: false peers { permanent_uuid: "0933ee9727834e18a57c19a37b24aaf3" member_type: VOTER last_known_addr { host: "127.21.28.1" port: 42087 } attrs { replace: true } } peers { permanent_uuid: "0533a4aeb8f3419ca545a64e20396577" member_type: VOTER last_known_addr { host: "127.21.28.2" port: 39941 } } peers { permanent_uuid: "beaa5e118ae34a8ea1c8b9cfc5ac3981" member_type: VOTER last_known_addr { host: "127.21.28.3" port: 35369 } } peers { permanent_uuid: "2dcd2a543d43431faaa9da04969e2b48" member_type: VOTER last_known_addr { host: "127.21.28.4" port: 37767 } attrs { promote: false } }
I20260713 09:10:24.026389 22862 tablet_service.cc:1558] Processing DeleteTablet for tablet ea7e3d59383f41d594a60462877e063e with delete_type TABLET_DATA_TOMBSTONED (TS beaa5e118ae34a8ea1c8b9cfc5ac3981 not found in new config with opid_index 4) from {username='slave'} at 127.0.0.1:40038
I20260713 09:10:24.035115 23459 ts_tablet_manager.cc:1929] T ef229f1086c747c4823678a25e2bc6e3 P 0933ee9727834e18a57c19a37b24aaf3: tablet deleted with delete type TABLET_DATA_TOMBSTONED: last-logged OpId 1.3
I20260713 09:10:24.036770 23459 log.cc:1199] T ef229f1086c747c4823678a25e2bc6e3 P 0933ee9727834e18a57c19a37b24aaf3: Deleting WAL directory at /tmp/dist-test-taskEVaDH7/test-tmp/auto_leader_rebalancer-test.0.LeaderRebalancerTest.AddTserver.1783933783810893-21616-0/minicluster-data/ts-0-root/wals/ef229f1086c747c4823678a25e2bc6e3
I20260713 09:10:24.038797 22611 catalog_manager.cc:5028] TS 0933ee9727834e18a57c19a37b24aaf3 (127.21.28.1:42087): tablet ef229f1086c747c4823678a25e2bc6e3 (table test-workload [id=c1f0147b56d04655bf3f6104aa050b7b]) successfully deleted
I20260713 09:10:24.041052 23460 tablet_replica.cc:333] T ea7e3d59383f41d594a60462877e063e P beaa5e118ae34a8ea1c8b9cfc5ac3981: stopping tablet replica
I20260713 09:10:24.046219 23460 raft_consensus.cc:2243] T ea7e3d59383f41d594a60462877e063e P beaa5e118ae34a8ea1c8b9cfc5ac3981 [term 2 FOLLOWER]: Raft consensus shutting down.
I20260713 09:10:24.048461 23460 raft_consensus.cc:2272] T ea7e3d59383f41d594a60462877e063e P beaa5e118ae34a8ea1c8b9cfc5ac3981 [term 2 FOLLOWER]: Raft consensus is shut down!
I20260713 09:10:24.053165 23460 ts_tablet_manager.cc:1916] T ea7e3d59383f41d594a60462877e063e P beaa5e118ae34a8ea1c8b9cfc5ac3981: Deleting tablet data with delete state TABLET_DATA_TOMBSTONED
I20260713 09:10:24.058624 23170 raft_consensus.cc:1275] T eb041ecaa3d244bd9a5be6a65b989c76 P 2dcd2a543d43431faaa9da04969e2b48 [term 1 LEARNER]: Refusing update from remote peer beaa5e118ae34a8ea1c8b9cfc5ac3981: Log matching property violated. Preceding OpId in replica: term: 1 index: 2. Preceding OpId from leader: term: 1 index: 3. (index mismatch)
I20260713 09:10:24.060544 22800 raft_consensus.cc:1275] T eb041ecaa3d244bd9a5be6a65b989c76 P 0533a4aeb8f3419ca545a64e20396577 [term 1 FOLLOWER]: Refusing update from remote peer beaa5e118ae34a8ea1c8b9cfc5ac3981: Log matching property violated. Preceding OpId in replica: term: 1 index: 2. Preceding OpId from leader: term: 1 index: 3. (index mismatch)
I20260713 09:10:24.061018 23424 consensus_queue.cc:1048] T eb041ecaa3d244bd9a5be6a65b989c76 P beaa5e118ae34a8ea1c8b9cfc5ac3981 [LEADER]: Connected to new peer: Peer: permanent_uuid: "2dcd2a543d43431faaa9da04969e2b48" member_type: VOTER last_known_addr { host: "127.21.28.4" port: 37767 } attrs { promote: false }, Status: LMP_MISMATCH, Last received: 0.0, Next index: 3, Last known committed idx: 2, Time since last communication: 0.000s
I20260713 09:10:24.065864 23444 consensus_queue.cc:1048] T eb041ecaa3d244bd9a5be6a65b989c76 P beaa5e118ae34a8ea1c8b9cfc5ac3981 [LEADER]: Connected to new peer: Peer: permanent_uuid: "0533a4aeb8f3419ca545a64e20396577" member_type: VOTER last_known_addr { host: "127.21.28.2" port: 39941 }, Status: LMP_MISMATCH, Last received: 0.0, Next index: 3, Last known committed idx: 2, Time since last communication: 0.000s
I20260713 09:10:24.069458 23460 ts_tablet_manager.cc:1929] T ea7e3d59383f41d594a60462877e063e P beaa5e118ae34a8ea1c8b9cfc5ac3981: tablet deleted with delete type TABLET_DATA_TOMBSTONED: last-logged OpId 2.3
I20260713 09:10:24.069911 22725 raft_consensus.cc:1275] T eb041ecaa3d244bd9a5be6a65b989c76 P 0933ee9727834e18a57c19a37b24aaf3 [term 1 FOLLOWER]: Refusing update from remote peer beaa5e118ae34a8ea1c8b9cfc5ac3981: Log matching property violated. Preceding OpId in replica: term: 1 index: 2. Preceding OpId from leader: term: 1 index: 3. (index mismatch)
I20260713 09:10:24.069890 23460 log.cc:1199] T ea7e3d59383f41d594a60462877e063e P beaa5e118ae34a8ea1c8b9cfc5ac3981: Deleting WAL directory at /tmp/dist-test-taskEVaDH7/test-tmp/auto_leader_rebalancer-test.0.LeaderRebalancerTest.AddTserver.1783933783810893-21616-0/minicluster-data/ts-2-root/wals/ea7e3d59383f41d594a60462877e063e
I20260713 09:10:24.071234 23424 consensus_queue.cc:1048] T eb041ecaa3d244bd9a5be6a65b989c76 P beaa5e118ae34a8ea1c8b9cfc5ac3981 [LEADER]: Connected to new peer: Peer: permanent_uuid: "0933ee9727834e18a57c19a37b24aaf3" member_type: VOTER last_known_addr { host: "127.21.28.1" port: 42087 } attrs { replace: true }, Status: LMP_MISMATCH, Last received: 0.0, Next index: 3, Last known committed idx: 2, Time since last communication: 0.000s
I20260713 09:10:24.073556 22613 catalog_manager.cc:5028] TS beaa5e118ae34a8ea1c8b9cfc5ac3981 (127.21.28.3:35369): tablet ea7e3d59383f41d594a60462877e063e (table test-workload [id=c1f0147b56d04655bf3f6104aa050b7b]) successfully deleted
I20260713 09:10:24.081611 23444 raft_consensus.cc:2955] T eb041ecaa3d244bd9a5be6a65b989c76 P beaa5e118ae34a8ea1c8b9cfc5ac3981 [term 1 LEADER]: Committing config change with OpId 1.3: config changed from index 2 to 3, 2dcd2a543d43431faaa9da04969e2b48 (127.21.28.4) changed from NON_VOTER to VOTER. New config: { opid_index: 3 OBSOLETE_local: false peers { permanent_uuid: "0933ee9727834e18a57c19a37b24aaf3" member_type: VOTER last_known_addr { host: "127.21.28.1" port: 42087 } attrs { replace: true } } peers { permanent_uuid: "0533a4aeb8f3419ca545a64e20396577" member_type: VOTER last_known_addr { host: "127.21.28.2" port: 39941 } } peers { permanent_uuid: "beaa5e118ae34a8ea1c8b9cfc5ac3981" member_type: VOTER last_known_addr { host: "127.21.28.3" port: 35369 } } peers { permanent_uuid: "2dcd2a543d43431faaa9da04969e2b48" member_type: VOTER last_known_addr { host: "127.21.28.4" port: 37767 } attrs { promote: false } } }
I20260713 09:10:24.085803 22800 raft_consensus.cc:2955] T eb041ecaa3d244bd9a5be6a65b989c76 P 0533a4aeb8f3419ca545a64e20396577 [term 1 FOLLOWER]: Committing config change with OpId 1.3: config changed from index 2 to 3, 2dcd2a543d43431faaa9da04969e2b48 (127.21.28.4) changed from NON_VOTER to VOTER. New config: { opid_index: 3 OBSOLETE_local: false peers { permanent_uuid: "0933ee9727834e18a57c19a37b24aaf3" member_type: VOTER last_known_addr { host: "127.21.28.1" port: 42087 } attrs { replace: true } } peers { permanent_uuid: "0533a4aeb8f3419ca545a64e20396577" member_type: VOTER last_known_addr { host: "127.21.28.2" port: 39941 } } peers { permanent_uuid: "beaa5e118ae34a8ea1c8b9cfc5ac3981" member_type: VOTER last_known_addr { host: "127.21.28.3" port: 35369 } } peers { permanent_uuid: "2dcd2a543d43431faaa9da04969e2b48" member_type: VOTER last_known_addr { host: "127.21.28.4" port: 37767 } attrs { promote: false } } }
I20260713 09:10:24.088104 22724 raft_consensus.cc:2955] T eb041ecaa3d244bd9a5be6a65b989c76 P 0933ee9727834e18a57c19a37b24aaf3 [term 1 FOLLOWER]: Committing config change with OpId 1.3: config changed from index 2 to 3, 2dcd2a543d43431faaa9da04969e2b48 (127.21.28.4) changed from NON_VOTER to VOTER. New config: { opid_index: 3 OBSOLETE_local: false peers { permanent_uuid: "0933ee9727834e18a57c19a37b24aaf3" member_type: VOTER last_known_addr { host: "127.21.28.1" port: 42087 } attrs { replace: true } } peers { permanent_uuid: "0533a4aeb8f3419ca545a64e20396577" member_type: VOTER last_known_addr { host: "127.21.28.2" port: 39941 } } peers { permanent_uuid: "beaa5e118ae34a8ea1c8b9cfc5ac3981" member_type: VOTER last_known_addr { host: "127.21.28.3" port: 35369 } } peers { permanent_uuid: "2dcd2a543d43431faaa9da04969e2b48" member_type: VOTER last_known_addr { host: "127.21.28.4" port: 37767 } attrs { promote: false } } }
I20260713 09:10:24.093442 23170 raft_consensus.cc:2955] T eb041ecaa3d244bd9a5be6a65b989c76 P 2dcd2a543d43431faaa9da04969e2b48 [term 1 FOLLOWER]: Committing config change with OpId 1.3: config changed from index 2 to 3, 2dcd2a543d43431faaa9da04969e2b48 (127.21.28.4) changed from NON_VOTER to VOTER. New config: { opid_index: 3 OBSOLETE_local: false peers { permanent_uuid: "0933ee9727834e18a57c19a37b24aaf3" member_type: VOTER last_known_addr { host: "127.21.28.1" port: 42087 } attrs { replace: true } } peers { permanent_uuid: "0533a4aeb8f3419ca545a64e20396577" member_type: VOTER last_known_addr { host: "127.21.28.2" port: 39941 } } peers { permanent_uuid: "beaa5e118ae34a8ea1c8b9cfc5ac3981" member_type: VOTER last_known_addr { host: "127.21.28.3" port: 35369 } } peers { permanent_uuid: "2dcd2a543d43431faaa9da04969e2b48" member_type: VOTER last_known_addr { host: "127.21.28.4" port: 37767 } attrs { promote: false } } }
I20260713 09:10:24.105368 22627 catalog_manager.cc:5697] T eb041ecaa3d244bd9a5be6a65b989c76 P 0933ee9727834e18a57c19a37b24aaf3 reported cstate change: config changed from index 2 to 3, 2dcd2a543d43431faaa9da04969e2b48 (127.21.28.4) changed from NON_VOTER to VOTER. New cstate: current_term: 1 leader_uuid: "beaa5e118ae34a8ea1c8b9cfc5ac3981" committed_config { opid_index: 3 OBSOLETE_local: false peers { permanent_uuid: "0933ee9727834e18a57c19a37b24aaf3" member_type: VOTER last_known_addr { host: "127.21.28.1" port: 42087 } attrs { replace: true } } peers { permanent_uuid: "0533a4aeb8f3419ca545a64e20396577" member_type: VOTER last_known_addr { host: "127.21.28.2" port: 39941 } } peers { permanent_uuid: "beaa5e118ae34a8ea1c8b9cfc5ac3981" member_type: VOTER last_known_addr { host: "127.21.28.3" port: 35369 } } peers { permanent_uuid: "2dcd2a543d43431faaa9da04969e2b48" member_type: VOTER last_known_addr { host: "127.21.28.4" port: 37767 } attrs { promote: false } } }
I20260713 09:10:24.119755 22876 consensus_queue.cc:237] T eb041ecaa3d244bd9a5be6a65b989c76 P beaa5e118ae34a8ea1c8b9cfc5ac3981 [LEADER]: Queue going to LEADER mode. State: All replicated index: 0, Majority replicated index: 3, Committed index: 3, Last appended: 1.3, Last appended by leader: 0, Current term: 1, Majority size: 2, State: 0, Mode: LEADER, active raft config: opid_index: 4 OBSOLETE_local: false peers { permanent_uuid: "0533a4aeb8f3419ca545a64e20396577" member_type: VOTER last_known_addr { host: "127.21.28.2" port: 39941 } } peers { permanent_uuid: "beaa5e118ae34a8ea1c8b9cfc5ac3981" member_type: VOTER last_known_addr { host: "127.21.28.3" port: 35369 } } peers { permanent_uuid: "2dcd2a543d43431faaa9da04969e2b48" member_type: VOTER last_known_addr { host: "127.21.28.4" port: 37767 } attrs { promote: false } }
I20260713 09:10:24.124987 23170 raft_consensus.cc:1275] T eb041ecaa3d244bd9a5be6a65b989c76 P 2dcd2a543d43431faaa9da04969e2b48 [term 1 FOLLOWER]: Refusing update from remote peer beaa5e118ae34a8ea1c8b9cfc5ac3981: Log matching property violated. Preceding OpId in replica: term: 1 index: 3. Preceding OpId from leader: term: 1 index: 4. (index mismatch)
I20260713 09:10:24.126338 23424 consensus_queue.cc:1048] T eb041ecaa3d244bd9a5be6a65b989c76 P beaa5e118ae34a8ea1c8b9cfc5ac3981 [LEADER]: Connected to new peer: Peer: permanent_uuid: "2dcd2a543d43431faaa9da04969e2b48" member_type: VOTER last_known_addr { host: "127.21.28.4" port: 37767 } attrs { promote: false }, Status: LMP_MISMATCH, Last received: 0.0, Next index: 4, Last known committed idx: 3, Time since last communication: 0.000s
I20260713 09:10:24.127748 22800 raft_consensus.cc:1275] T eb041ecaa3d244bd9a5be6a65b989c76 P 0533a4aeb8f3419ca545a64e20396577 [term 1 FOLLOWER]: Refusing update from remote peer beaa5e118ae34a8ea1c8b9cfc5ac3981: Log matching property violated. Preceding OpId in replica: term: 1 index: 3. Preceding OpId from leader: term: 1 index: 4. (index mismatch)
I20260713 09:10:24.129096 23424 consensus_queue.cc:1048] T eb041ecaa3d244bd9a5be6a65b989c76 P beaa5e118ae34a8ea1c8b9cfc5ac3981 [LEADER]: Connected to new peer: Peer: permanent_uuid: "0533a4aeb8f3419ca545a64e20396577" member_type: VOTER last_known_addr { host: "127.21.28.2" port: 39941 }, Status: LMP_MISMATCH, Last received: 0.0, Next index: 4, Last known committed idx: 3, Time since last communication: 0.000s
I20260713 09:10:24.133894 23462 raft_consensus.cc:2955] T eb041ecaa3d244bd9a5be6a65b989c76 P beaa5e118ae34a8ea1c8b9cfc5ac3981 [term 1 LEADER]: Committing config change with OpId 1.4: config changed from index 3 to 4, VOTER 0933ee9727834e18a57c19a37b24aaf3 (127.21.28.1) evicted. New config: { opid_index: 4 OBSOLETE_local: false peers { permanent_uuid: "0533a4aeb8f3419ca545a64e20396577" member_type: VOTER last_known_addr { host: "127.21.28.2" port: 39941 } } peers { permanent_uuid: "beaa5e118ae34a8ea1c8b9cfc5ac3981" member_type: VOTER last_known_addr { host: "127.21.28.3" port: 35369 } } peers { permanent_uuid: "2dcd2a543d43431faaa9da04969e2b48" member_type: VOTER last_known_addr { host: "127.21.28.4" port: 37767 } attrs { promote: false } } }
I20260713 09:10:24.141963 22613 catalog_manager.cc:5210] ChangeConfig:REMOVE_PEER RPC for tablet eb041ecaa3d244bd9a5be6a65b989c76 with cas_config_opid_index 3: ChangeConfig:REMOVE_PEER succeeded (attempt 1)
I20260713 09:10:24.143784 23172 raft_consensus.cc:2955] T eb041ecaa3d244bd9a5be6a65b989c76 P 2dcd2a543d43431faaa9da04969e2b48 [term 1 FOLLOWER]: Committing config change with OpId 1.4: config changed from index 3 to 4, VOTER 0933ee9727834e18a57c19a37b24aaf3 (127.21.28.1) evicted. New config: { opid_index: 4 OBSOLETE_local: false peers { permanent_uuid: "0533a4aeb8f3419ca545a64e20396577" member_type: VOTER last_known_addr { host: "127.21.28.2" port: 39941 } } peers { permanent_uuid: "beaa5e118ae34a8ea1c8b9cfc5ac3981" member_type: VOTER last_known_addr { host: "127.21.28.3" port: 35369 } } peers { permanent_uuid: "2dcd2a543d43431faaa9da04969e2b48" member_type: VOTER last_known_addr { host: "127.21.28.4" port: 37767 } attrs { promote: false } } }
I20260713 09:10:24.146807 22800 raft_consensus.cc:2955] T eb041ecaa3d244bd9a5be6a65b989c76 P 0533a4aeb8f3419ca545a64e20396577 [term 1 FOLLOWER]: Committing config change with OpId 1.4: config changed from index 3 to 4, VOTER 0933ee9727834e18a57c19a37b24aaf3 (127.21.28.1) evicted. New config: { opid_index: 4 OBSOLETE_local: false peers { permanent_uuid: "0533a4aeb8f3419ca545a64e20396577" member_type: VOTER last_known_addr { host: "127.21.28.2" port: 39941 } } peers { permanent_uuid: "beaa5e118ae34a8ea1c8b9cfc5ac3981" member_type: VOTER last_known_addr { host: "127.21.28.3" port: 35369 } } peers { permanent_uuid: "2dcd2a543d43431faaa9da04969e2b48" member_type: VOTER last_known_addr { host: "127.21.28.4" port: 37767 } attrs { promote: false } } }
I20260713 09:10:24.191491 22624 catalog_manager.cc:5697] T eb041ecaa3d244bd9a5be6a65b989c76 P beaa5e118ae34a8ea1c8b9cfc5ac3981 reported cstate change: config changed from index 3 to 4, VOTER 0933ee9727834e18a57c19a37b24aaf3 (127.21.28.1) evicted. New cstate: current_term: 1 leader_uuid: "beaa5e118ae34a8ea1c8b9cfc5ac3981" committed_config { opid_index: 4 OBSOLETE_local: false peers { permanent_uuid: "0533a4aeb8f3419ca545a64e20396577" member_type: VOTER last_known_addr { host: "127.21.28.2" port: 39941 } health_report { overall_health: HEALTHY } } peers { permanent_uuid: "beaa5e118ae34a8ea1c8b9cfc5ac3981" member_type: VOTER last_known_addr { host: "127.21.28.3" port: 35369 } health_report { overall_health: HEALTHY } } peers { permanent_uuid: "2dcd2a543d43431faaa9da04969e2b48" member_type: VOTER last_known_addr { host: "127.21.28.4" port: 37767 } attrs { promote: false } health_report { overall_health: HEALTHY } } }
I20260713 09:10:24.201556 23443 raft_consensus.cc:1064] T bffffbad4a584b439cce68211379e5ad P 0933ee9727834e18a57c19a37b24aaf3: attempting to promote NON_VOTER 2dcd2a543d43431faaa9da04969e2b48 to VOTER
I20260713 09:10:24.207685 23443 consensus_queue.cc:237] T bffffbad4a584b439cce68211379e5ad P 0933ee9727834e18a57c19a37b24aaf3 [LEADER]: Queue going to LEADER mode. State: All replicated index: 0, Majority replicated index: 2, Committed index: 2, Last appended: 1.2, Last appended by leader: 0, Current term: 1, Majority size: 3, State: 0, Mode: LEADER, active raft config: opid_index: 3 OBSOLETE_local: false peers { permanent_uuid: "0933ee9727834e18a57c19a37b24aaf3" member_type: VOTER last_known_addr { host: "127.21.28.1" port: 42087 } } peers { permanent_uuid: "0533a4aeb8f3419ca545a64e20396577" member_type: VOTER last_known_addr { host: "127.21.28.2" port: 39941 } attrs { replace: true } } peers { permanent_uuid: "beaa5e118ae34a8ea1c8b9cfc5ac3981" member_type: VOTER last_known_addr { host: "127.21.28.3" port: 35369 } } peers { permanent_uuid: "2dcd2a543d43431faaa9da04969e2b48" member_type: VOTER last_known_addr { host: "127.21.28.4" port: 37767 } attrs { promote: false } }
I20260713 09:10:24.227838 23172 raft_consensus.cc:1275] T bffffbad4a584b439cce68211379e5ad P 2dcd2a543d43431faaa9da04969e2b48 [term 1 LEARNER]: Refusing update from remote peer 0933ee9727834e18a57c19a37b24aaf3: Log matching property violated. Preceding OpId in replica: term: 1 index: 2. Preceding OpId from leader: term: 1 index: 3. (index mismatch)
I20260713 09:10:24.229369 22712 tablet_service.cc:1558] Processing DeleteTablet for tablet eb041ecaa3d244bd9a5be6a65b989c76 with delete_type TABLET_DATA_TOMBSTONED (TS 0933ee9727834e18a57c19a37b24aaf3 not found in new config with opid_index 4) from {username='slave'} at 127.0.0.1:48330
I20260713 09:10:24.230827 23379 consensus_queue.cc:1048] T bffffbad4a584b439cce68211379e5ad P 0933ee9727834e18a57c19a37b24aaf3 [LEADER]: Connected to new peer: Peer: permanent_uuid: "2dcd2a543d43431faaa9da04969e2b48" member_type: VOTER last_known_addr { host: "127.21.28.4" port: 37767 } attrs { promote: false }, Status: LMP_MISMATCH, Last received: 0.0, Next index: 3, Last known committed idx: 2, Time since last communication: 0.001s
I20260713 09:10:24.231532 23459 tablet_replica.cc:333] T eb041ecaa3d244bd9a5be6a65b989c76 P 0933ee9727834e18a57c19a37b24aaf3: stopping tablet replica
I20260713 09:10:24.233035 23459 raft_consensus.cc:2243] T eb041ecaa3d244bd9a5be6a65b989c76 P 0933ee9727834e18a57c19a37b24aaf3 [term 1 FOLLOWER]: Raft consensus shutting down.
I20260713 09:10:24.234642 23459 raft_consensus.cc:2272] T eb041ecaa3d244bd9a5be6a65b989c76 P 0933ee9727834e18a57c19a37b24aaf3 [term 1 FOLLOWER]: Raft consensus is shut down!
I20260713 09:10:24.237589 22876 raft_consensus.cc:1275] T bffffbad4a584b439cce68211379e5ad P beaa5e118ae34a8ea1c8b9cfc5ac3981 [term 1 FOLLOWER]: Refusing update from remote peer 0933ee9727834e18a57c19a37b24aaf3: Log matching property violated. Preceding OpId in replica: term: 1 index: 2. Preceding OpId from leader: term: 1 index: 3. (index mismatch)
I20260713 09:10:24.238072 22800 raft_consensus.cc:1275] T bffffbad4a584b439cce68211379e5ad P 0533a4aeb8f3419ca545a64e20396577 [term 1 FOLLOWER]: Refusing update from remote peer 0933ee9727834e18a57c19a37b24aaf3: Log matching property violated. Preceding OpId in replica: term: 1 index: 2. Preceding OpId from leader: term: 1 index: 3. (index mismatch)
I20260713 09:10:24.241048 23379 consensus_queue.cc:1048] T bffffbad4a584b439cce68211379e5ad P 0933ee9727834e18a57c19a37b24aaf3 [LEADER]: Connected to new peer: Peer: permanent_uuid: "0533a4aeb8f3419ca545a64e20396577" member_type: VOTER last_known_addr { host: "127.21.28.2" port: 39941 } attrs { replace: true }, Status: LMP_MISMATCH, Last received: 0.0, Next index: 3, Last known committed idx: 2, Time since last communication: 0.001s
I20260713 09:10:24.242308 23443 consensus_queue.cc:1048] T bffffbad4a584b439cce68211379e5ad P 0933ee9727834e18a57c19a37b24aaf3 [LEADER]: Connected to new peer: Peer: permanent_uuid: "beaa5e118ae34a8ea1c8b9cfc5ac3981" member_type: VOTER last_known_addr { host: "127.21.28.3" port: 35369 }, Status: LMP_MISMATCH, Last received: 0.0, Next index: 3, Last known committed idx: 2, Time since last communication: 0.000s
I20260713 09:10:24.251288 23459 ts_tablet_manager.cc:1916] T eb041ecaa3d244bd9a5be6a65b989c76 P 0933ee9727834e18a57c19a37b24aaf3: Deleting tablet data with delete state TABLET_DATA_TOMBSTONED
I20260713 09:10:24.282493 23467 raft_consensus.cc:2955] T bffffbad4a584b439cce68211379e5ad P 0933ee9727834e18a57c19a37b24aaf3 [term 1 LEADER]: Committing config change with OpId 1.3: config changed from index 2 to 3, 2dcd2a543d43431faaa9da04969e2b48 (127.21.28.4) changed from NON_VOTER to VOTER. New config: { opid_index: 3 OBSOLETE_local: false peers { permanent_uuid: "0933ee9727834e18a57c19a37b24aaf3" member_type: VOTER last_known_addr { host: "127.21.28.1" port: 42087 } } peers { permanent_uuid: "0533a4aeb8f3419ca545a64e20396577" member_type: VOTER last_known_addr { host: "127.21.28.2" port: 39941 } attrs { replace: true } } peers { permanent_uuid: "beaa5e118ae34a8ea1c8b9cfc5ac3981" member_type: VOTER last_known_addr { host: "127.21.28.3" port: 35369 } } peers { permanent_uuid: "2dcd2a543d43431faaa9da04969e2b48" member_type: VOTER last_known_addr { host: "127.21.28.4" port: 37767 } attrs { promote: false } } }
I20260713 09:10:24.286795 23172 raft_consensus.cc:2955] T bffffbad4a584b439cce68211379e5ad P 2dcd2a543d43431faaa9da04969e2b48 [term 1 FOLLOWER]: Committing config change with OpId 1.3: config changed from index 2 to 3, 2dcd2a543d43431faaa9da04969e2b48 (127.21.28.4) changed from NON_VOTER to VOTER. New config: { opid_index: 3 OBSOLETE_local: false peers { permanent_uuid: "0933ee9727834e18a57c19a37b24aaf3" member_type: VOTER last_known_addr { host: "127.21.28.1" port: 42087 } } peers { permanent_uuid: "0533a4aeb8f3419ca545a64e20396577" member_type: VOTER last_known_addr { host: "127.21.28.2" port: 39941 } attrs { replace: true } } peers { permanent_uuid: "beaa5e118ae34a8ea1c8b9cfc5ac3981" member_type: VOTER last_known_addr { host: "127.21.28.3" port: 35369 } } peers { permanent_uuid: "2dcd2a543d43431faaa9da04969e2b48" member_type: VOTER last_known_addr { host: "127.21.28.4" port: 37767 } attrs { promote: false } } }
I20260713 09:10:24.301105 23459 ts_tablet_manager.cc:1929] T eb041ecaa3d244bd9a5be6a65b989c76 P 0933ee9727834e18a57c19a37b24aaf3: tablet deleted with delete type TABLET_DATA_TOMBSTONED: last-logged OpId 1.3
I20260713 09:10:24.295831 22800 raft_consensus.cc:2955] T bffffbad4a584b439cce68211379e5ad P 0533a4aeb8f3419ca545a64e20396577 [term 1 FOLLOWER]: Committing config change with OpId 1.3: config changed from index 2 to 3, 2dcd2a543d43431faaa9da04969e2b48 (127.21.28.4) changed from NON_VOTER to VOTER. New config: { opid_index: 3 OBSOLETE_local: false peers { permanent_uuid: "0933ee9727834e18a57c19a37b24aaf3" member_type: VOTER last_known_addr { host: "127.21.28.1" port: 42087 } } peers { permanent_uuid: "0533a4aeb8f3419ca545a64e20396577" member_type: VOTER last_known_addr { host: "127.21.28.2" port: 39941 } attrs { replace: true } } peers { permanent_uuid: "beaa5e118ae34a8ea1c8b9cfc5ac3981" member_type: VOTER last_known_addr { host: "127.21.28.3" port: 35369 } } peers { permanent_uuid: "2dcd2a543d43431faaa9da04969e2b48" member_type: VOTER last_known_addr { host: "127.21.28.4" port: 37767 } attrs { promote: false } } }
I20260713 09:10:24.301746 23459 log.cc:1199] T eb041ecaa3d244bd9a5be6a65b989c76 P 0933ee9727834e18a57c19a37b24aaf3: Deleting WAL directory at /tmp/dist-test-taskEVaDH7/test-tmp/auto_leader_rebalancer-test.0.LeaderRebalancerTest.AddTserver.1783933783810893-21616-0/minicluster-data/ts-0-root/wals/eb041ecaa3d244bd9a5be6a65b989c76
I20260713 09:10:24.303797 22611 catalog_manager.cc:5028] TS 0933ee9727834e18a57c19a37b24aaf3 (127.21.28.1:42087): tablet eb041ecaa3d244bd9a5be6a65b989c76 (table test-workload [id=c1f0147b56d04655bf3f6104aa050b7b]) successfully deleted
I20260713 09:10:24.313416 22624 catalog_manager.cc:5697] T bffffbad4a584b439cce68211379e5ad P 2dcd2a543d43431faaa9da04969e2b48 reported cstate change: config changed from index 2 to 3, 2dcd2a543d43431faaa9da04969e2b48 (127.21.28.4) changed from NON_VOTER to VOTER. New cstate: current_term: 1 leader_uuid: "0933ee9727834e18a57c19a37b24aaf3" committed_config { opid_index: 3 OBSOLETE_local: false peers { permanent_uuid: "0933ee9727834e18a57c19a37b24aaf3" member_type: VOTER last_known_addr { host: "127.21.28.1" port: 42087 } } peers { permanent_uuid: "0533a4aeb8f3419ca545a64e20396577" member_type: VOTER last_known_addr { host: "127.21.28.2" port: 39941 } attrs { replace: true } } peers { permanent_uuid: "beaa5e118ae34a8ea1c8b9cfc5ac3981" member_type: VOTER last_known_addr { host: "127.21.28.3" port: 35369 } } peers { permanent_uuid: "2dcd2a543d43431faaa9da04969e2b48" member_type: VOTER last_known_addr { host: "127.21.28.4" port: 37767 } attrs { promote: false } } }
I20260713 09:10:24.314729 22876 raft_consensus.cc:2955] T bffffbad4a584b439cce68211379e5ad P beaa5e118ae34a8ea1c8b9cfc5ac3981 [term 1 FOLLOWER]: Committing config change with OpId 1.3: config changed from index 2 to 3, 2dcd2a543d43431faaa9da04969e2b48 (127.21.28.4) changed from NON_VOTER to VOTER. New config: { opid_index: 3 OBSOLETE_local: false peers { permanent_uuid: "0933ee9727834e18a57c19a37b24aaf3" member_type: VOTER last_known_addr { host: "127.21.28.1" port: 42087 } } peers { permanent_uuid: "0533a4aeb8f3419ca545a64e20396577" member_type: VOTER last_known_addr { host: "127.21.28.2" port: 39941 } attrs { replace: true } } peers { permanent_uuid: "beaa5e118ae34a8ea1c8b9cfc5ac3981" member_type: VOTER last_known_addr { host: "127.21.28.3" port: 35369 } } peers { permanent_uuid: "2dcd2a543d43431faaa9da04969e2b48" member_type: VOTER last_known_addr { host: "127.21.28.4" port: 37767 } attrs { promote: false } } }
I20260713 09:10:24.335597 22724 consensus_queue.cc:237] T bffffbad4a584b439cce68211379e5ad P 0933ee9727834e18a57c19a37b24aaf3 [LEADER]: Queue going to LEADER mode. State: All replicated index: 0, Majority replicated index: 3, Committed index: 3, Last appended: 1.3, Last appended by leader: 0, Current term: 1, Majority size: 2, State: 0, Mode: LEADER, active raft config: opid_index: 4 OBSOLETE_local: false peers { permanent_uuid: "0933ee9727834e18a57c19a37b24aaf3" member_type: VOTER last_known_addr { host: "127.21.28.1" port: 42087 } } peers { permanent_uuid: "beaa5e118ae34a8ea1c8b9cfc5ac3981" member_type: VOTER last_known_addr { host: "127.21.28.3" port: 35369 } } peers { permanent_uuid: "2dcd2a543d43431faaa9da04969e2b48" member_type: VOTER last_known_addr { host: "127.21.28.4" port: 37767 } attrs { promote: false } }
I20260713 09:10:24.341563 22873 raft_consensus.cc:1275] T bffffbad4a584b439cce68211379e5ad P beaa5e118ae34a8ea1c8b9cfc5ac3981 [term 1 FOLLOWER]: Refusing update from remote peer 0933ee9727834e18a57c19a37b24aaf3: Log matching property violated. Preceding OpId in replica: term: 1 index: 3. Preceding OpId from leader: term: 1 index: 4. (index mismatch)
I20260713 09:10:24.341871 23172 raft_consensus.cc:1275] T bffffbad4a584b439cce68211379e5ad P 2dcd2a543d43431faaa9da04969e2b48 [term 1 FOLLOWER]: Refusing update from remote peer 0933ee9727834e18a57c19a37b24aaf3: Log matching property violated. Preceding OpId in replica: term: 1 index: 3. Preceding OpId from leader: term: 1 index: 4. (index mismatch)
I20260713 09:10:24.343474 23472 consensus_queue.cc:1048] T bffffbad4a584b439cce68211379e5ad P 0933ee9727834e18a57c19a37b24aaf3 [LEADER]: Connected to new peer: Peer: permanent_uuid: "2dcd2a543d43431faaa9da04969e2b48" member_type: VOTER last_known_addr { host: "127.21.28.4" port: 37767 } attrs { promote: false }, Status: LMP_MISMATCH, Last received: 0.0, Next index: 4, Last known committed idx: 3, Time since last communication: 0.001s
I20260713 09:10:24.344451 23379 consensus_queue.cc:1048] T bffffbad4a584b439cce68211379e5ad P 0933ee9727834e18a57c19a37b24aaf3 [LEADER]: Connected to new peer: Peer: permanent_uuid: "beaa5e118ae34a8ea1c8b9cfc5ac3981" member_type: VOTER last_known_addr { host: "127.21.28.3" port: 35369 }, Status: LMP_MISMATCH, Last received: 0.0, Next index: 4, Last known committed idx: 3, Time since last communication: 0.000s
I20260713 09:10:24.351886 23443 raft_consensus.cc:2955] T bffffbad4a584b439cce68211379e5ad P 0933ee9727834e18a57c19a37b24aaf3 [term 1 LEADER]: Committing config change with OpId 1.4: config changed from index 3 to 4, VOTER 0533a4aeb8f3419ca545a64e20396577 (127.21.28.2) evicted. New config: { opid_index: 4 OBSOLETE_local: false peers { permanent_uuid: "0933ee9727834e18a57c19a37b24aaf3" member_type: VOTER last_known_addr { host: "127.21.28.1" port: 42087 } } peers { permanent_uuid: "beaa5e118ae34a8ea1c8b9cfc5ac3981" member_type: VOTER last_known_addr { host: "127.21.28.3" port: 35369 } } peers { permanent_uuid: "2dcd2a543d43431faaa9da04969e2b48" member_type: VOTER last_known_addr { host: "127.21.28.4" port: 37767 } attrs { promote: false } } }
I20260713 09:10:24.354095 22873 raft_consensus.cc:2955] T bffffbad4a584b439cce68211379e5ad P beaa5e118ae34a8ea1c8b9cfc5ac3981 [term 1 FOLLOWER]: Committing config change with OpId 1.4: config changed from index 3 to 4, VOTER 0533a4aeb8f3419ca545a64e20396577 (127.21.28.2) evicted. New config: { opid_index: 4 OBSOLETE_local: false peers { permanent_uuid: "0933ee9727834e18a57c19a37b24aaf3" member_type: VOTER last_known_addr { host: "127.21.28.1" port: 42087 } } peers { permanent_uuid: "beaa5e118ae34a8ea1c8b9cfc5ac3981" member_type: VOTER last_known_addr { host: "127.21.28.3" port: 35369 } } peers { permanent_uuid: "2dcd2a543d43431faaa9da04969e2b48" member_type: VOTER last_known_addr { host: "127.21.28.4" port: 37767 } attrs { promote: false } } }
I20260713 09:10:24.360847 23172 raft_consensus.cc:2955] T bffffbad4a584b439cce68211379e5ad P 2dcd2a543d43431faaa9da04969e2b48 [term 1 FOLLOWER]: Committing config change with OpId 1.4: config changed from index 3 to 4, VOTER 0533a4aeb8f3419ca545a64e20396577 (127.21.28.2) evicted. New config: { opid_index: 4 OBSOLETE_local: false peers { permanent_uuid: "0933ee9727834e18a57c19a37b24aaf3" member_type: VOTER last_known_addr { host: "127.21.28.1" port: 42087 } } peers { permanent_uuid: "beaa5e118ae34a8ea1c8b9cfc5ac3981" member_type: VOTER last_known_addr { host: "127.21.28.3" port: 35369 } } peers { permanent_uuid: "2dcd2a543d43431faaa9da04969e2b48" member_type: VOTER last_known_addr { host: "127.21.28.4" port: 37767 } attrs { promote: false } } }
I20260713 09:10:24.369463 22626 catalog_manager.cc:5697] T bffffbad4a584b439cce68211379e5ad P beaa5e118ae34a8ea1c8b9cfc5ac3981 reported cstate change: config changed from index 3 to 4, VOTER 0533a4aeb8f3419ca545a64e20396577 (127.21.28.2) evicted. New cstate: current_term: 1 leader_uuid: "0933ee9727834e18a57c19a37b24aaf3" committed_config { opid_index: 4 OBSOLETE_local: false peers { permanent_uuid: "0933ee9727834e18a57c19a37b24aaf3" member_type: VOTER last_known_addr { host: "127.21.28.1" port: 42087 } } peers { permanent_uuid: "beaa5e118ae34a8ea1c8b9cfc5ac3981" member_type: VOTER last_known_addr { host: "127.21.28.3" port: 35369 } } peers { permanent_uuid: "2dcd2a543d43431faaa9da04969e2b48" member_type: VOTER last_known_addr { host: "127.21.28.4" port: 37767 } attrs { promote: false } } }
I20260713 09:10:24.372268 22611 catalog_manager.cc:5210] ChangeConfig:REMOVE_PEER RPC for tablet bffffbad4a584b439cce68211379e5ad with cas_config_opid_index 3: ChangeConfig:REMOVE_PEER succeeded (attempt 1)
I20260713 09:10:24.381541 22786 tablet_service.cc:1558] Processing DeleteTablet for tablet bffffbad4a584b439cce68211379e5ad with delete_type TABLET_DATA_TOMBSTONED (TS 0533a4aeb8f3419ca545a64e20396577 not found in new config with opid_index 4) from {username='slave'} at 127.0.0.1:44504
I20260713 09:10:24.383665 23473 tablet_replica.cc:333] T bffffbad4a584b439cce68211379e5ad P 0533a4aeb8f3419ca545a64e20396577: stopping tablet replica
I20260713 09:10:24.384655 23473 raft_consensus.cc:2243] T bffffbad4a584b439cce68211379e5ad P 0533a4aeb8f3419ca545a64e20396577 [term 1 FOLLOWER]: Raft consensus shutting down.
I20260713 09:10:24.385262 23473 raft_consensus.cc:2272] T bffffbad4a584b439cce68211379e5ad P 0533a4aeb8f3419ca545a64e20396577 [term 1 FOLLOWER]: Raft consensus is shut down!
I20260713 09:10:24.388530 23473 ts_tablet_manager.cc:1916] T bffffbad4a584b439cce68211379e5ad P 0533a4aeb8f3419ca545a64e20396577: Deleting tablet data with delete state TABLET_DATA_TOMBSTONED
I20260713 09:10:24.401165 23473 ts_tablet_manager.cc:1929] T bffffbad4a584b439cce68211379e5ad P 0533a4aeb8f3419ca545a64e20396577: tablet deleted with delete type TABLET_DATA_TOMBSTONED: last-logged OpId 1.3
I20260713 09:10:24.401626 23473 log.cc:1199] T bffffbad4a584b439cce68211379e5ad P 0533a4aeb8f3419ca545a64e20396577: Deleting WAL directory at /tmp/dist-test-taskEVaDH7/test-tmp/auto_leader_rebalancer-test.0.LeaderRebalancerTest.AddTserver.1783933783810893-21616-0/minicluster-data/ts-1-root/wals/bffffbad4a584b439cce68211379e5ad
I20260713 09:10:24.403247 22613 catalog_manager.cc:5028] TS 0533a4aeb8f3419ca545a64e20396577 (127.21.28.2:39941): tablet bffffbad4a584b439cce68211379e5ad (table test-workload [id=c1f0147b56d04655bf3f6104aa050b7b]) successfully deleted
I20260713 09:10:25.411849 22876 consensus_queue.cc:237] T ada459822c144a77bd9e2f0dac4125f6 P beaa5e118ae34a8ea1c8b9cfc5ac3981 [LEADER]: Queue going to LEADER mode. State: All replicated index: 0, Majority replicated index: 1, Committed index: 1, Last appended: 1.1, Last appended by leader: 0, Current term: 1, Majority size: 2, State: 0, Mode: LEADER, active raft config: opid_index: 2 OBSOLETE_local: false peers { permanent_uuid: "0933ee9727834e18a57c19a37b24aaf3" member_type: VOTER last_known_addr { host: "127.21.28.1" port: 42087 } } peers { permanent_uuid: "0533a4aeb8f3419ca545a64e20396577" member_type: VOTER last_known_addr { host: "127.21.28.2" port: 39941 } attrs { replace: true } } peers { permanent_uuid: "beaa5e118ae34a8ea1c8b9cfc5ac3981" member_type: VOTER last_known_addr { host: "127.21.28.3" port: 35369 } } peers { permanent_uuid: "2dcd2a543d43431faaa9da04969e2b48" member_type: NON_VOTER last_known_addr { host: "127.21.28.4" port: 37767 } attrs { promote: true } }
W20260713 09:10:25.418124 22843 consensus_peers.cc:597] T ada459822c144a77bd9e2f0dac4125f6 P beaa5e118ae34a8ea1c8b9cfc5ac3981 -> Peer 2dcd2a543d43431faaa9da04969e2b48 (127.21.28.4:37767): Couldn't send request to peer 2dcd2a543d43431faaa9da04969e2b48. Error code: TABLET_NOT_FOUND (6). Status: Not found: Tablet not found: ada459822c144a77bd9e2f0dac4125f6. This is attempt 1: this message will repeat every 5th retry.
I20260713 09:10:25.418318 22800 raft_consensus.cc:1275] T ada459822c144a77bd9e2f0dac4125f6 P 0533a4aeb8f3419ca545a64e20396577 [term 1 FOLLOWER]: Refusing update from remote peer beaa5e118ae34a8ea1c8b9cfc5ac3981: Log matching property violated. Preceding OpId in replica: term: 1 index: 1. Preceding OpId from leader: term: 1 index: 2. (index mismatch)
I20260713 09:10:25.419751 22724 raft_consensus.cc:1275] T ada459822c144a77bd9e2f0dac4125f6 P 0933ee9727834e18a57c19a37b24aaf3 [term 1 FOLLOWER]: Refusing update from remote peer beaa5e118ae34a8ea1c8b9cfc5ac3981: Log matching property violated. Preceding OpId in replica: term: 1 index: 1. Preceding OpId from leader: term: 1 index: 2. (index mismatch)
I20260713 09:10:25.419700 23462 consensus_queue.cc:1048] T ada459822c144a77bd9e2f0dac4125f6 P beaa5e118ae34a8ea1c8b9cfc5ac3981 [LEADER]: Connected to new peer: Peer: permanent_uuid: "0533a4aeb8f3419ca545a64e20396577" member_type: VOTER last_known_addr { host: "127.21.28.2" port: 39941 } attrs { replace: true }, Status: LMP_MISMATCH, Last received: 0.0, Next index: 2, Last known committed idx: 1, Time since last communication: 0.000s
I20260713 09:10:25.421020 23478 consensus_queue.cc:1048] T ada459822c144a77bd9e2f0dac4125f6 P beaa5e118ae34a8ea1c8b9cfc5ac3981 [LEADER]: Connected to new peer: Peer: permanent_uuid: "0933ee9727834e18a57c19a37b24aaf3" member_type: VOTER last_known_addr { host: "127.21.28.1" port: 42087 }, Status: LMP_MISMATCH, Last received: 0.0, Next index: 2, Last known committed idx: 1, Time since last communication: 0.000s
I20260713 09:10:25.427713 23462 raft_consensus.cc:2955] T ada459822c144a77bd9e2f0dac4125f6 P beaa5e118ae34a8ea1c8b9cfc5ac3981 [term 1 LEADER]: Committing config change with OpId 1.2: config changed from index -1 to 2, NON_VOTER 2dcd2a543d43431faaa9da04969e2b48 (127.21.28.4) added. New config: { opid_index: 2 OBSOLETE_local: false peers { permanent_uuid: "0933ee9727834e18a57c19a37b24aaf3" member_type: VOTER last_known_addr { host: "127.21.28.1" port: 42087 } } peers { permanent_uuid: "0533a4aeb8f3419ca545a64e20396577" member_type: VOTER last_known_addr { host: "127.21.28.2" port: 39941 } attrs { replace: true } } peers { permanent_uuid: "beaa5e118ae34a8ea1c8b9cfc5ac3981" member_type: VOTER last_known_addr { host: "127.21.28.3" port: 35369 } } peers { permanent_uuid: "2dcd2a543d43431faaa9da04969e2b48" member_type: NON_VOTER last_known_addr { host: "127.21.28.4" port: 37767 } attrs { promote: true } } }
I20260713 09:10:25.428972 22800 raft_consensus.cc:2955] T ada459822c144a77bd9e2f0dac4125f6 P 0533a4aeb8f3419ca545a64e20396577 [term 1 FOLLOWER]: Committing config change with OpId 1.2: config changed from index -1 to 2, NON_VOTER 2dcd2a543d43431faaa9da04969e2b48 (127.21.28.4) added. New config: { opid_index: 2 OBSOLETE_local: false peers { permanent_uuid: "0933ee9727834e18a57c19a37b24aaf3" member_type: VOTER last_known_addr { host: "127.21.28.1" port: 42087 } } peers { permanent_uuid: "0533a4aeb8f3419ca545a64e20396577" member_type: VOTER last_known_addr { host: "127.21.28.2" port: 39941 } attrs { replace: true } } peers { permanent_uuid: "beaa5e118ae34a8ea1c8b9cfc5ac3981" member_type: VOTER last_known_addr { host: "127.21.28.3" port: 35369 } } peers { permanent_uuid: "2dcd2a543d43431faaa9da04969e2b48" member_type: NON_VOTER last_known_addr { host: "127.21.28.4" port: 37767 } attrs { promote: true } } }
I20260713 09:10:25.439668 22724 raft_consensus.cc:2955] T ada459822c144a77bd9e2f0dac4125f6 P 0933ee9727834e18a57c19a37b24aaf3 [term 1 FOLLOWER]: Committing config change with OpId 1.2: config changed from index -1 to 2, NON_VOTER 2dcd2a543d43431faaa9da04969e2b48 (127.21.28.4) added. New config: { opid_index: 2 OBSOLETE_local: false peers { permanent_uuid: "0933ee9727834e18a57c19a37b24aaf3" member_type: VOTER last_known_addr { host: "127.21.28.1" port: 42087 } } peers { permanent_uuid: "0533a4aeb8f3419ca545a64e20396577" member_type: VOTER last_known_addr { host: "127.21.28.2" port: 39941 } attrs { replace: true } } peers { permanent_uuid: "beaa5e118ae34a8ea1c8b9cfc5ac3981" member_type: VOTER last_known_addr { host: "127.21.28.3" port: 35369 } } peers { permanent_uuid: "2dcd2a543d43431faaa9da04969e2b48" member_type: NON_VOTER last_known_addr { host: "127.21.28.4" port: 37767 } attrs { promote: true } } }
I20260713 09:10:25.443882 22623 catalog_manager.cc:5697] T ada459822c144a77bd9e2f0dac4125f6 P beaa5e118ae34a8ea1c8b9cfc5ac3981 reported cstate change: config changed from index -1 to 2, NON_VOTER 2dcd2a543d43431faaa9da04969e2b48 (127.21.28.4) added. New cstate: current_term: 1 leader_uuid: "beaa5e118ae34a8ea1c8b9cfc5ac3981" committed_config { opid_index: 2 OBSOLETE_local: false peers { permanent_uuid: "0933ee9727834e18a57c19a37b24aaf3" member_type: VOTER last_known_addr { host: "127.21.28.1" port: 42087 } health_report { overall_health: HEALTHY } } peers { permanent_uuid: "0533a4aeb8f3419ca545a64e20396577" member_type: VOTER last_known_addr { host: "127.21.28.2" port: 39941 } attrs { replace: true } health_report { overall_health: HEALTHY } } peers { permanent_uuid: "beaa5e118ae34a8ea1c8b9cfc5ac3981" member_type: VOTER last_known_addr { host: "127.21.28.3" port: 35369 } health_report { overall_health: HEALTHY } } peers { permanent_uuid: "2dcd2a543d43431faaa9da04969e2b48" member_type: NON_VOTER last_known_addr { host: "127.21.28.4" port: 37767 } attrs { promote: true } health_report { overall_health: UNKNOWN } } }
I20260713 09:10:25.450428 22725 consensus_queue.cc:237] T fbf936d83ae746499838b705199754cc P 0933ee9727834e18a57c19a37b24aaf3 [LEADER]: Queue going to LEADER mode. State: All replicated index: 0, Majority replicated index: 1, Committed index: 1, Last appended: 1.1, Last appended by leader: 0, Current term: 1, Majority size: 2, State: 0, Mode: LEADER, active raft config: opid_index: 2 OBSOLETE_local: false peers { permanent_uuid: "0933ee9727834e18a57c19a37b24aaf3" member_type: VOTER last_known_addr { host: "127.21.28.1" port: 42087 } } peers { permanent_uuid: "0533a4aeb8f3419ca545a64e20396577" member_type: VOTER last_known_addr { host: "127.21.28.2" port: 39941 } } peers { permanent_uuid: "beaa5e118ae34a8ea1c8b9cfc5ac3981" member_type: VOTER last_known_addr { host: "127.21.28.3" port: 35369 } attrs { replace: true } } peers { permanent_uuid: "2dcd2a543d43431faaa9da04969e2b48" member_type: NON_VOTER last_known_addr { host: "127.21.28.4" port: 37767 } attrs { promote: true } }
W20260713 09:10:25.461632 22694 consensus_peers.cc:597] T fbf936d83ae746499838b705199754cc P 0933ee9727834e18a57c19a37b24aaf3 -> Peer 2dcd2a543d43431faaa9da04969e2b48 (127.21.28.4:37767): Couldn't send request to peer 2dcd2a543d43431faaa9da04969e2b48. Error code: TABLET_NOT_FOUND (6). Status: Not found: Tablet not found: fbf936d83ae746499838b705199754cc. This is attempt 1: this message will repeat every 5th retry.
