I20260713 09:09:51.136199 27211 hybrid_clock.cc:584] initializing the hybrid clock with 'system_unsync' time source
I20260713 09:09:51.136478 27940 heartbeater.cc:461] Registering TS with master...
W20260713 09:09:51.136508 27211 system_unsync_time.cc:38] NTP support is disabled. Clock error bounds will not be accurate. This configuration is not suitable for distributed clusters.
I20260713 09:09:51.136811 27211 hybrid_clock.cc:648] HybridClock initialized: now 1783933791136791 us; error 0 us; skew 500 ppm
I20260713 09:09:51.137298 27940 heartbeater.cc:507] Master 127.26.146.254:44895 requested a full tablet report, sending...
I20260713 09:09:51.137442 27211 server_base.cc:861] Flag tcmalloc_max_total_thread_cache_bytes is not working since tcmalloc is not enabled.
I20260713 09:09:51.139312 27738 ts_manager.cc:194] Registered new tserver with Master: 4d9ccf452f5e4991ba14e8257cfb02e6 (127.26.146.194:46443)
I20260713 09:09:51.140123 27211 webserver.cc:533] Webserver started at http://127.26.146.195:38157/ using document root <none> and password file <none>
I20260713 09:09:51.140625 27211 fs_manager.cc:362] Metadata directory not provided
I20260713 09:09:51.140609 27738 master_service.cc:502] Signed X509 certificate for tserver {username='slave'} at 127.0.0.1:54506
I20260713 09:09:51.141012 27211 fs_manager.cc:368] Using write-ahead log directory (fs_wal_dir) as metadata directory
I20260713 09:09:51.141301 27211 server_base.cc:909] This appears to be a new deployment of Kudu; creating new FS layout
I20260713 09:09:51.142583 27211 fs_manager.cc:1068] Generated new instance metadata in path /tmp/dist-test-taskKtuJgo/test-tmp/auto_leader_rebalancer-test.0.LeaderRebalancerTest.FunctionalTestForNotDivided.1783933777850322-27211-0/minicluster-data/ts-2-root/instance:
uuid: "5ce49549d24d460db8daa404d5517556"
format_stamp: "Formatted at 2026-07-13 09:09:51 on dist-test-slave-vp30"
I20260713 09:09:51.146824 27211 fs_manager.cc:696] Time spent creating directory manager: real 0.004s	user 0.005s	sys 0.000s
I20260713 09:09:51.149941 27951 log_block_manager.cc:4127] Time spent loading block containers with low live blocks: real 0.000s	user 0.000s	sys 0.000s
I20260713 09:09:51.150763 27211 fs_manager.cc:730] Time spent opening block manager: real 0.002s	user 0.002s	sys 0.001s
I20260713 09:09:51.150998 27211 fs_manager.cc:647] Opened local filesystem: /tmp/dist-test-taskKtuJgo/test-tmp/auto_leader_rebalancer-test.0.LeaderRebalancerTest.FunctionalTestForNotDivided.1783933777850322-27211-0/minicluster-data/ts-2-root
uuid: "5ce49549d24d460db8daa404d5517556"
format_stamp: "Formatted at 2026-07-13 09:09:51 on dist-test-slave-vp30"
I20260713 09:09:51.151278 27211 fs_report.cc:389] FS layout report
--------------------
wal directory: /tmp/dist-test-taskKtuJgo/test-tmp/auto_leader_rebalancer-test.0.LeaderRebalancerTest.FunctionalTestForNotDivided.1783933777850322-27211-0/minicluster-data/ts-2-root
metadata directory: /tmp/dist-test-taskKtuJgo/test-tmp/auto_leader_rebalancer-test.0.LeaderRebalancerTest.FunctionalTestForNotDivided.1783933777850322-27211-0/minicluster-data/ts-2-root
1 data directories: /tmp/dist-test-taskKtuJgo/test-tmp/auto_leader_rebalancer-test.0.LeaderRebalancerTest.FunctionalTestForNotDivided.1783933777850322-27211-0/minicluster-data/ts-2-root/data
Total live blocks: 0
Total live bytes: 0
Total live bytes (after alignment): 0
Total number of LBM containers: 0 (0 full)
Did not check for missing blocks
Did not check for orphaned blocks
Total full LBM containers with extra space: 0 (0 repaired)
Total full LBM container extra space in bytes: 0 (0 repaired)
Total incomplete LBM containers: 0 (0 repaired)
Total LBM partial records: 0 (0 repaired)
Total corrupted LBM metadata records in RocksDB: 0 (0 repaired)
I20260713 09:09:51.170233 27211 rpc_server.cc:225] running with OpenSSL 1.1.1  11 Sep 2018
I20260713 09:09:51.171444 27211 kserver.cc:163] Server-wide thread pool size limit: 3276
I20260713 09:09:51.172969 27211 txn_system_client.cc:432] TxnSystemClient initialization is disabled...
I20260713 09:09:51.175755 27211 ts_tablet_manager.cc:585] Loaded tablet metadata (0 total tablets, 0 live tablets)
I20260713 09:09:51.175973 27211 ts_tablet_manager.cc:531] Time spent load tablet metadata: real 0.000s	user 0.000s	sys 0.000s
I20260713 09:09:51.176225 27211 ts_tablet_manager.cc:616] Registered 0 tablets
I20260713 09:09:51.176396 27211 ts_tablet_manager.cc:595] Time spent register tablets: real 0.000s	user 0.000s	sys 0.000s
I20260713 09:09:51.215929 27211 rpc_server.cc:307] RPC server started. Bound to: 127.26.146.195:41867
I20260713 09:09:51.216044 28013 acceptor_pool.cc:272] collecting diagnostics on the listening RPC socket 127.26.146.195:41867 every 8 connection(s)
I20260713 09:09:51.229449 28014 heartbeater.cc:344] Connected to a master server at 127.26.146.254:44895
I20260713 09:09:51.229769 28014 heartbeater.cc:461] Registering TS with master...
I20260713 09:09:51.230526 28014 heartbeater.cc:507] Master 127.26.146.254:44895 requested a full tablet report, sending...
I20260713 09:09:51.232374 27738 ts_manager.cc:194] Registered new tserver with Master: 5ce49549d24d460db8daa404d5517556 (127.26.146.195:41867)
I20260713 09:09:51.233516 27211 internal_mini_cluster.cc:371] 3 TS(s) registered with all masters after 0.014505751s
I20260713 09:09:51.233794 27738 master_service.cc:502] Signed X509 certificate for tserver {username='slave'} at 127.0.0.1:54510
I20260713 09:09:51.257531 27738 catalog_manager.cc:2283] Servicing CreateTable request from {username='slave'} at 127.0.0.1:54524:
name: "test-workload"
schema {
  columns {
    name: "key"
    type: INT32
    is_key: true
    is_nullable: false
    encoding: AUTO_ENCODING
    compression: DEFAULT_COMPRESSION
    cfile_block_size: 0
    immutable: false
  }
  columns {
    name: "int_val"
    type: INT32
    is_key: false
    is_nullable: false
    encoding: AUTO_ENCODING
    compression: DEFAULT_COMPRESSION
    cfile_block_size: 0
    immutable: false
  }
  columns {
    name: "string_val"
    type: STRING
    is_key: false
    is_nullable: true
    encoding: AUTO_ENCODING
    compression: DEFAULT_COMPRESSION
    cfile_block_size: 0
    immutable: false
  }
}
num_replicas: 3
split_rows_range_bounds {
  rows: "\004\001\000\314\314\314\014\004\001\000\230\231\231\031\004\001\000dff&\004\001\0000333\004\001\000\374\377\377?\004\001\000\310\314\314L\004\001\000\224\231\231Y\004\001\000`fff\004\001\000,33s""\004\001\000\314\314\314\014\004\001\000\230\231\231\031\004\001\000dff&\004\001\0000333\004\001\000\374\377\377?\004\001\000\310\314\314L\004\001\000\224\231\231Y\004\001\000`fff\004\001\000,33s"
  indirect_data: """"
}
partition_schema {
  range_schema {
    columns {
      name: "key"
    }
  }
}
W20260713 09:09:51.260262 27738 catalog_manager.cc:7077] The number of live tablet servers is not enough to re-replicate a tablet replica of the newly created table test-workload in case of a server failure: 4 tablet servers would be needed, 3 are available. Consider bringing up more tablet servers.
I20260713 09:09:51.333911 27979 tablet_service.cc:1511] Processing CreateTablet for tablet 48e1e3372ee64a9ea6a48d00d7030867 (DEFAULT_TABLE table=test-workload [id=5ee02c85e8064f67badfec3928a039f5]), partition=RANGE (key) PARTITION VALUES < 214748364
I20260713 09:09:51.334802 27978 tablet_service.cc:1511] Processing CreateTablet for tablet 0ace596b499c408fb59cdb62caaf0147 (DEFAULT_TABLE table=test-workload [id=5ee02c85e8064f67badfec3928a039f5]), partition=RANGE (key) PARTITION 214748364 <= VALUES < 429496728
I20260713 09:09:51.335606 27979 data_dirs.cc:400] Could only allocate 1 dirs of requested 3 for tablet 48e1e3372ee64a9ea6a48d00d7030867. 1 dirs total, 0 dirs full, 0 dirs failed
I20260713 09:09:51.336352 27978 data_dirs.cc:400] Could only allocate 1 dirs of requested 3 for tablet 0ace596b499c408fb59cdb62caaf0147. 1 dirs total, 0 dirs full, 0 dirs failed
I20260713 09:09:51.338609 27977 tablet_service.cc:1511] Processing CreateTablet for tablet 7bd82675d6864443b12501cdb9862ea4 (DEFAULT_TABLE table=test-workload [id=5ee02c85e8064f67badfec3928a039f5]), partition=RANGE (key) PARTITION 429496728 <= VALUES < 644245092
I20260713 09:09:51.343005 27976 tablet_service.cc:1511] Processing CreateTablet for tablet 33f27044604547c7b55d6ef7b352899f (DEFAULT_TABLE table=test-workload [id=5ee02c85e8064f67badfec3928a039f5]), partition=RANGE (key) PARTITION 644245092 <= VALUES < 858993456
I20260713 09:09:51.345311 27975 tablet_service.cc:1511] Processing CreateTablet for tablet db4b000a0e694b6fb0b12909c728ad23 (DEFAULT_TABLE table=test-workload [id=5ee02c85e8064f67badfec3928a039f5]), partition=RANGE (key) PARTITION 858993456 <= VALUES < 1073741820
I20260713 09:09:51.348624 27974 tablet_service.cc:1511] Processing CreateTablet for tablet 9c65152dec014ebe8d5747af5cb9f325 (DEFAULT_TABLE table=test-workload [id=5ee02c85e8064f67badfec3928a039f5]), partition=RANGE (key) PARTITION 1073741820 <= VALUES < 1288490184
I20260713 09:09:51.349733 27977 data_dirs.cc:400] Could only allocate 1 dirs of requested 3 for tablet 7bd82675d6864443b12501cdb9862ea4. 1 dirs total, 0 dirs full, 0 dirs failed
I20260713 09:09:51.352967 27974 data_dirs.cc:400] Could only allocate 1 dirs of requested 3 for tablet 9c65152dec014ebe8d5747af5cb9f325. 1 dirs total, 0 dirs full, 0 dirs failed
I20260713 09:09:51.354791 27975 data_dirs.cc:400] Could only allocate 1 dirs of requested 3 for tablet db4b000a0e694b6fb0b12909c728ad23. 1 dirs total, 0 dirs full, 0 dirs failed
I20260713 09:09:51.355959 27973 tablet_service.cc:1511] Processing CreateTablet for tablet 483e174ef19e496ca4fed2e285c1181e (DEFAULT_TABLE table=test-workload [id=5ee02c85e8064f67badfec3928a039f5]), partition=RANGE (key) PARTITION 1288490184 <= VALUES < 1503238548
I20260713 09:09:51.357287 27973 data_dirs.cc:400] Could only allocate 1 dirs of requested 3 for tablet 483e174ef19e496ca4fed2e285c1181e. 1 dirs total, 0 dirs full, 0 dirs failed
I20260713 09:09:51.356810 27905 tablet_service.cc:1511] Processing CreateTablet for tablet 48e1e3372ee64a9ea6a48d00d7030867 (DEFAULT_TABLE table=test-workload [id=5ee02c85e8064f67badfec3928a039f5]), partition=RANGE (key) PARTITION VALUES < 214748364
I20260713 09:09:51.358742 27905 data_dirs.cc:400] Could only allocate 1 dirs of requested 3 for tablet 48e1e3372ee64a9ea6a48d00d7030867. 1 dirs total, 0 dirs full, 0 dirs failed
I20260713 09:09:51.360780 27976 data_dirs.cc:400] Could only allocate 1 dirs of requested 3 for tablet 33f27044604547c7b55d6ef7b352899f. 1 dirs total, 0 dirs full, 0 dirs failed
I20260713 09:09:51.360693 28029 tablet_bootstrap.cc:492] T 48e1e3372ee64a9ea6a48d00d7030867 P 5ce49549d24d460db8daa404d5517556: Bootstrap starting.
I20260713 09:09:51.367184 27904 tablet_service.cc:1511] Processing CreateTablet for tablet 0ace596b499c408fb59cdb62caaf0147 (DEFAULT_TABLE table=test-workload [id=5ee02c85e8064f67badfec3928a039f5]), partition=RANGE (key) PARTITION 214748364 <= VALUES < 429496728
I20260713 09:09:51.368566 27904 data_dirs.cc:400] Could only allocate 1 dirs of requested 3 for tablet 0ace596b499c408fb59cdb62caaf0147. 1 dirs total, 0 dirs full, 0 dirs failed
I20260713 09:09:51.375771 27830 tablet_service.cc:1511] Processing CreateTablet for tablet 48e1e3372ee64a9ea6a48d00d7030867 (DEFAULT_TABLE table=test-workload [id=5ee02c85e8064f67badfec3928a039f5]), partition=RANGE (key) PARTITION VALUES < 214748364
I20260713 09:09:51.379596 27829 tablet_service.cc:1511] Processing CreateTablet for tablet 0ace596b499c408fb59cdb62caaf0147 (DEFAULT_TABLE table=test-workload [id=5ee02c85e8064f67badfec3928a039f5]), partition=RANGE (key) PARTITION 214748364 <= VALUES < 429496728
I20260713 09:09:51.379776 27828 tablet_service.cc:1511] Processing CreateTablet for tablet 7bd82675d6864443b12501cdb9862ea4 (DEFAULT_TABLE table=test-workload [id=5ee02c85e8064f67badfec3928a039f5]), partition=RANGE (key) PARTITION 429496728 <= VALUES < 644245092
I20260713 09:09:51.381227 27824 tablet_service.cc:1511] Processing CreateTablet for tablet 483e174ef19e496ca4fed2e285c1181e (DEFAULT_TABLE table=test-workload [id=5ee02c85e8064f67badfec3928a039f5]), partition=RANGE (key) PARTITION 1288490184 <= VALUES < 1503238548
I20260713 09:09:51.381655 27827 tablet_service.cc:1511] Processing CreateTablet for tablet 33f27044604547c7b55d6ef7b352899f (DEFAULT_TABLE table=test-workload [id=5ee02c85e8064f67badfec3928a039f5]), partition=RANGE (key) PARTITION 644245092 <= VALUES < 858993456
I20260713 09:09:51.378115 27830 data_dirs.cc:400] Could only allocate 1 dirs of requested 3 for tablet 48e1e3372ee64a9ea6a48d00d7030867. 1 dirs total, 0 dirs full, 0 dirs failed
I20260713 09:09:51.382941 27827 data_dirs.cc:400] Could only allocate 1 dirs of requested 3 for tablet 33f27044604547c7b55d6ef7b352899f. 1 dirs total, 0 dirs full, 0 dirs failed
I20260713 09:09:51.383546 27824 data_dirs.cc:400] Could only allocate 1 dirs of requested 3 for tablet 483e174ef19e496ca4fed2e285c1181e. 1 dirs total, 0 dirs full, 0 dirs failed
I20260713 09:09:51.383319 27823 tablet_service.cc:1511] Processing CreateTablet for tablet fdac4c4111b2473abed5b7bf6a39e8a4 (DEFAULT_TABLE table=test-workload [id=5ee02c85e8064f67badfec3928a039f5]), partition=RANGE (key) PARTITION 1503238548 <= VALUES < 1717986912
I20260713 09:09:51.384572 27823 data_dirs.cc:400] Could only allocate 1 dirs of requested 3 for tablet fdac4c4111b2473abed5b7bf6a39e8a4. 1 dirs total, 0 dirs full, 0 dirs failed
I20260713 09:09:51.384964 27826 tablet_service.cc:1511] Processing CreateTablet for tablet db4b000a0e694b6fb0b12909c728ad23 (DEFAULT_TABLE table=test-workload [id=5ee02c85e8064f67badfec3928a039f5]), partition=RANGE (key) PARTITION 858993456 <= VALUES < 1073741820
I20260713 09:09:51.385726 27828 data_dirs.cc:400] Could only allocate 1 dirs of requested 3 for tablet 7bd82675d6864443b12501cdb9862ea4. 1 dirs total, 0 dirs full, 0 dirs failed
I20260713 09:09:51.386297 27826 data_dirs.cc:400] Could only allocate 1 dirs of requested 3 for tablet db4b000a0e694b6fb0b12909c728ad23. 1 dirs total, 0 dirs full, 0 dirs failed
I20260713 09:09:51.385727 27903 tablet_service.cc:1511] Processing CreateTablet for tablet 7bd82675d6864443b12501cdb9862ea4 (DEFAULT_TABLE table=test-workload [id=5ee02c85e8064f67badfec3928a039f5]), partition=RANGE (key) PARTITION 429496728 <= VALUES < 644245092
I20260713 09:09:51.388011 27903 data_dirs.cc:400] Could only allocate 1 dirs of requested 3 for tablet 7bd82675d6864443b12501cdb9862ea4. 1 dirs total, 0 dirs full, 0 dirs failed
I20260713 09:09:51.389139 27825 tablet_service.cc:1511] Processing CreateTablet for tablet 9c65152dec014ebe8d5747af5cb9f325 (DEFAULT_TABLE table=test-workload [id=5ee02c85e8064f67badfec3928a039f5]), partition=RANGE (key) PARTITION 1073741820 <= VALUES < 1288490184
I20260713 09:09:51.387981 27900 tablet_service.cc:1511] Processing CreateTablet for tablet 9c65152dec014ebe8d5747af5cb9f325 (DEFAULT_TABLE table=test-workload [id=5ee02c85e8064f67badfec3928a039f5]), partition=RANGE (key) PARTITION 1073741820 <= VALUES < 1288490184
I20260713 09:09:51.390415 27825 data_dirs.cc:400] Could only allocate 1 dirs of requested 3 for tablet 9c65152dec014ebe8d5747af5cb9f325. 1 dirs total, 0 dirs full, 0 dirs failed
I20260713 09:09:51.390697 27900 data_dirs.cc:400] Could only allocate 1 dirs of requested 3 for tablet 9c65152dec014ebe8d5747af5cb9f325. 1 dirs total, 0 dirs full, 0 dirs failed
I20260713 09:09:51.392163 27975 tablet_service.cc:1511] Processing CreateTablet for tablet fdac4c4111b2473abed5b7bf6a39e8a4 (DEFAULT_TABLE table=test-workload [id=5ee02c85e8064f67badfec3928a039f5]), partition=RANGE (key) PARTITION 1503238548 <= VALUES < 1717986912
I20260713 09:09:51.393435 27975 data_dirs.cc:400] Could only allocate 1 dirs of requested 3 for tablet fdac4c4111b2473abed5b7bf6a39e8a4. 1 dirs total, 0 dirs full, 0 dirs failed
I20260713 09:09:51.393765 27829 data_dirs.cc:400] Could only allocate 1 dirs of requested 3 for tablet 0ace596b499c408fb59cdb62caaf0147. 1 dirs total, 0 dirs full, 0 dirs failed
I20260713 09:09:51.395584 27901 tablet_service.cc:1511] Processing CreateTablet for tablet db4b000a0e694b6fb0b12909c728ad23 (DEFAULT_TABLE table=test-workload [id=5ee02c85e8064f67badfec3928a039f5]), partition=RANGE (key) PARTITION 858993456 <= VALUES < 1073741820
I20260713 09:09:51.396867 27901 data_dirs.cc:400] Could only allocate 1 dirs of requested 3 for tablet db4b000a0e694b6fb0b12909c728ad23. 1 dirs total, 0 dirs full, 0 dirs failed
I20260713 09:09:51.400579 27979 tablet_service.cc:1511] Processing CreateTablet for tablet 9007fece93234940b66c4a771a1f731f (DEFAULT_TABLE table=test-workload [id=5ee02c85e8064f67badfec3928a039f5]), partition=RANGE (key) PARTITION 1717986912 <= VALUES < 1932735276
I20260713 09:09:51.401506 27902 tablet_service.cc:1511] Processing CreateTablet for tablet 33f27044604547c7b55d6ef7b352899f (DEFAULT_TABLE table=test-workload [id=5ee02c85e8064f67badfec3928a039f5]), partition=RANGE (key) PARTITION 644245092 <= VALUES < 858993456
I20260713 09:09:51.402119 27979 data_dirs.cc:400] Could only allocate 1 dirs of requested 3 for tablet 9007fece93234940b66c4a771a1f731f. 1 dirs total, 0 dirs full, 0 dirs failed
I20260713 09:09:51.402822 27902 data_dirs.cc:400] Could only allocate 1 dirs of requested 3 for tablet 33f27044604547c7b55d6ef7b352899f. 1 dirs total, 0 dirs full, 0 dirs failed
I20260713 09:09:51.402859 27822 tablet_service.cc:1511] Processing CreateTablet for tablet 9007fece93234940b66c4a771a1f731f (DEFAULT_TABLE table=test-workload [id=5ee02c85e8064f67badfec3928a039f5]), partition=RANGE (key) PARTITION 1717986912 <= VALUES < 1932735276
I20260713 09:09:51.402765 27899 tablet_service.cc:1511] Processing CreateTablet for tablet 483e174ef19e496ca4fed2e285c1181e (DEFAULT_TABLE table=test-workload [id=5ee02c85e8064f67badfec3928a039f5]), partition=RANGE (key) PARTITION 1288490184 <= VALUES < 1503238548
I20260713 09:09:51.404237 27899 data_dirs.cc:400] Could only allocate 1 dirs of requested 3 for tablet 483e174ef19e496ca4fed2e285c1181e. 1 dirs total, 0 dirs full, 0 dirs failed
I20260713 09:09:51.404240 27822 data_dirs.cc:400] Could only allocate 1 dirs of requested 3 for tablet 9007fece93234940b66c4a771a1f731f. 1 dirs total, 0 dirs full, 0 dirs failed
I20260713 09:09:51.415169 27898 tablet_service.cc:1511] Processing CreateTablet for tablet fdac4c4111b2473abed5b7bf6a39e8a4 (DEFAULT_TABLE table=test-workload [id=5ee02c85e8064f67badfec3928a039f5]), partition=RANGE (key) PARTITION 1503238548 <= VALUES < 1717986912
I20260713 09:09:51.417443 27898 data_dirs.cc:400] Could only allocate 1 dirs of requested 3 for tablet fdac4c4111b2473abed5b7bf6a39e8a4. 1 dirs total, 0 dirs full, 0 dirs failed
I20260713 09:09:51.422714 28029 tablet_bootstrap.cc:654] T 48e1e3372ee64a9ea6a48d00d7030867 P 5ce49549d24d460db8daa404d5517556: Neither blocks nor log segments found. Creating new log.
I20260713 09:09:51.422832 27897 tablet_service.cc:1511] Processing CreateTablet for tablet 9007fece93234940b66c4a771a1f731f (DEFAULT_TABLE table=test-workload [id=5ee02c85e8064f67badfec3928a039f5]), partition=RANGE (key) PARTITION 1717986912 <= VALUES < 1932735276
I20260713 09:09:51.424250 27897 data_dirs.cc:400] Could only allocate 1 dirs of requested 3 for tablet 9007fece93234940b66c4a771a1f731f. 1 dirs total, 0 dirs full, 0 dirs failed
I20260713 09:09:51.482894 28031 tablet_bootstrap.cc:492] T 9007fece93234940b66c4a771a1f731f P 6073c79dad6c459aac870eff8e3dea72: Bootstrap starting.
I20260713 09:09:51.488198 27822 tablet_service.cc:1511] Processing CreateTablet for tablet 7b548c9ba81d4cedbf51a057ebfc69a4 (DEFAULT_TABLE table=test-workload [id=5ee02c85e8064f67badfec3928a039f5]), partition=RANGE (key) PARTITION 1932735276 <= VALUES
I20260713 09:09:51.489675 27822 data_dirs.cc:400] Could only allocate 1 dirs of requested 3 for tablet 7b548c9ba81d4cedbf51a057ebfc69a4. 1 dirs total, 0 dirs full, 0 dirs failed
I20260713 09:09:51.493003 28032 tablet_bootstrap.cc:492] T 0ace596b499c408fb59cdb62caaf0147 P 4d9ccf452f5e4991ba14e8257cfb02e6: Bootstrap starting.
I20260713 09:09:51.499624 28032 tablet_bootstrap.cc:654] T 0ace596b499c408fb59cdb62caaf0147 P 4d9ccf452f5e4991ba14e8257cfb02e6: Neither blocks nor log segments found. Creating new log.
I20260713 09:09:51.507278 27905 tablet_service.cc:1511] Processing CreateTablet for tablet 7b548c9ba81d4cedbf51a057ebfc69a4 (DEFAULT_TABLE table=test-workload [id=5ee02c85e8064f67badfec3928a039f5]), partition=RANGE (key) PARTITION 1932735276 <= VALUES
I20260713 09:09:51.509629 27975 tablet_service.cc:1511] Processing CreateTablet for tablet 7b548c9ba81d4cedbf51a057ebfc69a4 (DEFAULT_TABLE table=test-workload [id=5ee02c85e8064f67badfec3928a039f5]), partition=RANGE (key) PARTITION 1932735276 <= VALUES
I20260713 09:09:51.510895 27905 data_dirs.cc:400] Could only allocate 1 dirs of requested 3 for tablet 7b548c9ba81d4cedbf51a057ebfc69a4. 1 dirs total, 0 dirs full, 0 dirs failed
I20260713 09:09:51.521654 28031 tablet_bootstrap.cc:654] T 9007fece93234940b66c4a771a1f731f P 6073c79dad6c459aac870eff8e3dea72: Neither blocks nor log segments found. Creating new log.
I20260713 09:09:51.507723 28029 tablet_bootstrap.cc:492] T 48e1e3372ee64a9ea6a48d00d7030867 P 5ce49549d24d460db8daa404d5517556: No bootstrap required, opened a new log
I20260713 09:09:51.524092 28029 ts_tablet_manager.cc:1403] T 48e1e3372ee64a9ea6a48d00d7030867 P 5ce49549d24d460db8daa404d5517556: Time spent bootstrapping tablet: real 0.164s	user 0.016s	sys 0.020s
I20260713 09:09:51.526935 28029 raft_consensus.cc:359] T 48e1e3372ee64a9ea6a48d00d7030867 P 5ce49549d24d460db8daa404d5517556 [term 0 FOLLOWER]: Replica starting. Triggering 0 pending ops. Active config: opid_index: -1 OBSOLETE_local: false peers { permanent_uuid: "6073c79dad6c459aac870eff8e3dea72" member_type: VOTER last_known_addr { host: "127.26.146.193" port: 37319 } } peers { permanent_uuid: "5ce49549d24d460db8daa404d5517556" member_type: VOTER last_known_addr { host: "127.26.146.195" port: 41867 } } peers { permanent_uuid: "4d9ccf452f5e4991ba14e8257cfb02e6" member_type: VOTER last_known_addr { host: "127.26.146.194" port: 46443 } }
I20260713 09:09:51.510893 27975 data_dirs.cc:400] Could only allocate 1 dirs of requested 3 for tablet 7b548c9ba81d4cedbf51a057ebfc69a4. 1 dirs total, 0 dirs full, 0 dirs failed
I20260713 09:09:51.527652 28029 raft_consensus.cc:385] T 48e1e3372ee64a9ea6a48d00d7030867 P 5ce49549d24d460db8daa404d5517556 [term 0 FOLLOWER]: Consensus starting up: Expiring failure detector timer to make a prompt election more likely
I20260713 09:09:51.532131 28029 raft_consensus.cc:740] T 48e1e3372ee64a9ea6a48d00d7030867 P 5ce49549d24d460db8daa404d5517556 [term 0 FOLLOWER]: Becoming Follower/Learner. State: Replica: 5ce49549d24d460db8daa404d5517556, State: Initialized, Role: FOLLOWER
I20260713 09:09:51.537958 28029 consensus_queue.cc:260] T 48e1e3372ee64a9ea6a48d00d7030867 P 5ce49549d24d460db8daa404d5517556 [NON_LEADER]: Queue going to NON_LEADER mode. State: All replicated index: 0, Majority replicated index: 0, Committed index: 0, Last appended: 0.0, Last appended by leader: 0, Current term: 0, Majority size: -1, State: 0, Mode: NON_LEADER, active raft config: opid_index: -1 OBSOLETE_local: false peers { permanent_uuid: "6073c79dad6c459aac870eff8e3dea72" member_type: VOTER last_known_addr { host: "127.26.146.193" port: 37319 } } peers { permanent_uuid: "5ce49549d24d460db8daa404d5517556" member_type: VOTER last_known_addr { host: "127.26.146.195" port: 41867 } } peers { permanent_uuid: "4d9ccf452f5e4991ba14e8257cfb02e6" member_type: VOTER last_known_addr { host: "127.26.146.194" port: 46443 } }
I20260713 09:09:51.540786 28032 tablet_bootstrap.cc:492] T 0ace596b499c408fb59cdb62caaf0147 P 4d9ccf452f5e4991ba14e8257cfb02e6: No bootstrap required, opened a new log
I20260713 09:09:51.541208 28032 ts_tablet_manager.cc:1403] T 0ace596b499c408fb59cdb62caaf0147 P 4d9ccf452f5e4991ba14e8257cfb02e6: Time spent bootstrapping tablet: real 0.049s	user 0.015s	sys 0.005s
I20260713 09:09:51.543335 28032 raft_consensus.cc:359] T 0ace596b499c408fb59cdb62caaf0147 P 4d9ccf452f5e4991ba14e8257cfb02e6 [term 0 FOLLOWER]: Replica starting. Triggering 0 pending ops. Active config: opid_index: -1 OBSOLETE_local: false peers { permanent_uuid: "6073c79dad6c459aac870eff8e3dea72" member_type: VOTER last_known_addr { host: "127.26.146.193" port: 37319 } } peers { permanent_uuid: "4d9ccf452f5e4991ba14e8257cfb02e6" member_type: VOTER last_known_addr { host: "127.26.146.194" port: 46443 } } peers { permanent_uuid: "5ce49549d24d460db8daa404d5517556" member_type: VOTER last_known_addr { host: "127.26.146.195" port: 41867 } }
I20260713 09:09:51.543937 28032 raft_consensus.cc:385] T 0ace596b499c408fb59cdb62caaf0147 P 4d9ccf452f5e4991ba14e8257cfb02e6 [term 0 FOLLOWER]: Consensus starting up: Expiring failure detector timer to make a prompt election more likely
I20260713 09:09:51.544247 28032 raft_consensus.cc:740] T 0ace596b499c408fb59cdb62caaf0147 P 4d9ccf452f5e4991ba14e8257cfb02e6 [term 0 FOLLOWER]: Becoming Follower/Learner. State: Replica: 4d9ccf452f5e4991ba14e8257cfb02e6, State: Initialized, Role: FOLLOWER
I20260713 09:09:51.544930 28032 consensus_queue.cc:260] T 0ace596b499c408fb59cdb62caaf0147 P 4d9ccf452f5e4991ba14e8257cfb02e6 [NON_LEADER]: Queue going to NON_LEADER mode. State: All replicated index: 0, Majority replicated index: 0, Committed index: 0, Last appended: 0.0, Last appended by leader: 0, Current term: 0, Majority size: -1, State: 0, Mode: NON_LEADER, active raft config: opid_index: -1 OBSOLETE_local: false peers { permanent_uuid: "6073c79dad6c459aac870eff8e3dea72" member_type: VOTER last_known_addr { host: "127.26.146.193" port: 37319 } } peers { permanent_uuid: "4d9ccf452f5e4991ba14e8257cfb02e6" member_type: VOTER last_known_addr { host: "127.26.146.194" port: 46443 } } peers { permanent_uuid: "5ce49549d24d460db8daa404d5517556" member_type: VOTER last_known_addr { host: "127.26.146.195" port: 41867 } }
I20260713 09:09:51.551740 28014 heartbeater.cc:499] Master 127.26.146.254:44895 was elected leader, sending a full tablet report...
I20260713 09:09:51.552325 28029 ts_tablet_manager.cc:1434] T 48e1e3372ee64a9ea6a48d00d7030867 P 5ce49549d24d460db8daa404d5517556: Time spent starting tablet: real 0.028s	user 0.009s	sys 0.001s
I20260713 09:09:51.553236 28029 tablet_bootstrap.cc:492] T db4b000a0e694b6fb0b12909c728ad23 P 5ce49549d24d460db8daa404d5517556: Bootstrap starting.
I20260713 09:09:51.558481 28032 ts_tablet_manager.cc:1434] T 0ace596b499c408fb59cdb62caaf0147 P 4d9ccf452f5e4991ba14e8257cfb02e6: Time spent starting tablet: real 0.017s	user 0.004s	sys 0.011s
I20260713 09:09:51.559171 27940 heartbeater.cc:499] Master 127.26.146.254:44895 was elected leader, sending a full tablet report...
I20260713 09:09:51.559576 28029 tablet_bootstrap.cc:654] T db4b000a0e694b6fb0b12909c728ad23 P 5ce49549d24d460db8daa404d5517556: Neither blocks nor log segments found. Creating new log.
I20260713 09:09:51.566587 28031 tablet_bootstrap.cc:492] T 9007fece93234940b66c4a771a1f731f P 6073c79dad6c459aac870eff8e3dea72: No bootstrap required, opened a new log
I20260713 09:09:51.567086 28031 ts_tablet_manager.cc:1403] T 9007fece93234940b66c4a771a1f731f P 6073c79dad6c459aac870eff8e3dea72: Time spent bootstrapping tablet: real 0.084s	user 0.014s	sys 0.011s
I20260713 09:09:51.567417 28032 tablet_bootstrap.cc:492] T 48e1e3372ee64a9ea6a48d00d7030867 P 4d9ccf452f5e4991ba14e8257cfb02e6: Bootstrap starting.
I20260713 09:09:51.567776 28029 tablet_bootstrap.cc:492] T db4b000a0e694b6fb0b12909c728ad23 P 5ce49549d24d460db8daa404d5517556: No bootstrap required, opened a new log
I20260713 09:09:51.568257 28029 ts_tablet_manager.cc:1403] T db4b000a0e694b6fb0b12909c728ad23 P 5ce49549d24d460db8daa404d5517556: Time spent bootstrapping tablet: real 0.015s	user 0.013s	sys 0.000s
I20260713 09:09:51.570068 28031 raft_consensus.cc:359] T 9007fece93234940b66c4a771a1f731f P 6073c79dad6c459aac870eff8e3dea72 [term 0 FOLLOWER]: Replica starting. Triggering 0 pending ops. Active config: opid_index: -1 OBSOLETE_local: false peers { permanent_uuid: "6073c79dad6c459aac870eff8e3dea72" member_type: VOTER last_known_addr { host: "127.26.146.193" port: 37319 } } peers { permanent_uuid: "4d9ccf452f5e4991ba14e8257cfb02e6" member_type: VOTER last_known_addr { host: "127.26.146.194" port: 46443 } } peers { permanent_uuid: "5ce49549d24d460db8daa404d5517556" member_type: VOTER last_known_addr { host: "127.26.146.195" port: 41867 } }
I20260713 09:09:51.571329 28029 raft_consensus.cc:359] T db4b000a0e694b6fb0b12909c728ad23 P 5ce49549d24d460db8daa404d5517556 [term 0 FOLLOWER]: Replica starting. Triggering 0 pending ops. Active config: opid_index: -1 OBSOLETE_local: false peers { permanent_uuid: "6073c79dad6c459aac870eff8e3dea72" member_type: VOTER last_known_addr { host: "127.26.146.193" port: 37319 } } peers { permanent_uuid: "4d9ccf452f5e4991ba14e8257cfb02e6" member_type: VOTER last_known_addr { host: "127.26.146.194" port: 46443 } } peers { permanent_uuid: "5ce49549d24d460db8daa404d5517556" member_type: VOTER last_known_addr { host: "127.26.146.195" port: 41867 } }
I20260713 09:09:51.572140 28029 raft_consensus.cc:385] T db4b000a0e694b6fb0b12909c728ad23 P 5ce49549d24d460db8daa404d5517556 [term 0 FOLLOWER]: Consensus starting up: Expiring failure detector timer to make a prompt election more likely
I20260713 09:09:51.570907 28031 raft_consensus.cc:385] T 9007fece93234940b66c4a771a1f731f P 6073c79dad6c459aac870eff8e3dea72 [term 0 FOLLOWER]: Consensus starting up: Expiring failure detector timer to make a prompt election more likely
I20260713 09:09:51.572440 28029 raft_consensus.cc:740] T db4b000a0e694b6fb0b12909c728ad23 P 5ce49549d24d460db8daa404d5517556 [term 0 FOLLOWER]: Becoming Follower/Learner. State: Replica: 5ce49549d24d460db8daa404d5517556, State: Initialized, Role: FOLLOWER
I20260713 09:09:51.572952 28031 raft_consensus.cc:740] T 9007fece93234940b66c4a771a1f731f P 6073c79dad6c459aac870eff8e3dea72 [term 0 FOLLOWER]: Becoming Follower/Learner. State: Replica: 6073c79dad6c459aac870eff8e3dea72, State: Initialized, Role: FOLLOWER
I20260713 09:09:51.573526 28029 consensus_queue.cc:260] T db4b000a0e694b6fb0b12909c728ad23 P 5ce49549d24d460db8daa404d5517556 [NON_LEADER]: Queue going to NON_LEADER mode. State: All replicated index: 0, Majority replicated index: 0, Committed index: 0, Last appended: 0.0, Last appended by leader: 0, Current term: 0, Majority size: -1, State: 0, Mode: NON_LEADER, active raft config: opid_index: -1 OBSOLETE_local: false peers { permanent_uuid: "6073c79dad6c459aac870eff8e3dea72" member_type: VOTER last_known_addr { host: "127.26.146.193" port: 37319 } } peers { permanent_uuid: "4d9ccf452f5e4991ba14e8257cfb02e6" member_type: VOTER last_known_addr { host: "127.26.146.194" port: 46443 } } peers { permanent_uuid: "5ce49549d24d460db8daa404d5517556" member_type: VOTER last_known_addr { host: "127.26.146.195" port: 41867 } }
I20260713 09:09:51.573777 28031 consensus_queue.cc:260] T 9007fece93234940b66c4a771a1f731f P 6073c79dad6c459aac870eff8e3dea72 [NON_LEADER]: Queue going to NON_LEADER mode. State: All replicated index: 0, Majority replicated index: 0, Committed index: 0, Last appended: 0.0, Last appended by leader: 0, Current term: 0, Majority size: -1, State: 0, Mode: NON_LEADER, active raft config: opid_index: -1 OBSOLETE_local: false peers { permanent_uuid: "6073c79dad6c459aac870eff8e3dea72" member_type: VOTER last_known_addr { host: "127.26.146.193" port: 37319 } } peers { permanent_uuid: "4d9ccf452f5e4991ba14e8257cfb02e6" member_type: VOTER last_known_addr { host: "127.26.146.194" port: 46443 } } peers { permanent_uuid: "5ce49549d24d460db8daa404d5517556" member_type: VOTER last_known_addr { host: "127.26.146.195" port: 41867 } }
I20260713 09:09:51.574677 28032 tablet_bootstrap.cc:654] T 48e1e3372ee64a9ea6a48d00d7030867 P 4d9ccf452f5e4991ba14e8257cfb02e6: Neither blocks nor log segments found. Creating new log.
I20260713 09:09:51.575865 28029 ts_tablet_manager.cc:1434] T db4b000a0e694b6fb0b12909c728ad23 P 5ce49549d24d460db8daa404d5517556: Time spent starting tablet: real 0.007s	user 0.009s	sys 0.000s
I20260713 09:09:51.576843 28029 tablet_bootstrap.cc:492] T 9007fece93234940b66c4a771a1f731f P 5ce49549d24d460db8daa404d5517556: Bootstrap starting.
I20260713 09:09:51.583858 28029 tablet_bootstrap.cc:654] T 9007fece93234940b66c4a771a1f731f P 5ce49549d24d460db8daa404d5517556: Neither blocks nor log segments found. Creating new log.
I20260713 09:09:51.586359 27865 heartbeater.cc:499] Master 127.26.146.254:44895 was elected leader, sending a full tablet report...
I20260713 09:09:51.587400 28031 ts_tablet_manager.cc:1434] T 9007fece93234940b66c4a771a1f731f P 6073c79dad6c459aac870eff8e3dea72: Time spent starting tablet: real 0.020s	user 0.010s	sys 0.008s
I20260713 09:09:51.588717 28031 tablet_bootstrap.cc:492] T 483e174ef19e496ca4fed2e285c1181e P 6073c79dad6c459aac870eff8e3dea72: Bootstrap starting.
I20260713 09:09:51.597493 28035 raft_consensus.cc:493] T 0ace596b499c408fb59cdb62caaf0147 P 4d9ccf452f5e4991ba14e8257cfb02e6 [term 0 FOLLOWER]: Starting pre-election (no leader contacted us within the election timeout)
I20260713 09:09:51.598197 28035 raft_consensus.cc:515] T 0ace596b499c408fb59cdb62caaf0147 P 4d9ccf452f5e4991ba14e8257cfb02e6 [term 0 FOLLOWER]: Starting pre-election with config: opid_index: -1 OBSOLETE_local: false peers { permanent_uuid: "6073c79dad6c459aac870eff8e3dea72" member_type: VOTER last_known_addr { host: "127.26.146.193" port: 37319 } } peers { permanent_uuid: "4d9ccf452f5e4991ba14e8257cfb02e6" member_type: VOTER last_known_addr { host: "127.26.146.194" port: 46443 } } peers { permanent_uuid: "5ce49549d24d460db8daa404d5517556" member_type: VOTER last_known_addr { host: "127.26.146.195" port: 41867 } }
I20260713 09:09:51.603438 28035 leader_election.cc:290] T 0ace596b499c408fb59cdb62caaf0147 P 4d9ccf452f5e4991ba14e8257cfb02e6 [CANDIDATE]: Term 1 pre-election: Requested pre-vote from peers 6073c79dad6c459aac870eff8e3dea72 (127.26.146.193:37319), 5ce49549d24d460db8daa404d5517556 (127.26.146.195:41867)
I20260713 09:09:51.597493 28031 tablet_bootstrap.cc:654] T 483e174ef19e496ca4fed2e285c1181e P 6073c79dad6c459aac870eff8e3dea72: Neither blocks nor log segments found. Creating new log.
I20260713 09:09:51.614082 28032 tablet_bootstrap.cc:492] T 48e1e3372ee64a9ea6a48d00d7030867 P 4d9ccf452f5e4991ba14e8257cfb02e6: No bootstrap required, opened a new log
I20260713 09:09:51.613965 27840 tablet_service.cc:1917] Received RequestConsensusVote() RPC: tablet_id: "0ace596b499c408fb59cdb62caaf0147" candidate_uuid: "4d9ccf452f5e4991ba14e8257cfb02e6" candidate_term: 1 candidate_status { last_received { term: 0 index: 0 } } ignore_live_leader: false dest_uuid: "6073c79dad6c459aac870eff8e3dea72" is_pre_election: true
I20260713 09:09:51.614673 28032 ts_tablet_manager.cc:1403] T 48e1e3372ee64a9ea6a48d00d7030867 P 4d9ccf452f5e4991ba14e8257cfb02e6: Time spent bootstrapping tablet: real 0.047s	user 0.032s	sys 0.013s
W20260713 09:09:51.616174 27880 leader_election.cc:343] T 0ace596b499c408fb59cdb62caaf0147 P 4d9ccf452f5e4991ba14e8257cfb02e6 [CANDIDATE]: Term 1 pre-election: Tablet error from VoteRequest() call to peer 6073c79dad6c459aac870eff8e3dea72 (127.26.146.193:37319): Illegal state: must be running to vote when last-logged opid is not known
I20260713 09:09:51.619603 28032 raft_consensus.cc:359] T 48e1e3372ee64a9ea6a48d00d7030867 P 4d9ccf452f5e4991ba14e8257cfb02e6 [term 0 FOLLOWER]: Replica starting. Triggering 0 pending ops. Active config: opid_index: -1 OBSOLETE_local: false peers { permanent_uuid: "6073c79dad6c459aac870eff8e3dea72" member_type: VOTER last_known_addr { host: "127.26.146.193" port: 37319 } } peers { permanent_uuid: "5ce49549d24d460db8daa404d5517556" member_type: VOTER last_known_addr { host: "127.26.146.195" port: 41867 } } peers { permanent_uuid: "4d9ccf452f5e4991ba14e8257cfb02e6" member_type: VOTER last_known_addr { host: "127.26.146.194" port: 46443 } }
I20260713 09:09:51.620517 28029 tablet_bootstrap.cc:492] T 9007fece93234940b66c4a771a1f731f P 5ce49549d24d460db8daa404d5517556: No bootstrap required, opened a new log
I20260713 09:09:51.621064 28029 ts_tablet_manager.cc:1403] T 9007fece93234940b66c4a771a1f731f P 5ce49549d24d460db8daa404d5517556: Time spent bootstrapping tablet: real 0.044s	user 0.016s	sys 0.000s
I20260713 09:09:51.620361 28032 raft_consensus.cc:385] T 48e1e3372ee64a9ea6a48d00d7030867 P 4d9ccf452f5e4991ba14e8257cfb02e6 [term 0 FOLLOWER]: Consensus starting up: Expiring failure detector timer to make a prompt election more likely
I20260713 09:09:51.623783 28032 raft_consensus.cc:740] T 48e1e3372ee64a9ea6a48d00d7030867 P 4d9ccf452f5e4991ba14e8257cfb02e6 [term 0 FOLLOWER]: Becoming Follower/Learner. State: Replica: 4d9ccf452f5e4991ba14e8257cfb02e6, State: Initialized, Role: FOLLOWER
I20260713 09:09:51.624704 28032 consensus_queue.cc:260] T 48e1e3372ee64a9ea6a48d00d7030867 P 4d9ccf452f5e4991ba14e8257cfb02e6 [NON_LEADER]: Queue going to NON_LEADER mode. State: All replicated index: 0, Majority replicated index: 0, Committed index: 0, Last appended: 0.0, Last appended by leader: 0, Current term: 0, Majority size: -1, State: 0, Mode: NON_LEADER, active raft config: opid_index: -1 OBSOLETE_local: false peers { permanent_uuid: "6073c79dad6c459aac870eff8e3dea72" member_type: VOTER last_known_addr { host: "127.26.146.193" port: 37319 } } peers { permanent_uuid: "5ce49549d24d460db8daa404d5517556" member_type: VOTER last_known_addr { host: "127.26.146.195" port: 41867 } } peers { permanent_uuid: "4d9ccf452f5e4991ba14e8257cfb02e6" member_type: VOTER last_known_addr { host: "127.26.146.194" port: 46443 } }
I20260713 09:09:51.625600 28029 raft_consensus.cc:359] T 9007fece93234940b66c4a771a1f731f P 5ce49549d24d460db8daa404d5517556 [term 0 FOLLOWER]: Replica starting. Triggering 0 pending ops. Active config: opid_index: -1 OBSOLETE_local: false peers { permanent_uuid: "6073c79dad6c459aac870eff8e3dea72" member_type: VOTER last_known_addr { host: "127.26.146.193" port: 37319 } } peers { permanent_uuid: "4d9ccf452f5e4991ba14e8257cfb02e6" member_type: VOTER last_known_addr { host: "127.26.146.194" port: 46443 } } peers { permanent_uuid: "5ce49549d24d460db8daa404d5517556" member_type: VOTER last_known_addr { host: "127.26.146.195" port: 41867 } }
I20260713 09:09:51.626351 28029 raft_consensus.cc:385] T 9007fece93234940b66c4a771a1f731f P 5ce49549d24d460db8daa404d5517556 [term 0 FOLLOWER]: Consensus starting up: Expiring failure detector timer to make a prompt election more likely
I20260713 09:09:51.626662 28029 raft_consensus.cc:740] T 9007fece93234940b66c4a771a1f731f P 5ce49549d24d460db8daa404d5517556 [term 0 FOLLOWER]: Becoming Follower/Learner. State: Replica: 5ce49549d24d460db8daa404d5517556, State: Initialized, Role: FOLLOWER
I20260713 09:09:51.626925 28032 ts_tablet_manager.cc:1434] T 48e1e3372ee64a9ea6a48d00d7030867 P 4d9ccf452f5e4991ba14e8257cfb02e6: Time spent starting tablet: real 0.012s	user 0.007s	sys 0.000s
I20260713 09:09:51.627158 27989 tablet_service.cc:1917] Received RequestConsensusVote() RPC: tablet_id: "0ace596b499c408fb59cdb62caaf0147" candidate_uuid: "4d9ccf452f5e4991ba14e8257cfb02e6" candidate_term: 1 candidate_status { last_received { term: 0 index: 0 } } ignore_live_leader: false dest_uuid: "5ce49549d24d460db8daa404d5517556" is_pre_election: true
I20260713 09:09:51.627908 28032 tablet_bootstrap.cc:492] T 9c65152dec014ebe8d5747af5cb9f325 P 4d9ccf452f5e4991ba14e8257cfb02e6: Bootstrap starting.
I20260713 09:09:51.627565 28029 consensus_queue.cc:260] T 9007fece93234940b66c4a771a1f731f P 5ce49549d24d460db8daa404d5517556 [NON_LEADER]: Queue going to NON_LEADER mode. State: All replicated index: 0, Majority replicated index: 0, Committed index: 0, Last appended: 0.0, Last appended by leader: 0, Current term: 0, Majority size: -1, State: 0, Mode: NON_LEADER, active raft config: opid_index: -1 OBSOLETE_local: false peers { permanent_uuid: "6073c79dad6c459aac870eff8e3dea72" member_type: VOTER last_known_addr { host: "127.26.146.193" port: 37319 } } peers { permanent_uuid: "4d9ccf452f5e4991ba14e8257cfb02e6" member_type: VOTER last_known_addr { host: "127.26.146.194" port: 46443 } } peers { permanent_uuid: "5ce49549d24d460db8daa404d5517556" member_type: VOTER last_known_addr { host: "127.26.146.195" port: 41867 } }
W20260713 09:09:51.632488 27878 leader_election.cc:343] T 0ace596b499c408fb59cdb62caaf0147 P 4d9ccf452f5e4991ba14e8257cfb02e6 [CANDIDATE]: Term 1 pre-election: Tablet error from VoteRequest() call to peer 5ce49549d24d460db8daa404d5517556 (127.26.146.195:41867): Illegal state: must be running to vote when last-logged opid is not known
I20260713 09:09:51.632702 28029 ts_tablet_manager.cc:1434] T 9007fece93234940b66c4a771a1f731f P 5ce49549d24d460db8daa404d5517556: Time spent starting tablet: real 0.011s	user 0.005s	sys 0.001s
I20260713 09:09:51.632972 27878 leader_election.cc:304] T 0ace596b499c408fb59cdb62caaf0147 P 4d9ccf452f5e4991ba14e8257cfb02e6 [CANDIDATE]: Term 1 pre-election: Election decided. Result: candidate lost. Election summary: received 3 responses out of 3 voters: 1 yes votes; 2 no votes. yes voters: 4d9ccf452f5e4991ba14e8257cfb02e6; no voters: 5ce49549d24d460db8daa404d5517556, 6073c79dad6c459aac870eff8e3dea72
I20260713 09:09:51.633816 28029 tablet_bootstrap.cc:492] T 7bd82675d6864443b12501cdb9862ea4 P 5ce49549d24d460db8daa404d5517556: Bootstrap starting.
I20260713 09:09:51.634186 28035 raft_consensus.cc:2749] T 0ace596b499c408fb59cdb62caaf0147 P 4d9ccf452f5e4991ba14e8257cfb02e6 [term 0 FOLLOWER]: Leader pre-election lost for term 1. Reason: could not achieve majority
I20260713 09:09:51.638232 28032 tablet_bootstrap.cc:654] T 9c65152dec014ebe8d5747af5cb9f325 P 4d9ccf452f5e4991ba14e8257cfb02e6: Neither blocks nor log segments found. Creating new log.
I20260713 09:09:51.640151 28031 tablet_bootstrap.cc:492] T 483e174ef19e496ca4fed2e285c1181e P 6073c79dad6c459aac870eff8e3dea72: No bootstrap required, opened a new log
I20260713 09:09:51.640901 28031 ts_tablet_manager.cc:1403] T 483e174ef19e496ca4fed2e285c1181e P 6073c79dad6c459aac870eff8e3dea72: Time spent bootstrapping tablet: real 0.052s	user 0.013s	sys 0.013s
I20260713 09:09:51.641010 28029 tablet_bootstrap.cc:654] T 7bd82675d6864443b12501cdb9862ea4 P 5ce49549d24d460db8daa404d5517556: Neither blocks nor log segments found. Creating new log.
I20260713 09:09:51.644634 28031 raft_consensus.cc:359] T 483e174ef19e496ca4fed2e285c1181e P 6073c79dad6c459aac870eff8e3dea72 [term 0 FOLLOWER]: Replica starting. Triggering 0 pending ops. Active config: opid_index: -1 OBSOLETE_local: false peers { permanent_uuid: "6073c79dad6c459aac870eff8e3dea72" member_type: VOTER last_known_addr { host: "127.26.146.193" port: 37319 } } peers { permanent_uuid: "4d9ccf452f5e4991ba14e8257cfb02e6" member_type: VOTER last_known_addr { host: "127.26.146.194" port: 46443 } } peers { permanent_uuid: "5ce49549d24d460db8daa404d5517556" member_type: VOTER last_known_addr { host: "127.26.146.195" port: 41867 } }
I20260713 09:09:51.648398 28031 raft_consensus.cc:385] T 483e174ef19e496ca4fed2e285c1181e P 6073c79dad6c459aac870eff8e3dea72 [term 0 FOLLOWER]: Consensus starting up: Expiring failure detector timer to make a prompt election more likely
I20260713 09:09:51.648851 28031 raft_consensus.cc:740] T 483e174ef19e496ca4fed2e285c1181e P 6073c79dad6c459aac870eff8e3dea72 [term 0 FOLLOWER]: Becoming Follower/Learner. State: Replica: 6073c79dad6c459aac870eff8e3dea72, State: Initialized, Role: FOLLOWER
I20260713 09:09:51.649471 28029 tablet_bootstrap.cc:492] T 7bd82675d6864443b12501cdb9862ea4 P 5ce49549d24d460db8daa404d5517556: No bootstrap required, opened a new log
I20260713 09:09:51.649983 28029 ts_tablet_manager.cc:1403] T 7bd82675d6864443b12501cdb9862ea4 P 5ce49549d24d460db8daa404d5517556: Time spent bootstrapping tablet: real 0.016s	user 0.007s	sys 0.008s
I20260713 09:09:51.649794 28031 consensus_queue.cc:260] T 483e174ef19e496ca4fed2e285c1181e P 6073c79dad6c459aac870eff8e3dea72 [NON_LEADER]: Queue going to NON_LEADER mode. State: All replicated index: 0, Majority replicated index: 0, Committed index: 0, Last appended: 0.0, Last appended by leader: 0, Current term: 0, Majority size: -1, State: 0, Mode: NON_LEADER, active raft config: opid_index: -1 OBSOLETE_local: false peers { permanent_uuid: "6073c79dad6c459aac870eff8e3dea72" member_type: VOTER last_known_addr { host: "127.26.146.193" port: 37319 } } peers { permanent_uuid: "4d9ccf452f5e4991ba14e8257cfb02e6" member_type: VOTER last_known_addr { host: "127.26.146.194" port: 46443 } } peers { permanent_uuid: "5ce49549d24d460db8daa404d5517556" member_type: VOTER last_known_addr { host: "127.26.146.195" port: 41867 } }
I20260713 09:09:51.652058 28031 ts_tablet_manager.cc:1434] T 483e174ef19e496ca4fed2e285c1181e P 6073c79dad6c459aac870eff8e3dea72: Time spent starting tablet: real 0.011s	user 0.004s	sys 0.001s
I20260713 09:09:51.652952 28031 tablet_bootstrap.cc:492] T 0ace596b499c408fb59cdb62caaf0147 P 6073c79dad6c459aac870eff8e3dea72: Bootstrap starting.
I20260713 09:09:51.652878 28032 tablet_bootstrap.cc:492] T 9c65152dec014ebe8d5747af5cb9f325 P 4d9ccf452f5e4991ba14e8257cfb02e6: No bootstrap required, opened a new log
I20260713 09:09:51.653035 28029 raft_consensus.cc:359] T 7bd82675d6864443b12501cdb9862ea4 P 5ce49549d24d460db8daa404d5517556 [term 0 FOLLOWER]: Replica starting. Triggering 0 pending ops. Active config: opid_index: -1 OBSOLETE_local: false peers { permanent_uuid: "6073c79dad6c459aac870eff8e3dea72" member_type: VOTER last_known_addr { host: "127.26.146.193" port: 37319 } } peers { permanent_uuid: "4d9ccf452f5e4991ba14e8257cfb02e6" member_type: VOTER last_known_addr { host: "127.26.146.194" port: 46443 } } peers { permanent_uuid: "5ce49549d24d460db8daa404d5517556" member_type: VOTER last_known_addr { host: "127.26.146.195" port: 41867 } }
I20260713 09:09:51.654031 28029 raft_consensus.cc:385] T 7bd82675d6864443b12501cdb9862ea4 P 5ce49549d24d460db8daa404d5517556 [term 0 FOLLOWER]: Consensus starting up: Expiring failure detector timer to make a prompt election more likely
I20260713 09:09:51.654170 28032 ts_tablet_manager.cc:1403] T 9c65152dec014ebe8d5747af5cb9f325 P 4d9ccf452f5e4991ba14e8257cfb02e6: Time spent bootstrapping tablet: real 0.026s	user 0.005s	sys 0.012s
I20260713 09:09:51.654333 28029 raft_consensus.cc:740] T 7bd82675d6864443b12501cdb9862ea4 P 5ce49549d24d460db8daa404d5517556 [term 0 FOLLOWER]: Becoming Follower/Learner. State: Replica: 5ce49549d24d460db8daa404d5517556, State: Initialized, Role: FOLLOWER
I20260713 09:09:51.655203 28029 consensus_queue.cc:260] T 7bd82675d6864443b12501cdb9862ea4 P 5ce49549d24d460db8daa404d5517556 [NON_LEADER]: Queue going to NON_LEADER mode. State: All replicated index: 0, Majority replicated index: 0, Committed index: 0, Last appended: 0.0, Last appended by leader: 0, Current term: 0, Majority size: -1, State: 0, Mode: NON_LEADER, active raft config: opid_index: -1 OBSOLETE_local: false peers { permanent_uuid: "6073c79dad6c459aac870eff8e3dea72" member_type: VOTER last_known_addr { host: "127.26.146.193" port: 37319 } } peers { permanent_uuid: "4d9ccf452f5e4991ba14e8257cfb02e6" member_type: VOTER last_known_addr { host: "127.26.146.194" port: 46443 } } peers { permanent_uuid: "5ce49549d24d460db8daa404d5517556" member_type: VOTER last_known_addr { host: "127.26.146.195" port: 41867 } }
I20260713 09:09:51.656996 28032 raft_consensus.cc:359] T 9c65152dec014ebe8d5747af5cb9f325 P 4d9ccf452f5e4991ba14e8257cfb02e6 [term 0 FOLLOWER]: Replica starting. Triggering 0 pending ops. Active config: opid_index: -1 OBSOLETE_local: false peers { permanent_uuid: "6073c79dad6c459aac870eff8e3dea72" member_type: VOTER last_known_addr { host: "127.26.146.193" port: 37319 } } peers { permanent_uuid: "4d9ccf452f5e4991ba14e8257cfb02e6" member_type: VOTER last_known_addr { host: "127.26.146.194" port: 46443 } } peers { permanent_uuid: "5ce49549d24d460db8daa404d5517556" member_type: VOTER last_known_addr { host: "127.26.146.195" port: 41867 } }
I20260713 09:09:51.657681 28029 ts_tablet_manager.cc:1434] T 7bd82675d6864443b12501cdb9862ea4 P 5ce49549d24d460db8daa404d5517556: Time spent starting tablet: real 0.007s	user 0.007s	sys 0.000s
I20260713 09:09:51.657703 28032 raft_consensus.cc:385] T 9c65152dec014ebe8d5747af5cb9f325 P 4d9ccf452f5e4991ba14e8257cfb02e6 [term 0 FOLLOWER]: Consensus starting up: Expiring failure detector timer to make a prompt election more likely
I20260713 09:09:51.658176 28032 raft_consensus.cc:740] T 9c65152dec014ebe8d5747af5cb9f325 P 4d9ccf452f5e4991ba14e8257cfb02e6 [term 0 FOLLOWER]: Becoming Follower/Learner. State: Replica: 4d9ccf452f5e4991ba14e8257cfb02e6, State: Initialized, Role: FOLLOWER
I20260713 09:09:51.658943 28032 consensus_queue.cc:260] T 9c65152dec014ebe8d5747af5cb9f325 P 4d9ccf452f5e4991ba14e8257cfb02e6 [NON_LEADER]: Queue going to NON_LEADER mode. State: All replicated index: 0, Majority replicated index: 0, Committed index: 0, Last appended: 0.0, Last appended by leader: 0, Current term: 0, Majority size: -1, State: 0, Mode: NON_LEADER, active raft config: opid_index: -1 OBSOLETE_local: false peers { permanent_uuid: "6073c79dad6c459aac870eff8e3dea72" member_type: VOTER last_known_addr { host: "127.26.146.193" port: 37319 } } peers { permanent_uuid: "4d9ccf452f5e4991ba14e8257cfb02e6" member_type: VOTER last_known_addr { host: "127.26.146.194" port: 46443 } } peers { permanent_uuid: "5ce49549d24d460db8daa404d5517556" member_type: VOTER last_known_addr { host: "127.26.146.195" port: 41867 } }
I20260713 09:09:51.659971 28031 tablet_bootstrap.cc:654] T 0ace596b499c408fb59cdb62caaf0147 P 6073c79dad6c459aac870eff8e3dea72: Neither blocks nor log segments found. Creating new log.
I20260713 09:09:51.660075 28029 tablet_bootstrap.cc:492] T 9c65152dec014ebe8d5747af5cb9f325 P 5ce49549d24d460db8daa404d5517556: Bootstrap starting.
I20260713 09:09:51.661310 28032 ts_tablet_manager.cc:1434] T 9c65152dec014ebe8d5747af5cb9f325 P 4d9ccf452f5e4991ba14e8257cfb02e6: Time spent starting tablet: real 0.007s	user 0.001s	sys 0.005s
