I20260713 09:09:38.231451 22635 consensus_queue.cc:1048] T ec6e57bc6a84495b82ae97a35dab547c P 5ad7bd60b23044a0834734e2e2ba0d3e [LEADER]: Connected to new peer: Peer: permanent_uuid: "65af4e465f064a75a119318cbf002d27" member_type: VOTER last_known_addr { host: "127.21.65.130" port: 34235 }, Status: LMP_MISMATCH, Last received: 0.0, Next index: 1, Last known committed idx: 0, Time since last communication: 0.000s
I20260713 09:09:38.237211 22285 catalog_manager.cc:5697] T 69a0de94ec7444c6bd9649660c105375 P 5ad7bd60b23044a0834734e2e2ba0d3e reported cstate change: term changed from 1 to 2, leader changed from b0c2f242d19a4274909adc1deb04a364 (127.21.65.131) to 5ad7bd60b23044a0834734e2e2ba0d3e (127.21.65.129). New cstate: current_term: 2 leader_uuid: "5ad7bd60b23044a0834734e2e2ba0d3e" committed_config { opid_index: -1 OBSOLETE_local: false peers { permanent_uuid: "5ad7bd60b23044a0834734e2e2ba0d3e" member_type: VOTER last_known_addr { host: "127.21.65.129" port: 42019 } health_report { overall_health: HEALTHY } } peers { permanent_uuid: "65af4e465f064a75a119318cbf002d27" member_type: VOTER last_known_addr { host: "127.21.65.130" port: 34235 } health_report { overall_health: UNKNOWN } } peers { permanent_uuid: "b0c2f242d19a4274909adc1deb04a364" member_type: VOTER last_known_addr { host: "127.21.65.131" port: 38047 } health_report { overall_health: UNKNOWN } } }
I20260713 09:09:38.239216 22635 raft_consensus.cc:993] T ec6e57bc6a84495b82ae97a35dab547c P 5ad7bd60b23044a0834734e2e2ba0d3e: : Instructing follower 65af4e465f064a75a119318cbf002d27 to start an election
I20260713 09:09:38.239604 22635 raft_consensus.cc:1081] T ec6e57bc6a84495b82ae97a35dab547c P 5ad7bd60b23044a0834734e2e2ba0d3e [term 1 LEADER]: Signalling peer 65af4e465f064a75a119318cbf002d27 to start an election
I20260713 09:09:38.243675 22464 tablet_service.cc:2044] Received Run Leader Election RPC: tablet_id: "ec6e57bc6a84495b82ae97a35dab547c"
dest_uuid: "65af4e465f064a75a119318cbf002d27"
 from {username='slave'} at 127.0.0.1:48518
I20260713 09:09:38.245301 22587 consensus_queue.cc:1048] T ec6e57bc6a84495b82ae97a35dab547c P 5ad7bd60b23044a0834734e2e2ba0d3e [LEADER]: Connected to new peer: Peer: permanent_uuid: "b0c2f242d19a4274909adc1deb04a364" member_type: VOTER last_known_addr { host: "127.21.65.131" port: 38047 }, Status: LMP_MISMATCH, Last received: 0.0, Next index: 1, Last known committed idx: 0, Time since last communication: 0.000s
I20260713 09:09:38.247498 22464 raft_consensus.cc:493] T ec6e57bc6a84495b82ae97a35dab547c P 65af4e465f064a75a119318cbf002d27 [term 1 FOLLOWER]: Starting forced leader election (received explicit request)
I20260713 09:09:38.247856 22464 raft_consensus.cc:3060] T ec6e57bc6a84495b82ae97a35dab547c P 65af4e465f064a75a119318cbf002d27 [term 1 FOLLOWER]: Advancing to term 2
I20260713 09:09:38.254606 22611 consensus_queue.cc:1048] T fbe8ca1dcf454958b91fe133499aba04 P 65af4e465f064a75a119318cbf002d27 [LEADER]: Connected to new peer: Peer: permanent_uuid: "b0c2f242d19a4274909adc1deb04a364" member_type: VOTER last_known_addr { host: "127.21.65.131" port: 38047 }, Status: LMP_MISMATCH, Last received: 0.0, Next index: 1, Last known committed idx: 0, Time since last communication: 0.000s
I20260713 09:09:38.254292 22464 raft_consensus.cc:515] T ec6e57bc6a84495b82ae97a35dab547c P 65af4e465f064a75a119318cbf002d27 [term 2 FOLLOWER]: Starting forced leader election with config: opid_index: -1 OBSOLETE_local: false peers { permanent_uuid: "5ad7bd60b23044a0834734e2e2ba0d3e" member_type: VOTER last_known_addr { host: "127.21.65.129" port: 42019 } } peers { permanent_uuid: "65af4e465f064a75a119318cbf002d27" member_type: VOTER last_known_addr { host: "127.21.65.130" port: 34235 } } peers { permanent_uuid: "b0c2f242d19a4274909adc1deb04a364" member_type: VOTER last_known_addr { host: "127.21.65.131" port: 38047 } }
I20260713 09:09:38.265560 22385 tablet_service.cc:1917] Received RequestConsensusVote() RPC: tablet_id: "ec6e57bc6a84495b82ae97a35dab547c" candidate_uuid: "65af4e465f064a75a119318cbf002d27" candidate_term: 2 candidate_status { last_received { term: 1 index: 1 } } ignore_live_leader: true dest_uuid: "5ad7bd60b23044a0834734e2e2ba0d3e"
I20260713 09:09:38.266244 22385 raft_consensus.cc:3055] T ec6e57bc6a84495b82ae97a35dab547c P 5ad7bd60b23044a0834734e2e2ba0d3e [term 1 LEADER]: Stepping down as leader of term 1
I20260713 09:09:38.266476 22385 raft_consensus.cc:740] T ec6e57bc6a84495b82ae97a35dab547c P 5ad7bd60b23044a0834734e2e2ba0d3e [term 1 LEADER]: Becoming Follower/Learner. State: Replica: 5ad7bd60b23044a0834734e2e2ba0d3e, State: Running, Role: LEADER
I20260713 09:09:38.267201 22385 consensus_queue.cc:260] T ec6e57bc6a84495b82ae97a35dab547c P 5ad7bd60b23044a0834734e2e2ba0d3e [NON_LEADER]: Queue going to NON_LEADER mode. State: All replicated index: 0, Majority replicated index: 1, Committed index: 1, Last appended: 1.1, Last appended by leader: 1, Current term: 1, Majority size: -1, State: 0, Mode: NON_LEADER, active raft config: opid_index: -1 OBSOLETE_local: false peers { permanent_uuid: "5ad7bd60b23044a0834734e2e2ba0d3e" member_type: VOTER last_known_addr { host: "127.21.65.129" port: 42019 } } peers { permanent_uuid: "65af4e465f064a75a119318cbf002d27" member_type: VOTER last_known_addr { host: "127.21.65.130" port: 34235 } } peers { permanent_uuid: "b0c2f242d19a4274909adc1deb04a364" member_type: VOTER last_known_addr { host: "127.21.65.131" port: 38047 } }
I20260713 09:09:38.268232 22385 raft_consensus.cc:3060] T ec6e57bc6a84495b82ae97a35dab547c P 5ad7bd60b23044a0834734e2e2ba0d3e [term 1 FOLLOWER]: Advancing to term 2
I20260713 09:09:38.265560 22539 tablet_service.cc:1917] Received RequestConsensusVote() RPC: tablet_id: "ec6e57bc6a84495b82ae97a35dab547c" candidate_uuid: "65af4e465f064a75a119318cbf002d27" candidate_term: 2 candidate_status { last_received { term: 1 index: 1 } } ignore_live_leader: true dest_uuid: "b0c2f242d19a4274909adc1deb04a364"
I20260713 09:09:38.271526 22539 raft_consensus.cc:3060] T ec6e57bc6a84495b82ae97a35dab547c P b0c2f242d19a4274909adc1deb04a364 [term 1 FOLLOWER]: Advancing to term 2
I20260713 09:09:38.275794 22613 consensus_queue.cc:1048] T fbe8ca1dcf454958b91fe133499aba04 P 65af4e465f064a75a119318cbf002d27 [LEADER]: Connected to new peer: Peer: permanent_uuid: "5ad7bd60b23044a0834734e2e2ba0d3e" member_type: VOTER last_known_addr { host: "127.21.65.129" port: 42019 }, Status: LMP_MISMATCH, Last received: 0.0, Next index: 1, Last known committed idx: 0, Time since last communication: 0.000s
I20260713 09:09:38.277902 22385 raft_consensus.cc:2468] T ec6e57bc6a84495b82ae97a35dab547c P 5ad7bd60b23044a0834734e2e2ba0d3e [term 2 FOLLOWER]: Leader election vote request: Granting yes vote for candidate 65af4e465f064a75a119318cbf002d27 in term 2.
I20260713 09:09:38.279187 22429 leader_election.cc:304] T ec6e57bc6a84495b82ae97a35dab547c P 65af4e465f064a75a119318cbf002d27 [CANDIDATE]: Term 2 election: Election decided. Result: candidate won. Election summary: received 2 responses out of 3 voters: 2 yes votes; 0 no votes. yes voters: 5ad7bd60b23044a0834734e2e2ba0d3e, 65af4e465f064a75a119318cbf002d27; no voters: 
I20260713 09:09:38.279953 22613 raft_consensus.cc:2804] T ec6e57bc6a84495b82ae97a35dab547c P 65af4e465f064a75a119318cbf002d27 [term 2 FOLLOWER]: Leader election won for term 2
I20260713 09:09:38.280385 22613 raft_consensus.cc:697] T ec6e57bc6a84495b82ae97a35dab547c P 65af4e465f064a75a119318cbf002d27 [term 2 LEADER]: Becoming Leader. State: Replica: 65af4e465f064a75a119318cbf002d27, State: Running, Role: LEADER
I20260713 09:09:38.281720 22613 consensus_queue.cc:237] T ec6e57bc6a84495b82ae97a35dab547c P 65af4e465f064a75a119318cbf002d27 [LEADER]: Queue going to LEADER mode. State: All replicated index: 0, Majority replicated index: 1, Committed index: 1, Last appended: 1.1, Last appended by leader: 1, Current term: 2, Majority size: 2, State: 0, Mode: LEADER, active raft config: opid_index: -1 OBSOLETE_local: false peers { permanent_uuid: "5ad7bd60b23044a0834734e2e2ba0d3e" member_type: VOTER last_known_addr { host: "127.21.65.129" port: 42019 } } peers { permanent_uuid: "65af4e465f064a75a119318cbf002d27" member_type: VOTER last_known_addr { host: "127.21.65.130" port: 34235 } } peers { permanent_uuid: "b0c2f242d19a4274909adc1deb04a364" member_type: VOTER last_known_addr { host: "127.21.65.131" port: 38047 } }
I20260713 09:09:38.281759 22464 leader_election.cc:290] T ec6e57bc6a84495b82ae97a35dab547c P 65af4e465f064a75a119318cbf002d27 [CANDIDATE]: Term 2 election: Requested vote from peers 5ad7bd60b23044a0834734e2e2ba0d3e (127.21.65.129:42019), b0c2f242d19a4274909adc1deb04a364 (127.21.65.131:38047)
I20260713 09:09:38.288997 22539 raft_consensus.cc:2468] T ec6e57bc6a84495b82ae97a35dab547c P b0c2f242d19a4274909adc1deb04a364 [term 2 FOLLOWER]: Leader election vote request: Granting yes vote for candidate 65af4e465f064a75a119318cbf002d27 in term 2.
I20260713 09:09:38.296097 22285 catalog_manager.cc:5697] T ec6e57bc6a84495b82ae97a35dab547c P 65af4e465f064a75a119318cbf002d27 reported cstate change: term changed from 1 to 2, leader changed from 5ad7bd60b23044a0834734e2e2ba0d3e (127.21.65.129) to 65af4e465f064a75a119318cbf002d27 (127.21.65.130). New cstate: current_term: 2 leader_uuid: "65af4e465f064a75a119318cbf002d27" committed_config { opid_index: -1 OBSOLETE_local: false peers { permanent_uuid: "5ad7bd60b23044a0834734e2e2ba0d3e" member_type: VOTER last_known_addr { host: "127.21.65.129" port: 42019 } health_report { overall_health: UNKNOWN } } peers { permanent_uuid: "65af4e465f064a75a119318cbf002d27" member_type: VOTER last_known_addr { host: "127.21.65.130" port: 34235 } health_report { overall_health: HEALTHY } } peers { permanent_uuid: "b0c2f242d19a4274909adc1deb04a364" member_type: VOTER last_known_addr { host: "127.21.65.131" port: 38047 } health_report { overall_health: UNKNOWN } } }
I20260713 09:09:38.322934 22611 raft_consensus.cc:993] T fda1862193c641b48927a67d709af8e3 P 65af4e465f064a75a119318cbf002d27: : Instructing follower 5ad7bd60b23044a0834734e2e2ba0d3e to start an election
I20260713 09:09:38.323348 22613 raft_consensus.cc:1081] T fda1862193c641b48927a67d709af8e3 P 65af4e465f064a75a119318cbf002d27 [term 1 LEADER]: Signalling peer 5ad7bd60b23044a0834734e2e2ba0d3e to start an election
I20260713 09:09:38.324616 22387 tablet_service.cc:2044] Received Run Leader Election RPC: tablet_id: "fda1862193c641b48927a67d709af8e3"
dest_uuid: "5ad7bd60b23044a0834734e2e2ba0d3e"
 from {username='slave'} at 127.0.0.1:40278
I20260713 09:09:38.325083 22387 raft_consensus.cc:493] T fda1862193c641b48927a67d709af8e3 P 5ad7bd60b23044a0834734e2e2ba0d3e [term 1 FOLLOWER]: Starting forced leader election (received explicit request)
I20260713 09:09:38.325347 22387 raft_consensus.cc:3060] T fda1862193c641b48927a67d709af8e3 P 5ad7bd60b23044a0834734e2e2ba0d3e [term 1 FOLLOWER]: Advancing to term 2
I20260713 09:09:38.329628 22387 raft_consensus.cc:515] T fda1862193c641b48927a67d709af8e3 P 5ad7bd60b23044a0834734e2e2ba0d3e [term 2 FOLLOWER]: Starting forced leader election with config: opid_index: -1 OBSOLETE_local: false peers { permanent_uuid: "b0c2f242d19a4274909adc1deb04a364" member_type: VOTER last_known_addr { host: "127.21.65.131" port: 38047 } } peers { permanent_uuid: "65af4e465f064a75a119318cbf002d27" member_type: VOTER last_known_addr { host: "127.21.65.130" port: 34235 } } peers { permanent_uuid: "5ad7bd60b23044a0834734e2e2ba0d3e" member_type: VOTER last_known_addr { host: "127.21.65.129" port: 42019 } }
I20260713 09:09:38.331036 22387 leader_election.cc:290] T fda1862193c641b48927a67d709af8e3 P 5ad7bd60b23044a0834734e2e2ba0d3e [CANDIDATE]: Term 2 election: Requested vote from peers b0c2f242d19a4274909adc1deb04a364 (127.21.65.131:38047), 65af4e465f064a75a119318cbf002d27 (127.21.65.130:34235)
I20260713 09:09:38.331941 22539 tablet_service.cc:1917] Received RequestConsensusVote() RPC: tablet_id: "fda1862193c641b48927a67d709af8e3" candidate_uuid: "5ad7bd60b23044a0834734e2e2ba0d3e" candidate_term: 2 candidate_status { last_received { term: 1 index: 1 } } ignore_live_leader: true dest_uuid: "b0c2f242d19a4274909adc1deb04a364"
I20260713 09:09:38.332101 22464 tablet_service.cc:1917] Received RequestConsensusVote() RPC: tablet_id: "fda1862193c641b48927a67d709af8e3" candidate_uuid: "5ad7bd60b23044a0834734e2e2ba0d3e" candidate_term: 2 candidate_status { last_received { term: 1 index: 1 } } ignore_live_leader: true dest_uuid: "65af4e465f064a75a119318cbf002d27"
I20260713 09:09:38.332511 22539 raft_consensus.cc:3060] T fda1862193c641b48927a67d709af8e3 P b0c2f242d19a4274909adc1deb04a364 [term 1 FOLLOWER]: Advancing to term 2
I20260713 09:09:38.332643 22464 raft_consensus.cc:3055] T fda1862193c641b48927a67d709af8e3 P 65af4e465f064a75a119318cbf002d27 [term 1 LEADER]: Stepping down as leader of term 1
I20260713 09:09:38.333006 22464 raft_consensus.cc:740] T fda1862193c641b48927a67d709af8e3 P 65af4e465f064a75a119318cbf002d27 [term 1 LEADER]: Becoming Follower/Learner. State: Replica: 65af4e465f064a75a119318cbf002d27, State: Running, Role: LEADER
I20260713 09:09:38.333638 22464 consensus_queue.cc:260] T fda1862193c641b48927a67d709af8e3 P 65af4e465f064a75a119318cbf002d27 [NON_LEADER]: Queue going to NON_LEADER mode. State: All replicated index: 0, Majority replicated index: 1, Committed index: 1, Last appended: 1.1, Last appended by leader: 1, Current term: 1, Majority size: -1, State: 0, Mode: NON_LEADER, active raft config: opid_index: -1 OBSOLETE_local: false peers { permanent_uuid: "b0c2f242d19a4274909adc1deb04a364" member_type: VOTER last_known_addr { host: "127.21.65.131" port: 38047 } } peers { permanent_uuid: "65af4e465f064a75a119318cbf002d27" member_type: VOTER last_known_addr { host: "127.21.65.130" port: 34235 } } peers { permanent_uuid: "5ad7bd60b23044a0834734e2e2ba0d3e" member_type: VOTER last_known_addr { host: "127.21.65.129" port: 42019 } }
I20260713 09:09:38.334437 22464 raft_consensus.cc:3060] T fda1862193c641b48927a67d709af8e3 P 65af4e465f064a75a119318cbf002d27 [term 1 FOLLOWER]: Advancing to term 2
I20260713 09:09:38.338481 22464 raft_consensus.cc:2468] T fda1862193c641b48927a67d709af8e3 P 65af4e465f064a75a119318cbf002d27 [term 2 FOLLOWER]: Leader election vote request: Granting yes vote for candidate 5ad7bd60b23044a0834734e2e2ba0d3e in term 2.
I20260713 09:09:38.338634 22539 raft_consensus.cc:2468] T fda1862193c641b48927a67d709af8e3 P b0c2f242d19a4274909adc1deb04a364 [term 2 FOLLOWER]: Leader election vote request: Granting yes vote for candidate 5ad7bd60b23044a0834734e2e2ba0d3e in term 2.
I20260713 09:09:38.339406 22354 leader_election.cc:304] T fda1862193c641b48927a67d709af8e3 P 5ad7bd60b23044a0834734e2e2ba0d3e [CANDIDATE]: Term 2 election: Election decided. Result: candidate won. Election summary: received 2 responses out of 3 voters: 2 yes votes; 0 no votes. yes voters: 5ad7bd60b23044a0834734e2e2ba0d3e, 65af4e465f064a75a119318cbf002d27; no voters: 
I20260713 09:09:38.340102 22587 raft_consensus.cc:2804] T fda1862193c641b48927a67d709af8e3 P 5ad7bd60b23044a0834734e2e2ba0d3e [term 2 FOLLOWER]: Leader election won for term 2
I20260713 09:09:38.340559 22587 raft_consensus.cc:697] T fda1862193c641b48927a67d709af8e3 P 5ad7bd60b23044a0834734e2e2ba0d3e [term 2 LEADER]: Becoming Leader. State: Replica: 5ad7bd60b23044a0834734e2e2ba0d3e, State: Running, Role: LEADER
I20260713 09:09:38.341327 22587 consensus_queue.cc:237] T fda1862193c641b48927a67d709af8e3 P 5ad7bd60b23044a0834734e2e2ba0d3e [LEADER]: Queue going to LEADER mode. State: All replicated index: 0, Majority replicated index: 1, Committed index: 1, Last appended: 1.1, Last appended by leader: 1, Current term: 2, Majority size: 2, State: 0, Mode: LEADER, active raft config: opid_index: -1 OBSOLETE_local: false peers { permanent_uuid: "b0c2f242d19a4274909adc1deb04a364" member_type: VOTER last_known_addr { host: "127.21.65.131" port: 38047 } } peers { permanent_uuid: "65af4e465f064a75a119318cbf002d27" member_type: VOTER last_known_addr { host: "127.21.65.130" port: 34235 } } peers { permanent_uuid: "5ad7bd60b23044a0834734e2e2ba0d3e" member_type: VOTER last_known_addr { host: "127.21.65.129" port: 42019 } }
I20260713 09:09:38.348234 22285 catalog_manager.cc:5697] T fda1862193c641b48927a67d709af8e3 P 5ad7bd60b23044a0834734e2e2ba0d3e reported cstate change: term changed from 1 to 2, leader changed from 65af4e465f064a75a119318cbf002d27 (127.21.65.130) to 5ad7bd60b23044a0834734e2e2ba0d3e (127.21.65.129). New cstate: current_term: 2 leader_uuid: "5ad7bd60b23044a0834734e2e2ba0d3e" committed_config { opid_index: -1 OBSOLETE_local: false peers { permanent_uuid: "b0c2f242d19a4274909adc1deb04a364" member_type: VOTER last_known_addr { host: "127.21.65.131" port: 38047 } health_report { overall_health: UNKNOWN } } peers { permanent_uuid: "65af4e465f064a75a119318cbf002d27" member_type: VOTER last_known_addr { host: "127.21.65.130" port: 34235 } health_report { overall_health: UNKNOWN } } peers { permanent_uuid: "5ad7bd60b23044a0834734e2e2ba0d3e" member_type: VOTER last_known_addr { host: "127.21.65.129" port: 42019 } health_report { overall_health: HEALTHY } } }
I20260713 09:09:38.383176 22615 raft_consensus.cc:993] T d707e56f911a465e9c853a77ef9aabc4 P 5ad7bd60b23044a0834734e2e2ba0d3e: : Instructing follower 65af4e465f064a75a119318cbf002d27 to start an election
I20260713 09:09:38.383612 22635 raft_consensus.cc:1081] T d707e56f911a465e9c853a77ef9aabc4 P 5ad7bd60b23044a0834734e2e2ba0d3e [term 1 LEADER]: Signalling peer 65af4e465f064a75a119318cbf002d27 to start an election
I20260713 09:09:38.385143 22464 tablet_service.cc:2044] Received Run Leader Election RPC: tablet_id: "d707e56f911a465e9c853a77ef9aabc4"
dest_uuid: "65af4e465f064a75a119318cbf002d27"
 from {username='slave'} at 127.0.0.1:48518
I20260713 09:09:38.385661 22464 raft_consensus.cc:493] T d707e56f911a465e9c853a77ef9aabc4 P 65af4e465f064a75a119318cbf002d27 [term 1 FOLLOWER]: Starting forced leader election (received explicit request)
I20260713 09:09:38.386014 22464 raft_consensus.cc:3060] T d707e56f911a465e9c853a77ef9aabc4 P 65af4e465f064a75a119318cbf002d27 [term 1 FOLLOWER]: Advancing to term 2
I20260713 09:09:38.390323 22464 raft_consensus.cc:515] T d707e56f911a465e9c853a77ef9aabc4 P 65af4e465f064a75a119318cbf002d27 [term 2 FOLLOWER]: Starting forced leader election with config: opid_index: -1 OBSOLETE_local: false peers { permanent_uuid: "5ad7bd60b23044a0834734e2e2ba0d3e" member_type: VOTER last_known_addr { host: "127.21.65.129" port: 42019 } } peers { permanent_uuid: "65af4e465f064a75a119318cbf002d27" member_type: VOTER last_known_addr { host: "127.21.65.130" port: 34235 } } peers { permanent_uuid: "b0c2f242d19a4274909adc1deb04a364" member_type: VOTER last_known_addr { host: "127.21.65.131" port: 38047 } }
I20260713 09:09:38.391870 22464 leader_election.cc:290] T d707e56f911a465e9c853a77ef9aabc4 P 65af4e465f064a75a119318cbf002d27 [CANDIDATE]: Term 2 election: Requested vote from peers 5ad7bd60b23044a0834734e2e2ba0d3e (127.21.65.129:42019), b0c2f242d19a4274909adc1deb04a364 (127.21.65.131:38047)
I20260713 09:09:38.392549 22387 tablet_service.cc:1917] Received RequestConsensusVote() RPC: tablet_id: "d707e56f911a465e9c853a77ef9aabc4" candidate_uuid: "65af4e465f064a75a119318cbf002d27" candidate_term: 2 candidate_status { last_received { term: 1 index: 1 } } ignore_live_leader: true dest_uuid: "5ad7bd60b23044a0834734e2e2ba0d3e"
I20260713 09:09:38.392864 22539 tablet_service.cc:1917] Received RequestConsensusVote() RPC: tablet_id: "d707e56f911a465e9c853a77ef9aabc4" candidate_uuid: "65af4e465f064a75a119318cbf002d27" candidate_term: 2 candidate_status { last_received { term: 1 index: 1 } } ignore_live_leader: true dest_uuid: "b0c2f242d19a4274909adc1deb04a364"
I20260713 09:09:38.393173 22387 raft_consensus.cc:3055] T d707e56f911a465e9c853a77ef9aabc4 P 5ad7bd60b23044a0834734e2e2ba0d3e [term 1 LEADER]: Stepping down as leader of term 1
I20260713 09:09:38.393379 22539 raft_consensus.cc:3060] T d707e56f911a465e9c853a77ef9aabc4 P b0c2f242d19a4274909adc1deb04a364 [term 1 FOLLOWER]: Advancing to term 2
I20260713 09:09:38.393555 22387 raft_consensus.cc:740] T d707e56f911a465e9c853a77ef9aabc4 P 5ad7bd60b23044a0834734e2e2ba0d3e [term 1 LEADER]: Becoming Follower/Learner. State: Replica: 5ad7bd60b23044a0834734e2e2ba0d3e, State: Running, Role: LEADER
I20260713 09:09:38.394357 22387 consensus_queue.cc:260] T d707e56f911a465e9c853a77ef9aabc4 P 5ad7bd60b23044a0834734e2e2ba0d3e [NON_LEADER]: Queue going to NON_LEADER mode. State: All replicated index: 0, Majority replicated index: 1, Committed index: 1, Last appended: 1.1, Last appended by leader: 1, Current term: 1, Majority size: -1, State: 0, Mode: NON_LEADER, active raft config: opid_index: -1 OBSOLETE_local: false peers { permanent_uuid: "5ad7bd60b23044a0834734e2e2ba0d3e" member_type: VOTER last_known_addr { host: "127.21.65.129" port: 42019 } } peers { permanent_uuid: "65af4e465f064a75a119318cbf002d27" member_type: VOTER last_known_addr { host: "127.21.65.130" port: 34235 } } peers { permanent_uuid: "b0c2f242d19a4274909adc1deb04a364" member_type: VOTER last_known_addr { host: "127.21.65.131" port: 38047 } }
I20260713 09:09:38.395471 22387 raft_consensus.cc:3060] T d707e56f911a465e9c853a77ef9aabc4 P 5ad7bd60b23044a0834734e2e2ba0d3e [term 1 FOLLOWER]: Advancing to term 2
I20260713 09:09:38.397696 22539 raft_consensus.cc:2468] T d707e56f911a465e9c853a77ef9aabc4 P b0c2f242d19a4274909adc1deb04a364 [term 2 FOLLOWER]: Leader election vote request: Granting yes vote for candidate 65af4e465f064a75a119318cbf002d27 in term 2.
I20260713 09:09:38.398521 22428 leader_election.cc:304] T d707e56f911a465e9c853a77ef9aabc4 P 65af4e465f064a75a119318cbf002d27 [CANDIDATE]: Term 2 election: Election decided. Result: candidate won. Election summary: received 2 responses out of 3 voters: 2 yes votes; 0 no votes. yes voters: 65af4e465f064a75a119318cbf002d27, b0c2f242d19a4274909adc1deb04a364; no voters: 
I20260713 09:09:38.399096 22613 raft_consensus.cc:2804] T d707e56f911a465e9c853a77ef9aabc4 P 65af4e465f064a75a119318cbf002d27 [term 2 FOLLOWER]: Leader election won for term 2
I20260713 09:09:38.399461 22613 raft_consensus.cc:697] T d707e56f911a465e9c853a77ef9aabc4 P 65af4e465f064a75a119318cbf002d27 [term 2 LEADER]: Becoming Leader. State: Replica: 65af4e465f064a75a119318cbf002d27, State: Running, Role: LEADER
I20260713 09:09:38.400100 22613 consensus_queue.cc:237] T d707e56f911a465e9c853a77ef9aabc4 P 65af4e465f064a75a119318cbf002d27 [LEADER]: Queue going to LEADER mode. State: All replicated index: 0, Majority replicated index: 1, Committed index: 1, Last appended: 1.1, Last appended by leader: 1, Current term: 2, Majority size: 2, State: 0, Mode: LEADER, active raft config: opid_index: -1 OBSOLETE_local: false peers { permanent_uuid: "5ad7bd60b23044a0834734e2e2ba0d3e" member_type: VOTER last_known_addr { host: "127.21.65.129" port: 42019 } } peers { permanent_uuid: "65af4e465f064a75a119318cbf002d27" member_type: VOTER last_known_addr { host: "127.21.65.130" port: 34235 } } peers { permanent_uuid: "b0c2f242d19a4274909adc1deb04a364" member_type: VOTER last_known_addr { host: "127.21.65.131" port: 38047 } }
I20260713 09:09:38.402068 22387 raft_consensus.cc:2468] T d707e56f911a465e9c853a77ef9aabc4 P 5ad7bd60b23044a0834734e2e2ba0d3e [term 2 FOLLOWER]: Leader election vote request: Granting yes vote for candidate 65af4e465f064a75a119318cbf002d27 in term 2.
I20260713 09:09:38.406482 22285 catalog_manager.cc:5697] T d707e56f911a465e9c853a77ef9aabc4 P 65af4e465f064a75a119318cbf002d27 reported cstate change: term changed from 1 to 2, leader changed from 5ad7bd60b23044a0834734e2e2ba0d3e (127.21.65.129) to 65af4e465f064a75a119318cbf002d27 (127.21.65.130). New cstate: current_term: 2 leader_uuid: "65af4e465f064a75a119318cbf002d27" committed_config { opid_index: -1 OBSOLETE_local: false peers { permanent_uuid: "5ad7bd60b23044a0834734e2e2ba0d3e" member_type: VOTER last_known_addr { host: "127.21.65.129" port: 42019 } health_report { overall_health: UNKNOWN } } peers { permanent_uuid: "65af4e465f064a75a119318cbf002d27" member_type: VOTER last_known_addr { host: "127.21.65.130" port: 34235 } health_report { overall_health: HEALTHY } } peers { permanent_uuid: "b0c2f242d19a4274909adc1deb04a364" member_type: VOTER last_known_addr { host: "127.21.65.131" port: 38047 } health_report { overall_health: UNKNOWN } } }
I20260713 09:09:38.459537 22464 raft_consensus.cc:1275] T 6854d99f11cf48aba8ff56d0f9e97aa0 P 65af4e465f064a75a119318cbf002d27 [term 2 FOLLOWER]: Refusing update from remote peer 5ad7bd60b23044a0834734e2e2ba0d3e: Log matching property violated. Preceding OpId in replica: term: 1 index: 1. Preceding OpId from leader: term: 2 index: 2. (index mismatch)
I20260713 09:09:38.460667 22635 consensus_queue.cc:1048] T 6854d99f11cf48aba8ff56d0f9e97aa0 P 5ad7bd60b23044a0834734e2e2ba0d3e [LEADER]: Connected to new peer: Peer: permanent_uuid: "65af4e465f064a75a119318cbf002d27" member_type: VOTER last_known_addr { host: "127.21.65.130" port: 34235 }, Status: LMP_MISMATCH, Last received: 0.0, Next index: 2, Last known committed idx: 1, Time since last communication: 0.000s
I20260713 09:09:38.463546 22539 raft_consensus.cc:3060] T 6854d99f11cf48aba8ff56d0f9e97aa0 P b0c2f242d19a4274909adc1deb04a364 [term 1 FOLLOWER]: Advancing to term 2
I20260713 09:09:38.472302 22539 raft_consensus.cc:1275] T 6854d99f11cf48aba8ff56d0f9e97aa0 P b0c2f242d19a4274909adc1deb04a364 [term 2 FOLLOWER]: Refusing update from remote peer 5ad7bd60b23044a0834734e2e2ba0d3e: Log matching property violated. Preceding OpId in replica: term: 1 index: 1. Preceding OpId from leader: term: 2 index: 2. (index mismatch)
I20260713 09:09:38.473512 22635 consensus_queue.cc:1048] T 6854d99f11cf48aba8ff56d0f9e97aa0 P 5ad7bd60b23044a0834734e2e2ba0d3e [LEADER]: Connected to new peer: Peer: permanent_uuid: "b0c2f242d19a4274909adc1deb04a364" member_type: VOTER last_known_addr { host: "127.21.65.131" port: 38047 }, Status: LMP_MISMATCH, Last received: 0.0, Next index: 2, Last known committed idx: 1, Time since last communication: 0.000s
I20260713 09:09:38.543895 22464 raft_consensus.cc:1275] T a29ee4280a2c4999b1242d971aa40fc9 P 65af4e465f064a75a119318cbf002d27 [term 2 FOLLOWER]: Refusing update from remote peer 5ad7bd60b23044a0834734e2e2ba0d3e: Log matching property violated. Preceding OpId in replica: term: 1 index: 1. Preceding OpId from leader: term: 2 index: 2. (index mismatch)
I20260713 09:09:38.545099 22635 consensus_queue.cc:1048] T a29ee4280a2c4999b1242d971aa40fc9 P 5ad7bd60b23044a0834734e2e2ba0d3e [LEADER]: Connected to new peer: Peer: permanent_uuid: "65af4e465f064a75a119318cbf002d27" member_type: VOTER last_known_addr { host: "127.21.65.130" port: 34235 }, Status: LMP_MISMATCH, Last received: 0.0, Next index: 2, Last known committed idx: 1, Time since last communication: 0.000s
I20260713 09:09:38.552567 22539 raft_consensus.cc:1275] T a29ee4280a2c4999b1242d971aa40fc9 P b0c2f242d19a4274909adc1deb04a364 [term 2 FOLLOWER]: Refusing update from remote peer 5ad7bd60b23044a0834734e2e2ba0d3e: Log matching property violated. Preceding OpId in replica: term: 1 index: 1. Preceding OpId from leader: term: 2 index: 2. (index mismatch)
I20260713 09:09:38.554435 22614 consensus_queue.cc:1048] T a29ee4280a2c4999b1242d971aa40fc9 P 5ad7bd60b23044a0834734e2e2ba0d3e [LEADER]: Connected to new peer: Peer: permanent_uuid: "b0c2f242d19a4274909adc1deb04a364" member_type: VOTER last_known_addr { host: "127.21.65.131" port: 38047 }, Status: LMP_MISMATCH, Last received: 0.0, Next index: 2, Last known committed idx: 1, Time since last communication: 0.000s
I20260713 09:09:38.565534 22387 raft_consensus.cc:1275] T 383973cebbb2409b917752ac5ad0276c P 5ad7bd60b23044a0834734e2e2ba0d3e [term 2 FOLLOWER]: Refusing update from remote peer b0c2f242d19a4274909adc1deb04a364: Log matching property violated. Preceding OpId in replica: term: 1 index: 1. Preceding OpId from leader: term: 2 index: 2. (index mismatch)
I20260713 09:09:38.566913 22654 consensus_queue.cc:1048] T 383973cebbb2409b917752ac5ad0276c P b0c2f242d19a4274909adc1deb04a364 [LEADER]: Connected to new peer: Peer: permanent_uuid: "5ad7bd60b23044a0834734e2e2ba0d3e" member_type: VOTER last_known_addr { host: "127.21.65.129" port: 42019 }, Status: LMP_MISMATCH, Last received: 0.0, Next index: 2, Last known committed idx: 1, Time since last communication: 0.000s
I20260713 09:09:38.567662 22539 raft_consensus.cc:1275] T dbf569e7457e41b3bc545e6fa029cc3e P b0c2f242d19a4274909adc1deb04a364 [term 2 FOLLOWER]: Refusing update from remote peer 65af4e465f064a75a119318cbf002d27: Log matching property violated. Preceding OpId in replica: term: 1 index: 1. Preceding OpId from leader: term: 2 index: 2. (index mismatch)
I20260713 09:09:38.569032 22613 consensus_queue.cc:1048] T dbf569e7457e41b3bc545e6fa029cc3e P 65af4e465f064a75a119318cbf002d27 [LEADER]: Connected to new peer: Peer: permanent_uuid: "b0c2f242d19a4274909adc1deb04a364" member_type: VOTER last_known_addr { host: "127.21.65.131" port: 38047 }, Status: LMP_MISMATCH, Last received: 0.0, Next index: 2, Last known committed idx: 1, Time since last communication: 0.000s
I20260713 09:09:38.574561 22464 raft_consensus.cc:1275] T 383973cebbb2409b917752ac5ad0276c P 65af4e465f064a75a119318cbf002d27 [term 2 FOLLOWER]: Refusing update from remote peer b0c2f242d19a4274909adc1deb04a364: Log matching property violated. Preceding OpId in replica: term: 1 index: 1. Preceding OpId from leader: term: 2 index: 2. (index mismatch)
I20260713 09:09:38.575799 22582 consensus_queue.cc:1048] T 383973cebbb2409b917752ac5ad0276c P b0c2f242d19a4274909adc1deb04a364 [LEADER]: Connected to new peer: Peer: permanent_uuid: "65af4e465f064a75a119318cbf002d27" member_type: VOTER last_known_addr { host: "127.21.65.130" port: 34235 }, Status: LMP_MISMATCH, Last received: 0.0, Next index: 2, Last known committed idx: 1, Time since last communication: 0.000s
I20260713 09:09:38.578725 22385 raft_consensus.cc:1275] T dbf569e7457e41b3bc545e6fa029cc3e P 5ad7bd60b23044a0834734e2e2ba0d3e [term 2 FOLLOWER]: Refusing update from remote peer 65af4e465f064a75a119318cbf002d27: Log matching property violated. Preceding OpId in replica: term: 1 index: 1. Preceding OpId from leader: term: 2 index: 2. (index mismatch)
I20260713 09:09:38.580292 22613 consensus_queue.cc:1048] T dbf569e7457e41b3bc545e6fa029cc3e P 65af4e465f064a75a119318cbf002d27 [LEADER]: Connected to new peer: Peer: permanent_uuid: "5ad7bd60b23044a0834734e2e2ba0d3e" member_type: VOTER last_known_addr { host: "127.21.65.129" port: 42019 }, Status: LMP_MISMATCH, Last received: 0.0, Next index: 2, Last known committed idx: 1, Time since last communication: 0.000s
I20260713 09:09:38.665586 22539 raft_consensus.cc:1275] T ec6e57bc6a84495b82ae97a35dab547c P b0c2f242d19a4274909adc1deb04a364 [term 2 FOLLOWER]: Refusing update from remote peer 65af4e465f064a75a119318cbf002d27: Log matching property violated. Preceding OpId in replica: term: 1 index: 1. Preceding OpId from leader: term: 2 index: 2. (index mismatch)
I20260713 09:09:38.666846 22611 consensus_queue.cc:1048] T ec6e57bc6a84495b82ae97a35dab547c P 65af4e465f064a75a119318cbf002d27 [LEADER]: Connected to new peer: Peer: permanent_uuid: "b0c2f242d19a4274909adc1deb04a364" member_type: VOTER last_known_addr { host: "127.21.65.131" port: 38047 }, Status: LMP_MISMATCH, Last received: 0.0, Next index: 2, Last known committed idx: 1, Time since last communication: 0.000s
I20260713 09:09:38.674477 22387 raft_consensus.cc:1275] T ec6e57bc6a84495b82ae97a35dab547c P 5ad7bd60b23044a0834734e2e2ba0d3e [term 2 FOLLOWER]: Refusing update from remote peer 65af4e465f064a75a119318cbf002d27: Log matching property violated. Preceding OpId in replica: term: 1 index: 1. Preceding OpId from leader: term: 2 index: 2. (index mismatch)
I20260713 09:09:38.675843 22586 consensus_queue.cc:1048] T ec6e57bc6a84495b82ae97a35dab547c P 65af4e465f064a75a119318cbf002d27 [LEADER]: Connected to new peer: Peer: permanent_uuid: "5ad7bd60b23044a0834734e2e2ba0d3e" member_type: VOTER last_known_addr { host: "127.21.65.129" port: 42019 }, Status: LMP_MISMATCH, Last received: 0.0, Next index: 2, Last known committed idx: 1, Time since last communication: 0.000s
I20260713 09:09:38.735164 22539 raft_consensus.cc:1275] T 69a0de94ec7444c6bd9649660c105375 P b0c2f242d19a4274909adc1deb04a364 [term 2 FOLLOWER]: Refusing update from remote peer 5ad7bd60b23044a0834734e2e2ba0d3e: Log matching property violated. Preceding OpId in replica: term: 1 index: 1. Preceding OpId from leader: term: 2 index: 2. (index mismatch)
I20260713 09:09:38.736312 22614 consensus_queue.cc:1048] T 69a0de94ec7444c6bd9649660c105375 P 5ad7bd60b23044a0834734e2e2ba0d3e [LEADER]: Connected to new peer: Peer: permanent_uuid: "b0c2f242d19a4274909adc1deb04a364" member_type: VOTER last_known_addr { host: "127.21.65.131" port: 38047 }, Status: LMP_MISMATCH, Last received: 0.0, Next index: 2, Last known committed idx: 1, Time since last communication: 0.000s
I20260713 09:09:38.741823 22464 raft_consensus.cc:1275] T fda1862193c641b48927a67d709af8e3 P 65af4e465f064a75a119318cbf002d27 [term 2 FOLLOWER]: Refusing update from remote peer 5ad7bd60b23044a0834734e2e2ba0d3e: Log matching property violated. Preceding OpId in replica: term: 1 index: 1. Preceding OpId from leader: term: 2 index: 2. (index mismatch)
I20260713 09:09:38.743024 22587 consensus_queue.cc:1048] T fda1862193c641b48927a67d709af8e3 P 5ad7bd60b23044a0834734e2e2ba0d3e [LEADER]: Connected to new peer: Peer: permanent_uuid: "65af4e465f064a75a119318cbf002d27" member_type: VOTER last_known_addr { host: "127.21.65.130" port: 34235 }, Status: LMP_MISMATCH, Last received: 0.0, Next index: 2, Last known committed idx: 1, Time since last communication: 0.000s
I20260713 09:09:38.748826 22464 raft_consensus.cc:1275] T 69a0de94ec7444c6bd9649660c105375 P 65af4e465f064a75a119318cbf002d27 [term 2 FOLLOWER]: Refusing update from remote peer 5ad7bd60b23044a0834734e2e2ba0d3e: Log matching property violated. Preceding OpId in replica: term: 1 index: 1. Preceding OpId from leader: term: 2 index: 2. (index mismatch)
I20260713 09:09:38.750205 22587 consensus_queue.cc:1048] T 69a0de94ec7444c6bd9649660c105375 P 5ad7bd60b23044a0834734e2e2ba0d3e [LEADER]: Connected to new peer: Peer: permanent_uuid: "65af4e465f064a75a119318cbf002d27" member_type: VOTER last_known_addr { host: "127.21.65.130" port: 34235 }, Status: LMP_MISMATCH, Last received: 0.0, Next index: 2, Last known committed idx: 1, Time since last communication: 0.000s
I20260713 09:09:38.756155 22539 raft_consensus.cc:1275] T fda1862193c641b48927a67d709af8e3 P b0c2f242d19a4274909adc1deb04a364 [term 2 FOLLOWER]: Refusing update from remote peer 5ad7bd60b23044a0834734e2e2ba0d3e: Log matching property violated. Preceding OpId in replica: term: 1 index: 1. Preceding OpId from leader: term: 2 index: 2. (index mismatch)
I20260713 09:09:38.757490 22615 consensus_queue.cc:1048] T fda1862193c641b48927a67d709af8e3 P 5ad7bd60b23044a0834734e2e2ba0d3e [LEADER]: Connected to new peer: Peer: permanent_uuid: "b0c2f242d19a4274909adc1deb04a364" member_type: VOTER last_known_addr { host: "127.21.65.131" port: 38047 }, Status: LMP_MISMATCH, Last received: 0.0, Next index: 2, Last known committed idx: 1, Time since last communication: 0.000s
I20260713 09:09:38.791203 22387 raft_consensus.cc:1275] T d707e56f911a465e9c853a77ef9aabc4 P 5ad7bd60b23044a0834734e2e2ba0d3e [term 2 FOLLOWER]: Refusing update from remote peer 65af4e465f064a75a119318cbf002d27: Log matching property violated. Preceding OpId in replica: term: 1 index: 1. Preceding OpId from leader: term: 2 index: 2. (index mismatch)
I20260713 09:09:38.792227 22611 consensus_queue.cc:1048] T d707e56f911a465e9c853a77ef9aabc4 P 65af4e465f064a75a119318cbf002d27 [LEADER]: Connected to new peer: Peer: permanent_uuid: "5ad7bd60b23044a0834734e2e2ba0d3e" member_type: VOTER last_known_addr { host: "127.21.65.129" port: 42019 }, Status: LMP_MISMATCH, Last received: 0.0, Next index: 2, Last known committed idx: 1, Time since last communication: 0.000s
I20260713 09:09:38.799851 22539 raft_consensus.cc:1275] T d707e56f911a465e9c853a77ef9aabc4 P b0c2f242d19a4274909adc1deb04a364 [term 2 FOLLOWER]: Refusing update from remote peer 65af4e465f064a75a119318cbf002d27: Log matching property violated. Preceding OpId in replica: term: 1 index: 1. Preceding OpId from leader: term: 2 index: 2. (index mismatch)
I20260713 09:09:38.801303 22586 consensus_queue.cc:1048] T d707e56f911a465e9c853a77ef9aabc4 P 65af4e465f064a75a119318cbf002d27 [LEADER]: Connected to new peer: Peer: permanent_uuid: "b0c2f242d19a4274909adc1deb04a364" member_type: VOTER last_known_addr { host: "127.21.65.131" port: 38047 }, Status: LMP_MISMATCH, Last received: 0.0, Next index: 2, Last known committed idx: 1, Time since last communication: 0.000s
I20260713 09:09:40.907738 21766 auto_leader_rebalancer-test.cc:352] The leader distribution is 
I20260713 09:09:40.908429 21766 auto_leader_rebalancer.cc:141] leader rebalance for table test-workload
I20260713 09:09:40.924108 22387 tablet_service.cc:2072] Received LeaderStepDown RPC: tablet_id: "6854d99f11cf48aba8ff56d0f9e97aa0"
dest_uuid: "5ad7bd60b23044a0834734e2e2ba0d3e"
mode: GRACEFUL
new_leader_uuid: "b0c2f242d19a4274909adc1deb04a364"
 from {username='slave'} at 127.0.0.1:47450
I20260713 09:09:40.924677 22387 raft_consensus.cc:606] T 6854d99f11cf48aba8ff56d0f9e97aa0 P 5ad7bd60b23044a0834734e2e2ba0d3e [term 2 LEADER]: Received request to transfer leadership to TS b0c2f242d19a4274909adc1deb04a364
I20260713 09:09:40.926970 22387 tablet_service.cc:2072] Received LeaderStepDown RPC: tablet_id: "fda1862193c641b48927a67d709af8e3"
dest_uuid: "5ad7bd60b23044a0834734e2e2ba0d3e"
mode: GRACEFUL
new_leader_uuid: "b0c2f242d19a4274909adc1deb04a364"
 from {username='slave'} at 127.0.0.1:47450
I20260713 09:09:40.927387 22387 raft_consensus.cc:606] T fda1862193c641b48927a67d709af8e3 P 5ad7bd60b23044a0834734e2e2ba0d3e [term 2 LEADER]: Received request to transfer leadership to TS b0c2f242d19a4274909adc1deb04a364
I20260713 09:09:40.928222 21766 auto_leader_rebalancer.cc:479] table: test-workload, leader rebalance finish, leader transfer count: 2
I20260713 09:09:40.928587 21766 auto_leader_rebalancer.cc:554] All tables' leader rebalancing finished this round
I20260713 09:09:41.084992 22675 raft_consensus.cc:993] T fda1862193c641b48927a67d709af8e3 P 5ad7bd60b23044a0834734e2e2ba0d3e: : Instructing follower b0c2f242d19a4274909adc1deb04a364 to start an election
I20260713 09:09:41.085414 22615 raft_consensus.cc:1081] T fda1862193c641b48927a67d709af8e3 P 5ad7bd60b23044a0834734e2e2ba0d3e [term 2 LEADER]: Signalling peer b0c2f242d19a4274909adc1deb04a364 to start an election
I20260713 09:09:41.086843 22539 tablet_service.cc:2044] Received Run Leader Election RPC: tablet_id: "fda1862193c641b48927a67d709af8e3"
dest_uuid: "b0c2f242d19a4274909adc1deb04a364"
 from {username='slave'} at 127.0.0.1:48040
I20260713 09:09:41.087375 22539 raft_consensus.cc:493] T fda1862193c641b48927a67d709af8e3 P b0c2f242d19a4274909adc1deb04a364 [term 2 FOLLOWER]: Starting forced leader election (received explicit request)
I20260713 09:09:41.087708 22539 raft_consensus.cc:3060] T fda1862193c641b48927a67d709af8e3 P b0c2f242d19a4274909adc1deb04a364 [term 2 FOLLOWER]: Advancing to term 3
I20260713 09:09:41.094070 22539 raft_consensus.cc:515] T fda1862193c641b48927a67d709af8e3 P b0c2f242d19a4274909adc1deb04a364 [term 3 FOLLOWER]: Starting forced leader election with config: opid_index: -1 OBSOLETE_local: false peers { permanent_uuid: "b0c2f242d19a4274909adc1deb04a364" member_type: VOTER last_known_addr { host: "127.21.65.131" port: 38047 } } peers { permanent_uuid: "65af4e465f064a75a119318cbf002d27" member_type: VOTER last_known_addr { host: "127.21.65.130" port: 34235 } } peers { permanent_uuid: "5ad7bd60b23044a0834734e2e2ba0d3e" member_type: VOTER last_known_addr { host: "127.21.65.129" port: 42019 } }
I20260713 09:09:41.096068 22539 leader_election.cc:290] T fda1862193c641b48927a67d709af8e3 P b0c2f242d19a4274909adc1deb04a364 [CANDIDATE]: Term 3 election: Requested vote from peers 65af4e465f064a75a119318cbf002d27 (127.21.65.130:34235), 5ad7bd60b23044a0834734e2e2ba0d3e (127.21.65.129:42019)
I20260713 09:09:41.096597 22462 tablet_service.cc:1917] Received RequestConsensusVote() RPC: tablet_id: "fda1862193c641b48927a67d709af8e3" candidate_uuid: "b0c2f242d19a4274909adc1deb04a364" candidate_term: 3 candidate_status { last_received { term: 2 index: 2 } } ignore_live_leader: true dest_uuid: "65af4e465f064a75a119318cbf002d27"
I20260713 09:09:41.096963 22387 tablet_service.cc:1917] Received RequestConsensusVote() RPC: tablet_id: "fda1862193c641b48927a67d709af8e3" candidate_uuid: "b0c2f242d19a4274909adc1deb04a364" candidate_term: 3 candidate_status { last_received { term: 2 index: 2 } } ignore_live_leader: true dest_uuid: "5ad7bd60b23044a0834734e2e2ba0d3e"
I20260713 09:09:41.097273 22462 raft_consensus.cc:3060] T fda1862193c641b48927a67d709af8e3 P 65af4e465f064a75a119318cbf002d27 [term 2 FOLLOWER]: Advancing to term 3
I20260713 09:09:41.097546 22387 raft_consensus.cc:3055] T fda1862193c641b48927a67d709af8e3 P 5ad7bd60b23044a0834734e2e2ba0d3e [term 2 LEADER]: Stepping down as leader of term 2
I20260713 09:09:41.097870 22387 raft_consensus.cc:740] T fda1862193c641b48927a67d709af8e3 P 5ad7bd60b23044a0834734e2e2ba0d3e [term 2 LEADER]: Becoming Follower/Learner. State: Replica: 5ad7bd60b23044a0834734e2e2ba0d3e, State: Running, Role: LEADER
I20260713 09:09:41.098556 22387 consensus_queue.cc:260] T fda1862193c641b48927a67d709af8e3 P 5ad7bd60b23044a0834734e2e2ba0d3e [NON_LEADER]: Queue going to NON_LEADER mode. State: All replicated index: 0, Majority replicated index: 2, Committed index: 2, Last appended: 2.2, Last appended by leader: 2, Current term: 2, Majority size: -1, State: 0, Mode: NON_LEADER, active raft config: opid_index: -1 OBSOLETE_local: false peers { permanent_uuid: "b0c2f242d19a4274909adc1deb04a364" member_type: VOTER last_known_addr { host: "127.21.65.131" port: 38047 } } peers { permanent_uuid: "65af4e465f064a75a119318cbf002d27" member_type: VOTER last_known_addr { host: "127.21.65.130" port: 34235 } } peers { permanent_uuid: "5ad7bd60b23044a0834734e2e2ba0d3e" member_type: VOTER last_known_addr { host: "127.21.65.129" port: 42019 } }
I20260713 09:09:41.099370 22387 raft_consensus.cc:3060] T fda1862193c641b48927a67d709af8e3 P 5ad7bd60b23044a0834734e2e2ba0d3e [term 2 FOLLOWER]: Advancing to term 3
I20260713 09:09:41.103418 22462 raft_consensus.cc:2468] T fda1862193c641b48927a67d709af8e3 P 65af4e465f064a75a119318cbf002d27 [term 3 FOLLOWER]: Leader election vote request: Granting yes vote for candidate b0c2f242d19a4274909adc1deb04a364 in term 3.
I20260713 09:09:41.103592 22387 raft_consensus.cc:2468] T fda1862193c641b48927a67d709af8e3 P 5ad7bd60b23044a0834734e2e2ba0d3e [term 3 FOLLOWER]: Leader election vote request: Granting yes vote for candidate b0c2f242d19a4274909adc1deb04a364 in term 3.
I20260713 09:09:41.104532 22503 leader_election.cc:304] T fda1862193c641b48927a67d709af8e3 P b0c2f242d19a4274909adc1deb04a364 [CANDIDATE]: Term 3 election: Election decided. Result: candidate won. Election summary: received 2 responses out of 3 voters: 2 yes votes; 0 no votes. yes voters: 65af4e465f064a75a119318cbf002d27, b0c2f242d19a4274909adc1deb04a364; no voters: 
I20260713 09:09:41.105168 22582 raft_consensus.cc:2804] T fda1862193c641b48927a67d709af8e3 P b0c2f242d19a4274909adc1deb04a364 [term 3 FOLLOWER]: Leader election won for term 3
I20260713 09:09:41.106253 22582 raft_consensus.cc:697] T fda1862193c641b48927a67d709af8e3 P b0c2f242d19a4274909adc1deb04a364 [term 3 LEADER]: Becoming Leader. State: Replica: b0c2f242d19a4274909adc1deb04a364, State: Running, Role: LEADER
I20260713 09:09:41.106983 22582 consensus_queue.cc:237] T fda1862193c641b48927a67d709af8e3 P b0c2f242d19a4274909adc1deb04a364 [LEADER]: Queue going to LEADER mode. State: All replicated index: 0, Majority replicated index: 2, Committed index: 2, Last appended: 2.2, Last appended by leader: 2, Current term: 3, Majority size: 2, State: 0, Mode: LEADER, active raft config: opid_index: -1 OBSOLETE_local: false peers { permanent_uuid: "b0c2f242d19a4274909adc1deb04a364" member_type: VOTER last_known_addr { host: "127.21.65.131" port: 38047 } } peers { permanent_uuid: "65af4e465f064a75a119318cbf002d27" member_type: VOTER last_known_addr { host: "127.21.65.130" port: 34235 } } peers { permanent_uuid: "5ad7bd60b23044a0834734e2e2ba0d3e" member_type: VOTER last_known_addr { host: "127.21.65.129" port: 42019 } }
I20260713 09:09:41.111984 22675 raft_consensus.cc:993] T 6854d99f11cf48aba8ff56d0f9e97aa0 P 5ad7bd60b23044a0834734e2e2ba0d3e: : Instructing follower b0c2f242d19a4274909adc1deb04a364 to start an election
I20260713 09:09:41.112383 22615 raft_consensus.cc:1081] T 6854d99f11cf48aba8ff56d0f9e97aa0 P 5ad7bd60b23044a0834734e2e2ba0d3e [term 2 LEADER]: Signalling peer b0c2f242d19a4274909adc1deb04a364 to start an election
I20260713 09:09:41.113721 22539 tablet_service.cc:2044] Received Run Leader Election RPC: tablet_id: "6854d99f11cf48aba8ff56d0f9e97aa0"
dest_uuid: "b0c2f242d19a4274909adc1deb04a364"
 from {username='slave'} at 127.0.0.1:48040
I20260713 09:09:41.114213 22539 raft_consensus.cc:493] T 6854d99f11cf48aba8ff56d0f9e97aa0 P b0c2f242d19a4274909adc1deb04a364 [term 2 FOLLOWER]: Starting forced leader election (received explicit request)
I20260713 09:09:41.114579 22539 raft_consensus.cc:3060] T 6854d99f11cf48aba8ff56d0f9e97aa0 P b0c2f242d19a4274909adc1deb04a364 [term 2 FOLLOWER]: Advancing to term 3
I20260713 09:09:41.114748 22288 catalog_manager.cc:5697] T fda1862193c641b48927a67d709af8e3 P b0c2f242d19a4274909adc1deb04a364 reported cstate change: term changed from 2 to 3, leader changed from 5ad7bd60b23044a0834734e2e2ba0d3e (127.21.65.129) to b0c2f242d19a4274909adc1deb04a364 (127.21.65.131). New cstate: current_term: 3 leader_uuid: "b0c2f242d19a4274909adc1deb04a364" committed_config { opid_index: -1 OBSOLETE_local: false peers { permanent_uuid: "b0c2f242d19a4274909adc1deb04a364" member_type: VOTER last_known_addr { host: "127.21.65.131" port: 38047 } health_report { overall_health: HEALTHY } } peers { permanent_uuid: "65af4e465f064a75a119318cbf002d27" member_type: VOTER last_known_addr { host: "127.21.65.130" port: 34235 } health_report { overall_health: UNKNOWN } } peers { permanent_uuid: "5ad7bd60b23044a0834734e2e2ba0d3e" member_type: VOTER last_known_addr { host: "127.21.65.129" port: 42019 } health_report { overall_health: UNKNOWN } } }
I20260713 09:09:41.119845 22539 raft_consensus.cc:515] T 6854d99f11cf48aba8ff56d0f9e97aa0 P b0c2f242d19a4274909adc1deb04a364 [term 3 FOLLOWER]: Starting forced leader election with config: opid_index: -1 OBSOLETE_local: false peers { permanent_uuid: "5ad7bd60b23044a0834734e2e2ba0d3e" member_type: VOTER last_known_addr { host: "127.21.65.129" port: 42019 } } peers { permanent_uuid: "65af4e465f064a75a119318cbf002d27" member_type: VOTER last_known_addr { host: "127.21.65.130" port: 34235 } } peers { permanent_uuid: "b0c2f242d19a4274909adc1deb04a364" member_type: VOTER last_known_addr { host: "127.21.65.131" port: 38047 } }
I20260713 09:09:41.122375 22387 tablet_service.cc:1917] Received RequestConsensusVote() RPC: tablet_id: "6854d99f11cf48aba8ff56d0f9e97aa0" candidate_uuid: "b0c2f242d19a4274909adc1deb04a364" candidate_term: 3 candidate_status { last_received { term: 2 index: 2 } } ignore_live_leader: true dest_uuid: "5ad7bd60b23044a0834734e2e2ba0d3e"
I20260713 09:09:41.122937 22387 raft_consensus.cc:3055] T 6854d99f11cf48aba8ff56d0f9e97aa0 P 5ad7bd60b23044a0834734e2e2ba0d3e [term 2 LEADER]: Stepping down as leader of term 2
I20260713 09:09:41.122963 22539 leader_election.cc:290] T 6854d99f11cf48aba8ff56d0f9e97aa0 P b0c2f242d19a4274909adc1deb04a364 [CANDIDATE]: Term 3 election: Requested vote from peers 5ad7bd60b23044a0834734e2e2ba0d3e (127.21.65.129:42019), 65af4e465f064a75a119318cbf002d27 (127.21.65.130:34235)
I20260713 09:09:41.123346 22387 raft_consensus.cc:740] T 6854d99f11cf48aba8ff56d0f9e97aa0 P 5ad7bd60b23044a0834734e2e2ba0d3e [term 2 LEADER]: Becoming Follower/Learner. State: Replica: 5ad7bd60b23044a0834734e2e2ba0d3e, State: Running, Role: LEADER
I20260713 09:09:41.124112 22387 consensus_queue.cc:260] T 6854d99f11cf48aba8ff56d0f9e97aa0 P 5ad7bd60b23044a0834734e2e2ba0d3e [NON_LEADER]: Queue going to NON_LEADER mode. State: All replicated index: 0, Majority replicated index: 2, Committed index: 2, Last appended: 2.2, Last appended by leader: 2, Current term: 2, Majority size: -1, State: 0, Mode: NON_LEADER, active raft config: opid_index: -1 OBSOLETE_local: false peers { permanent_uuid: "5ad7bd60b23044a0834734e2e2ba0d3e" member_type: VOTER last_known_addr { host: "127.21.65.129" port: 42019 } } peers { permanent_uuid: "65af4e465f064a75a119318cbf002d27" member_type: VOTER last_known_addr { host: "127.21.65.130" port: 34235 } } peers { permanent_uuid: "b0c2f242d19a4274909adc1deb04a364" member_type: VOTER last_known_addr { host: "127.21.65.131" port: 38047 } }
I20260713 09:09:41.125145 22387 raft_consensus.cc:3060] T 6854d99f11cf48aba8ff56d0f9e97aa0 P 5ad7bd60b23044a0834734e2e2ba0d3e [term 2 FOLLOWER]: Advancing to term 3
I20260713 09:09:41.125838 22462 tablet_service.cc:1917] Received RequestConsensusVote() RPC: tablet_id: "6854d99f11cf48aba8ff56d0f9e97aa0" candidate_uuid: "b0c2f242d19a4274909adc1deb04a364" candidate_term: 3 candidate_status { last_received { term: 2 index: 2 } } ignore_live_leader: true dest_uuid: "65af4e465f064a75a119318cbf002d27"
I20260713 09:09:41.126370 22462 raft_consensus.cc:3060] T 6854d99f11cf48aba8ff56d0f9e97aa0 P 65af4e465f064a75a119318cbf002d27 [term 2 FOLLOWER]: Advancing to term 3
I20260713 09:09:41.132622 22462 raft_consensus.cc:2468] T 6854d99f11cf48aba8ff56d0f9e97aa0 P 65af4e465f064a75a119318cbf002d27 [term 3 FOLLOWER]: Leader election vote request: Granting yes vote for candidate b0c2f242d19a4274909adc1deb04a364 in term 3.
