I20260713 09:09:36.528631 27867 tablet_service.cc:1917] Received RequestConsensusVote() RPC: tablet_id: "05da28568ced45a0956b58a0358af330" candidate_uuid: "303ed824bac64591a3612d31a332a4b3" candidate_term: 1 candidate_status { last_received { term: 0 index: 0 } } ignore_live_leader: false dest_uuid: "cd871f719751414a961e5871aaae20b9" is_pre_election: true
I20260713 09:09:36.529594 27916 raft_consensus.cc:493] T 1ff8b8ea04ed4731861572f3fea98d5d P cd871f719751414a961e5871aaae20b9 [term 0 FOLLOWER]: Starting pre-election (no leader contacted us within the election timeout)
I20260713 09:09:36.530087 27916 raft_consensus.cc:515] T 1ff8b8ea04ed4731861572f3fea98d5d P cd871f719751414a961e5871aaae20b9 [term 0 FOLLOWER]: Starting pre-election with config: opid_index: -1 OBSOLETE_local: false peers { permanent_uuid: "303ed824bac64591a3612d31a332a4b3" member_type: VOTER last_known_addr { host: "127.26.113.65" port: 38021 } } peers { permanent_uuid: "5ffe8a4c6ad14b8a918479683ca2ba4b" member_type: VOTER last_known_addr { host: "127.26.113.66" port: 44053 } } peers { permanent_uuid: "cd871f719751414a961e5871aaae20b9" member_type: VOTER last_known_addr { host: "127.26.113.67" port: 39161 } }
W20260713 09:09:36.531780 27760 leader_election.cc:343] T 72bfe3115abd4a1fa0f5c081ffec71d4 P 5ffe8a4c6ad14b8a918479683ca2ba4b [CANDIDATE]: Term 1 pre-election: Tablet error from VoteRequest() call to peer 303ed824bac64591a3612d31a332a4b3 (127.26.113.65:38021): Illegal state: must be running to vote when last-logged opid is not known
I20260713 09:09:36.532840 27794 tablet_service.cc:1917] Received RequestConsensusVote() RPC: tablet_id: "1ff8b8ea04ed4731861572f3fea98d5d" candidate_uuid: "303ed824bac64591a3612d31a332a4b3" candidate_term: 1 candidate_status { last_received { term: 0 index: 0 } } ignore_live_leader: false dest_uuid: "5ffe8a4c6ad14b8a918479683ca2ba4b" is_pre_election: true
I20260713 09:09:36.533281 27793 tablet_service.cc:1917] Received RequestConsensusVote() RPC: tablet_id: "05da28568ced45a0956b58a0358af330" candidate_uuid: "303ed824bac64591a3612d31a332a4b3" candidate_term: 1 candidate_status { last_received { term: 0 index: 0 } } ignore_live_leader: false dest_uuid: "5ffe8a4c6ad14b8a918479683ca2ba4b" is_pre_election: true
I20260713 09:09:36.533434 27794 raft_consensus.cc:2468] T 1ff8b8ea04ed4731861572f3fea98d5d P 5ffe8a4c6ad14b8a918479683ca2ba4b [term 0 FOLLOWER]: Leader pre-election vote request: Granting yes vote for candidate 303ed824bac64591a3612d31a332a4b3 in term 0.
I20260713 09:09:36.532819 27910 tablet_bootstrap.cc:492] T 72bfe3115abd4a1fa0f5c081ffec71d4 P 303ed824bac64591a3612d31a332a4b3: No bootstrap required, opened a new log
I20260713 09:09:36.533396 27760 leader_election.cc:304] T 72bfe3115abd4a1fa0f5c081ffec71d4 P 5ffe8a4c6ad14b8a918479683ca2ba4b [CANDIDATE]: Term 1 pre-election: Election decided. Result: candidate lost. Election summary: received 3 responses out of 3 voters: 1 yes votes; 2 no votes. yes voters: 5ffe8a4c6ad14b8a918479683ca2ba4b; no voters: 303ed824bac64591a3612d31a332a4b3, cd871f719751414a961e5871aaae20b9
I20260713 09:09:36.534577 27910 ts_tablet_manager.cc:1403] T 72bfe3115abd4a1fa0f5c081ffec71d4 P 303ed824bac64591a3612d31a332a4b3: Time spent bootstrapping tablet: real 0.036s	user 0.007s	sys 0.011s
I20260713 09:09:36.532168 27916 leader_election.cc:290] T 1ff8b8ea04ed4731861572f3fea98d5d P cd871f719751414a961e5871aaae20b9 [CANDIDATE]: Term 1 pre-election: Requested pre-vote from peers 303ed824bac64591a3612d31a332a4b3 (127.26.113.65:38021), 5ffe8a4c6ad14b8a918479683ca2ba4b (127.26.113.66:44053)
I20260713 09:09:36.535696 27682 leader_election.cc:304] T 1ff8b8ea04ed4731861572f3fea98d5d P 303ed824bac64591a3612d31a332a4b3 [CANDIDATE]: Term 1 pre-election: Election decided. Result: candidate won. Election summary: received 2 responses out of 3 voters: 2 yes votes; 0 no votes. yes voters: 303ed824bac64591a3612d31a332a4b3, cd871f719751414a961e5871aaae20b9; no voters: 
I20260713 09:09:36.535938 27920 raft_consensus.cc:2749] T 72bfe3115abd4a1fa0f5c081ffec71d4 P 5ffe8a4c6ad14b8a918479683ca2ba4b [term 0 FOLLOWER]: Leader pre-election lost for term 1. Reason: could not achieve majority
I20260713 09:09:36.536211 27909 ts_tablet_manager.cc:1403] T 716a7906c743452e908c8d46e22eee81 P cd871f719751414a961e5871aaae20b9: Time spent bootstrapping tablet: real 0.053s	user 0.005s	sys 0.011s
I20260713 09:09:36.536469 27914 raft_consensus.cc:2804] T 1ff8b8ea04ed4731861572f3fea98d5d P 303ed824bac64591a3612d31a332a4b3 [term 0 FOLLOWER]: Leader pre-election won for term 1
W20260713 09:09:36.536613 27682 leader_election.cc:343] T 05da28568ced45a0956b58a0358af330 P 303ed824bac64591a3612d31a332a4b3 [CANDIDATE]: Term 1 pre-election: Tablet error from VoteRequest() call to peer 5ffe8a4c6ad14b8a918479683ca2ba4b (127.26.113.66:44053): Illegal state: must be running to vote when last-logged opid is not known
I20260713 09:09:36.536715 27719 tablet_service.cc:1917] Received RequestConsensusVote() RPC: tablet_id: "1ff8b8ea04ed4731861572f3fea98d5d" candidate_uuid: "cd871f719751414a961e5871aaae20b9" candidate_term: 1 candidate_status { last_received { term: 0 index: 0 } } ignore_live_leader: false dest_uuid: "303ed824bac64591a3612d31a332a4b3" is_pre_election: true
I20260713 09:09:36.537063 27914 raft_consensus.cc:493] T 1ff8b8ea04ed4731861572f3fea98d5d P 303ed824bac64591a3612d31a332a4b3 [term 0 FOLLOWER]: Starting leader election (no leader contacted us within the election timeout)
I20260713 09:09:36.537443 27914 raft_consensus.cc:3060] T 1ff8b8ea04ed4731861572f3fea98d5d P 303ed824bac64591a3612d31a332a4b3 [term 0 FOLLOWER]: Advancing to term 1
W20260713 09:09:36.537786 27682 leader_election.cc:343] T 05da28568ced45a0956b58a0358af330 P 303ed824bac64591a3612d31a332a4b3 [CANDIDATE]: Term 1 pre-election: Tablet error from VoteRequest() call to peer cd871f719751414a961e5871aaae20b9 (127.26.113.67:39161): Illegal state: must be running to vote when last-logged opid is not known
I20260713 09:09:36.537213 27613 catalog_manager.cc:5697] T 2b35e13e6e6a42d68663742377d46868 P 5ffe8a4c6ad14b8a918479683ca2ba4b reported cstate change: term changed from 0 to 1, leader changed from <none> to 5ffe8a4c6ad14b8a918479683ca2ba4b (127.26.113.66). New cstate: current_term: 1 leader_uuid: "5ffe8a4c6ad14b8a918479683ca2ba4b" committed_config { opid_index: -1 OBSOLETE_local: false peers { permanent_uuid: "303ed824bac64591a3612d31a332a4b3" member_type: VOTER last_known_addr { host: "127.26.113.65" port: 38021 } health_report { overall_health: UNKNOWN } } peers { permanent_uuid: "5ffe8a4c6ad14b8a918479683ca2ba4b" member_type: VOTER last_known_addr { host: "127.26.113.66" port: 44053 } health_report { overall_health: HEALTHY } } peers { permanent_uuid: "cd871f719751414a961e5871aaae20b9" member_type: VOTER last_known_addr { host: "127.26.113.67" port: 39161 } health_report { overall_health: UNKNOWN } } }
I20260713 09:09:36.538172 27682 leader_election.cc:304] T 05da28568ced45a0956b58a0358af330 P 303ed824bac64591a3612d31a332a4b3 [CANDIDATE]: Term 1 pre-election: Election decided. Result: candidate lost. Election summary: received 3 responses out of 3 voters: 1 yes votes; 2 no votes. yes voters: 303ed824bac64591a3612d31a332a4b3; no voters: 5ffe8a4c6ad14b8a918479683ca2ba4b, cd871f719751414a961e5871aaae20b9
I20260713 09:09:36.540835 27794 tablet_service.cc:1917] Received RequestConsensusVote() RPC: tablet_id: "1ff8b8ea04ed4731861572f3fea98d5d" candidate_uuid: "cd871f719751414a961e5871aaae20b9" candidate_term: 1 candidate_status { last_received { term: 0 index: 0 } } ignore_live_leader: false dest_uuid: "5ffe8a4c6ad14b8a918479683ca2ba4b" is_pre_election: true
I20260713 09:09:36.541381 27794 raft_consensus.cc:2468] T 1ff8b8ea04ed4731861572f3fea98d5d P 5ffe8a4c6ad14b8a918479683ca2ba4b [term 0 FOLLOWER]: Leader pre-election vote request: Granting yes vote for candidate cd871f719751414a961e5871aaae20b9 in term 0.
I20260713 09:09:36.542481 27831 leader_election.cc:304] T 1ff8b8ea04ed4731861572f3fea98d5d P cd871f719751414a961e5871aaae20b9 [CANDIDATE]: Term 1 pre-election: Election decided. Result: candidate won. Election summary: received 2 responses out of 3 voters: 2 yes votes; 0 no votes. yes voters: 5ffe8a4c6ad14b8a918479683ca2ba4b, cd871f719751414a961e5871aaae20b9; no voters: 
I20260713 09:09:36.543236 27916 raft_consensus.cc:2804] T 1ff8b8ea04ed4731861572f3fea98d5d P cd871f719751414a961e5871aaae20b9 [term 0 FOLLOWER]: Leader pre-election won for term 1
I20260713 09:09:36.543556 27916 raft_consensus.cc:493] T 1ff8b8ea04ed4731861572f3fea98d5d P cd871f719751414a961e5871aaae20b9 [term 0 FOLLOWER]: Starting leader election (no leader contacted us within the election timeout)
I20260713 09:09:36.543864 27916 raft_consensus.cc:3060] T 1ff8b8ea04ed4731861572f3fea98d5d P cd871f719751414a961e5871aaae20b9 [term 0 FOLLOWER]: Advancing to term 1
I20260713 09:09:36.544267 27909 raft_consensus.cc:359] T 716a7906c743452e908c8d46e22eee81 P cd871f719751414a961e5871aaae20b9 [term 0 FOLLOWER]: Replica starting. Triggering 0 pending ops. Active config: opid_index: -1 OBSOLETE_local: false peers { permanent_uuid: "303ed824bac64591a3612d31a332a4b3" member_type: VOTER last_known_addr { host: "127.26.113.65" port: 38021 } } peers { permanent_uuid: "5ffe8a4c6ad14b8a918479683ca2ba4b" member_type: VOTER last_known_addr { host: "127.26.113.66" port: 44053 } } peers { permanent_uuid: "cd871f719751414a961e5871aaae20b9" member_type: VOTER last_known_addr { host: "127.26.113.67" port: 39161 } }
I20260713 09:09:36.544960 27909 raft_consensus.cc:385] T 716a7906c743452e908c8d46e22eee81 P cd871f719751414a961e5871aaae20b9 [term 0 FOLLOWER]: Consensus starting up: Expiring failure detector timer to make a prompt election more likely
I20260713 09:09:36.545225 27909 raft_consensus.cc:740] T 716a7906c743452e908c8d46e22eee81 P cd871f719751414a961e5871aaae20b9 [term 0 FOLLOWER]: Becoming Follower/Learner. State: Replica: cd871f719751414a961e5871aaae20b9, State: Initialized, Role: FOLLOWER
I20260713 09:09:36.545910 27909 consensus_queue.cc:260] T 716a7906c743452e908c8d46e22eee81 P cd871f719751414a961e5871aaae20b9 [NON_LEADER]: Queue going to NON_LEADER mode. State: All replicated index: 0, Majority replicated index: 0, Committed index: 0, Last appended: 0.0, Last appended by leader: 0, Current term: 0, Majority size: -1, State: 0, Mode: NON_LEADER, active raft config: opid_index: -1 OBSOLETE_local: false peers { permanent_uuid: "303ed824bac64591a3612d31a332a4b3" member_type: VOTER last_known_addr { host: "127.26.113.65" port: 38021 } } peers { permanent_uuid: "5ffe8a4c6ad14b8a918479683ca2ba4b" member_type: VOTER last_known_addr { host: "127.26.113.66" port: 44053 } } peers { permanent_uuid: "cd871f719751414a961e5871aaae20b9" member_type: VOTER last_known_addr { host: "127.26.113.67" port: 39161 } }
I20260713 09:09:36.547283 27908 tablet_bootstrap.cc:492] T 3337048db3bc4b20a3a6e3a71d7f39f6 P 5ffe8a4c6ad14b8a918479683ca2ba4b: No bootstrap required, opened a new log
I20260713 09:09:36.547755 27908 ts_tablet_manager.cc:1403] T 3337048db3bc4b20a3a6e3a71d7f39f6 P 5ffe8a4c6ad14b8a918479683ca2ba4b: Time spent bootstrapping tablet: real 0.042s	user 0.012s	sys 0.004s
I20260713 09:09:36.550596 27916 raft_consensus.cc:515] T 1ff8b8ea04ed4731861572f3fea98d5d P cd871f719751414a961e5871aaae20b9 [term 1 FOLLOWER]: Starting leader election with config: opid_index: -1 OBSOLETE_local: false peers { permanent_uuid: "303ed824bac64591a3612d31a332a4b3" member_type: VOTER last_known_addr { host: "127.26.113.65" port: 38021 } } peers { permanent_uuid: "5ffe8a4c6ad14b8a918479683ca2ba4b" member_type: VOTER last_known_addr { host: "127.26.113.66" port: 44053 } } peers { permanent_uuid: "cd871f719751414a961e5871aaae20b9" member_type: VOTER last_known_addr { host: "127.26.113.67" port: 39161 } }
I20260713 09:09:36.552253 27910 raft_consensus.cc:359] T 72bfe3115abd4a1fa0f5c081ffec71d4 P 303ed824bac64591a3612d31a332a4b3 [term 0 FOLLOWER]: Replica starting. Triggering 0 pending ops. Active config: opid_index: -1 OBSOLETE_local: false peers { permanent_uuid: "303ed824bac64591a3612d31a332a4b3" member_type: VOTER last_known_addr { host: "127.26.113.65" port: 38021 } } peers { permanent_uuid: "5ffe8a4c6ad14b8a918479683ca2ba4b" member_type: VOTER last_known_addr { host: "127.26.113.66" port: 44053 } } peers { permanent_uuid: "cd871f719751414a961e5871aaae20b9" member_type: VOTER last_known_addr { host: "127.26.113.67" port: 39161 } }
I20260713 09:09:36.552913 27910 raft_consensus.cc:385] T 72bfe3115abd4a1fa0f5c081ffec71d4 P 303ed824bac64591a3612d31a332a4b3 [term 0 FOLLOWER]: Consensus starting up: Expiring failure detector timer to make a prompt election more likely
I20260713 09:09:36.553179 27910 raft_consensus.cc:740] T 72bfe3115abd4a1fa0f5c081ffec71d4 P 303ed824bac64591a3612d31a332a4b3 [term 0 FOLLOWER]: Becoming Follower/Learner. State: Replica: 303ed824bac64591a3612d31a332a4b3, State: Initialized, Role: FOLLOWER
I20260713 09:09:36.553540 27718 tablet_service.cc:1917] Received RequestConsensusVote() RPC: tablet_id: "1ff8b8ea04ed4731861572f3fea98d5d" candidate_uuid: "cd871f719751414a961e5871aaae20b9" candidate_term: 1 candidate_status { last_received { term: 0 index: 0 } } ignore_live_leader: false dest_uuid: "303ed824bac64591a3612d31a332a4b3"
I20260713 09:09:36.553851 27910 consensus_queue.cc:260] T 72bfe3115abd4a1fa0f5c081ffec71d4 P 303ed824bac64591a3612d31a332a4b3 [NON_LEADER]: Queue going to NON_LEADER mode. State: All replicated index: 0, Majority replicated index: 0, Committed index: 0, Last appended: 0.0, Last appended by leader: 0, Current term: 0, Majority size: -1, State: 0, Mode: NON_LEADER, active raft config: opid_index: -1 OBSOLETE_local: false peers { permanent_uuid: "303ed824bac64591a3612d31a332a4b3" member_type: VOTER last_known_addr { host: "127.26.113.65" port: 38021 } } peers { permanent_uuid: "5ffe8a4c6ad14b8a918479683ca2ba4b" member_type: VOTER last_known_addr { host: "127.26.113.66" port: 44053 } } peers { permanent_uuid: "cd871f719751414a961e5871aaae20b9" member_type: VOTER last_known_addr { host: "127.26.113.67" port: 39161 } }
I20260713 09:09:36.556136 27916 leader_election.cc:290] T 1ff8b8ea04ed4731861572f3fea98d5d P cd871f719751414a961e5871aaae20b9 [CANDIDATE]: Term 1 election: Requested vote from peers 303ed824bac64591a3612d31a332a4b3 (127.26.113.65:38021), 5ffe8a4c6ad14b8a918479683ca2ba4b (127.26.113.66:44053)
I20260713 09:09:36.556449 27914 raft_consensus.cc:515] T 1ff8b8ea04ed4731861572f3fea98d5d P 303ed824bac64591a3612d31a332a4b3 [term 1 FOLLOWER]: Starting leader election with config: opid_index: -1 OBSOLETE_local: false peers { permanent_uuid: "303ed824bac64591a3612d31a332a4b3" member_type: VOTER last_known_addr { host: "127.26.113.65" port: 38021 } } peers { permanent_uuid: "5ffe8a4c6ad14b8a918479683ca2ba4b" member_type: VOTER last_known_addr { host: "127.26.113.66" port: 44053 } } peers { permanent_uuid: "cd871f719751414a961e5871aaae20b9" member_type: VOTER last_known_addr { host: "127.26.113.67" port: 39161 } }
I20260713 09:09:36.557556 27719 raft_consensus.cc:2393] T 1ff8b8ea04ed4731861572f3fea98d5d P 303ed824bac64591a3612d31a332a4b3 [term 1 FOLLOWER]: Leader pre-election vote request: Denying vote to candidate cd871f719751414a961e5871aaae20b9 in current term 1: Already voted for candidate 303ed824bac64591a3612d31a332a4b3 in this term.
I20260713 09:09:36.558254 27914 leader_election.cc:290] T 1ff8b8ea04ed4731861572f3fea98d5d P 303ed824bac64591a3612d31a332a4b3 [CANDIDATE]: Term 1 election: Requested vote from peers 5ffe8a4c6ad14b8a918479683ca2ba4b (127.26.113.66:44053), cd871f719751414a961e5871aaae20b9 (127.26.113.67:39161)
I20260713 09:09:36.558800 27914 raft_consensus.cc:2749] T 05da28568ced45a0956b58a0358af330 P 303ed824bac64591a3612d31a332a4b3 [term 0 FOLLOWER]: Leader pre-election lost for term 1. Reason: could not achieve majority
I20260713 09:09:36.559458 27908 raft_consensus.cc:359] T 3337048db3bc4b20a3a6e3a71d7f39f6 P 5ffe8a4c6ad14b8a918479683ca2ba4b [term 0 FOLLOWER]: Replica starting. Triggering 0 pending ops. Active config: opid_index: -1 OBSOLETE_local: false peers { permanent_uuid: "303ed824bac64591a3612d31a332a4b3" member_type: VOTER last_known_addr { host: "127.26.113.65" port: 38021 } } peers { permanent_uuid: "5ffe8a4c6ad14b8a918479683ca2ba4b" member_type: VOTER last_known_addr { host: "127.26.113.66" port: 44053 } } peers { permanent_uuid: "cd871f719751414a961e5871aaae20b9" member_type: VOTER last_known_addr { host: "127.26.113.67" port: 39161 } }
I20260713 09:09:36.560132 27908 raft_consensus.cc:385] T 3337048db3bc4b20a3a6e3a71d7f39f6 P 5ffe8a4c6ad14b8a918479683ca2ba4b [term 0 FOLLOWER]: Consensus starting up: Expiring failure detector timer to make a prompt election more likely
I20260713 09:09:36.560436 27908 raft_consensus.cc:740] T 3337048db3bc4b20a3a6e3a71d7f39f6 P 5ffe8a4c6ad14b8a918479683ca2ba4b [term 0 FOLLOWER]: Becoming Follower/Learner. State: Replica: 5ffe8a4c6ad14b8a918479683ca2ba4b, State: Initialized, Role: FOLLOWER
I20260713 09:09:36.561636 27867 tablet_service.cc:1917] Received RequestConsensusVote() RPC: tablet_id: "1ff8b8ea04ed4731861572f3fea98d5d" candidate_uuid: "303ed824bac64591a3612d31a332a4b3" candidate_term: 1 candidate_status { last_received { term: 0 index: 0 } } ignore_live_leader: false dest_uuid: "cd871f719751414a961e5871aaae20b9"
I20260713 09:09:36.562450 27867 raft_consensus.cc:2393] T 1ff8b8ea04ed4731861572f3fea98d5d P cd871f719751414a961e5871aaae20b9 [term 1 FOLLOWER]: Leader election vote request: Denying vote to candidate 303ed824bac64591a3612d31a332a4b3 in current term 1: Already voted for candidate cd871f719751414a961e5871aaae20b9 in this term.
I20260713 09:09:36.561116 27908 consensus_queue.cc:260] T 3337048db3bc4b20a3a6e3a71d7f39f6 P 5ffe8a4c6ad14b8a918479683ca2ba4b [NON_LEADER]: Queue going to NON_LEADER mode. State: All replicated index: 0, Majority replicated index: 0, Committed index: 0, Last appended: 0.0, Last appended by leader: 0, Current term: 0, Majority size: -1, State: 0, Mode: NON_LEADER, active raft config: opid_index: -1 OBSOLETE_local: false peers { permanent_uuid: "303ed824bac64591a3612d31a332a4b3" member_type: VOTER last_known_addr { host: "127.26.113.65" port: 38021 } } peers { permanent_uuid: "5ffe8a4c6ad14b8a918479683ca2ba4b" member_type: VOTER last_known_addr { host: "127.26.113.66" port: 44053 } } peers { permanent_uuid: "cd871f719751414a961e5871aaae20b9" member_type: VOTER last_known_addr { host: "127.26.113.67" port: 39161 } }
I20260713 09:09:36.565330 27908 ts_tablet_manager.cc:1434] T 3337048db3bc4b20a3a6e3a71d7f39f6 P 5ffe8a4c6ad14b8a918479683ca2ba4b: Time spent starting tablet: real 0.017s	user 0.007s	sys 0.000s
I20260713 09:09:36.566262 27908 tablet_bootstrap.cc:492] T d102055b06794114852e3dd4a1840e9f P 5ffe8a4c6ad14b8a918479683ca2ba4b: Bootstrap starting.
I20260713 09:09:36.566994 27794 tablet_service.cc:1917] Received RequestConsensusVote() RPC: tablet_id: "1ff8b8ea04ed4731861572f3fea98d5d" candidate_uuid: "cd871f719751414a961e5871aaae20b9" candidate_term: 1 candidate_status { last_received { term: 0 index: 0 } } ignore_live_leader: false dest_uuid: "5ffe8a4c6ad14b8a918479683ca2ba4b"
I20260713 09:09:36.567512 27794 raft_consensus.cc:3060] T 1ff8b8ea04ed4731861572f3fea98d5d P 5ffe8a4c6ad14b8a918479683ca2ba4b [term 0 FOLLOWER]: Advancing to term 1
I20260713 09:09:36.572136 27910 ts_tablet_manager.cc:1434] T 72bfe3115abd4a1fa0f5c081ffec71d4 P 303ed824bac64591a3612d31a332a4b3: Time spent starting tablet: real 0.037s	user 0.006s	sys 0.000s
I20260713 09:09:36.572710 27793 tablet_service.cc:1917] Received RequestConsensusVote() RPC: tablet_id: "1ff8b8ea04ed4731861572f3fea98d5d" candidate_uuid: "303ed824bac64591a3612d31a332a4b3" candidate_term: 1 candidate_status { last_received { term: 0 index: 0 } } ignore_live_leader: false dest_uuid: "5ffe8a4c6ad14b8a918479683ca2ba4b"
I20260713 09:09:36.573122 27910 tablet_bootstrap.cc:492] T 2b35e13e6e6a42d68663742377d46868 P 303ed824bac64591a3612d31a332a4b3: Bootstrap starting.
I20260713 09:09:36.576665 27794 raft_consensus.cc:2468] T 1ff8b8ea04ed4731861572f3fea98d5d P 5ffe8a4c6ad14b8a918479683ca2ba4b [term 1 FOLLOWER]: Leader election vote request: Granting yes vote for candidate cd871f719751414a961e5871aaae20b9 in term 1.
I20260713 09:09:36.577788 27682 leader_election.cc:304] T 1ff8b8ea04ed4731861572f3fea98d5d P 303ed824bac64591a3612d31a332a4b3 [CANDIDATE]: Term 1 election: Election decided. Result: candidate lost. Election summary: received 3 responses out of 3 voters: 1 yes votes; 2 no votes. yes voters: 303ed824bac64591a3612d31a332a4b3; no voters: 5ffe8a4c6ad14b8a918479683ca2ba4b, cd871f719751414a961e5871aaae20b9
I20260713 09:09:36.579106 27910 tablet_bootstrap.cc:654] T 2b35e13e6e6a42d68663742377d46868 P 303ed824bac64591a3612d31a332a4b3: Neither blocks nor log segments found. Creating new log.
I20260713 09:09:36.579528 27940 raft_consensus.cc:2749] T 1ff8b8ea04ed4731861572f3fea98d5d P 303ed824bac64591a3612d31a332a4b3 [term 1 FOLLOWER]: Leader election lost for term 1. Reason: could not achieve majority
I20260713 09:09:36.579695 27908 tablet_bootstrap.cc:654] T d102055b06794114852e3dd4a1840e9f P 5ffe8a4c6ad14b8a918479683ca2ba4b: Neither blocks nor log segments found. Creating new log.
I20260713 09:09:36.581164 27831 leader_election.cc:304] T 1ff8b8ea04ed4731861572f3fea98d5d P cd871f719751414a961e5871aaae20b9 [CANDIDATE]: Term 1 election: Election decided. Result: candidate won. Election summary: received 3 responses out of 3 voters: 2 yes votes; 1 no votes. yes voters: 5ffe8a4c6ad14b8a918479683ca2ba4b, cd871f719751414a961e5871aaae20b9; no voters: 303ed824bac64591a3612d31a332a4b3
I20260713 09:09:36.582047 27939 raft_consensus.cc:2804] T 1ff8b8ea04ed4731861572f3fea98d5d P cd871f719751414a961e5871aaae20b9 [term 1 FOLLOWER]: Leader election won for term 1
I20260713 09:09:36.582999 27939 raft_consensus.cc:697] T 1ff8b8ea04ed4731861572f3fea98d5d P cd871f719751414a961e5871aaae20b9 [term 1 LEADER]: Becoming Leader. State: Replica: cd871f719751414a961e5871aaae20b9, State: Running, Role: LEADER
I20260713 09:09:36.583880 27939 consensus_queue.cc:237] T 1ff8b8ea04ed4731861572f3fea98d5d P cd871f719751414a961e5871aaae20b9 [LEADER]: Queue going to LEADER mode. State: All replicated index: 0, Majority replicated index: 0, Committed index: 0, Last appended: 0.0, Last appended by leader: 0, Current term: 1, Majority size: 2, State: 0, Mode: LEADER, active raft config: opid_index: -1 OBSOLETE_local: false peers { permanent_uuid: "303ed824bac64591a3612d31a332a4b3" member_type: VOTER last_known_addr { host: "127.26.113.65" port: 38021 } } peers { permanent_uuid: "5ffe8a4c6ad14b8a918479683ca2ba4b" member_type: VOTER last_known_addr { host: "127.26.113.66" port: 44053 } } peers { permanent_uuid: "cd871f719751414a961e5871aaae20b9" member_type: VOTER last_known_addr { host: "127.26.113.67" port: 39161 } }
I20260713 09:09:36.585492 27616 catalog_manager.cc:5697] T bb01a9b1329e48b6b62871b7aa2d8518 P 5ffe8a4c6ad14b8a918479683ca2ba4b reported cstate change: term changed from 0 to 1, leader changed from <none> to 5ffe8a4c6ad14b8a918479683ca2ba4b (127.26.113.66). New cstate: current_term: 1 leader_uuid: "5ffe8a4c6ad14b8a918479683ca2ba4b" committed_config { opid_index: -1 OBSOLETE_local: false peers { permanent_uuid: "5ffe8a4c6ad14b8a918479683ca2ba4b" member_type: VOTER last_known_addr { host: "127.26.113.66" port: 44053 } health_report { overall_health: HEALTHY } } peers { permanent_uuid: "cd871f719751414a961e5871aaae20b9" member_type: VOTER last_known_addr { host: "127.26.113.67" port: 39161 } health_report { overall_health: UNKNOWN } } peers { permanent_uuid: "303ed824bac64591a3612d31a332a4b3" member_type: VOTER last_known_addr { host: "127.26.113.65" port: 38021 } health_report { overall_health: UNKNOWN } } }
I20260713 09:09:36.585472 27909 ts_tablet_manager.cc:1434] T 716a7906c743452e908c8d46e22eee81 P cd871f719751414a961e5871aaae20b9: Time spent starting tablet: real 0.046s	user 0.025s	sys 0.012s
I20260713 09:09:36.589655 27909 tablet_bootstrap.cc:492] T bb01a9b1329e48b6b62871b7aa2d8518 P cd871f719751414a961e5871aaae20b9: Bootstrap starting.
I20260713 09:09:36.591131 27916 raft_consensus.cc:493] T 716a7906c743452e908c8d46e22eee81 P cd871f719751414a961e5871aaae20b9 [term 0 FOLLOWER]: Starting pre-election (no leader contacted us within the election timeout)
I20260713 09:09:36.595707 27916 raft_consensus.cc:515] T 716a7906c743452e908c8d46e22eee81 P cd871f719751414a961e5871aaae20b9 [term 0 FOLLOWER]: Starting pre-election with config: opid_index: -1 OBSOLETE_local: false peers { permanent_uuid: "303ed824bac64591a3612d31a332a4b3" member_type: VOTER last_known_addr { host: "127.26.113.65" port: 38021 } } peers { permanent_uuid: "5ffe8a4c6ad14b8a918479683ca2ba4b" member_type: VOTER last_known_addr { host: "127.26.113.66" port: 44053 } } peers { permanent_uuid: "cd871f719751414a961e5871aaae20b9" member_type: VOTER last_known_addr { host: "127.26.113.67" port: 39161 } }
I20260713 09:09:36.600106 27910 tablet_bootstrap.cc:492] T 2b35e13e6e6a42d68663742377d46868 P 303ed824bac64591a3612d31a332a4b3: No bootstrap required, opened a new log
I20260713 09:09:36.600622 27910 ts_tablet_manager.cc:1403] T 2b35e13e6e6a42d68663742377d46868 P 303ed824bac64591a3612d31a332a4b3: Time spent bootstrapping tablet: real 0.028s	user 0.010s	sys 0.001s
I20260713 09:09:36.603672 27910 raft_consensus.cc:359] T 2b35e13e6e6a42d68663742377d46868 P 303ed824bac64591a3612d31a332a4b3 [term 0 FOLLOWER]: Replica starting. Triggering 0 pending ops. Active config: opid_index: -1 OBSOLETE_local: false peers { permanent_uuid: "303ed824bac64591a3612d31a332a4b3" member_type: VOTER last_known_addr { host: "127.26.113.65" port: 38021 } } peers { permanent_uuid: "5ffe8a4c6ad14b8a918479683ca2ba4b" member_type: VOTER last_known_addr { host: "127.26.113.66" port: 44053 } } peers { permanent_uuid: "cd871f719751414a961e5871aaae20b9" member_type: VOTER last_known_addr { host: "127.26.113.67" port: 39161 } }
I20260713 09:09:36.604409 27910 raft_consensus.cc:385] T 2b35e13e6e6a42d68663742377d46868 P 303ed824bac64591a3612d31a332a4b3 [term 0 FOLLOWER]: Consensus starting up: Expiring failure detector timer to make a prompt election more likely
I20260713 09:09:36.604697 27910 raft_consensus.cc:740] T 2b35e13e6e6a42d68663742377d46868 P 303ed824bac64591a3612d31a332a4b3 [term 0 FOLLOWER]: Becoming Follower/Learner. State: Replica: 303ed824bac64591a3612d31a332a4b3, State: Initialized, Role: FOLLOWER
I20260713 09:09:36.605436 27910 consensus_queue.cc:260] T 2b35e13e6e6a42d68663742377d46868 P 303ed824bac64591a3612d31a332a4b3 [NON_LEADER]: Queue going to NON_LEADER mode. State: All replicated index: 0, Majority replicated index: 0, Committed index: 0, Last appended: 0.0, Last appended by leader: 0, Current term: 0, Majority size: -1, State: 0, Mode: NON_LEADER, active raft config: opid_index: -1 OBSOLETE_local: false peers { permanent_uuid: "303ed824bac64591a3612d31a332a4b3" member_type: VOTER last_known_addr { host: "127.26.113.65" port: 38021 } } peers { permanent_uuid: "5ffe8a4c6ad14b8a918479683ca2ba4b" member_type: VOTER last_known_addr { host: "127.26.113.66" port: 44053 } } peers { permanent_uuid: "cd871f719751414a961e5871aaae20b9" member_type: VOTER last_known_addr { host: "127.26.113.67" port: 39161 } }
I20260713 09:09:36.607893 27916 leader_election.cc:290] T 716a7906c743452e908c8d46e22eee81 P cd871f719751414a961e5871aaae20b9 [CANDIDATE]: Term 1 pre-election: Requested pre-vote from peers 303ed824bac64591a3612d31a332a4b3 (127.26.113.65:38021), 5ffe8a4c6ad14b8a918479683ca2ba4b (127.26.113.66:44053)
I20260713 09:09:36.608932 27719 tablet_service.cc:1917] Received RequestConsensusVote() RPC: tablet_id: "716a7906c743452e908c8d46e22eee81" candidate_uuid: "cd871f719751414a961e5871aaae20b9" candidate_term: 1 candidate_status { last_received { term: 0 index: 0 } } ignore_live_leader: false dest_uuid: "303ed824bac64591a3612d31a332a4b3" is_pre_election: true
I20260713 09:09:36.610447 27794 tablet_service.cc:1917] Received RequestConsensusVote() RPC: tablet_id: "716a7906c743452e908c8d46e22eee81" candidate_uuid: "cd871f719751414a961e5871aaae20b9" candidate_term: 1 candidate_status { last_received { term: 0 index: 0 } } ignore_live_leader: false dest_uuid: "5ffe8a4c6ad14b8a918479683ca2ba4b" is_pre_election: true
W20260713 09:09:36.611726 27831 leader_election.cc:343] T 716a7906c743452e908c8d46e22eee81 P cd871f719751414a961e5871aaae20b9 [CANDIDATE]: Term 1 pre-election: Tablet error from VoteRequest() call to peer 5ffe8a4c6ad14b8a918479683ca2ba4b (127.26.113.66:44053): Illegal state: must be running to vote when last-logged opid is not known
W20260713 09:09:36.612715 27834 leader_election.cc:343] T 716a7906c743452e908c8d46e22eee81 P cd871f719751414a961e5871aaae20b9 [CANDIDATE]: Term 1 pre-election: Tablet error from VoteRequest() call to peer 303ed824bac64591a3612d31a332a4b3 (127.26.113.65:38021): Illegal state: must be running to vote when last-logged opid is not known
I20260713 09:09:36.613161 27834 leader_election.cc:304] T 716a7906c743452e908c8d46e22eee81 P cd871f719751414a961e5871aaae20b9 [CANDIDATE]: Term 1 pre-election: Election decided. Result: candidate lost. Election summary: received 3 responses out of 3 voters: 1 yes votes; 2 no votes. yes voters: cd871f719751414a961e5871aaae20b9; no voters: 303ed824bac64591a3612d31a332a4b3, 5ffe8a4c6ad14b8a918479683ca2ba4b
I20260713 09:09:36.613890 27916 raft_consensus.cc:2749] T 716a7906c743452e908c8d46e22eee81 P cd871f719751414a961e5871aaae20b9 [term 0 FOLLOWER]: Leader pre-election lost for term 1. Reason: could not achieve majority
I20260713 09:09:36.616469 27909 tablet_bootstrap.cc:654] T bb01a9b1329e48b6b62871b7aa2d8518 P cd871f719751414a961e5871aaae20b9: Neither blocks nor log segments found. Creating new log.
I20260713 09:09:36.617951 27616 catalog_manager.cc:5697] T 1ff8b8ea04ed4731861572f3fea98d5d P cd871f719751414a961e5871aaae20b9 reported cstate change: term changed from 0 to 1, leader changed from <none> to cd871f719751414a961e5871aaae20b9 (127.26.113.67). New cstate: current_term: 1 leader_uuid: "cd871f719751414a961e5871aaae20b9" committed_config { opid_index: -1 OBSOLETE_local: false peers { permanent_uuid: "303ed824bac64591a3612d31a332a4b3" member_type: VOTER last_known_addr { host: "127.26.113.65" port: 38021 } health_report { overall_health: UNKNOWN } } peers { permanent_uuid: "5ffe8a4c6ad14b8a918479683ca2ba4b" member_type: VOTER last_known_addr { host: "127.26.113.66" port: 44053 } health_report { overall_health: UNKNOWN } } peers { permanent_uuid: "cd871f719751414a961e5871aaae20b9" member_type: VOTER last_known_addr { host: "127.26.113.67" port: 39161 } health_report { overall_health: HEALTHY } } }
I20260713 09:09:36.618603 27908 tablet_bootstrap.cc:492] T d102055b06794114852e3dd4a1840e9f P 5ffe8a4c6ad14b8a918479683ca2ba4b: No bootstrap required, opened a new log
I20260713 09:09:36.619125 27908 ts_tablet_manager.cc:1403] T d102055b06794114852e3dd4a1840e9f P 5ffe8a4c6ad14b8a918479683ca2ba4b: Time spent bootstrapping tablet: real 0.053s	user 0.015s	sys 0.025s
I20260713 09:09:36.620625 27910 ts_tablet_manager.cc:1434] T 2b35e13e6e6a42d68663742377d46868 P 303ed824bac64591a3612d31a332a4b3: Time spent starting tablet: real 0.020s	user 0.008s	sys 0.000s
I20260713 09:09:36.621439 27909 tablet_bootstrap.cc:492] T bb01a9b1329e48b6b62871b7aa2d8518 P cd871f719751414a961e5871aaae20b9: No bootstrap required, opened a new log
I20260713 09:09:36.621595 27910 tablet_bootstrap.cc:492] T 3337048db3bc4b20a3a6e3a71d7f39f6 P 303ed824bac64591a3612d31a332a4b3: Bootstrap starting.
I20260713 09:09:36.622061 27909 ts_tablet_manager.cc:1403] T bb01a9b1329e48b6b62871b7aa2d8518 P cd871f719751414a961e5871aaae20b9: Time spent bootstrapping tablet: real 0.033s	user 0.004s	sys 0.008s
I20260713 09:09:36.622108 27908 raft_consensus.cc:359] T d102055b06794114852e3dd4a1840e9f P 5ffe8a4c6ad14b8a918479683ca2ba4b [term 0 FOLLOWER]: Replica starting. Triggering 0 pending ops. Active config: opid_index: -1 OBSOLETE_local: false peers { permanent_uuid: "303ed824bac64591a3612d31a332a4b3" member_type: VOTER last_known_addr { host: "127.26.113.65" port: 38021 } } peers { permanent_uuid: "5ffe8a4c6ad14b8a918479683ca2ba4b" member_type: VOTER last_known_addr { host: "127.26.113.66" port: 44053 } } peers { permanent_uuid: "cd871f719751414a961e5871aaae20b9" member_type: VOTER last_known_addr { host: "127.26.113.67" port: 39161 } }
I20260713 09:09:36.622884 27908 raft_consensus.cc:385] T d102055b06794114852e3dd4a1840e9f P 5ffe8a4c6ad14b8a918479683ca2ba4b [term 0 FOLLOWER]: Consensus starting up: Expiring failure detector timer to make a prompt election more likely
I20260713 09:09:36.623164 27908 raft_consensus.cc:740] T d102055b06794114852e3dd4a1840e9f P 5ffe8a4c6ad14b8a918479683ca2ba4b [term 0 FOLLOWER]: Becoming Follower/Learner. State: Replica: 5ffe8a4c6ad14b8a918479683ca2ba4b, State: Initialized, Role: FOLLOWER
I20260713 09:09:36.623960 27908 consensus_queue.cc:260] T d102055b06794114852e3dd4a1840e9f P 5ffe8a4c6ad14b8a918479683ca2ba4b [NON_LEADER]: Queue going to NON_LEADER mode. State: All replicated index: 0, Majority replicated index: 0, Committed index: 0, Last appended: 0.0, Last appended by leader: 0, Current term: 0, Majority size: -1, State: 0, Mode: NON_LEADER, active raft config: opid_index: -1 OBSOLETE_local: false peers { permanent_uuid: "303ed824bac64591a3612d31a332a4b3" member_type: VOTER last_known_addr { host: "127.26.113.65" port: 38021 } } peers { permanent_uuid: "5ffe8a4c6ad14b8a918479683ca2ba4b" member_type: VOTER last_known_addr { host: "127.26.113.66" port: 44053 } } peers { permanent_uuid: "cd871f719751414a961e5871aaae20b9" member_type: VOTER last_known_addr { host: "127.26.113.67" port: 39161 } }
I20260713 09:09:36.625135 27909 raft_consensus.cc:359] T bb01a9b1329e48b6b62871b7aa2d8518 P cd871f719751414a961e5871aaae20b9 [term 0 FOLLOWER]: Replica starting. Triggering 0 pending ops. Active config: opid_index: -1 OBSOLETE_local: false peers { permanent_uuid: "5ffe8a4c6ad14b8a918479683ca2ba4b" member_type: VOTER last_known_addr { host: "127.26.113.66" port: 44053 } } peers { permanent_uuid: "cd871f719751414a961e5871aaae20b9" member_type: VOTER last_known_addr { host: "127.26.113.67" port: 39161 } } peers { permanent_uuid: "303ed824bac64591a3612d31a332a4b3" member_type: VOTER last_known_addr { host: "127.26.113.65" port: 38021 } }
I20260713 09:09:36.625833 27909 raft_consensus.cc:385] T bb01a9b1329e48b6b62871b7aa2d8518 P cd871f719751414a961e5871aaae20b9 [term 0 FOLLOWER]: Consensus starting up: Expiring failure detector timer to make a prompt election more likely
I20260713 09:09:36.626155 27909 raft_consensus.cc:740] T bb01a9b1329e48b6b62871b7aa2d8518 P cd871f719751414a961e5871aaae20b9 [term 0 FOLLOWER]: Becoming Follower/Learner. State: Replica: cd871f719751414a961e5871aaae20b9, State: Initialized, Role: FOLLOWER
I20260713 09:09:36.626808 27940 raft_consensus.cc:493] T d102055b06794114852e3dd4a1840e9f P 303ed824bac64591a3612d31a332a4b3 [term 0 FOLLOWER]: Starting pre-election (no leader contacted us within the election timeout)
I20260713 09:09:36.627233 27940 raft_consensus.cc:515] T d102055b06794114852e3dd4a1840e9f P 303ed824bac64591a3612d31a332a4b3 [term 0 FOLLOWER]: Starting pre-election with config: opid_index: -1 OBSOLETE_local: false peers { permanent_uuid: "303ed824bac64591a3612d31a332a4b3" member_type: VOTER last_known_addr { host: "127.26.113.65" port: 38021 } } peers { permanent_uuid: "5ffe8a4c6ad14b8a918479683ca2ba4b" member_type: VOTER last_known_addr { host: "127.26.113.66" port: 44053 } } peers { permanent_uuid: "cd871f719751414a961e5871aaae20b9" member_type: VOTER last_known_addr { host: "127.26.113.67" port: 39161 } }
I20260713 09:09:36.627272 27909 consensus_queue.cc:260] T bb01a9b1329e48b6b62871b7aa2d8518 P cd871f719751414a961e5871aaae20b9 [NON_LEADER]: Queue going to NON_LEADER mode. State: All replicated index: 0, Majority replicated index: 0, Committed index: 0, Last appended: 0.0, Last appended by leader: 0, Current term: 0, Majority size: -1, State: 0, Mode: NON_LEADER, active raft config: opid_index: -1 OBSOLETE_local: false peers { permanent_uuid: "5ffe8a4c6ad14b8a918479683ca2ba4b" member_type: VOTER last_known_addr { host: "127.26.113.66" port: 44053 } } peers { permanent_uuid: "cd871f719751414a961e5871aaae20b9" member_type: VOTER last_known_addr { host: "127.26.113.67" port: 39161 } } peers { permanent_uuid: "303ed824bac64591a3612d31a332a4b3" member_type: VOTER last_known_addr { host: "127.26.113.65" port: 38021 } }
I20260713 09:09:36.628090 27910 tablet_bootstrap.cc:654] T 3337048db3bc4b20a3a6e3a71d7f39f6 P 303ed824bac64591a3612d31a332a4b3: Neither blocks nor log segments found. Creating new log.
I20260713 09:09:36.628243 27908 ts_tablet_manager.cc:1434] T d102055b06794114852e3dd4a1840e9f P 5ffe8a4c6ad14b8a918479683ca2ba4b: Time spent starting tablet: real 0.009s	user 0.005s	sys 0.000s
I20260713 09:09:36.629211 27908 tablet_bootstrap.cc:492] T 47ede34bc09c458d951095c081592dbb P 5ffe8a4c6ad14b8a918479683ca2ba4b: Bootstrap starting.
I20260713 09:09:36.630453 27909 ts_tablet_manager.cc:1434] T bb01a9b1329e48b6b62871b7aa2d8518 P cd871f719751414a961e5871aaae20b9: Time spent starting tablet: real 0.008s	user 0.006s	sys 0.000s
I20260713 09:09:36.631174 27794 tablet_service.cc:1917] Received RequestConsensusVote() RPC: tablet_id: "d102055b06794114852e3dd4a1840e9f" candidate_uuid: "303ed824bac64591a3612d31a332a4b3" candidate_term: 1 candidate_status { last_received { term: 0 index: 0 } } ignore_live_leader: false dest_uuid: "5ffe8a4c6ad14b8a918479683ca2ba4b" is_pre_election: true
I20260713 09:09:36.631757 27794 raft_consensus.cc:2468] T d102055b06794114852e3dd4a1840e9f P 5ffe8a4c6ad14b8a918479683ca2ba4b [term 0 FOLLOWER]: Leader pre-election vote request: Granting yes vote for candidate 303ed824bac64591a3612d31a332a4b3 in term 0.
I20260713 09:09:36.632565 27867 tablet_service.cc:1917] Received RequestConsensusVote() RPC: tablet_id: "d102055b06794114852e3dd4a1840e9f" candidate_uuid: "303ed824bac64591a3612d31a332a4b3" candidate_term: 1 candidate_status { last_received { term: 0 index: 0 } } ignore_live_leader: false dest_uuid: "cd871f719751414a961e5871aaae20b9" is_pre_election: true
I20260713 09:09:36.632745 27682 leader_election.cc:304] T d102055b06794114852e3dd4a1840e9f P 303ed824bac64591a3612d31a332a4b3 [CANDIDATE]: Term 1 pre-election: Election decided. Result: candidate won. Election summary: received 2 responses out of 3 voters: 2 yes votes; 0 no votes. yes voters: 303ed824bac64591a3612d31a332a4b3, 5ffe8a4c6ad14b8a918479683ca2ba4b; no voters: 
I20260713 09:09:36.633510 27914 raft_consensus.cc:2804] T d102055b06794114852e3dd4a1840e9f P 303ed824bac64591a3612d31a332a4b3 [term 0 FOLLOWER]: Leader pre-election won for term 1
I20260713 09:09:36.633839 27914 raft_consensus.cc:493] T d102055b06794114852e3dd4a1840e9f P 303ed824bac64591a3612d31a332a4b3 [term 0 FOLLOWER]: Starting leader election (no leader contacted us within the election timeout)
I20260713 09:09:36.634160 27914 raft_consensus.cc:3060] T d102055b06794114852e3dd4a1840e9f P 303ed824bac64591a3612d31a332a4b3 [term 0 FOLLOWER]: Advancing to term 1
I20260713 09:09:36.635674 27908 tablet_bootstrap.cc:654] T 47ede34bc09c458d951095c081592dbb P 5ffe8a4c6ad14b8a918479683ca2ba4b: Neither blocks nor log segments found. Creating new log.
I20260713 09:09:36.629352 27940 leader_election.cc:290] T d102055b06794114852e3dd4a1840e9f P 303ed824bac64591a3612d31a332a4b3 [CANDIDATE]: Term 1 pre-election: Requested pre-vote from peers 5ffe8a4c6ad14b8a918479683ca2ba4b (127.26.113.66:44053), cd871f719751414a961e5871aaae20b9 (127.26.113.67:39161)
I20260713 09:09:36.631386 27909 tablet_bootstrap.cc:492] T d102055b06794114852e3dd4a1840e9f P cd871f719751414a961e5871aaae20b9: Bootstrap starting.
W20260713 09:09:36.638564 27682 leader_election.cc:343] T d102055b06794114852e3dd4a1840e9f P 303ed824bac64591a3612d31a332a4b3 [CANDIDATE]: Term 1 pre-election: Tablet error from VoteRequest() call to peer cd871f719751414a961e5871aaae20b9 (127.26.113.67:39161): Illegal state: must be running to vote when last-logged opid is not known
I20260713 09:09:36.644304 27908 tablet_bootstrap.cc:492] T 47ede34bc09c458d951095c081592dbb P 5ffe8a4c6ad14b8a918479683ca2ba4b: No bootstrap required, opened a new log
I20260713 09:09:36.644744 27908 ts_tablet_manager.cc:1403] T 47ede34bc09c458d951095c081592dbb P 5ffe8a4c6ad14b8a918479683ca2ba4b: Time spent bootstrapping tablet: real 0.016s	user 0.010s	sys 0.003s
I20260713 09:09:36.642040 27909 tablet_bootstrap.cc:654] T d102055b06794114852e3dd4a1840e9f P cd871f719751414a961e5871aaae20b9: Neither blocks nor log segments found. Creating new log.
I20260713 09:09:36.645524 27910 tablet_bootstrap.cc:492] T 3337048db3bc4b20a3a6e3a71d7f39f6 P 303ed824bac64591a3612d31a332a4b3: No bootstrap required, opened a new log
I20260713 09:09:36.643095 27914 raft_consensus.cc:515] T d102055b06794114852e3dd4a1840e9f P 303ed824bac64591a3612d31a332a4b3 [term 1 FOLLOWER]: Starting leader election with config: opid_index: -1 OBSOLETE_local: false peers { permanent_uuid: "303ed824bac64591a3612d31a332a4b3" member_type: VOTER last_known_addr { host: "127.26.113.65" port: 38021 } } peers { permanent_uuid: "5ffe8a4c6ad14b8a918479683ca2ba4b" member_type: VOTER last_known_addr { host: "127.26.113.66" port: 44053 } } peers { permanent_uuid: "cd871f719751414a961e5871aaae20b9" member_type: VOTER last_known_addr { host: "127.26.113.67" port: 39161 } }
I20260713 09:09:36.645982 27910 ts_tablet_manager.cc:1403] T 3337048db3bc4b20a3a6e3a71d7f39f6 P 303ed824bac64591a3612d31a332a4b3: Time spent bootstrapping tablet: real 0.025s	user 0.009s	sys 0.004s
I20260713 09:09:36.647411 27908 raft_consensus.cc:359] T 47ede34bc09c458d951095c081592dbb P 5ffe8a4c6ad14b8a918479683ca2ba4b [term 0 FOLLOWER]: Replica starting. Triggering 0 pending ops. Active config: opid_index: -1 OBSOLETE_local: false peers { permanent_uuid: "303ed824bac64591a3612d31a332a4b3" member_type: VOTER last_known_addr { host: "127.26.113.65" port: 38021 } } peers { permanent_uuid: "5ffe8a4c6ad14b8a918479683ca2ba4b" member_type: VOTER last_known_addr { host: "127.26.113.66" port: 44053 } } peers { permanent_uuid: "cd871f719751414a961e5871aaae20b9" member_type: VOTER last_known_addr { host: "127.26.113.67" port: 39161 } }
I20260713 09:09:36.648087 27908 raft_consensus.cc:385] T 47ede34bc09c458d951095c081592dbb P 5ffe8a4c6ad14b8a918479683ca2ba4b [term 0 FOLLOWER]: Consensus starting up: Expiring failure detector timer to make a prompt election more likely
I20260713 09:09:36.648458 27908 raft_consensus.cc:740] T 47ede34bc09c458d951095c081592dbb P 5ffe8a4c6ad14b8a918479683ca2ba4b [term 0 FOLLOWER]: Becoming Follower/Learner. State: Replica: 5ffe8a4c6ad14b8a918479683ca2ba4b, State: Initialized, Role: FOLLOWER
I20260713 09:09:36.648623 27914 leader_election.cc:290] T d102055b06794114852e3dd4a1840e9f P 303ed824bac64591a3612d31a332a4b3 [CANDIDATE]: Term 1 election: Requested vote from peers 5ffe8a4c6ad14b8a918479683ca2ba4b (127.26.113.66:44053), cd871f719751414a961e5871aaae20b9 (127.26.113.67:39161)
I20260713 09:09:36.649180 27908 consensus_queue.cc:260] T 47ede34bc09c458d951095c081592dbb P 5ffe8a4c6ad14b8a918479683ca2ba4b [NON_LEADER]: Queue going to NON_LEADER mode. State: All replicated index: 0, Majority replicated index: 0, Committed index: 0, Last appended: 0.0, Last appended by leader: 0, Current term: 0, Majority size: -1, State: 0, Mode: NON_LEADER, active raft config: opid_index: -1 OBSOLETE_local: false peers { permanent_uuid: "303ed824bac64591a3612d31a332a4b3" member_type: VOTER last_known_addr { host: "127.26.113.65" port: 38021 } } peers { permanent_uuid: "5ffe8a4c6ad14b8a918479683ca2ba4b" member_type: VOTER last_known_addr { host: "127.26.113.66" port: 44053 } } peers { permanent_uuid: "cd871f719751414a961e5871aaae20b9" member_type: VOTER last_known_addr { host: "127.26.113.67" port: 39161 } }
I20260713 09:09:36.648625 27910 raft_consensus.cc:359] T 3337048db3bc4b20a3a6e3a71d7f39f6 P 303ed824bac64591a3612d31a332a4b3 [term 0 FOLLOWER]: Replica starting. Triggering 0 pending ops. Active config: opid_index: -1 OBSOLETE_local: false peers { permanent_uuid: "303ed824bac64591a3612d31a332a4b3" member_type: VOTER last_known_addr { host: "127.26.113.65" port: 38021 } } peers { permanent_uuid: "5ffe8a4c6ad14b8a918479683ca2ba4b" member_type: VOTER last_known_addr { host: "127.26.113.66" port: 44053 } } peers { permanent_uuid: "cd871f719751414a961e5871aaae20b9" member_type: VOTER last_known_addr { host: "127.26.113.67" port: 39161 } }
I20260713 09:09:36.650955 27867 tablet_service.cc:1917] Received RequestConsensusVote() RPC: tablet_id: "d102055b06794114852e3dd4a1840e9f" candidate_uuid: "303ed824bac64591a3612d31a332a4b3" candidate_term: 1 candidate_status { last_received { term: 0 index: 0 } } ignore_live_leader: false dest_uuid: "cd871f719751414a961e5871aaae20b9"
I20260713 09:09:36.651508 27908 ts_tablet_manager.cc:1434] T 47ede34bc09c458d951095c081592dbb P 5ffe8a4c6ad14b8a918479683ca2ba4b: Time spent starting tablet: real 0.006s	user 0.007s	sys 0.000s
I20260713 09:09:36.652401 27908 tablet_bootstrap.cc:492] T 129305523f4c4ee8aae84bc83a421c07 P 5ffe8a4c6ad14b8a918479683ca2ba4b: Bootstrap starting.
W20260713 09:09:36.652405 27682 leader_election.cc:343] T d102055b06794114852e3dd4a1840e9f P 303ed824bac64591a3612d31a332a4b3 [CANDIDATE]: Term 1 election: Tablet error from VoteRequest() call to peer cd871f719751414a961e5871aaae20b9 (127.26.113.67:39161): Illegal state: must be running to vote when last-logged opid is not known
I20260713 09:09:36.647997 27794 tablet_service.cc:1917] Received RequestConsensusVote() RPC: tablet_id: "d102055b06794114852e3dd4a1840e9f" candidate_uuid: "303ed824bac64591a3612d31a332a4b3" candidate_term: 1 candidate_status { last_received { term: 0 index: 0 } } ignore_live_leader: false dest_uuid: "5ffe8a4c6ad14b8a918479683ca2ba4b"
I20260713 09:09:36.654937 27794 raft_consensus.cc:3060] T d102055b06794114852e3dd4a1840e9f P 5ffe8a4c6ad14b8a918479683ca2ba4b [term 0 FOLLOWER]: Advancing to term 1
I20260713 09:09:36.651404 27910 raft_consensus.cc:385] T 3337048db3bc4b20a3a6e3a71d7f39f6 P 303ed824bac64591a3612d31a332a4b3 [term 0 FOLLOWER]: Consensus starting up: Expiring failure detector timer to make a prompt election more likely
I20260713 09:09:36.655964 27910 raft_consensus.cc:740] T 3337048db3bc4b20a3a6e3a71d7f39f6 P 303ed824bac64591a3612d31a332a4b3 [term 0 FOLLOWER]: Becoming Follower/Learner. State: Replica: 303ed824bac64591a3612d31a332a4b3, State: Initialized, Role: FOLLOWER
I20260713 09:09:36.656895 27910 consensus_queue.cc:260] T 3337048db3bc4b20a3a6e3a71d7f39f6 P 303ed824bac64591a3612d31a332a4b3 [NON_LEADER]: Queue going to NON_LEADER mode. State: All replicated index: 0, Majority replicated index: 0, Committed index: 0, Last appended: 0.0, Last appended by leader: 0, Current term: 0, Majority size: -1, State: 0, Mode: NON_LEADER, active raft config: opid_index: -1 OBSOLETE_local: false peers { permanent_uuid: "303ed824bac64591a3612d31a332a4b3" member_type: VOTER last_known_addr { host: "127.26.113.65" port: 38021 } } peers { permanent_uuid: "5ffe8a4c6ad14b8a918479683ca2ba4b" member_type: VOTER last_known_addr { host: "127.26.113.66" port: 44053 } } peers { permanent_uuid: "cd871f719751414a961e5871aaae20b9" member_type: VOTER last_known_addr { host: "127.26.113.67" port: 39161 } }
I20260713 09:09:36.659204 27910 ts_tablet_manager.cc:1434] T 3337048db3bc4b20a3a6e3a71d7f39f6 P 303ed824bac64591a3612d31a332a4b3: Time spent starting tablet: real 0.013s	user 0.007s	sys 0.001s
I20260713 09:09:36.660188 27910 tablet_bootstrap.cc:492] T 47ede34bc09c458d951095c081592dbb P 303ed824bac64591a3612d31a332a4b3: Bootstrap starting.
W20260713 09:09:36.666085 27665 auto_rebalancer.cc:288] Could not retrieve cluster info: Service unavailable: Tablet not running
I20260713 09:09:36.668754 27794 raft_consensus.cc:2468] T d102055b06794114852e3dd4a1840e9f P 5ffe8a4c6ad14b8a918479683ca2ba4b [term 1 FOLLOWER]: Leader election vote request: Granting yes vote for candidate 303ed824bac64591a3612d31a332a4b3 in term 1.
I20260713 09:09:36.669337 27908 tablet_bootstrap.cc:654] T 129305523f4c4ee8aae84bc83a421c07 P 5ffe8a4c6ad14b8a918479683ca2ba4b: Neither blocks nor log segments found. Creating new log.
I20260713 09:09:36.672289 27909 tablet_bootstrap.cc:492] T d102055b06794114852e3dd4a1840e9f P cd871f719751414a961e5871aaae20b9: No bootstrap required, opened a new log
I20260713 09:09:36.672823 27909 ts_tablet_manager.cc:1403] T d102055b06794114852e3dd4a1840e9f P cd871f719751414a961e5871aaae20b9: Time spent bootstrapping tablet: real 0.042s	user 0.014s	sys 0.014s
I20260713 09:09:36.674131 27682 leader_election.cc:304] T d102055b06794114852e3dd4a1840e9f P 303ed824bac64591a3612d31a332a4b3 [CANDIDATE]: Term 1 election: Election decided. Result: candidate won. Election summary: received 3 responses out of 3 voters: 2 yes votes; 1 no votes. yes voters: 303ed824bac64591a3612d31a332a4b3, 5ffe8a4c6ad14b8a918479683ca2ba4b; no voters: cd871f719751414a961e5871aaae20b9
I20260713 09:09:36.675218 27914 raft_consensus.cc:2804] T d102055b06794114852e3dd4a1840e9f P 303ed824bac64591a3612d31a332a4b3 [term 1 FOLLOWER]: Leader election won for term 1
I20260713 09:09:36.675518 27910 tablet_bootstrap.cc:654] T 47ede34bc09c458d951095c081592dbb P 303ed824bac64591a3612d31a332a4b3: Neither blocks nor log segments found. Creating new log.
I20260713 09:09:36.675670 27914 raft_consensus.cc:697] T d102055b06794114852e3dd4a1840e9f P 303ed824bac64591a3612d31a332a4b3 [term 1 LEADER]: Becoming Leader. State: Replica: 303ed824bac64591a3612d31a332a4b3, State: Running, Role: LEADER
