I20260713 09:09:31.211568 22280 tablet_service.cc:1917] Received RequestConsensusVote() RPC: tablet_id: "6447f7a53ccb444089251e8546041123" candidate_uuid: "22c898506955492990e1151ae54c5cb4" candidate_term: 4 candidate_status { last_received { term: 3 index: 3 } } ignore_live_leader: true dest_uuid: "5635e6f7683b4916ae3437906f09299f"
I20260713 09:09:31.211609 22204 tablet_service.cc:1917] Received RequestConsensusVote() RPC: tablet_id: "6447f7a53ccb444089251e8546041123" candidate_uuid: "22c898506955492990e1151ae54c5cb4" candidate_term: 4 candidate_status { last_received { term: 3 index: 3 } } ignore_live_leader: true dest_uuid: "bbafd3b7e892404d949ddd353c8fd5b4"
I20260713 09:09:31.212368 22280 raft_consensus.cc:3055] T 6447f7a53ccb444089251e8546041123 P 5635e6f7683b4916ae3437906f09299f [term 3 LEADER]: Stepping down as leader of term 3
I20260713 09:09:31.212462 22204 raft_consensus.cc:3060] T 6447f7a53ccb444089251e8546041123 P bbafd3b7e892404d949ddd353c8fd5b4 [term 3 FOLLOWER]: Advancing to term 4
I20260713 09:09:31.212739 22280 raft_consensus.cc:740] T 6447f7a53ccb444089251e8546041123 P 5635e6f7683b4916ae3437906f09299f [term 3 LEADER]: Becoming Follower/Learner. State: Replica: 5635e6f7683b4916ae3437906f09299f, State: Running, Role: LEADER
I20260713 09:09:31.213518 22280 consensus_queue.cc:260] T 6447f7a53ccb444089251e8546041123 P 5635e6f7683b4916ae3437906f09299f [NON_LEADER]: Queue going to NON_LEADER mode. State: All replicated index: 0, Majority replicated index: 3, Committed index: 3, Last appended: 3.3, Last appended by leader: 3, Current term: 3, Majority size: -1, State: 0, Mode: NON_LEADER, active raft config: opid_index: -1 OBSOLETE_local: false peers { permanent_uuid: "bbafd3b7e892404d949ddd353c8fd5b4" member_type: VOTER last_known_addr { host: "127.21.141.193" port: 41559 } } peers { permanent_uuid: "5635e6f7683b4916ae3437906f09299f" member_type: VOTER last_known_addr { host: "127.21.141.194" port: 34513 } } peers { permanent_uuid: "22c898506955492990e1151ae54c5cb4" member_type: VOTER last_known_addr { host: "127.21.141.195" port: 45357 } }
I20260713 09:09:31.214414 22280 raft_consensus.cc:3060] T 6447f7a53ccb444089251e8546041123 P 5635e6f7683b4916ae3437906f09299f [term 3 FOLLOWER]: Advancing to term 4
I20260713 09:09:31.217495 22204 raft_consensus.cc:2468] T 6447f7a53ccb444089251e8546041123 P bbafd3b7e892404d949ddd353c8fd5b4 [term 4 FOLLOWER]: Leader election vote request: Granting yes vote for candidate 22c898506955492990e1151ae54c5cb4 in term 4.
I20260713 09:09:31.218554 22320 leader_election.cc:304] T 6447f7a53ccb444089251e8546041123 P 22c898506955492990e1151ae54c5cb4 [CANDIDATE]: Term 4 election: Election decided. Result: candidate won. Election summary: received 2 responses out of 3 voters: 2 yes votes; 0 no votes. yes voters: 22c898506955492990e1151ae54c5cb4, bbafd3b7e892404d949ddd353c8fd5b4; no voters: 
I20260713 09:09:31.219002 22280 raft_consensus.cc:2468] T 6447f7a53ccb444089251e8546041123 P 5635e6f7683b4916ae3437906f09299f [term 4 FOLLOWER]: Leader election vote request: Granting yes vote for candidate 22c898506955492990e1151ae54c5cb4 in term 4.
I20260713 09:09:31.219297 22507 raft_consensus.cc:2804] T 6447f7a53ccb444089251e8546041123 P 22c898506955492990e1151ae54c5cb4 [term 4 FOLLOWER]: Leader election won for term 4
I20260713 09:09:31.219790 22507 raft_consensus.cc:697] T 6447f7a53ccb444089251e8546041123 P 22c898506955492990e1151ae54c5cb4 [term 4 LEADER]: Becoming Leader. State: Replica: 22c898506955492990e1151ae54c5cb4, State: Running, Role: LEADER
I20260713 09:09:31.220685 22507 consensus_queue.cc:237] T 6447f7a53ccb444089251e8546041123 P 22c898506955492990e1151ae54c5cb4 [LEADER]: Queue going to LEADER mode. State: All replicated index: 0, Majority replicated index: 3, Committed index: 3, Last appended: 3.3, Last appended by leader: 3, Current term: 4, Majority size: 2, State: 0, Mode: LEADER, active raft config: opid_index: -1 OBSOLETE_local: false peers { permanent_uuid: "bbafd3b7e892404d949ddd353c8fd5b4" member_type: VOTER last_known_addr { host: "127.21.141.193" port: 41559 } } peers { permanent_uuid: "5635e6f7683b4916ae3437906f09299f" member_type: VOTER last_known_addr { host: "127.21.141.194" port: 34513 } } peers { permanent_uuid: "22c898506955492990e1151ae54c5cb4" member_type: VOTER last_known_addr { host: "127.21.141.195" port: 45357 } }
I20260713 09:09:31.228178 22102 catalog_manager.cc:5697] T 6447f7a53ccb444089251e8546041123 P 22c898506955492990e1151ae54c5cb4 reported cstate change: term changed from 3 to 4, leader changed from 5635e6f7683b4916ae3437906f09299f (127.21.141.194) to 22c898506955492990e1151ae54c5cb4 (127.21.141.195). New cstate: current_term: 4 leader_uuid: "22c898506955492990e1151ae54c5cb4" committed_config { opid_index: -1 OBSOLETE_local: false peers { permanent_uuid: "bbafd3b7e892404d949ddd353c8fd5b4" member_type: VOTER last_known_addr { host: "127.21.141.193" port: 41559 } health_report { overall_health: UNKNOWN } } peers { permanent_uuid: "5635e6f7683b4916ae3437906f09299f" member_type: VOTER last_known_addr { host: "127.21.141.194" port: 34513 } health_report { overall_health: UNKNOWN } } peers { permanent_uuid: "22c898506955492990e1151ae54c5cb4" member_type: VOTER last_known_addr { host: "127.21.141.195" port: 45357 } health_report { overall_health: HEALTHY } } }
I20260713 09:09:31.283228 22280 raft_consensus.cc:1275] T 0a502b6abcd6484dba3f5c8df481f754 P 5635e6f7683b4916ae3437906f09299f [term 4 FOLLOWER]: Refusing update from remote peer bbafd3b7e892404d949ddd353c8fd5b4: Log matching property violated. Preceding OpId in replica: term: 3 index: 3. Preceding OpId from leader: term: 4 index: 4. (index mismatch)
I20260713 09:09:31.284582 22533 consensus_queue.cc:1048] T 0a502b6abcd6484dba3f5c8df481f754 P bbafd3b7e892404d949ddd353c8fd5b4 [LEADER]: Connected to new peer: Peer: permanent_uuid: "5635e6f7683b4916ae3437906f09299f" member_type: VOTER last_known_addr { host: "127.21.141.194" port: 34513 }, Status: LMP_MISMATCH, Last received: 0.0, Next index: 4, Last known committed idx: 3, Time since last communication: 0.000s
I20260713 09:09:31.296312 22354 raft_consensus.cc:1275] T 0a502b6abcd6484dba3f5c8df481f754 P 22c898506955492990e1151ae54c5cb4 [term 4 FOLLOWER]: Refusing update from remote peer bbafd3b7e892404d949ddd353c8fd5b4: Log matching property violated. Preceding OpId in replica: term: 3 index: 3. Preceding OpId from leader: term: 4 index: 4. (index mismatch)
I20260713 09:09:31.298070 22548 consensus_queue.cc:1048] T 0a502b6abcd6484dba3f5c8df481f754 P bbafd3b7e892404d949ddd353c8fd5b4 [LEADER]: Connected to new peer: Peer: permanent_uuid: "22c898506955492990e1151ae54c5cb4" member_type: VOTER last_known_addr { host: "127.21.141.195" port: 45357 }, Status: LMP_MISMATCH, Last received: 0.0, Next index: 4, Last known committed idx: 3, Time since last communication: 0.001s
I20260713 09:09:31.395808 22280 raft_consensus.cc:1275] T 7f14ee494861475193bdfd0bad6340d3 P 5635e6f7683b4916ae3437906f09299f [term 3 FOLLOWER]: Refusing update from remote peer 22c898506955492990e1151ae54c5cb4: Log matching property violated. Preceding OpId in replica: term: 2 index: 2. Preceding OpId from leader: term: 3 index: 3. (index mismatch)
I20260713 09:09:31.397238 22540 consensus_queue.cc:1048] T 7f14ee494861475193bdfd0bad6340d3 P 22c898506955492990e1151ae54c5cb4 [LEADER]: Connected to new peer: Peer: permanent_uuid: "5635e6f7683b4916ae3437906f09299f" member_type: VOTER last_known_addr { host: "127.21.141.194" port: 34513 }, Status: LMP_MISMATCH, Last received: 0.0, Next index: 3, Last known committed idx: 2, Time since last communication: 0.000s
I20260713 09:09:31.406576 22204 raft_consensus.cc:1275] T 7f14ee494861475193bdfd0bad6340d3 P bbafd3b7e892404d949ddd353c8fd5b4 [term 3 FOLLOWER]: Refusing update from remote peer 22c898506955492990e1151ae54c5cb4: Log matching property violated. Preceding OpId in replica: term: 2 index: 2. Preceding OpId from leader: term: 3 index: 3. (index mismatch)
I20260713 09:09:31.408169 22540 consensus_queue.cc:1048] T 7f14ee494861475193bdfd0bad6340d3 P 22c898506955492990e1151ae54c5cb4 [LEADER]: Connected to new peer: Peer: permanent_uuid: "bbafd3b7e892404d949ddd353c8fd5b4" member_type: VOTER last_known_addr { host: "127.21.141.193" port: 41559 }, Status: LMP_MISMATCH, Last received: 0.0, Next index: 3, Last known committed idx: 2, Time since last communication: 0.000s
I20260713 09:09:31.476634 22280 raft_consensus.cc:1275] T 664ff21b130e48fb83778b7226df6006 P 5635e6f7683b4916ae3437906f09299f [term 3 FOLLOWER]: Refusing update from remote peer bbafd3b7e892404d949ddd353c8fd5b4: Log matching property violated. Preceding OpId in replica: term: 2 index: 2. Preceding OpId from leader: term: 3 index: 3. (index mismatch)
I20260713 09:09:31.477926 22548 consensus_queue.cc:1048] T 664ff21b130e48fb83778b7226df6006 P bbafd3b7e892404d949ddd353c8fd5b4 [LEADER]: Connected to new peer: Peer: permanent_uuid: "5635e6f7683b4916ae3437906f09299f" member_type: VOTER last_known_addr { host: "127.21.141.194" port: 34513 }, Status: LMP_MISMATCH, Last received: 0.0, Next index: 3, Last known committed idx: 2, Time since last communication: 0.000s
I20260713 09:09:31.487121 22354 raft_consensus.cc:1275] T 664ff21b130e48fb83778b7226df6006 P 22c898506955492990e1151ae54c5cb4 [term 3 FOLLOWER]: Refusing update from remote peer bbafd3b7e892404d949ddd353c8fd5b4: Log matching property violated. Preceding OpId in replica: term: 2 index: 2. Preceding OpId from leader: term: 3 index: 3. (index mismatch)
I20260713 09:09:31.488654 22534 consensus_queue.cc:1048] T 664ff21b130e48fb83778b7226df6006 P bbafd3b7e892404d949ddd353c8fd5b4 [LEADER]: Connected to new peer: Peer: permanent_uuid: "22c898506955492990e1151ae54c5cb4" member_type: VOTER last_known_addr { host: "127.21.141.195" port: 45357 }, Status: LMP_MISMATCH, Last received: 0.0, Next index: 3, Last known committed idx: 2, Time since last communication: 0.000s
I20260713 09:09:31.540597 22280 raft_consensus.cc:1275] T 8377e4dafe2345b9b8c7c83a06883155 P 5635e6f7683b4916ae3437906f09299f [term 4 FOLLOWER]: Refusing update from remote peer bbafd3b7e892404d949ddd353c8fd5b4: Log matching property violated. Preceding OpId in replica: term: 3 index: 3. Preceding OpId from leader: term: 4 index: 4. (index mismatch)
I20260713 09:09:31.542040 22534 consensus_queue.cc:1048] T 8377e4dafe2345b9b8c7c83a06883155 P bbafd3b7e892404d949ddd353c8fd5b4 [LEADER]: Connected to new peer: Peer: permanent_uuid: "5635e6f7683b4916ae3437906f09299f" member_type: VOTER last_known_addr { host: "127.21.141.194" port: 34513 }, Status: LMP_MISMATCH, Last received: 0.0, Next index: 4, Last known committed idx: 3, Time since last communication: 0.000s
I20260713 09:09:31.550617 22354 raft_consensus.cc:1275] T 8377e4dafe2345b9b8c7c83a06883155 P 22c898506955492990e1151ae54c5cb4 [term 4 FOLLOWER]: Refusing update from remote peer bbafd3b7e892404d949ddd353c8fd5b4: Log matching property violated. Preceding OpId in replica: term: 3 index: 3. Preceding OpId from leader: term: 4 index: 4. (index mismatch)
I20260713 09:09:31.552000 22533 consensus_queue.cc:1048] T 8377e4dafe2345b9b8c7c83a06883155 P bbafd3b7e892404d949ddd353c8fd5b4 [LEADER]: Connected to new peer: Peer: permanent_uuid: "22c898506955492990e1151ae54c5cb4" member_type: VOTER last_known_addr { host: "127.21.141.195" port: 45357 }, Status: LMP_MISMATCH, Last received: 0.0, Next index: 4, Last known committed idx: 3, Time since last communication: 0.000s
I20260713 09:09:31.664856 22204 raft_consensus.cc:1275] T 6447f7a53ccb444089251e8546041123 P bbafd3b7e892404d949ddd353c8fd5b4 [term 4 FOLLOWER]: Refusing update from remote peer 22c898506955492990e1151ae54c5cb4: Log matching property violated. Preceding OpId in replica: term: 3 index: 3. Preceding OpId from leader: term: 4 index: 4. (index mismatch)
I20260713 09:09:31.666344 22540 consensus_queue.cc:1048] T 6447f7a53ccb444089251e8546041123 P 22c898506955492990e1151ae54c5cb4 [LEADER]: Connected to new peer: Peer: permanent_uuid: "bbafd3b7e892404d949ddd353c8fd5b4" member_type: VOTER last_known_addr { host: "127.21.141.193" port: 41559 }, Status: LMP_MISMATCH, Last received: 0.0, Next index: 4, Last known committed idx: 3, Time since last communication: 0.000s
I20260713 09:09:31.676826 22280 raft_consensus.cc:1275] T 6447f7a53ccb444089251e8546041123 P 5635e6f7683b4916ae3437906f09299f [term 4 FOLLOWER]: Refusing update from remote peer 22c898506955492990e1151ae54c5cb4: Log matching property violated. Preceding OpId in replica: term: 3 index: 3. Preceding OpId from leader: term: 4 index: 4. (index mismatch)
I20260713 09:09:31.678498 22507 consensus_queue.cc:1048] T 6447f7a53ccb444089251e8546041123 P 22c898506955492990e1151ae54c5cb4 [LEADER]: Connected to new peer: Peer: permanent_uuid: "5635e6f7683b4916ae3437906f09299f" member_type: VOTER last_known_addr { host: "127.21.141.194" port: 34513 }, Status: LMP_MISMATCH, Last received: 0.0, Next index: 4, Last known committed idx: 3, Time since last communication: 0.000s
I20260713 09:09:31.756182 22071 auto_leader_rebalancer.cc:141] leader rebalance for table test-workload
I20260713 09:09:31.761873 22071 tablet_server.cc:179] TabletServer@127.21.141.193:0 shutting down...
I20260713 09:09:31.792752 22071 ts_tablet_manager.cc:1507] Shutting down tablet manager...
I20260713 09:09:31.793577 22071 tablet_replica.cc:333] T 6447f7a53ccb444089251e8546041123 P bbafd3b7e892404d949ddd353c8fd5b4: stopping tablet replica
I20260713 09:09:31.794376 22071 raft_consensus.cc:2243] T 6447f7a53ccb444089251e8546041123 P bbafd3b7e892404d949ddd353c8fd5b4 [term 4 FOLLOWER]: Raft consensus shutting down.
I20260713 09:09:31.794978 22071 raft_consensus.cc:2272] T 6447f7a53ccb444089251e8546041123 P bbafd3b7e892404d949ddd353c8fd5b4 [term 4 FOLLOWER]: Raft consensus is shut down!
I20260713 09:09:31.797950 22071 tablet_replica.cc:333] T 664ff21b130e48fb83778b7226df6006 P bbafd3b7e892404d949ddd353c8fd5b4: stopping tablet replica
I20260713 09:09:31.798539 22071 raft_consensus.cc:2243] T 664ff21b130e48fb83778b7226df6006 P bbafd3b7e892404d949ddd353c8fd5b4 [term 3 LEADER]: Raft consensus shutting down.
I20260713 09:09:31.799302 22071 raft_consensus.cc:2272] T 664ff21b130e48fb83778b7226df6006 P bbafd3b7e892404d949ddd353c8fd5b4 [term 3 FOLLOWER]: Raft consensus is shut down!
I20260713 09:09:31.801545 22071 tablet_replica.cc:333] T c653907c1dd243778ba99b8eda13d546 P bbafd3b7e892404d949ddd353c8fd5b4: stopping tablet replica
I20260713 09:09:31.802089 22071 raft_consensus.cc:2243] T c653907c1dd243778ba99b8eda13d546 P bbafd3b7e892404d949ddd353c8fd5b4 [term 3 FOLLOWER]: Raft consensus shutting down.
I20260713 09:09:31.802533 22071 raft_consensus.cc:2272] T c653907c1dd243778ba99b8eda13d546 P bbafd3b7e892404d949ddd353c8fd5b4 [term 3 FOLLOWER]: Raft consensus is shut down!
I20260713 09:09:31.804319 22071 tablet_replica.cc:333] T 8377e4dafe2345b9b8c7c83a06883155 P bbafd3b7e892404d949ddd353c8fd5b4: stopping tablet replica
I20260713 09:09:31.804824 22071 raft_consensus.cc:2243] T 8377e4dafe2345b9b8c7c83a06883155 P bbafd3b7e892404d949ddd353c8fd5b4 [term 4 LEADER]: Raft consensus shutting down.
I20260713 09:09:31.805570 22071 raft_consensus.cc:2272] T 8377e4dafe2345b9b8c7c83a06883155 P bbafd3b7e892404d949ddd353c8fd5b4 [term 4 FOLLOWER]: Raft consensus is shut down!
I20260713 09:09:31.807593 22071 tablet_replica.cc:333] T b10e9cad1d9f4dec82366b8ad00df8e7 P bbafd3b7e892404d949ddd353c8fd5b4: stopping tablet replica
I20260713 09:09:31.808169 22071 raft_consensus.cc:2243] T b10e9cad1d9f4dec82366b8ad00df8e7 P bbafd3b7e892404d949ddd353c8fd5b4 [term 1 FOLLOWER]: Raft consensus shutting down.
I20260713 09:09:31.808590 22071 raft_consensus.cc:2272] T b10e9cad1d9f4dec82366b8ad00df8e7 P bbafd3b7e892404d949ddd353c8fd5b4 [term 1 FOLLOWER]: Raft consensus is shut down!
I20260713 09:09:31.810211 22071 tablet_replica.cc:333] T 2312c36c96984c159fa2b96fa7cdf892 P bbafd3b7e892404d949ddd353c8fd5b4: stopping tablet replica
I20260713 09:09:31.810704 22071 raft_consensus.cc:2243] T 2312c36c96984c159fa2b96fa7cdf892 P bbafd3b7e892404d949ddd353c8fd5b4 [term 1 FOLLOWER]: Raft consensus shutting down.
I20260713 09:09:31.811169 22071 raft_consensus.cc:2272] T 2312c36c96984c159fa2b96fa7cdf892 P bbafd3b7e892404d949ddd353c8fd5b4 [term 1 FOLLOWER]: Raft consensus is shut down!
I20260713 09:09:31.813285 22071 tablet_replica.cc:333] T e31444bfe4a748c1aaffa3c332c497ea P bbafd3b7e892404d949ddd353c8fd5b4: stopping tablet replica
I20260713 09:09:31.813810 22071 raft_consensus.cc:2243] T e31444bfe4a748c1aaffa3c332c497ea P bbafd3b7e892404d949ddd353c8fd5b4 [term 2 FOLLOWER]: Raft consensus shutting down.
I20260713 09:09:31.814286 22071 raft_consensus.cc:2272] T e31444bfe4a748c1aaffa3c332c497ea P bbafd3b7e892404d949ddd353c8fd5b4 [term 2 FOLLOWER]: Raft consensus is shut down!
I20260713 09:09:31.815948 22071 tablet_replica.cc:333] T 7f14ee494861475193bdfd0bad6340d3 P bbafd3b7e892404d949ddd353c8fd5b4: stopping tablet replica
I20260713 09:09:31.816416 22071 raft_consensus.cc:2243] T 7f14ee494861475193bdfd0bad6340d3 P bbafd3b7e892404d949ddd353c8fd5b4 [term 3 FOLLOWER]: Raft consensus shutting down.
I20260713 09:09:31.816857 22071 raft_consensus.cc:2272] T 7f14ee494861475193bdfd0bad6340d3 P bbafd3b7e892404d949ddd353c8fd5b4 [term 3 FOLLOWER]: Raft consensus is shut down!
I20260713 09:09:31.818769 22071 tablet_replica.cc:333] T 0a502b6abcd6484dba3f5c8df481f754 P bbafd3b7e892404d949ddd353c8fd5b4: stopping tablet replica
I20260713 09:09:31.819248 22071 raft_consensus.cc:2243] T 0a502b6abcd6484dba3f5c8df481f754 P bbafd3b7e892404d949ddd353c8fd5b4 [term 4 LEADER]: Raft consensus shutting down.
I20260713 09:09:31.820106 22071 raft_consensus.cc:2272] T 0a502b6abcd6484dba3f5c8df481f754 P bbafd3b7e892404d949ddd353c8fd5b4 [term 4 FOLLOWER]: Raft consensus is shut down!
W20260713 09:09:31.925436 22246 proxy.cc:239] Call had error, refreshing address and retrying: Network error: Client connection negotiation failed: client connection to 127.21.141.193:41559: connect: Connection refused (error 111)
W20260713 09:09:31.930239 22246 consensus_peers.cc:597] T c653907c1dd243778ba99b8eda13d546 P 5635e6f7683b4916ae3437906f09299f -> Peer bbafd3b7e892404d949ddd353c8fd5b4 (127.21.141.193:41559): Couldn't send request to peer bbafd3b7e892404d949ddd353c8fd5b4. Status: Network error: Client connection negotiation failed: client connection to 127.21.141.193:41559: connect: Connection refused (error 111). This is attempt 1: this message will repeat every 5th retry.
I20260713 09:09:31.930596 22071 tablet_server.cc:196] TabletServer@127.21.141.193:0 shutdown complete.
W20260713 09:09:31.932075 22320 consensus_peers.cc:597] T b10e9cad1d9f4dec82366b8ad00df8e7 P 22c898506955492990e1151ae54c5cb4 -> Peer bbafd3b7e892404d949ddd353c8fd5b4 (127.21.141.193:41559): Couldn't send request to peer bbafd3b7e892404d949ddd353c8fd5b4. Status: Network error: Client connection negotiation failed: client connection to 127.21.141.193:41559: connect: Connection refused (error 111). This is attempt 1: this message will repeat every 5th retry.
W20260713 09:09:31.932542 22320 consensus_peers.cc:597] T 7f14ee494861475193bdfd0bad6340d3 P 22c898506955492990e1151ae54c5cb4 -> Peer bbafd3b7e892404d949ddd353c8fd5b4 (127.21.141.193:41559): Couldn't send request to peer bbafd3b7e892404d949ddd353c8fd5b4. Status: Network error: Client connection negotiation failed: client connection to 127.21.141.193:41559: connect: Connection refused (error 111). This is attempt 1: this message will repeat every 5th retry.
I20260713 09:09:31.948187 22071 tablet_server.cc:179] TabletServer@127.21.141.194:0 shutting down...
I20260713 09:09:31.970882 22071 ts_tablet_manager.cc:1507] Shutting down tablet manager...
I20260713 09:09:31.971540 22071 tablet_replica.cc:333] T e31444bfe4a748c1aaffa3c332c497ea P 5635e6f7683b4916ae3437906f09299f: stopping tablet replica
I20260713 09:09:31.972164 22071 raft_consensus.cc:2243] T e31444bfe4a748c1aaffa3c332c497ea P 5635e6f7683b4916ae3437906f09299f [term 2 LEADER]: Raft consensus shutting down.
I20260713 09:09:31.972990 22071 raft_consensus.cc:2272] T e31444bfe4a748c1aaffa3c332c497ea P 5635e6f7683b4916ae3437906f09299f [term 2 FOLLOWER]: Raft consensus is shut down!
I20260713 09:09:31.974855 22071 tablet_replica.cc:333] T 2312c36c96984c159fa2b96fa7cdf892 P 5635e6f7683b4916ae3437906f09299f: stopping tablet replica
I20260713 09:09:31.975425 22071 raft_consensus.cc:2243] T 2312c36c96984c159fa2b96fa7cdf892 P 5635e6f7683b4916ae3437906f09299f [term 1 LEADER]: Raft consensus shutting down.
I20260713 09:09:31.976210 22071 raft_consensus.cc:2272] T 2312c36c96984c159fa2b96fa7cdf892 P 5635e6f7683b4916ae3437906f09299f [term 1 FOLLOWER]: Raft consensus is shut down!
I20260713 09:09:31.978044 22071 tablet_replica.cc:333] T 7f14ee494861475193bdfd0bad6340d3 P 5635e6f7683b4916ae3437906f09299f: stopping tablet replica
I20260713 09:09:31.978502 22071 raft_consensus.cc:2243] T 7f14ee494861475193bdfd0bad6340d3 P 5635e6f7683b4916ae3437906f09299f [term 3 FOLLOWER]: Raft consensus shutting down.
I20260713 09:09:31.978854 22071 raft_consensus.cc:2272] T 7f14ee494861475193bdfd0bad6340d3 P 5635e6f7683b4916ae3437906f09299f [term 3 FOLLOWER]: Raft consensus is shut down!
I20260713 09:09:31.981642 22071 tablet_replica.cc:333] T 0a502b6abcd6484dba3f5c8df481f754 P 5635e6f7683b4916ae3437906f09299f: stopping tablet replica
I20260713 09:09:31.982132 22071 raft_consensus.cc:2243] T 0a502b6abcd6484dba3f5c8df481f754 P 5635e6f7683b4916ae3437906f09299f [term 4 FOLLOWER]: Raft consensus shutting down.
I20260713 09:09:31.982491 22071 raft_consensus.cc:2272] T 0a502b6abcd6484dba3f5c8df481f754 P 5635e6f7683b4916ae3437906f09299f [term 4 FOLLOWER]: Raft consensus is shut down!
I20260713 09:09:31.984440 22071 tablet_replica.cc:333] T 6447f7a53ccb444089251e8546041123 P 5635e6f7683b4916ae3437906f09299f: stopping tablet replica
I20260713 09:09:31.984882 22071 raft_consensus.cc:2243] T 6447f7a53ccb444089251e8546041123 P 5635e6f7683b4916ae3437906f09299f [term 4 FOLLOWER]: Raft consensus shutting down.
I20260713 09:09:31.985220 22071 raft_consensus.cc:2272] T 6447f7a53ccb444089251e8546041123 P 5635e6f7683b4916ae3437906f09299f [term 4 FOLLOWER]: Raft consensus is shut down!
I20260713 09:09:31.987068 22071 tablet_replica.cc:333] T 664ff21b130e48fb83778b7226df6006 P 5635e6f7683b4916ae3437906f09299f: stopping tablet replica
I20260713 09:09:31.987514 22071 raft_consensus.cc:2243] T 664ff21b130e48fb83778b7226df6006 P 5635e6f7683b4916ae3437906f09299f [term 3 FOLLOWER]: Raft consensus shutting down.
I20260713 09:09:31.987929 22071 raft_consensus.cc:2272] T 664ff21b130e48fb83778b7226df6006 P 5635e6f7683b4916ae3437906f09299f [term 3 FOLLOWER]: Raft consensus is shut down!
I20260713 09:09:31.990016 22071 tablet_replica.cc:333] T b10e9cad1d9f4dec82366b8ad00df8e7 P 5635e6f7683b4916ae3437906f09299f: stopping tablet replica
I20260713 09:09:31.990505 22071 raft_consensus.cc:2243] T b10e9cad1d9f4dec82366b8ad00df8e7 P 5635e6f7683b4916ae3437906f09299f [term 1 FOLLOWER]: Raft consensus shutting down.
I20260713 09:09:31.990870 22071 raft_consensus.cc:2272] T b10e9cad1d9f4dec82366b8ad00df8e7 P 5635e6f7683b4916ae3437906f09299f [term 1 FOLLOWER]: Raft consensus is shut down!
I20260713 09:09:31.992508 22071 tablet_replica.cc:333] T c653907c1dd243778ba99b8eda13d546 P 5635e6f7683b4916ae3437906f09299f: stopping tablet replica
I20260713 09:09:31.992990 22071 raft_consensus.cc:2243] T c653907c1dd243778ba99b8eda13d546 P 5635e6f7683b4916ae3437906f09299f [term 3 LEADER]: Raft consensus shutting down.
I20260713 09:09:31.993770 22071 raft_consensus.cc:2272] T c653907c1dd243778ba99b8eda13d546 P 5635e6f7683b4916ae3437906f09299f [term 3 FOLLOWER]: Raft consensus is shut down!
I20260713 09:09:31.995561 22071 tablet_replica.cc:333] T 8377e4dafe2345b9b8c7c83a06883155 P 5635e6f7683b4916ae3437906f09299f: stopping tablet replica
I20260713 09:09:31.996076 22071 raft_consensus.cc:2243] T 8377e4dafe2345b9b8c7c83a06883155 P 5635e6f7683b4916ae3437906f09299f [term 4 FOLLOWER]: Raft consensus shutting down.
I20260713 09:09:31.996493 22071 raft_consensus.cc:2272] T 8377e4dafe2345b9b8c7c83a06883155 P 5635e6f7683b4916ae3437906f09299f [term 4 FOLLOWER]: Raft consensus is shut down!
W20260713 09:09:32.004627 22321 consensus_peers.cc:597] T 7f14ee494861475193bdfd0bad6340d3 P 22c898506955492990e1151ae54c5cb4 -> Peer 5635e6f7683b4916ae3437906f09299f (127.21.141.194:34513): Couldn't send request to peer 5635e6f7683b4916ae3437906f09299f. Status: Remote error: Service unavailable: service kudu.consensus.ConsensusService not registered on TabletServer. This is attempt 1: this message will repeat every 5th retry.
I20260713 09:09:32.025250 22071 tablet_server.cc:196] TabletServer@127.21.141.194:0 shutdown complete.
I20260713 09:09:32.042215 22071 tablet_server.cc:179] TabletServer@127.21.141.195:0 shutting down...
I20260713 09:09:32.067778 22071 ts_tablet_manager.cc:1507] Shutting down tablet manager...
I20260713 09:09:32.068550 22071 tablet_replica.cc:333] T 2312c36c96984c159fa2b96fa7cdf892 P 22c898506955492990e1151ae54c5cb4: stopping tablet replica
I20260713 09:09:32.069235 22071 raft_consensus.cc:2243] T 2312c36c96984c159fa2b96fa7cdf892 P 22c898506955492990e1151ae54c5cb4 [term 1 FOLLOWER]: Raft consensus shutting down.
I20260713 09:09:32.069729 22071 raft_consensus.cc:2272] T 2312c36c96984c159fa2b96fa7cdf892 P 22c898506955492990e1151ae54c5cb4 [term 1 FOLLOWER]: Raft consensus is shut down!
I20260713 09:09:32.071524 22071 tablet_replica.cc:333] T e31444bfe4a748c1aaffa3c332c497ea P 22c898506955492990e1151ae54c5cb4: stopping tablet replica
I20260713 09:09:32.072106 22071 raft_consensus.cc:2243] T e31444bfe4a748c1aaffa3c332c497ea P 22c898506955492990e1151ae54c5cb4 [term 2 FOLLOWER]: Raft consensus shutting down.
I20260713 09:09:32.072594 22071 raft_consensus.cc:2272] T e31444bfe4a748c1aaffa3c332c497ea P 22c898506955492990e1151ae54c5cb4 [term 2 FOLLOWER]: Raft consensus is shut down!
I20260713 09:09:32.074438 22071 tablet_replica.cc:333] T 7f14ee494861475193bdfd0bad6340d3 P 22c898506955492990e1151ae54c5cb4: stopping tablet replica
I20260713 09:09:32.074950 22071 raft_consensus.cc:2243] T 7f14ee494861475193bdfd0bad6340d3 P 22c898506955492990e1151ae54c5cb4 [term 3 LEADER]: Raft consensus shutting down.
I20260713 09:09:32.075810 22071 raft_consensus.cc:2272] T 7f14ee494861475193bdfd0bad6340d3 P 22c898506955492990e1151ae54c5cb4 [term 3 FOLLOWER]: Raft consensus is shut down!
I20260713 09:09:32.078017 22071 tablet_replica.cc:333] T 0a502b6abcd6484dba3f5c8df481f754 P 22c898506955492990e1151ae54c5cb4: stopping tablet replica
I20260713 09:09:32.078560 22071 raft_consensus.cc:2243] T 0a502b6abcd6484dba3f5c8df481f754 P 22c898506955492990e1151ae54c5cb4 [term 4 FOLLOWER]: Raft consensus shutting down.
I20260713 09:09:32.079025 22071 raft_consensus.cc:2272] T 0a502b6abcd6484dba3f5c8df481f754 P 22c898506955492990e1151ae54c5cb4 [term 4 FOLLOWER]: Raft consensus is shut down!
I20260713 09:09:32.081532 22071 tablet_replica.cc:333] T 6447f7a53ccb444089251e8546041123 P 22c898506955492990e1151ae54c5cb4: stopping tablet replica
I20260713 09:09:32.082159 22071 raft_consensus.cc:2243] T 6447f7a53ccb444089251e8546041123 P 22c898506955492990e1151ae54c5cb4 [term 4 LEADER]: Raft consensus shutting down.
I20260713 09:09:32.082993 22071 raft_consensus.cc:2272] T 6447f7a53ccb444089251e8546041123 P 22c898506955492990e1151ae54c5cb4 [term 4 FOLLOWER]: Raft consensus is shut down!
I20260713 09:09:32.085160 22071 tablet_replica.cc:333] T 664ff21b130e48fb83778b7226df6006 P 22c898506955492990e1151ae54c5cb4: stopping tablet replica
I20260713 09:09:32.085665 22071 raft_consensus.cc:2243] T 664ff21b130e48fb83778b7226df6006 P 22c898506955492990e1151ae54c5cb4 [term 3 FOLLOWER]: Raft consensus shutting down.
I20260713 09:09:32.086097 22071 raft_consensus.cc:2272] T 664ff21b130e48fb83778b7226df6006 P 22c898506955492990e1151ae54c5cb4 [term 3 FOLLOWER]: Raft consensus is shut down!
I20260713 09:09:32.088231 22071 tablet_replica.cc:333] T b10e9cad1d9f4dec82366b8ad00df8e7 P 22c898506955492990e1151ae54c5cb4: stopping tablet replica
I20260713 09:09:32.088763 22071 raft_consensus.cc:2243] T b10e9cad1d9f4dec82366b8ad00df8e7 P 22c898506955492990e1151ae54c5cb4 [term 1 LEADER]: Raft consensus shutting down.
I20260713 09:09:32.089479 22071 raft_consensus.cc:2272] T b10e9cad1d9f4dec82366b8ad00df8e7 P 22c898506955492990e1151ae54c5cb4 [term 1 FOLLOWER]: Raft consensus is shut down!
I20260713 09:09:32.091080 22071 tablet_replica.cc:333] T c653907c1dd243778ba99b8eda13d546 P 22c898506955492990e1151ae54c5cb4: stopping tablet replica
I20260713 09:09:32.091559 22071 raft_consensus.cc:2243] T c653907c1dd243778ba99b8eda13d546 P 22c898506955492990e1151ae54c5cb4 [term 3 FOLLOWER]: Raft consensus shutting down.
I20260713 09:09:32.092028 22071 raft_consensus.cc:2272] T c653907c1dd243778ba99b8eda13d546 P 22c898506955492990e1151ae54c5cb4 [term 3 FOLLOWER]: Raft consensus is shut down!
I20260713 09:09:32.093572 22071 tablet_replica.cc:333] T 8377e4dafe2345b9b8c7c83a06883155 P 22c898506955492990e1151ae54c5cb4: stopping tablet replica
I20260713 09:09:32.094105 22071 raft_consensus.cc:2243] T 8377e4dafe2345b9b8c7c83a06883155 P 22c898506955492990e1151ae54c5cb4 [term 4 FOLLOWER]: Raft consensus shutting down.
I20260713 09:09:32.094604 22071 raft_consensus.cc:2272] T 8377e4dafe2345b9b8c7c83a06883155 P 22c898506955492990e1151ae54c5cb4 [term 4 FOLLOWER]: Raft consensus is shut down!
I20260713 09:09:32.123428 22071 tablet_server.cc:196] TabletServer@127.21.141.195:0 shutdown complete.
I20260713 09:09:32.140821 22071 master.cc:562] Master@127.21.141.254:33459 shutting down...
I20260713 09:09:32.291106 22071 raft_consensus.cc:2243] T 00000000000000000000000000000000 P 44af47ca6beb40e39d9c03220d17b8a7 [term 1 LEADER]: Raft consensus shutting down.
I20260713 09:09:32.291734 22071 raft_consensus.cc:2272] T 00000000000000000000000000000000 P 44af47ca6beb40e39d9c03220d17b8a7 [term 1 FOLLOWER]: Raft consensus is shut down!
I20260713 09:09:32.292100 22071 tablet_replica.cc:333] T 00000000000000000000000000000000 P 44af47ca6beb40e39d9c03220d17b8a7: stopping tablet replica
I20260713 09:09:32.312052 22071 master.cc:584] Master@127.21.141.254:33459 shutdown complete.
22c898506955492990e1151ae54c5cb4  1
5635e6f7683b4916ae3437906f09299f  4
bbafd3b7e892404d949ddd353c8fd5b4  4
[       OK ] LeaderRebalancerTest.FunctionalTestForDivided (12541 ms)
[ RUN      ] LeaderRebalancerTest.FunctionalTestForNotDivided
I20260713 09:09:32.357283 22071 internal_mini_cluster.cc:156] Creating distributed mini masters. Addrs: 127.21.141.254:38745
I20260713 09:09:32.358444 22071 file_cache.cc:504] Constructed file cache file cache with capacity 419430
W20260713 09:09:32.364616 22565 instance_detector.cc:116] could not retrieve Azure instance metadata: Network error: curl error: HTTP response code said error: The requested URL returned error: 404
W20260713 09:09:32.364903 22564 instance_detector.cc:116] could not retrieve AWS instance metadata: Network error: curl error: HTTP response code said error: The requested URL returned error: 404
W20260713 09:09:32.365037 22567 instance_detector.cc:116] could not retrieve OpenStack instance metadata: Network error: curl error: HTTP response code said error: The requested URL returned error: 404
I20260713 09:09:32.366391 22071 server_base.cc:1061] running on GCE node
I20260713 09:09:32.367251 22071 hybrid_clock.cc:584] initializing the hybrid clock with 'system_unsync' time source
W20260713 09:09:32.367449 22071 system_unsync_time.cc:38] NTP support is disabled. Clock error bounds will not be accurate. This configuration is not suitable for distributed clusters.
I20260713 09:09:32.367573 22071 hybrid_clock.cc:648] HybridClock initialized: now 1783933772367561 us; error 0 us; skew 500 ppm
I20260713 09:09:32.368139 22071 server_base.cc:861] Flag tcmalloc_max_total_thread_cache_bytes is not working since tcmalloc is not enabled.
I20260713 09:09:32.370541 22071 webserver.cc:533] Webserver started at http://127.21.141.254:43017/ using document root <none> and password file <none>
I20260713 09:09:32.371012 22071 fs_manager.cc:362] Metadata directory not provided
I20260713 09:09:32.371173 22071 fs_manager.cc:368] Using write-ahead log directory (fs_wal_dir) as metadata directory
I20260713 09:09:32.371399 22071 server_base.cc:909] This appears to be a new deployment of Kudu; creating new FS layout
I20260713 09:09:32.372584 22071 fs_manager.cc:1068] Generated new instance metadata in path /tmp/dist-test-taskT4aSe4/test-tmp/auto_leader_rebalancer-test.0.LeaderRebalancerTest.FunctionalTestForNotDivided.1783933759650171-22071-0/minicluster-data/master-0-root/instance:
uuid: "d09a19cda6a844a69d9ae7581ab70238"
format_stamp: "Formatted at 2026-07-13 09:09:32 on dist-test-slave-sl1w"
I20260713 09:09:32.377498 22071 fs_manager.cc:696] Time spent creating directory manager: real 0.004s	user 0.005s	sys 0.000s
I20260713 09:09:32.380905 22572 log_block_manager.cc:4127] Time spent loading block containers with low live blocks: real 0.000s	user 0.000s	sys 0.000s
I20260713 09:09:32.381628 22071 fs_manager.cc:730] Time spent opening block manager: real 0.002s	user 0.003s	sys 0.001s
I20260713 09:09:32.381882 22071 fs_manager.cc:647] Opened local filesystem: /tmp/dist-test-taskT4aSe4/test-tmp/auto_leader_rebalancer-test.0.LeaderRebalancerTest.FunctionalTestForNotDivided.1783933759650171-22071-0/minicluster-data/master-0-root
uuid: "d09a19cda6a844a69d9ae7581ab70238"
format_stamp: "Formatted at 2026-07-13 09:09:32 on dist-test-slave-sl1w"
I20260713 09:09:32.382138 22071 fs_report.cc:389] FS layout report
--------------------
wal directory: /tmp/dist-test-taskT4aSe4/test-tmp/auto_leader_rebalancer-test.0.LeaderRebalancerTest.FunctionalTestForNotDivided.1783933759650171-22071-0/minicluster-data/master-0-root
metadata directory: /tmp/dist-test-taskT4aSe4/test-tmp/auto_leader_rebalancer-test.0.LeaderRebalancerTest.FunctionalTestForNotDivided.1783933759650171-22071-0/minicluster-data/master-0-root
1 data directories: /tmp/dist-test-taskT4aSe4/test-tmp/auto_leader_rebalancer-test.0.LeaderRebalancerTest.FunctionalTestForNotDivided.1783933759650171-22071-0/minicluster-data/master-0-root/data
Total live blocks: 0
Total live bytes: 0
Total live bytes (after alignment): 0
Total number of LBM containers: 0 (0 full)
Did not check for missing blocks
Did not check for orphaned blocks
Total full LBM containers with extra space: 0 (0 repaired)
Total full LBM container extra space in bytes: 0 (0 repaired)
Total incomplete LBM containers: 0 (0 repaired)
Total LBM partial records: 0 (0 repaired)
Total corrupted LBM metadata records in RocksDB: 0 (0 repaired)
I20260713 09:09:32.403347 22071 rpc_server.cc:225] running with OpenSSL 1.1.1  11 Sep 2018
I20260713 09:09:32.404672 22071 kserver.cc:163] Server-wide thread pool size limit: 3276
I20260713 09:09:32.445201 22071 rpc_server.cc:307] RPC server started. Bound to: 127.21.141.254:38745
I20260713 09:09:32.445317 22623 acceptor_pool.cc:272] collecting diagnostics on the listening RPC socket 127.21.141.254:38745 every 8 connection(s)
I20260713 09:09:32.449471 22624 data_dirs.cc:400] Could only allocate 1 dirs of requested 3 for tablet 00000000000000000000000000000000. 1 dirs total, 0 dirs full, 0 dirs failed
I20260713 09:09:32.459585 22624 tablet_bootstrap.cc:492] T 00000000000000000000000000000000 P d09a19cda6a844a69d9ae7581ab70238: Bootstrap starting.
I20260713 09:09:32.464797 22624 tablet_bootstrap.cc:654] T 00000000000000000000000000000000 P d09a19cda6a844a69d9ae7581ab70238: Neither blocks nor log segments found. Creating new log.
I20260713 09:09:32.469197 22624 tablet_bootstrap.cc:492] T 00000000000000000000000000000000 P d09a19cda6a844a69d9ae7581ab70238: No bootstrap required, opened a new log
I20260713 09:09:32.471230 22624 raft_consensus.cc:359] T 00000000000000000000000000000000 P d09a19cda6a844a69d9ae7581ab70238 [term 0 FOLLOWER]: Replica starting. Triggering 0 pending ops. Active config: opid_index: -1 OBSOLETE_local: true peers { permanent_uuid: "d09a19cda6a844a69d9ae7581ab70238" member_type: VOTER }
I20260713 09:09:32.471591 22624 raft_consensus.cc:385] T 00000000000000000000000000000000 P d09a19cda6a844a69d9ae7581ab70238 [term 0 FOLLOWER]: Consensus starting up: Expiring failure detector timer to make a prompt election more likely
I20260713 09:09:32.471889 22624 raft_consensus.cc:740] T 00000000000000000000000000000000 P d09a19cda6a844a69d9ae7581ab70238 [term 0 FOLLOWER]: Becoming Follower/Learner. State: Replica: d09a19cda6a844a69d9ae7581ab70238, State: Initialized, Role: FOLLOWER
I20260713 09:09:32.472440 22624 consensus_queue.cc:260] T 00000000000000000000000000000000 P d09a19cda6a844a69d9ae7581ab70238 [NON_LEADER]: Queue going to NON_LEADER mode. State: All replicated index: 0, Majority replicated index: 0, Committed index: 0, Last appended: 0.0, Last appended by leader: 0, Current term: 0, Majority size: -1, State: 0, Mode: NON_LEADER, active raft config: opid_index: -1 OBSOLETE_local: true peers { permanent_uuid: "d09a19cda6a844a69d9ae7581ab70238" member_type: VOTER }
I20260713 09:09:32.472846 22624 raft_consensus.cc:399] T 00000000000000000000000000000000 P d09a19cda6a844a69d9ae7581ab70238 [term 0 FOLLOWER]: Only one voter in the Raft config. Triggering election immediately
I20260713 09:09:32.473030 22624 raft_consensus.cc:493] T 00000000000000000000000000000000 P d09a19cda6a844a69d9ae7581ab70238 [term 0 FOLLOWER]: Starting leader election (initial election of a single-replica configuration)
I20260713 09:09:32.473244 22624 raft_consensus.cc:3060] T 00000000000000000000000000000000 P d09a19cda6a844a69d9ae7581ab70238 [term 0 FOLLOWER]: Advancing to term 1
I20260713 09:09:32.477244 22624 raft_consensus.cc:515] T 00000000000000000000000000000000 P d09a19cda6a844a69d9ae7581ab70238 [term 1 FOLLOWER]: Starting leader election with config: opid_index: -1 OBSOLETE_local: true peers { permanent_uuid: "d09a19cda6a844a69d9ae7581ab70238" member_type: VOTER }
I20260713 09:09:32.477700 22624 leader_election.cc:304] T 00000000000000000000000000000000 P d09a19cda6a844a69d9ae7581ab70238 [CANDIDATE]: Term 1 election: Election decided. Result: candidate won. Election summary: received 1 responses out of 1 voters: 1 yes votes; 0 no votes. yes voters: d09a19cda6a844a69d9ae7581ab70238; no voters: 
I20260713 09:09:32.478771 22624 leader_election.cc:290] T 00000000000000000000000000000000 P d09a19cda6a844a69d9ae7581ab70238 [CANDIDATE]: Term 1 election: Requested vote from peers 
I20260713 09:09:32.479085 22627 raft_consensus.cc:2804] T 00000000000000000000000000000000 P d09a19cda6a844a69d9ae7581ab70238 [term 1 FOLLOWER]: Leader election won for term 1
I20260713 09:09:32.480406 22627 raft_consensus.cc:697] T 00000000000000000000000000000000 P d09a19cda6a844a69d9ae7581ab70238 [term 1 LEADER]: Becoming Leader. State: Replica: d09a19cda6a844a69d9ae7581ab70238, State: Running, Role: LEADER
I20260713 09:09:32.481069 22627 consensus_queue.cc:237] T 00000000000000000000000000000000 P d09a19cda6a844a69d9ae7581ab70238 [LEADER]: Queue going to LEADER mode. State: All replicated index: 0, Majority replicated index: 0, Committed index: 0, Last appended: 0.0, Last appended by leader: 0, Current term: 1, Majority size: 1, State: 0, Mode: LEADER, active raft config: opid_index: -1 OBSOLETE_local: true peers { permanent_uuid: "d09a19cda6a844a69d9ae7581ab70238" member_type: VOTER }
I20260713 09:09:32.481741 22624 sys_catalog.cc:565] T 00000000000000000000000000000000 P d09a19cda6a844a69d9ae7581ab70238 [sys.catalog]: configured and running, proceeding with master startup.
I20260713 09:09:32.485900 22628 sys_catalog.cc:455] T 00000000000000000000000000000000 P d09a19cda6a844a69d9ae7581ab70238 [sys.catalog]: SysCatalogTable state changed. Reason: RaftConsensus started. Latest consensus state: current_term: 1 leader_uuid: "d09a19cda6a844a69d9ae7581ab70238" committed_config { opid_index: -1 OBSOLETE_local: true peers { permanent_uuid: "d09a19cda6a844a69d9ae7581ab70238" member_type: VOTER } }
I20260713 09:09:32.486670 22628 sys_catalog.cc:458] T 00000000000000000000000000000000 P d09a19cda6a844a69d9ae7581ab70238 [sys.catalog]: This master's current role is: LEADER
I20260713 09:09:32.486804 22629 sys_catalog.cc:455] T 00000000000000000000000000000000 P d09a19cda6a844a69d9ae7581ab70238 [sys.catalog]: SysCatalogTable state changed. Reason: New leader d09a19cda6a844a69d9ae7581ab70238. Latest consensus state: current_term: 1 leader_uuid: "d09a19cda6a844a69d9ae7581ab70238" committed_config { opid_index: -1 OBSOLETE_local: true peers { permanent_uuid: "d09a19cda6a844a69d9ae7581ab70238" member_type: VOTER } }
I20260713 09:09:32.487532 22629 sys_catalog.cc:458] T 00000000000000000000000000000000 P d09a19cda6a844a69d9ae7581ab70238 [sys.catalog]: This master's current role is: LEADER
I20260713 09:09:32.490578 22634 catalog_manager.cc:1511] Loading table and tablet metadata into memory...
I20260713 09:09:32.498996 22634 catalog_manager.cc:1520] Initializing Kudu cluster ID...
I20260713 09:09:32.500259 22071 internal_mini_cluster.cc:184] Waiting to initialize catalog manager on master 0
I20260713 09:09:32.508271 22634 catalog_manager.cc:1383] Generated new cluster ID: 9149bd7e169442cf9f48ad78facf1b8d
I20260713 09:09:32.508638 22634 catalog_manager.cc:1531] Initializing Kudu internal certificate authority...
I20260713 09:09:32.529135 22634 catalog_manager.cc:1406] Generated new certificate authority record
I20260713 09:09:32.530509 22634 catalog_manager.cc:1540] Loading token signing keys...
I20260713 09:09:32.546202 22634 catalog_manager.cc:6070] T 00000000000000000000000000000000 P d09a19cda6a844a69d9ae7581ab70238: Generated new TSK 0
I20260713 09:09:32.546825 22634 catalog_manager.cc:1550] Initializing in-progress tserver states...
I20260713 09:09:32.566699 22071 file_cache.cc:504] Constructed file cache file cache with capacity 419430
W20260713 09:09:32.573643 22646 instance_detector.cc:116] could not retrieve Azure instance metadata: Network error: curl error: HTTP response code said error: The requested URL returned error: 404
W20260713 09:09:32.573040 22645 instance_detector.cc:116] could not retrieve AWS instance metadata: Network error: curl error: HTTP response code said error: The requested URL returned error: 404
W20260713 09:09:32.575467 22648 instance_detector.cc:116] could not retrieve OpenStack instance metadata: Network error: curl error: HTTP response code said error: The requested URL returned error: 404
I20260713 09:09:32.575994 22071 server_base.cc:1061] running on GCE node
I20260713 09:09:32.576764 22071 hybrid_clock.cc:584] initializing the hybrid clock with 'system_unsync' time source
W20260713 09:09:32.576949 22071 system_unsync_time.cc:38] NTP support is disabled. Clock error bounds will not be accurate. This configuration is not suitable for distributed clusters.
I20260713 09:09:32.577114 22071 hybrid_clock.cc:648] HybridClock initialized: now 1783933772577101 us; error 0 us; skew 500 ppm
I20260713 09:09:32.577556 22071 server_base.cc:861] Flag tcmalloc_max_total_thread_cache_bytes is not working since tcmalloc is not enabled.
I20260713 09:09:32.579885 22071 webserver.cc:533] Webserver started at http://127.21.141.193:41175/ using document root <none> and password file <none>
I20260713 09:09:32.580322 22071 fs_manager.cc:362] Metadata directory not provided
I20260713 09:09:32.580475 22071 fs_manager.cc:368] Using write-ahead log directory (fs_wal_dir) as metadata directory
I20260713 09:09:32.580675 22071 server_base.cc:909] This appears to be a new deployment of Kudu; creating new FS layout
I20260713 09:09:32.581661 22071 fs_manager.cc:1068] Generated new instance metadata in path /tmp/dist-test-taskT4aSe4/test-tmp/auto_leader_rebalancer-test.0.LeaderRebalancerTest.FunctionalTestForNotDivided.1783933759650171-22071-0/minicluster-data/ts-0-root/instance:
uuid: "c6c65532774d42ffb563d0817c9f9450"
format_stamp: "Formatted at 2026-07-13 09:09:32 on dist-test-slave-sl1w"
I20260713 09:09:32.586354 22071 fs_manager.cc:696] Time spent creating directory manager: real 0.004s	user 0.000s	sys 0.006s
I20260713 09:09:32.589685 22653 log_block_manager.cc:4127] Time spent loading block containers with low live blocks: real 0.000s	user 0.000s	sys 0.000s
I20260713 09:09:32.590428 22071 fs_manager.cc:730] Time spent opening block manager: real 0.002s	user 0.001s	sys 0.000s
I20260713 09:09:32.590714 22071 fs_manager.cc:647] Opened local filesystem: /tmp/dist-test-taskT4aSe4/test-tmp/auto_leader_rebalancer-test.0.LeaderRebalancerTest.FunctionalTestForNotDivided.1783933759650171-22071-0/minicluster-data/ts-0-root
uuid: "c6c65532774d42ffb563d0817c9f9450"
format_stamp: "Formatted at 2026-07-13 09:09:32 on dist-test-slave-sl1w"
I20260713 09:09:32.591028 22071 fs_report.cc:389] FS layout report
--------------------
wal directory: /tmp/dist-test-taskT4aSe4/test-tmp/auto_leader_rebalancer-test.0.LeaderRebalancerTest.FunctionalTestForNotDivided.1783933759650171-22071-0/minicluster-data/ts-0-root
metadata directory: /tmp/dist-test-taskT4aSe4/test-tmp/auto_leader_rebalancer-test.0.LeaderRebalancerTest.FunctionalTestForNotDivided.1783933759650171-22071-0/minicluster-data/ts-0-root
1 data directories: /tmp/dist-test-taskT4aSe4/test-tmp/auto_leader_rebalancer-test.0.LeaderRebalancerTest.FunctionalTestForNotDivided.1783933759650171-22071-0/minicluster-data/ts-0-root/data
Total live blocks: 0
Total live bytes: 0
Total live bytes (after alignment): 0
Total number of LBM containers: 0 (0 full)
Did not check for missing blocks
Did not check for orphaned blocks
Total full LBM containers with extra space: 0 (0 repaired)
Total full LBM container extra space in bytes: 0 (0 repaired)
Total incomplete LBM containers: 0 (0 repaired)
Total LBM partial records: 0 (0 repaired)
Total corrupted LBM metadata records in RocksDB: 0 (0 repaired)
I20260713 09:09:32.612190 22071 rpc_server.cc:225] running with OpenSSL 1.1.1  11 Sep 2018
I20260713 09:09:32.613423 22071 kserver.cc:163] Server-wide thread pool size limit: 3276
I20260713 09:09:32.615053 22071 txn_system_client.cc:432] TxnSystemClient initialization is disabled...
I20260713 09:09:32.617388 22071 ts_tablet_manager.cc:585] Loaded tablet metadata (0 total tablets, 0 live tablets)
I20260713 09:09:32.617610 22071 ts_tablet_manager.cc:531] Time spent load tablet metadata: real 0.000s	user 0.000s	sys 0.000s
I20260713 09:09:32.617872 22071 ts_tablet_manager.cc:616] Registered 0 tablets
I20260713 09:09:32.618059 22071 ts_tablet_manager.cc:595] Time spent register tablets: real 0.000s	user 0.000s	sys 0.000s
I20260713 09:09:32.659554 22071 rpc_server.cc:307] RPC server started. Bound to: 127.21.141.193:33471
I20260713 09:09:32.659646 22715 acceptor_pool.cc:272] collecting diagnostics on the listening RPC socket 127.21.141.193:33471 every 8 connection(s)
I20260713 09:09:32.664605 22071 file_cache.cc:504] Constructed file cache file cache with capacity 419430
W20260713 09:09:32.672395 22721 instance_detector.cc:116] could not retrieve Azure instance metadata: Network error: curl error: HTTP response code said error: The requested URL returned error: 404
W20260713 09:09:32.673281 22720 instance_detector.cc:116] could not retrieve AWS instance metadata: Network error: curl error: HTTP response code said error: The requested URL returned error: 404
W20260713 09:09:32.674531 22723 instance_detector.cc:116] could not retrieve OpenStack instance metadata: Network error: curl error: HTTP response code said error: The requested URL returned error: 404
I20260713 09:09:32.675853 22071 server_base.cc:1061] running on GCE node
I20260713 09:09:32.676678 22071 hybrid_clock.cc:584] initializing the hybrid clock with 'system_unsync' time source
W20260713 09:09:32.676862 22071 system_unsync_time.cc:38] NTP support is disabled. Clock error bounds will not be accurate. This configuration is not suitable for distributed clusters.
I20260713 09:09:32.677063 22071 hybrid_clock.cc:648] HybridClock initialized: now 1783933772677044 us; error 0 us; skew 500 ppm
I20260713 09:09:32.677613 22071 server_base.cc:861] Flag tcmalloc_max_total_thread_cache_bytes is not working since tcmalloc is not enabled.
I20260713 09:09:32.680316 22071 webserver.cc:533] Webserver started at http://127.21.141.194:36937/ using document root <none> and password file <none>
I20260713 09:09:32.680959 22071 fs_manager.cc:362] Metadata directory not provided
I20260713 09:09:32.681213 22071 fs_manager.cc:368] Using write-ahead log directory (fs_wal_dir) as metadata directory
I20260713 09:09:32.681555 22071 server_base.cc:909] This appears to be a new deployment of Kudu; creating new FS layout
I20260713 09:09:32.682538 22716 heartbeater.cc:344] Connected to a master server at 127.21.141.254:38745
I20260713 09:09:32.682933 22716 heartbeater.cc:461] Registering TS with master...
I20260713 09:09:32.682982 22071 fs_manager.cc:1068] Generated new instance metadata in path /tmp/dist-test-taskT4aSe4/test-tmp/auto_leader_rebalancer-test.0.LeaderRebalancerTest.FunctionalTestForNotDivided.1783933759650171-22071-0/minicluster-data/ts-1-root/instance:
uuid: "b65f9c5bd7a041d18352c473ac78645f"
format_stamp: "Formatted at 2026-07-13 09:09:32 on dist-test-slave-sl1w"
I20260713 09:09:32.683832 22716 heartbeater.cc:507] Master 127.21.141.254:38745 requested a full tablet report, sending...
I20260713 09:09:32.686096 22589 ts_manager.cc:194] Registered new tserver with Master: c6c65532774d42ffb563d0817c9f9450 (127.21.141.193:33471)
I20260713 09:09:32.688252 22071 fs_manager.cc:696] Time spent creating directory manager: real 0.004s	user 0.000s	sys 0.003s
I20260713 09:09:32.688477 22589 master_service.cc:502] Signed X509 certificate for tserver {username='slave'} at 127.0.0.1:55566
I20260713 09:09:32.692330 22728 log_block_manager.cc:4127] Time spent loading block containers with low live blocks: real 0.000s	user 0.000s	sys 0.000s
I20260713 09:09:32.693233 22071 fs_manager.cc:730] Time spent opening block manager: real 0.003s	user 0.002s	sys 0.002s
