I20260713 09:09:46.541302 23372 consensus_queue.cc:1048] T 4b3bf41f44274ca287228a56f1077889 P f3a52ac5d6534081a21c87b71ed3d06b [LEADER]: Connected to new peer: Peer: permanent_uuid: "5d23f263d3c54cb08fc3c27fe5f9088d" member_type: VOTER last_known_addr { host: "127.21.141.195" port: 38053 }, Status: LMP_MISMATCH, Last received: 0.0, Next index: 1, Last known committed idx: 0, Time since last communication: 0.000s
I20260713 09:09:46.544507 23364 tablet_bootstrap.cc:654] T bc49ad4cd3304adf911352b45d14ba41 P 5d23f263d3c54cb08fc3c27fe5f9088d: Neither blocks nor log segments found. Creating new log.
I20260713 09:09:46.544615 23325 tablet_service.cc:1917] Received RequestConsensusVote() RPC: tablet_id: "bc49ad4cd3304adf911352b45d14ba41" candidate_uuid: "f3a52ac5d6534081a21c87b71ed3d06b" candidate_term: 1 candidate_status { last_received { term: 0 index: 0 } } ignore_live_leader: false dest_uuid: "5d23f263d3c54cb08fc3c27fe5f9088d"
W20260713 09:09:46.549091 23217 leader_election.cc:343] T bc49ad4cd3304adf911352b45d14ba41 P f3a52ac5d6534081a21c87b71ed3d06b [CANDIDATE]: Term 1 election: Tablet error from VoteRequest() call to peer 5d23f263d3c54cb08fc3c27fe5f9088d (127.21.141.195:38053): Illegal state: must be running to vote when last-logged opid is not known
I20260713 09:09:46.550267 23324 tablet_service.cc:1917] Received RequestConsensusVote() RPC: tablet_id: "bc49ad4cd3304adf911352b45d14ba41" candidate_uuid: "f3a52ac5d6534081a21c87b71ed3d06b" candidate_term: 1 candidate_status { last_received { term: 0 index: 0 } } ignore_live_leader: false dest_uuid: "5d23f263d3c54cb08fc3c27fe5f9088d" is_pre_election: true
W20260713 09:09:46.551610 23217 leader_election.cc:343] T bc49ad4cd3304adf911352b45d14ba41 P f3a52ac5d6534081a21c87b71ed3d06b [CANDIDATE]: Term 1 pre-election: Tablet error from VoteRequest() call to peer 5d23f263d3c54cb08fc3c27fe5f9088d (127.21.141.195:38053): Illegal state: must be running to vote when last-logged opid is not known
I20260713 09:09:46.553206 23174 tablet_service.cc:1917] Received RequestConsensusVote() RPC: tablet_id: "3c868b091d9d49da8b1d67df1b6f6883" candidate_uuid: "5d23f263d3c54cb08fc3c27fe5f9088d" candidate_term: 1 candidate_status { last_received { term: 0 index: 0 } } ignore_live_leader: false dest_uuid: "26668dc161cf43dfa2b2e15b0723f882"
I20260713 09:09:46.553972 23174 raft_consensus.cc:3060] T 3c868b091d9d49da8b1d67df1b6f6883 P 26668dc161cf43dfa2b2e15b0723f882 [term 0 FOLLOWER]: Advancing to term 1
I20260713 09:09:46.561905 23364 tablet_bootstrap.cc:492] T bc49ad4cd3304adf911352b45d14ba41 P 5d23f263d3c54cb08fc3c27fe5f9088d: No bootstrap required, opened a new log
I20260713 09:09:46.562515 23364 ts_tablet_manager.cc:1403] T bc49ad4cd3304adf911352b45d14ba41 P 5d23f263d3c54cb08fc3c27fe5f9088d: Time spent bootstrapping tablet: real 0.039s	user 0.013s	sys 0.002s
I20260713 09:09:46.565850 23364 raft_consensus.cc:359] T bc49ad4cd3304adf911352b45d14ba41 P 5d23f263d3c54cb08fc3c27fe5f9088d [term 0 FOLLOWER]: Replica starting. Triggering 0 pending ops. Active config: opid_index: -1 OBSOLETE_local: false peers { permanent_uuid: "26668dc161cf43dfa2b2e15b0723f882" member_type: VOTER last_known_addr { host: "127.21.141.193" port: 44229 } } peers { permanent_uuid: "f3a52ac5d6534081a21c87b71ed3d06b" member_type: VOTER last_known_addr { host: "127.21.141.194" port: 41829 } } peers { permanent_uuid: "5d23f263d3c54cb08fc3c27fe5f9088d" member_type: VOTER last_known_addr { host: "127.21.141.195" port: 38053 } }
I20260713 09:09:46.566700 23364 raft_consensus.cc:385] T bc49ad4cd3304adf911352b45d14ba41 P 5d23f263d3c54cb08fc3c27fe5f9088d [term 0 FOLLOWER]: Consensus starting up: Expiring failure detector timer to make a prompt election more likely
I20260713 09:09:46.567027 23364 raft_consensus.cc:740] T bc49ad4cd3304adf911352b45d14ba41 P 5d23f263d3c54cb08fc3c27fe5f9088d [term 0 FOLLOWER]: Becoming Follower/Learner. State: Replica: 5d23f263d3c54cb08fc3c27fe5f9088d, State: Initialized, Role: FOLLOWER
I20260713 09:09:46.568017 23364 consensus_queue.cc:260] T bc49ad4cd3304adf911352b45d14ba41 P 5d23f263d3c54cb08fc3c27fe5f9088d [NON_LEADER]: Queue going to NON_LEADER mode. State: All replicated index: 0, Majority replicated index: 0, Committed index: 0, Last appended: 0.0, Last appended by leader: 0, Current term: 0, Majority size: -1, State: 0, Mode: NON_LEADER, active raft config: opid_index: -1 OBSOLETE_local: false peers { permanent_uuid: "26668dc161cf43dfa2b2e15b0723f882" member_type: VOTER last_known_addr { host: "127.21.141.193" port: 44229 } } peers { permanent_uuid: "f3a52ac5d6534081a21c87b71ed3d06b" member_type: VOTER last_known_addr { host: "127.21.141.194" port: 41829 } } peers { permanent_uuid: "5d23f263d3c54cb08fc3c27fe5f9088d" member_type: VOTER last_known_addr { host: "127.21.141.195" port: 38053 } }
I20260713 09:09:46.570986 23364 ts_tablet_manager.cc:1434] T bc49ad4cd3304adf911352b45d14ba41 P 5d23f263d3c54cb08fc3c27fe5f9088d: Time spent starting tablet: real 0.008s	user 0.009s	sys 0.000s
I20260713 09:09:46.574501 23372 consensus_queue.cc:1048] T 4b3bf41f44274ca287228a56f1077889 P f3a52ac5d6534081a21c87b71ed3d06b [LEADER]: Connected to new peer: Peer: permanent_uuid: "26668dc161cf43dfa2b2e15b0723f882" member_type: VOTER last_known_addr { host: "127.21.141.193" port: 44229 }, Status: LMP_MISMATCH, Last received: 0.0, Next index: 1, Last known committed idx: 0, Time since last communication: 0.000s
I20260713 09:09:46.577178 23421 raft_consensus.cc:493] T 13c47ac4ec3140b596850b0d49202ead P 5d23f263d3c54cb08fc3c27fe5f9088d [term 0 FOLLOWER]: Starting pre-election (no leader contacted us within the election timeout)
I20260713 09:09:46.577679 23174 raft_consensus.cc:2468] T 3c868b091d9d49da8b1d67df1b6f6883 P 26668dc161cf43dfa2b2e15b0723f882 [term 1 FOLLOWER]: Leader election vote request: Granting yes vote for candidate 5d23f263d3c54cb08fc3c27fe5f9088d in term 1.
I20260713 09:09:46.577638 23421 raft_consensus.cc:515] T 13c47ac4ec3140b596850b0d49202ead P 5d23f263d3c54cb08fc3c27fe5f9088d [term 0 FOLLOWER]: Starting pre-election with config: opid_index: -1 OBSOLETE_local: false peers { permanent_uuid: "26668dc161cf43dfa2b2e15b0723f882" member_type: VOTER last_known_addr { host: "127.21.141.193" port: 44229 } } peers { permanent_uuid: "f3a52ac5d6534081a21c87b71ed3d06b" member_type: VOTER last_known_addr { host: "127.21.141.194" port: 41829 } } peers { permanent_uuid: "5d23f263d3c54cb08fc3c27fe5f9088d" member_type: VOTER last_known_addr { host: "127.21.141.195" port: 38053 } }
I20260713 09:09:46.579306 23291 leader_election.cc:304] T 3c868b091d9d49da8b1d67df1b6f6883 P 5d23f263d3c54cb08fc3c27fe5f9088d [CANDIDATE]: Term 1 election: Election decided. Result: candidate won. Election summary: received 2 responses out of 3 voters: 2 yes votes; 0 no votes. yes voters: 26668dc161cf43dfa2b2e15b0723f882, 5d23f263d3c54cb08fc3c27fe5f9088d; no voters: 
I20260713 09:09:46.580047 23488 raft_consensus.cc:2804] T 3c868b091d9d49da8b1d67df1b6f6883 P 5d23f263d3c54cb08fc3c27fe5f9088d [term 1 FOLLOWER]: Leader election won for term 1
I20260713 09:09:46.580529 23488 raft_consensus.cc:697] T 3c868b091d9d49da8b1d67df1b6f6883 P 5d23f263d3c54cb08fc3c27fe5f9088d [term 1 LEADER]: Becoming Leader. State: Replica: 5d23f263d3c54cb08fc3c27fe5f9088d, State: Running, Role: LEADER
I20260713 09:09:46.581633 23421 leader_election.cc:290] T 13c47ac4ec3140b596850b0d49202ead P 5d23f263d3c54cb08fc3c27fe5f9088d [CANDIDATE]: Term 1 pre-election: Requested pre-vote from peers 26668dc161cf43dfa2b2e15b0723f882 (127.21.141.193:44229), f3a52ac5d6534081a21c87b71ed3d06b (127.21.141.194:41829)
I20260713 09:09:46.581308 23488 consensus_queue.cc:237] T 3c868b091d9d49da8b1d67df1b6f6883 P 5d23f263d3c54cb08fc3c27fe5f9088d [LEADER]: Queue going to LEADER mode. State: All replicated index: 0, Majority replicated index: 0, Committed index: 0, Last appended: 0.0, Last appended by leader: 0, Current term: 1, Majority size: 2, State: 0, Mode: LEADER, active raft config: opid_index: -1 OBSOLETE_local: false peers { permanent_uuid: "26668dc161cf43dfa2b2e15b0723f882" member_type: VOTER last_known_addr { host: "127.21.141.193" port: 44229 } } peers { permanent_uuid: "f3a52ac5d6534081a21c87b71ed3d06b" member_type: VOTER last_known_addr { host: "127.21.141.194" port: 41829 } } peers { permanent_uuid: "5d23f263d3c54cb08fc3c27fe5f9088d" member_type: VOTER last_known_addr { host: "127.21.141.195" port: 38053 } }
I20260713 09:09:46.581529 23171 tablet_service.cc:1917] Received RequestConsensusVote() RPC: tablet_id: "13c47ac4ec3140b596850b0d49202ead" candidate_uuid: "5d23f263d3c54cb08fc3c27fe5f9088d" candidate_term: 1 candidate_status { last_received { term: 0 index: 0 } } ignore_live_leader: false dest_uuid: "26668dc161cf43dfa2b2e15b0723f882" is_pre_election: true
I20260713 09:09:46.581560 23248 tablet_service.cc:1917] Received RequestConsensusVote() RPC: tablet_id: "13c47ac4ec3140b596850b0d49202ead" candidate_uuid: "5d23f263d3c54cb08fc3c27fe5f9088d" candidate_term: 1 candidate_status { last_received { term: 0 index: 0 } } ignore_live_leader: false dest_uuid: "f3a52ac5d6534081a21c87b71ed3d06b" is_pre_election: true
I20260713 09:09:46.583844 23248 raft_consensus.cc:2468] T 13c47ac4ec3140b596850b0d49202ead P f3a52ac5d6534081a21c87b71ed3d06b [term 0 FOLLOWER]: Leader pre-election vote request: Granting yes vote for candidate 5d23f263d3c54cb08fc3c27fe5f9088d in term 0.
I20260713 09:09:46.585206 23290 leader_election.cc:304] T 13c47ac4ec3140b596850b0d49202ead P 5d23f263d3c54cb08fc3c27fe5f9088d [CANDIDATE]: Term 1 pre-election: Election decided. Result: candidate won. Election summary: received 2 responses out of 3 voters: 2 yes votes; 0 no votes. yes voters: 5d23f263d3c54cb08fc3c27fe5f9088d, f3a52ac5d6534081a21c87b71ed3d06b; no voters: 
I20260713 09:09:46.586346 23492 raft_consensus.cc:2804] T 13c47ac4ec3140b596850b0d49202ead P 5d23f263d3c54cb08fc3c27fe5f9088d [term 0 FOLLOWER]: Leader pre-election won for term 1
I20260713 09:09:46.586814 23492 raft_consensus.cc:493] T 13c47ac4ec3140b596850b0d49202ead P 5d23f263d3c54cb08fc3c27fe5f9088d [term 0 FOLLOWER]: Starting leader election (no leader contacted us within the election timeout)
I20260713 09:09:46.587163 23492 raft_consensus.cc:3060] T 13c47ac4ec3140b596850b0d49202ead P 5d23f263d3c54cb08fc3c27fe5f9088d [term 0 FOLLOWER]: Advancing to term 1
W20260713 09:09:46.590864 23291 leader_election.cc:343] T 13c47ac4ec3140b596850b0d49202ead P 5d23f263d3c54cb08fc3c27fe5f9088d [CANDIDATE]: Term 1 pre-election: Tablet error from VoteRequest() call to peer 26668dc161cf43dfa2b2e15b0723f882 (127.21.141.193:44229): Illegal state: must be running to vote when last-logged opid is not known
I20260713 09:09:46.596580 23494 leader_election.cc:290] T 3c868b091d9d49da8b1d67df1b6f6883 P 5d23f263d3c54cb08fc3c27fe5f9088d [CANDIDATE]: Term 1 election: Requested vote from peers 26668dc161cf43dfa2b2e15b0723f882 (127.21.141.193:44229), f3a52ac5d6534081a21c87b71ed3d06b (127.21.141.194:41829)
I20260713 09:09:46.595247 23397 raft_consensus.cc:515] T 3c868b091d9d49da8b1d67df1b6f6883 P f3a52ac5d6534081a21c87b71ed3d06b [term 1 FOLLOWER]: Starting leader election with config: opid_index: -1 OBSOLETE_local: false peers { permanent_uuid: "26668dc161cf43dfa2b2e15b0723f882" member_type: VOTER last_known_addr { host: "127.21.141.193" port: 44229 } } peers { permanent_uuid: "f3a52ac5d6534081a21c87b71ed3d06b" member_type: VOTER last_known_addr { host: "127.21.141.194" port: 41829 } } peers { permanent_uuid: "5d23f263d3c54cb08fc3c27fe5f9088d" member_type: VOTER last_known_addr { host: "127.21.141.195" port: 38053 } }
I20260713 09:09:46.598156 23251 raft_consensus.cc:2393] T 3c868b091d9d49da8b1d67df1b6f6883 P f3a52ac5d6534081a21c87b71ed3d06b [term 1 FOLLOWER]: Leader pre-election vote request: Denying vote to candidate 5d23f263d3c54cb08fc3c27fe5f9088d in current term 1: Already voted for candidate f3a52ac5d6534081a21c87b71ed3d06b in this term.
I20260713 09:09:46.599048 23397 leader_election.cc:290] T 3c868b091d9d49da8b1d67df1b6f6883 P f3a52ac5d6534081a21c87b71ed3d06b [CANDIDATE]: Term 1 election: Requested vote from peers 26668dc161cf43dfa2b2e15b0723f882 (127.21.141.193:44229), 5d23f263d3c54cb08fc3c27fe5f9088d (127.21.141.195:38053)
I20260713 09:09:46.567526 23486 raft_consensus.cc:515] T 398ef0a8dfac4bbf815cb3577027068e P 5d23f263d3c54cb08fc3c27fe5f9088d [term 1 FOLLOWER]: Starting leader election with config: opid_index: -1 OBSOLETE_local: false peers { permanent_uuid: "26668dc161cf43dfa2b2e15b0723f882" member_type: VOTER last_known_addr { host: "127.21.141.193" port: 44229 } } peers { permanent_uuid: "f3a52ac5d6534081a21c87b71ed3d06b" member_type: VOTER last_known_addr { host: "127.21.141.194" port: 41829 } } peers { permanent_uuid: "5d23f263d3c54cb08fc3c27fe5f9088d" member_type: VOTER last_known_addr { host: "127.21.141.195" port: 38053 } }
I20260713 09:09:46.600353 23248 tablet_service.cc:1917] Received RequestConsensusVote() RPC: tablet_id: "3c868b091d9d49da8b1d67df1b6f6883" candidate_uuid: "5d23f263d3c54cb08fc3c27fe5f9088d" candidate_term: 1 candidate_status { last_received { term: 0 index: 0 } } ignore_live_leader: false dest_uuid: "f3a52ac5d6534081a21c87b71ed3d06b"
I20260713 09:09:46.601575 23248 raft_consensus.cc:2393] T 3c868b091d9d49da8b1d67df1b6f6883 P f3a52ac5d6534081a21c87b71ed3d06b [term 1 FOLLOWER]: Leader election vote request: Denying vote to candidate 5d23f263d3c54cb08fc3c27fe5f9088d in current term 1: Already voted for candidate f3a52ac5d6534081a21c87b71ed3d06b in this term.
I20260713 09:09:46.602216 23486 leader_election.cc:290] T 398ef0a8dfac4bbf815cb3577027068e P 5d23f263d3c54cb08fc3c27fe5f9088d [CANDIDATE]: Term 1 election: Requested vote from peers 26668dc161cf43dfa2b2e15b0723f882 (127.21.141.193:44229), f3a52ac5d6534081a21c87b71ed3d06b (127.21.141.194:41829)
I20260713 09:09:46.603609 23492 raft_consensus.cc:515] T 13c47ac4ec3140b596850b0d49202ead P 5d23f263d3c54cb08fc3c27fe5f9088d [term 1 FOLLOWER]: Starting leader election with config: opid_index: -1 OBSOLETE_local: false peers { permanent_uuid: "26668dc161cf43dfa2b2e15b0723f882" member_type: VOTER last_known_addr { host: "127.21.141.193" port: 44229 } } peers { permanent_uuid: "f3a52ac5d6534081a21c87b71ed3d06b" member_type: VOTER last_known_addr { host: "127.21.141.194" port: 41829 } } peers { permanent_uuid: "5d23f263d3c54cb08fc3c27fe5f9088d" member_type: VOTER last_known_addr { host: "127.21.141.195" port: 38053 } }
I20260713 09:09:46.604466 23325 tablet_service.cc:1917] Received RequestConsensusVote() RPC: tablet_id: "3c868b091d9d49da8b1d67df1b6f6883" candidate_uuid: "f3a52ac5d6534081a21c87b71ed3d06b" candidate_term: 1 candidate_status { last_received { term: 0 index: 0 } } ignore_live_leader: false dest_uuid: "5d23f263d3c54cb08fc3c27fe5f9088d"
I20260713 09:09:46.606902 23387 raft_consensus.cc:515] T 3a8cd6055fa742a18672626447488292 P 26668dc161cf43dfa2b2e15b0723f882 [term 1 FOLLOWER]: Starting leader election with config: opid_index: -1 OBSOLETE_local: false peers { permanent_uuid: "26668dc161cf43dfa2b2e15b0723f882" member_type: VOTER last_known_addr { host: "127.21.141.193" port: 44229 } } peers { permanent_uuid: "f3a52ac5d6534081a21c87b71ed3d06b" member_type: VOTER last_known_addr { host: "127.21.141.194" port: 41829 } } peers { permanent_uuid: "5d23f263d3c54cb08fc3c27fe5f9088d" member_type: VOTER last_known_addr { host: "127.21.141.195" port: 38053 } }
I20260713 09:09:46.609442 23172 tablet_service.cc:1917] Received RequestConsensusVote() RPC: tablet_id: "398ef0a8dfac4bbf815cb3577027068e" candidate_uuid: "5d23f263d3c54cb08fc3c27fe5f9088d" candidate_term: 1 candidate_status { last_received { term: 0 index: 0 } } ignore_live_leader: false dest_uuid: "26668dc161cf43dfa2b2e15b0723f882"
I20260713 09:09:46.610080 23172 raft_consensus.cc:3060] T 398ef0a8dfac4bbf815cb3577027068e P 26668dc161cf43dfa2b2e15b0723f882 [term 0 FOLLOWER]: Advancing to term 1
I20260713 09:09:46.571426 23176 raft_consensus.cc:2468] T bc49ad4cd3304adf911352b45d14ba41 P 26668dc161cf43dfa2b2e15b0723f882 [term 1 FOLLOWER]: Leader election vote request: Granting yes vote for candidate f3a52ac5d6534081a21c87b71ed3d06b in term 1.
I20260713 09:09:46.611466 23248 tablet_service.cc:1917] Received RequestConsensusVote() RPC: tablet_id: "3a8cd6055fa742a18672626447488292" candidate_uuid: "26668dc161cf43dfa2b2e15b0723f882" candidate_term: 1 candidate_status { last_received { term: 0 index: 0 } } ignore_live_leader: false dest_uuid: "f3a52ac5d6534081a21c87b71ed3d06b"
I20260713 09:09:46.612222 23248 raft_consensus.cc:3060] T 3a8cd6055fa742a18672626447488292 P f3a52ac5d6534081a21c87b71ed3d06b [term 0 FOLLOWER]: Advancing to term 1
I20260713 09:09:46.614502 23387 leader_election.cc:290] T 3a8cd6055fa742a18672626447488292 P 26668dc161cf43dfa2b2e15b0723f882 [CANDIDATE]: Term 1 election: Requested vote from peers f3a52ac5d6534081a21c87b71ed3d06b (127.21.141.194:41829), 5d23f263d3c54cb08fc3c27fe5f9088d (127.21.141.195:38053)
I20260713 09:09:46.617055 23251 tablet_service.cc:1917] Received RequestConsensusVote() RPC: tablet_id: "398ef0a8dfac4bbf815cb3577027068e" candidate_uuid: "5d23f263d3c54cb08fc3c27fe5f9088d" candidate_term: 1 candidate_status { last_received { term: 0 index: 0 } } ignore_live_leader: false dest_uuid: "f3a52ac5d6534081a21c87b71ed3d06b"
I20260713 09:09:46.618386 23217 leader_election.cc:304] T bc49ad4cd3304adf911352b45d14ba41 P f3a52ac5d6534081a21c87b71ed3d06b [CANDIDATE]: Term 1 election: Election decided. Result: candidate won. Election summary: received 3 responses out of 3 voters: 2 yes votes; 1 no votes. yes voters: 26668dc161cf43dfa2b2e15b0723f882, f3a52ac5d6534081a21c87b71ed3d06b; no voters: 5d23f263d3c54cb08fc3c27fe5f9088d
I20260713 09:09:46.619446 23251 raft_consensus.cc:3060] T 398ef0a8dfac4bbf815cb3577027068e P f3a52ac5d6534081a21c87b71ed3d06b [term 0 FOLLOWER]: Advancing to term 1
I20260713 09:09:46.623880 23366 tablet_bootstrap.cc:492] T 13c47ac4ec3140b596850b0d49202ead P 26668dc161cf43dfa2b2e15b0723f882: No bootstrap required, opened a new log
I20260713 09:09:46.624365 23366 ts_tablet_manager.cc:1403] T 13c47ac4ec3140b596850b0d49202ead P 26668dc161cf43dfa2b2e15b0723f882: Time spent bootstrapping tablet: real 0.189s	user 0.040s	sys 0.064s
I20260713 09:09:46.624234 23248 raft_consensus.cc:2468] T 3a8cd6055fa742a18672626447488292 P f3a52ac5d6534081a21c87b71ed3d06b [term 1 FOLLOWER]: Leader election vote request: Granting yes vote for candidate 26668dc161cf43dfa2b2e15b0723f882 in term 1.
I20260713 09:09:46.625425 23141 leader_election.cc:304] T 3a8cd6055fa742a18672626447488292 P 26668dc161cf43dfa2b2e15b0723f882 [CANDIDATE]: Term 1 election: Election decided. Result: candidate won. Election summary: received 2 responses out of 3 voters: 2 yes votes; 0 no votes. yes voters: 26668dc161cf43dfa2b2e15b0723f882, f3a52ac5d6534081a21c87b71ed3d06b; no voters: 
I20260713 09:09:46.627058 23366 raft_consensus.cc:359] T 13c47ac4ec3140b596850b0d49202ead P 26668dc161cf43dfa2b2e15b0723f882 [term 0 FOLLOWER]: Replica starting. Triggering 0 pending ops. Active config: opid_index: -1 OBSOLETE_local: false peers { permanent_uuid: "26668dc161cf43dfa2b2e15b0723f882" member_type: VOTER last_known_addr { host: "127.21.141.193" port: 44229 } } peers { permanent_uuid: "f3a52ac5d6534081a21c87b71ed3d06b" member_type: VOTER last_known_addr { host: "127.21.141.194" port: 41829 } } peers { permanent_uuid: "5d23f263d3c54cb08fc3c27fe5f9088d" member_type: VOTER last_known_addr { host: "127.21.141.195" port: 38053 } }
I20260713 09:09:46.627787 23366 raft_consensus.cc:385] T 13c47ac4ec3140b596850b0d49202ead P 26668dc161cf43dfa2b2e15b0723f882 [term 0 FOLLOWER]: Consensus starting up: Expiring failure detector timer to make a prompt election more likely
I20260713 09:09:46.628108 23366 raft_consensus.cc:740] T 13c47ac4ec3140b596850b0d49202ead P 26668dc161cf43dfa2b2e15b0723f882 [term 0 FOLLOWER]: Becoming Follower/Learner. State: Replica: 26668dc161cf43dfa2b2e15b0723f882, State: Initialized, Role: FOLLOWER
I20260713 09:09:46.628732 23366 consensus_queue.cc:260] T 13c47ac4ec3140b596850b0d49202ead P 26668dc161cf43dfa2b2e15b0723f882 [NON_LEADER]: Queue going to NON_LEADER mode. State: All replicated index: 0, Majority replicated index: 0, Committed index: 0, Last appended: 0.0, Last appended by leader: 0, Current term: 0, Majority size: -1, State: 0, Mode: NON_LEADER, active raft config: opid_index: -1 OBSOLETE_local: false peers { permanent_uuid: "26668dc161cf43dfa2b2e15b0723f882" member_type: VOTER last_known_addr { host: "127.21.141.193" port: 44229 } } peers { permanent_uuid: "f3a52ac5d6534081a21c87b71ed3d06b" member_type: VOTER last_known_addr { host: "127.21.141.194" port: 41829 } } peers { permanent_uuid: "5d23f263d3c54cb08fc3c27fe5f9088d" member_type: VOTER last_known_addr { host: "127.21.141.195" port: 38053 } }
I20260713 09:09:46.631649 23366 ts_tablet_manager.cc:1434] T 13c47ac4ec3140b596850b0d49202ead P 26668dc161cf43dfa2b2e15b0723f882: Time spent starting tablet: real 0.007s	user 0.002s	sys 0.004s
I20260713 09:09:46.631987 23492 leader_election.cc:290] T 13c47ac4ec3140b596850b0d49202ead P 5d23f263d3c54cb08fc3c27fe5f9088d [CANDIDATE]: Term 1 election: Requested vote from peers 26668dc161cf43dfa2b2e15b0723f882 (127.21.141.193:44229), f3a52ac5d6534081a21c87b71ed3d06b (127.21.141.194:41829)
I20260713 09:09:46.633050 23387 raft_consensus.cc:2804] T 3a8cd6055fa742a18672626447488292 P 26668dc161cf43dfa2b2e15b0723f882 [term 1 FOLLOWER]: Leader election won for term 1
I20260713 09:09:46.633641 23387 raft_consensus.cc:697] T 3a8cd6055fa742a18672626447488292 P 26668dc161cf43dfa2b2e15b0723f882 [term 1 LEADER]: Becoming Leader. State: Replica: 26668dc161cf43dfa2b2e15b0723f882, State: Running, Role: LEADER
I20260713 09:09:46.634467 23387 consensus_queue.cc:237] T 3a8cd6055fa742a18672626447488292 P 26668dc161cf43dfa2b2e15b0723f882 [LEADER]: Queue going to LEADER mode. State: All replicated index: 0, Majority replicated index: 0, Committed index: 0, Last appended: 0.0, Last appended by leader: 0, Current term: 1, Majority size: 2, State: 0, Mode: LEADER, active raft config: opid_index: -1 OBSOLETE_local: false peers { permanent_uuid: "26668dc161cf43dfa2b2e15b0723f882" member_type: VOTER last_known_addr { host: "127.21.141.193" port: 44229 } } peers { permanent_uuid: "f3a52ac5d6534081a21c87b71ed3d06b" member_type: VOTER last_known_addr { host: "127.21.141.194" port: 41829 } } peers { permanent_uuid: "5d23f263d3c54cb08fc3c27fe5f9088d" member_type: VOTER last_known_addr { host: "127.21.141.195" port: 38053 } }
I20260713 09:09:46.633658 23173 tablet_service.cc:1917] Received RequestConsensusVote() RPC: tablet_id: "13c47ac4ec3140b596850b0d49202ead" candidate_uuid: "5d23f263d3c54cb08fc3c27fe5f9088d" candidate_term: 1 candidate_status { last_received { term: 0 index: 0 } } ignore_live_leader: false dest_uuid: "26668dc161cf43dfa2b2e15b0723f882"
I20260713 09:09:46.636431 23173 raft_consensus.cc:3060] T 13c47ac4ec3140b596850b0d49202ead P 26668dc161cf43dfa2b2e15b0723f882 [term 0 FOLLOWER]: Advancing to term 1
I20260713 09:09:46.639722 23172 raft_consensus.cc:2468] T 398ef0a8dfac4bbf815cb3577027068e P 26668dc161cf43dfa2b2e15b0723f882 [term 1 FOLLOWER]: Leader election vote request: Granting yes vote for candidate 5d23f263d3c54cb08fc3c27fe5f9088d in term 1.
I20260713 09:09:46.640379 23251 raft_consensus.cc:2468] T 398ef0a8dfac4bbf815cb3577027068e P f3a52ac5d6534081a21c87b71ed3d06b [term 1 FOLLOWER]: Leader election vote request: Granting yes vote for candidate 5d23f263d3c54cb08fc3c27fe5f9088d in term 1.
I20260713 09:09:46.609987 23325 tablet_service.cc:1917] Received RequestConsensusVote() RPC: tablet_id: "3a8cd6055fa742a18672626447488292" candidate_uuid: "26668dc161cf43dfa2b2e15b0723f882" candidate_term: 1 candidate_status { last_received { term: 0 index: 0 } } ignore_live_leader: false dest_uuid: "5d23f263d3c54cb08fc3c27fe5f9088d"
I20260713 09:09:46.641028 23325 raft_consensus.cc:3060] T 3a8cd6055fa742a18672626447488292 P 5d23f263d3c54cb08fc3c27fe5f9088d [term 0 FOLLOWER]: Advancing to term 1
I20260713 09:09:46.644841 23486 raft_consensus.cc:493] T ae38a9df8f5a4ea686fa05fa6f2478fe P 5d23f263d3c54cb08fc3c27fe5f9088d [term 0 FOLLOWER]: Starting pre-election (no leader contacted us within the election timeout)
I20260713 09:09:46.644675 23421 consensus_queue.cc:1048] T d05dda6b2d6a43df8593248948dac9eb P 5d23f263d3c54cb08fc3c27fe5f9088d [LEADER]: Connected to new peer: Peer: permanent_uuid: "f3a52ac5d6534081a21c87b71ed3d06b" member_type: VOTER last_known_addr { host: "127.21.141.194" port: 41829 }, Status: LMP_MISMATCH, Last received: 0.0, Next index: 1, Last known committed idx: 0, Time since last communication: 0.000s
I20260713 09:09:46.645300 23486 raft_consensus.cc:515] T ae38a9df8f5a4ea686fa05fa6f2478fe P 5d23f263d3c54cb08fc3c27fe5f9088d [term 0 FOLLOWER]: Starting pre-election with config: opid_index: -1 OBSOLETE_local: false peers { permanent_uuid: "26668dc161cf43dfa2b2e15b0723f882" member_type: VOTER last_known_addr { host: "127.21.141.193" port: 44229 } } peers { permanent_uuid: "f3a52ac5d6534081a21c87b71ed3d06b" member_type: VOTER last_known_addr { host: "127.21.141.194" port: 41829 } } peers { permanent_uuid: "5d23f263d3c54cb08fc3c27fe5f9088d" member_type: VOTER last_known_addr { host: "127.21.141.195" port: 38053 } }
I20260713 09:09:46.645776 23291 leader_election.cc:304] T 398ef0a8dfac4bbf815cb3577027068e P 5d23f263d3c54cb08fc3c27fe5f9088d [CANDIDATE]: Term 1 election: Election decided. Result: candidate won. Election summary: received 2 responses out of 3 voters: 2 yes votes; 0 no votes. yes voters: 26668dc161cf43dfa2b2e15b0723f882, 5d23f263d3c54cb08fc3c27fe5f9088d; no voters: 
I20260713 09:09:46.646660 23251 tablet_service.cc:1917] Received RequestConsensusVote() RPC: tablet_id: "13c47ac4ec3140b596850b0d49202ead" candidate_uuid: "5d23f263d3c54cb08fc3c27fe5f9088d" candidate_term: 1 candidate_status { last_received { term: 0 index: 0 } } ignore_live_leader: false dest_uuid: "f3a52ac5d6534081a21c87b71ed3d06b"
I20260713 09:09:46.646915 23173 raft_consensus.cc:2468] T 13c47ac4ec3140b596850b0d49202ead P 26668dc161cf43dfa2b2e15b0723f882 [term 1 FOLLOWER]: Leader election vote request: Granting yes vote for candidate 5d23f263d3c54cb08fc3c27fe5f9088d in term 1.
I20260713 09:09:46.647248 23251 raft_consensus.cc:3060] T 13c47ac4ec3140b596850b0d49202ead P f3a52ac5d6534081a21c87b71ed3d06b [term 0 FOLLOWER]: Advancing to term 1
I20260713 09:09:46.647797 23494 raft_consensus.cc:2804] T 398ef0a8dfac4bbf815cb3577027068e P 5d23f263d3c54cb08fc3c27fe5f9088d [term 1 FOLLOWER]: Leader election won for term 1
I20260713 09:09:46.664225 23291 leader_election.cc:304] T 13c47ac4ec3140b596850b0d49202ead P 5d23f263d3c54cb08fc3c27fe5f9088d [CANDIDATE]: Term 1 election: Election decided. Result: candidate won. Election summary: received 2 responses out of 3 voters: 2 yes votes; 0 no votes. yes voters: 26668dc161cf43dfa2b2e15b0723f882, 5d23f263d3c54cb08fc3c27fe5f9088d; no voters: 
I20260713 09:09:46.664451 23494 raft_consensus.cc:697] T 398ef0a8dfac4bbf815cb3577027068e P 5d23f263d3c54cb08fc3c27fe5f9088d [term 1 LEADER]: Becoming Leader. State: Replica: 5d23f263d3c54cb08fc3c27fe5f9088d, State: Running, Role: LEADER
I20260713 09:09:46.665393 23494 consensus_queue.cc:237] T 398ef0a8dfac4bbf815cb3577027068e P 5d23f263d3c54cb08fc3c27fe5f9088d [LEADER]: Queue going to LEADER mode. State: All replicated index: 0, Majority replicated index: 0, Committed index: 0, Last appended: 0.0, Last appended by leader: 0, Current term: 1, Majority size: 2, State: 0, Mode: LEADER, active raft config: opid_index: -1 OBSOLETE_local: false peers { permanent_uuid: "26668dc161cf43dfa2b2e15b0723f882" member_type: VOTER last_known_addr { host: "127.21.141.193" port: 44229 } } peers { permanent_uuid: "f3a52ac5d6534081a21c87b71ed3d06b" member_type: VOTER last_known_addr { host: "127.21.141.194" port: 41829 } } peers { permanent_uuid: "5d23f263d3c54cb08fc3c27fe5f9088d" member_type: VOTER last_known_addr { host: "127.21.141.195" port: 38053 } }
I20260713 09:09:46.665892 23251 raft_consensus.cc:2468] T 13c47ac4ec3140b596850b0d49202ead P f3a52ac5d6534081a21c87b71ed3d06b [term 1 FOLLOWER]: Leader election vote request: Granting yes vote for candidate 5d23f263d3c54cb08fc3c27fe5f9088d in term 1.
I20260713 09:09:46.666760 23492 raft_consensus.cc:2804] T 13c47ac4ec3140b596850b0d49202ead P 5d23f263d3c54cb08fc3c27fe5f9088d [term 1 FOLLOWER]: Leader election won for term 1
I20260713 09:09:46.647365 23486 leader_election.cc:290] T ae38a9df8f5a4ea686fa05fa6f2478fe P 5d23f263d3c54cb08fc3c27fe5f9088d [CANDIDATE]: Term 1 pre-election: Requested pre-vote from peers 26668dc161cf43dfa2b2e15b0723f882 (127.21.141.193:44229), f3a52ac5d6534081a21c87b71ed3d06b (127.21.141.194:41829)
I20260713 09:09:46.648679 23172 tablet_service.cc:1917] Received RequestConsensusVote() RPC: tablet_id: "ae38a9df8f5a4ea686fa05fa6f2478fe" candidate_uuid: "5d23f263d3c54cb08fc3c27fe5f9088d" candidate_term: 1 candidate_status { last_received { term: 0 index: 0 } } ignore_live_leader: false dest_uuid: "26668dc161cf43dfa2b2e15b0723f882" is_pre_election: true
I20260713 09:09:46.668249 23172 raft_consensus.cc:2468] T ae38a9df8f5a4ea686fa05fa6f2478fe P 26668dc161cf43dfa2b2e15b0723f882 [term 0 FOLLOWER]: Leader pre-election vote request: Granting yes vote for candidate 5d23f263d3c54cb08fc3c27fe5f9088d in term 0.
I20260713 09:09:46.649114 23488 consensus_queue.cc:1048] T afc996908aed470faaf4cfce39fd62cb P 5d23f263d3c54cb08fc3c27fe5f9088d [LEADER]: Connected to new peer: Peer: permanent_uuid: "f3a52ac5d6534081a21c87b71ed3d06b" member_type: VOTER last_known_addr { host: "127.21.141.194" port: 41829 }, Status: LMP_MISMATCH, Last received: 0.0, Next index: 1, Last known committed idx: 0, Time since last communication: 0.000s
I20260713 09:09:46.667773 23072 catalog_manager.cc:5697] T 3c868b091d9d49da8b1d67df1b6f6883 P 5d23f263d3c54cb08fc3c27fe5f9088d reported cstate change: term changed from 0 to 1, leader changed from <none> to 5d23f263d3c54cb08fc3c27fe5f9088d (127.21.141.195). New cstate: current_term: 1 leader_uuid: "5d23f263d3c54cb08fc3c27fe5f9088d" committed_config { opid_index: -1 OBSOLETE_local: false peers { permanent_uuid: "26668dc161cf43dfa2b2e15b0723f882" member_type: VOTER last_known_addr { host: "127.21.141.193" port: 44229 } health_report { overall_health: UNKNOWN } } peers { permanent_uuid: "f3a52ac5d6534081a21c87b71ed3d06b" member_type: VOTER last_known_addr { host: "127.21.141.194" port: 41829 } health_report { overall_health: UNKNOWN } } peers { permanent_uuid: "5d23f263d3c54cb08fc3c27fe5f9088d" member_type: VOTER last_known_addr { host: "127.21.141.195" port: 38053 } health_report { overall_health: HEALTHY } } }
I20260713 09:09:46.649499 23247 tablet_service.cc:1917] Received RequestConsensusVote() RPC: tablet_id: "ae38a9df8f5a4ea686fa05fa6f2478fe" candidate_uuid: "5d23f263d3c54cb08fc3c27fe5f9088d" candidate_term: 1 candidate_status { last_received { term: 0 index: 0 } } ignore_live_leader: false dest_uuid: "f3a52ac5d6534081a21c87b71ed3d06b" is_pre_election: true
I20260713 09:09:46.670624 23247 raft_consensus.cc:2468] T ae38a9df8f5a4ea686fa05fa6f2478fe P f3a52ac5d6534081a21c87b71ed3d06b [term 0 FOLLOWER]: Leader pre-election vote request: Granting yes vote for candidate 5d23f263d3c54cb08fc3c27fe5f9088d in term 0.
I20260713 09:09:46.655313 23174 tablet_service.cc:1917] Received RequestConsensusVote() RPC: tablet_id: "3c868b091d9d49da8b1d67df1b6f6883" candidate_uuid: "f3a52ac5d6534081a21c87b71ed3d06b" candidate_term: 1 candidate_status { last_received { term: 0 index: 0 } } ignore_live_leader: false dest_uuid: "26668dc161cf43dfa2b2e15b0723f882"
I20260713 09:09:46.672130 23174 raft_consensus.cc:2393] T 3c868b091d9d49da8b1d67df1b6f6883 P 26668dc161cf43dfa2b2e15b0723f882 [term 1 FOLLOWER]: Leader election vote request: Denying vote to candidate f3a52ac5d6534081a21c87b71ed3d06b in current term 1: Already voted for candidate 5d23f263d3c54cb08fc3c27fe5f9088d in this term.
I20260713 09:09:46.673172 23290 leader_election.cc:304] T ae38a9df8f5a4ea686fa05fa6f2478fe P 5d23f263d3c54cb08fc3c27fe5f9088d [CANDIDATE]: Term 1 pre-election: Election decided. Result: candidate won. Election summary: received 2 responses out of 3 voters: 2 yes votes; 0 no votes. yes voters: 5d23f263d3c54cb08fc3c27fe5f9088d, f3a52ac5d6534081a21c87b71ed3d06b; no voters: 
I20260713 09:09:46.674165 23217 leader_election.cc:304] T 3c868b091d9d49da8b1d67df1b6f6883 P f3a52ac5d6534081a21c87b71ed3d06b [CANDIDATE]: Term 1 election: Election decided. Result: candidate lost. Election summary: received 3 responses out of 3 voters: 1 yes votes; 2 no votes. yes voters: f3a52ac5d6534081a21c87b71ed3d06b; no voters: 26668dc161cf43dfa2b2e15b0723f882, 5d23f263d3c54cb08fc3c27fe5f9088d
I20260713 09:09:46.674739 23486 raft_consensus.cc:2804] T ae38a9df8f5a4ea686fa05fa6f2478fe P 5d23f263d3c54cb08fc3c27fe5f9088d [term 0 FOLLOWER]: Leader pre-election won for term 1
I20260713 09:09:46.675168 23486 raft_consensus.cc:493] T ae38a9df8f5a4ea686fa05fa6f2478fe P 5d23f263d3c54cb08fc3c27fe5f9088d [term 0 FOLLOWER]: Starting leader election (no leader contacted us within the election timeout)
I20260713 09:09:46.675525 23486 raft_consensus.cc:3060] T ae38a9df8f5a4ea686fa05fa6f2478fe P 5d23f263d3c54cb08fc3c27fe5f9088d [term 0 FOLLOWER]: Advancing to term 1
I20260713 09:09:46.655941 23325 raft_consensus.cc:2468] T 3a8cd6055fa742a18672626447488292 P 5d23f263d3c54cb08fc3c27fe5f9088d [term 1 FOLLOWER]: Leader election vote request: Granting yes vote for candidate 26668dc161cf43dfa2b2e15b0723f882 in term 1.
I20260713 09:09:46.636427 23397 raft_consensus.cc:2804] T bc49ad4cd3304adf911352b45d14ba41 P f3a52ac5d6534081a21c87b71ed3d06b [term 1 FOLLOWER]: Leader election won for term 1
I20260713 09:09:46.677177 23397 raft_consensus.cc:697] T bc49ad4cd3304adf911352b45d14ba41 P f3a52ac5d6534081a21c87b71ed3d06b [term 1 LEADER]: Becoming Leader. State: Replica: f3a52ac5d6534081a21c87b71ed3d06b, State: Running, Role: LEADER
I20260713 09:09:46.667590 23492 raft_consensus.cc:697] T 13c47ac4ec3140b596850b0d49202ead P 5d23f263d3c54cb08fc3c27fe5f9088d [term 1 LEADER]: Becoming Leader. State: Replica: 5d23f263d3c54cb08fc3c27fe5f9088d, State: Running, Role: LEADER
I20260713 09:09:46.678077 23397 consensus_queue.cc:237] T bc49ad4cd3304adf911352b45d14ba41 P f3a52ac5d6534081a21c87b71ed3d06b [LEADER]: Queue going to LEADER mode. State: All replicated index: 0, Majority replicated index: 0, Committed index: 0, Last appended: 0.0, Last appended by leader: 0, Current term: 1, Majority size: 2, State: 0, Mode: LEADER, active raft config: opid_index: -1 OBSOLETE_local: false peers { permanent_uuid: "26668dc161cf43dfa2b2e15b0723f882" member_type: VOTER last_known_addr { host: "127.21.141.193" port: 44229 } } peers { permanent_uuid: "f3a52ac5d6534081a21c87b71ed3d06b" member_type: VOTER last_known_addr { host: "127.21.141.194" port: 41829 } } peers { permanent_uuid: "5d23f263d3c54cb08fc3c27fe5f9088d" member_type: VOTER last_known_addr { host: "127.21.141.195" port: 38053 } }
I20260713 09:09:46.678436 23492 consensus_queue.cc:237] T 13c47ac4ec3140b596850b0d49202ead P 5d23f263d3c54cb08fc3c27fe5f9088d [LEADER]: Queue going to LEADER mode. State: All replicated index: 0, Majority replicated index: 0, Committed index: 0, Last appended: 0.0, Last appended by leader: 0, Current term: 1, Majority size: 2, State: 0, Mode: LEADER, active raft config: opid_index: -1 OBSOLETE_local: false peers { permanent_uuid: "26668dc161cf43dfa2b2e15b0723f882" member_type: VOTER last_known_addr { host: "127.21.141.193" port: 44229 } } peers { permanent_uuid: "f3a52ac5d6534081a21c87b71ed3d06b" member_type: VOTER last_known_addr { host: "127.21.141.194" port: 41829 } } peers { permanent_uuid: "5d23f263d3c54cb08fc3c27fe5f9088d" member_type: VOTER last_known_addr { host: "127.21.141.195" port: 38053 } }
I20260713 09:09:46.680517 23418 raft_consensus.cc:2749] T 3c868b091d9d49da8b1d67df1b6f6883 P f3a52ac5d6534081a21c87b71ed3d06b [term 1 FOLLOWER]: Leader election lost for term 1. Reason: could not achieve majority
I20260713 09:09:46.687474 23488 consensus_queue.cc:1048] T b16fc96dd11a483580aa5d77c5233336 P 5d23f263d3c54cb08fc3c27fe5f9088d [LEADER]: Connected to new peer: Peer: permanent_uuid: "26668dc161cf43dfa2b2e15b0723f882" member_type: VOTER last_known_addr { host: "127.21.141.193" port: 44229 }, Status: LMP_MISMATCH, Last received: 0.0, Next index: 1, Last known committed idx: 0, Time since last communication: 0.001s
I20260713 09:09:46.691092 23486 raft_consensus.cc:515] T ae38a9df8f5a4ea686fa05fa6f2478fe P 5d23f263d3c54cb08fc3c27fe5f9088d [term 1 FOLLOWER]: Starting leader election with config: opid_index: -1 OBSOLETE_local: false peers { permanent_uuid: "26668dc161cf43dfa2b2e15b0723f882" member_type: VOTER last_known_addr { host: "127.21.141.193" port: 44229 } } peers { permanent_uuid: "f3a52ac5d6534081a21c87b71ed3d06b" member_type: VOTER last_known_addr { host: "127.21.141.194" port: 41829 } } peers { permanent_uuid: "5d23f263d3c54cb08fc3c27fe5f9088d" member_type: VOTER last_known_addr { host: "127.21.141.195" port: 38053 } }
I20260713 09:09:46.694190 23174 tablet_service.cc:1917] Received RequestConsensusVote() RPC: tablet_id: "ae38a9df8f5a4ea686fa05fa6f2478fe" candidate_uuid: "5d23f263d3c54cb08fc3c27fe5f9088d" candidate_term: 1 candidate_status { last_received { term: 0 index: 0 } } ignore_live_leader: false dest_uuid: "26668dc161cf43dfa2b2e15b0723f882"
I20260713 09:09:46.693743 23071 catalog_manager.cc:5697] T 3a8cd6055fa742a18672626447488292 P 26668dc161cf43dfa2b2e15b0723f882 reported cstate change: term changed from 0 to 1, leader changed from <none> to 26668dc161cf43dfa2b2e15b0723f882 (127.21.141.193). New cstate: current_term: 1 leader_uuid: "26668dc161cf43dfa2b2e15b0723f882" committed_config { opid_index: -1 OBSOLETE_local: false peers { permanent_uuid: "26668dc161cf43dfa2b2e15b0723f882" member_type: VOTER last_known_addr { host: "127.21.141.193" port: 44229 } health_report { overall_health: HEALTHY } } peers { permanent_uuid: "f3a52ac5d6534081a21c87b71ed3d06b" member_type: VOTER last_known_addr { host: "127.21.141.194" port: 41829 } health_report { overall_health: UNKNOWN } } peers { permanent_uuid: "5d23f263d3c54cb08fc3c27fe5f9088d" member_type: VOTER last_known_addr { host: "127.21.141.195" port: 38053 } health_report { overall_health: UNKNOWN } } }
I20260713 09:09:46.694839 23174 raft_consensus.cc:3060] T ae38a9df8f5a4ea686fa05fa6f2478fe P 26668dc161cf43dfa2b2e15b0723f882 [term 0 FOLLOWER]: Advancing to term 1
I20260713 09:09:46.704396 23174 raft_consensus.cc:2468] T ae38a9df8f5a4ea686fa05fa6f2478fe P 26668dc161cf43dfa2b2e15b0723f882 [term 1 FOLLOWER]: Leader election vote request: Granting yes vote for candidate 5d23f263d3c54cb08fc3c27fe5f9088d in term 1.
I20260713 09:09:46.708192 23291 leader_election.cc:304] T ae38a9df8f5a4ea686fa05fa6f2478fe P 5d23f263d3c54cb08fc3c27fe5f9088d [CANDIDATE]: Term 1 election: Election decided. Result: candidate won. Election summary: received 2 responses out of 3 voters: 2 yes votes; 0 no votes. yes voters: 26668dc161cf43dfa2b2e15b0723f882, 5d23f263d3c54cb08fc3c27fe5f9088d; no voters: 
I20260713 09:09:46.709170 23488 raft_consensus.cc:2804] T ae38a9df8f5a4ea686fa05fa6f2478fe P 5d23f263d3c54cb08fc3c27fe5f9088d [term 1 FOLLOWER]: Leader election won for term 1
I20260713 09:09:46.709707 23488 raft_consensus.cc:697] T ae38a9df8f5a4ea686fa05fa6f2478fe P 5d23f263d3c54cb08fc3c27fe5f9088d [term 1 LEADER]: Becoming Leader. State: Replica: 5d23f263d3c54cb08fc3c27fe5f9088d, State: Running, Role: LEADER
I20260713 09:09:46.710637 23488 consensus_queue.cc:237] T ae38a9df8f5a4ea686fa05fa6f2478fe P 5d23f263d3c54cb08fc3c27fe5f9088d [LEADER]: Queue going to LEADER mode. State: All replicated index: 0, Majority replicated index: 0, Committed index: 0, Last appended: 0.0, Last appended by leader: 0, Current term: 1, Majority size: 2, State: 0, Mode: LEADER, active raft config: opid_index: -1 OBSOLETE_local: false peers { permanent_uuid: "26668dc161cf43dfa2b2e15b0723f882" member_type: VOTER last_known_addr { host: "127.21.141.193" port: 44229 } } peers { permanent_uuid: "f3a52ac5d6534081a21c87b71ed3d06b" member_type: VOTER last_known_addr { host: "127.21.141.194" port: 41829 } } peers { permanent_uuid: "5d23f263d3c54cb08fc3c27fe5f9088d" member_type: VOTER last_known_addr { host: "127.21.141.195" port: 38053 } }
I20260713 09:09:46.733055 23486 leader_election.cc:290] T ae38a9df8f5a4ea686fa05fa6f2478fe P 5d23f263d3c54cb08fc3c27fe5f9088d [CANDIDATE]: Term 1 election: Requested vote from peers 26668dc161cf43dfa2b2e15b0723f882 (127.21.141.193:44229), f3a52ac5d6534081a21c87b71ed3d06b (127.21.141.194:41829)
I20260713 09:09:46.735472 23372 consensus_queue.cc:1048] T 3bf8688cdd8a4180b7d1fc8c28c35737 P f3a52ac5d6534081a21c87b71ed3d06b [LEADER]: Connected to new peer: Peer: permanent_uuid: "5d23f263d3c54cb08fc3c27fe5f9088d" member_type: VOTER last_known_addr { host: "127.21.141.195" port: 38053 }, Status: LMP_MISMATCH, Last received: 0.0, Next index: 1, Last known committed idx: 0, Time since last communication: 0.001s
I20260713 09:09:46.736547 23251 tablet_service.cc:1917] Received RequestConsensusVote() RPC: tablet_id: "ae38a9df8f5a4ea686fa05fa6f2478fe" candidate_uuid: "5d23f263d3c54cb08fc3c27fe5f9088d" candidate_term: 1 candidate_status { last_received { term: 0 index: 0 } } ignore_live_leader: false dest_uuid: "f3a52ac5d6534081a21c87b71ed3d06b"
I20260713 09:09:46.737221 23251 raft_consensus.cc:3060] T ae38a9df8f5a4ea686fa05fa6f2478fe P f3a52ac5d6534081a21c87b71ed3d06b [term 0 FOLLOWER]: Advancing to term 1
I20260713 09:09:46.753697 23251 raft_consensus.cc:2468] T ae38a9df8f5a4ea686fa05fa6f2478fe P f3a52ac5d6534081a21c87b71ed3d06b [term 1 FOLLOWER]: Leader election vote request: Granting yes vote for candidate 5d23f263d3c54cb08fc3c27fe5f9088d in term 1.
I20260713 09:09:46.759825 23488 consensus_queue.cc:1048] T afc996908aed470faaf4cfce39fd62cb P 5d23f263d3c54cb08fc3c27fe5f9088d [LEADER]: Connected to new peer: Peer: permanent_uuid: "26668dc161cf43dfa2b2e15b0723f882" member_type: VOTER last_known_addr { host: "127.21.141.193" port: 44229 }, Status: LMP_MISMATCH, Last received: 0.0, Next index: 1, Last known committed idx: 0, Time since last communication: 0.000s
I20260713 09:09:46.762514 23071 catalog_manager.cc:5697] T bc49ad4cd3304adf911352b45d14ba41 P f3a52ac5d6534081a21c87b71ed3d06b reported cstate change: term changed from 0 to 1, leader changed from <none> to f3a52ac5d6534081a21c87b71ed3d06b (127.21.141.194). New cstate: current_term: 1 leader_uuid: "f3a52ac5d6534081a21c87b71ed3d06b" committed_config { opid_index: -1 OBSOLETE_local: false peers { permanent_uuid: "26668dc161cf43dfa2b2e15b0723f882" member_type: VOTER last_known_addr { host: "127.21.141.193" port: 44229 } health_report { overall_health: UNKNOWN } } peers { permanent_uuid: "f3a52ac5d6534081a21c87b71ed3d06b" member_type: VOTER last_known_addr { host: "127.21.141.194" port: 41829 } health_report { overall_health: HEALTHY } } peers { permanent_uuid: "5d23f263d3c54cb08fc3c27fe5f9088d" member_type: VOTER last_known_addr { host: "127.21.141.195" port: 38053 } health_report { overall_health: UNKNOWN } } }
I20260713 09:09:46.765897 23072 catalog_manager.cc:5697] T 13c47ac4ec3140b596850b0d49202ead P 5d23f263d3c54cb08fc3c27fe5f9088d reported cstate change: term changed from 0 to 1, leader changed from <none> to 5d23f263d3c54cb08fc3c27fe5f9088d (127.21.141.195). New cstate: current_term: 1 leader_uuid: "5d23f263d3c54cb08fc3c27fe5f9088d" committed_config { opid_index: -1 OBSOLETE_local: false peers { permanent_uuid: "26668dc161cf43dfa2b2e15b0723f882" member_type: VOTER last_known_addr { host: "127.21.141.193" port: 44229 } health_report { overall_health: UNKNOWN } } peers { permanent_uuid: "f3a52ac5d6534081a21c87b71ed3d06b" member_type: VOTER last_known_addr { host: "127.21.141.194" port: 41829 } health_report { overall_health: UNKNOWN } } peers { permanent_uuid: "5d23f263d3c54cb08fc3c27fe5f9088d" member_type: VOTER last_known_addr { host: "127.21.141.195" port: 38053 } health_report { overall_health: HEALTHY } } }
I20260713 09:09:46.768131 23072 catalog_manager.cc:5697] T 398ef0a8dfac4bbf815cb3577027068e P 5d23f263d3c54cb08fc3c27fe5f9088d reported cstate change: term changed from 0 to 1, leader changed from <none> to 5d23f263d3c54cb08fc3c27fe5f9088d (127.21.141.195). New cstate: current_term: 1 leader_uuid: "5d23f263d3c54cb08fc3c27fe5f9088d" committed_config { opid_index: -1 OBSOLETE_local: false peers { permanent_uuid: "26668dc161cf43dfa2b2e15b0723f882" member_type: VOTER last_known_addr { host: "127.21.141.193" port: 44229 } health_report { overall_health: UNKNOWN } } peers { permanent_uuid: "f3a52ac5d6534081a21c87b71ed3d06b" member_type: VOTER last_known_addr { host: "127.21.141.194" port: 41829 } health_report { overall_health: UNKNOWN } } peers { permanent_uuid: "5d23f263d3c54cb08fc3c27fe5f9088d" member_type: VOTER last_known_addr { host: "127.21.141.195" port: 38053 } health_report { overall_health: HEALTHY } } }
I20260713 09:09:46.770027 23072 catalog_manager.cc:5697] T ae38a9df8f5a4ea686fa05fa6f2478fe P 5d23f263d3c54cb08fc3c27fe5f9088d reported cstate change: term changed from 0 to 1, leader changed from <none> to 5d23f263d3c54cb08fc3c27fe5f9088d (127.21.141.195). New cstate: current_term: 1 leader_uuid: "5d23f263d3c54cb08fc3c27fe5f9088d" committed_config { opid_index: -1 OBSOLETE_local: false peers { permanent_uuid: "26668dc161cf43dfa2b2e15b0723f882" member_type: VOTER last_known_addr { host: "127.21.141.193" port: 44229 } health_report { overall_health: UNKNOWN } } peers { permanent_uuid: "f3a52ac5d6534081a21c87b71ed3d06b" member_type: VOTER last_known_addr { host: "127.21.141.194" port: 41829 } health_report { overall_health: UNKNOWN } } peers { permanent_uuid: "5d23f263d3c54cb08fc3c27fe5f9088d" member_type: VOTER last_known_addr { host: "127.21.141.195" port: 38053 } health_report { overall_health: HEALTHY } } }
I20260713 09:09:46.772423 23494 consensus_queue.cc:1048] T b16fc96dd11a483580aa5d77c5233336 P 5d23f263d3c54cb08fc3c27fe5f9088d [LEADER]: Connected to new peer: Peer: permanent_uuid: "f3a52ac5d6534081a21c87b71ed3d06b" member_type: VOTER last_known_addr { host: "127.21.141.194" port: 41829 }, Status: LMP_MISMATCH, Last received: 0.0, Next index: 1, Last known committed idx: 0, Time since last communication: 0.000s
I20260713 09:09:46.773505 23397 consensus_queue.cc:1048] T 3bf8688cdd8a4180b7d1fc8c28c35737 P f3a52ac5d6534081a21c87b71ed3d06b [LEADER]: Connected to new peer: Peer: permanent_uuid: "26668dc161cf43dfa2b2e15b0723f882" member_type: VOTER last_known_addr { host: "127.21.141.193" port: 44229 }, Status: LMP_MISMATCH, Last received: 0.0, Next index: 1, Last known committed idx: 0, Time since last communication: 0.000s
I20260713 09:09:46.910969 23494 raft_consensus.cc:493] T bc49ad4cd3304adf911352b45d14ba41 P 5d23f263d3c54cb08fc3c27fe5f9088d [term 0 FOLLOWER]: Starting pre-election (no leader contacted us within the election timeout)
W20260713 09:09:46.911355 23346 debug-util.cc:398] Leaking SignalData structure 0x7b08000eac40 after lost signal to thread 22074
I20260713 09:09:46.911484 23494 raft_consensus.cc:515] T bc49ad4cd3304adf911352b45d14ba41 P 5d23f263d3c54cb08fc3c27fe5f9088d [term 0 FOLLOWER]: Starting pre-election with config: opid_index: -1 OBSOLETE_local: false peers { permanent_uuid: "26668dc161cf43dfa2b2e15b0723f882" member_type: VOTER last_known_addr { host: "127.21.141.193" port: 44229 } } peers { permanent_uuid: "f3a52ac5d6534081a21c87b71ed3d06b" member_type: VOTER last_known_addr { host: "127.21.141.194" port: 41829 } } peers { permanent_uuid: "5d23f263d3c54cb08fc3c27fe5f9088d" member_type: VOTER last_known_addr { host: "127.21.141.195" port: 38053 } }
W20260713 09:09:46.912415 23346 debug-util.cc:398] Leaking SignalData structure 0x7b08000b3860 after lost signal to thread 23108
W20260713 09:09:46.913477 23346 debug-util.cc:398] Leaking SignalData structure 0x7b0800213140 after lost signal to thread 23200
I20260713 09:09:46.914314 23494 leader_election.cc:290] T bc49ad4cd3304adf911352b45d14ba41 P 5d23f263d3c54cb08fc3c27fe5f9088d [CANDIDATE]: Term 1 pre-election: Requested pre-vote from peers 26668dc161cf43dfa2b2e15b0723f882 (127.21.141.193:44229), f3a52ac5d6534081a21c87b71ed3d06b (127.21.141.194:41829)
I20260713 09:09:46.914512 23172 tablet_service.cc:1917] Received RequestConsensusVote() RPC: tablet_id: "bc49ad4cd3304adf911352b45d14ba41" candidate_uuid: "5d23f263d3c54cb08fc3c27fe5f9088d" candidate_term: 1 candidate_status { last_received { term: 0 index: 0 } } ignore_live_leader: false dest_uuid: "26668dc161cf43dfa2b2e15b0723f882" is_pre_election: true
W20260713 09:09:46.914413 23346 debug-util.cc:398] Leaking SignalData structure 0x7b0800213980 after lost signal to thread 23275
I20260713 09:09:46.915637 23251 tablet_service.cc:1917] Received RequestConsensusVote() RPC: tablet_id: "bc49ad4cd3304adf911352b45d14ba41" candidate_uuid: "5d23f263d3c54cb08fc3c27fe5f9088d" candidate_term: 1 candidate_status { last_received { term: 0 index: 0 } } ignore_live_leader: false dest_uuid: "f3a52ac5d6534081a21c87b71ed3d06b" is_pre_election: true
W20260713 09:09:46.916253 23346 debug-util.cc:398] Leaking SignalData structure 0x7b0800124840 after lost signal to thread 23349
I20260713 09:09:46.916380 23172 raft_consensus.cc:2393] T bc49ad4cd3304adf911352b45d14ba41 P 26668dc161cf43dfa2b2e15b0723f882 [term 1 FOLLOWER]: Leader pre-election vote request: Denying vote to candidate 5d23f263d3c54cb08fc3c27fe5f9088d in current term 1: Already voted for candidate f3a52ac5d6534081a21c87b71ed3d06b in this term.
I20260713 09:09:46.918991 23291 leader_election.cc:304] T bc49ad4cd3304adf911352b45d14ba41 P 5d23f263d3c54cb08fc3c27fe5f9088d [CANDIDATE]: Term 1 pre-election: Election decided. Result: candidate lost. Election summary: received 3 responses out of 3 voters: 1 yes votes; 2 no votes. yes voters: 5d23f263d3c54cb08fc3c27fe5f9088d; no voters: 26668dc161cf43dfa2b2e15b0723f882, f3a52ac5d6534081a21c87b71ed3d06b
