I20260713 09:09:43.380467 22987 raft_consensus.cc:359] T 0a9502397ec7472985c78133000c073c P 764467bcbb774f488de64e7ad12b4947 [term 0 FOLLOWER]: Replica starting. Triggering 0 pending ops. Active config: opid_index: -1 OBSOLETE_local: false peers { permanent_uuid: "fae7c4757db74b9e97b73bef4e942085" member_type: VOTER last_known_addr { host: "127.21.46.193" port: 38167 } } peers { permanent_uuid: "764467bcbb774f488de64e7ad12b4947" member_type: VOTER last_known_addr { host: "127.21.46.194" port: 35243 } } peers { permanent_uuid: "db857c4a0ab64065830e8abb43b36866" member_type: VOTER last_known_addr { host: "127.21.46.195" port: 37825 } }
I20260713 09:09:43.381191 22987 raft_consensus.cc:385] T 0a9502397ec7472985c78133000c073c P 764467bcbb774f488de64e7ad12b4947 [term 0 FOLLOWER]: Consensus starting up: Expiring failure detector timer to make a prompt election more likely
I20260713 09:09:43.381289 22988 ts_tablet_manager.cc:1403] T 049551713cc04c3fa31893177077199f P fae7c4757db74b9e97b73bef4e942085: Time spent bootstrapping tablet: real 0.043s	user 0.017s	sys 0.017s
I20260713 09:09:43.381524 22987 raft_consensus.cc:740] T 0a9502397ec7472985c78133000c073c P 764467bcbb774f488de64e7ad12b4947 [term 0 FOLLOWER]: Becoming Follower/Learner. State: Replica: 764467bcbb774f488de64e7ad12b4947, State: Initialized, Role: FOLLOWER
I20260713 09:09:43.381908 22989 tablet_bootstrap.cc:654] T abd873079a52459492c3c2f380e86a56 P db857c4a0ab64065830e8abb43b36866: Neither blocks nor log segments found. Creating new log.
I20260713 09:09:43.382290 22987 consensus_queue.cc:260] T 0a9502397ec7472985c78133000c073c P 764467bcbb774f488de64e7ad12b4947 [NON_LEADER]: Queue going to NON_LEADER mode. State: All replicated index: 0, Majority replicated index: 0, Committed index: 0, Last appended: 0.0, Last appended by leader: 0, Current term: 0, Majority size: -1, State: 0, Mode: NON_LEADER, active raft config: opid_index: -1 OBSOLETE_local: false peers { permanent_uuid: "fae7c4757db74b9e97b73bef4e942085" member_type: VOTER last_known_addr { host: "127.21.46.193" port: 38167 } } peers { permanent_uuid: "764467bcbb774f488de64e7ad12b4947" member_type: VOTER last_known_addr { host: "127.21.46.194" port: 35243 } } peers { permanent_uuid: "db857c4a0ab64065830e8abb43b36866" member_type: VOTER last_known_addr { host: "127.21.46.195" port: 37825 } }
I20260713 09:09:43.383860 22988 raft_consensus.cc:359] T 049551713cc04c3fa31893177077199f P fae7c4757db74b9e97b73bef4e942085 [term 0 FOLLOWER]: Replica starting. Triggering 0 pending ops. Active config: opid_index: -1 OBSOLETE_local: false peers { permanent_uuid: "fae7c4757db74b9e97b73bef4e942085" member_type: VOTER last_known_addr { host: "127.21.46.193" port: 38167 } } peers { permanent_uuid: "764467bcbb774f488de64e7ad12b4947" member_type: VOTER last_known_addr { host: "127.21.46.194" port: 35243 } } peers { permanent_uuid: "db857c4a0ab64065830e8abb43b36866" member_type: VOTER last_known_addr { host: "127.21.46.195" port: 37825 } }
I20260713 09:09:43.384555 22988 raft_consensus.cc:385] T 049551713cc04c3fa31893177077199f P fae7c4757db74b9e97b73bef4e942085 [term 0 FOLLOWER]: Consensus starting up: Expiring failure detector timer to make a prompt election more likely
I20260713 09:09:43.384608 22987 ts_tablet_manager.cc:1434] T 0a9502397ec7472985c78133000c073c P 764467bcbb774f488de64e7ad12b4947: Time spent starting tablet: real 0.007s	user 0.008s	sys 0.000s
I20260713 09:09:43.385906 22987 tablet_bootstrap.cc:492] T aa9840d8dc8243c1976257a55a6a5a94 P 764467bcbb774f488de64e7ad12b4947: Bootstrap starting.
I20260713 09:09:43.386317 22994 raft_consensus.cc:493] T f88ee013d4044077bab40dca2eef9c3e P db857c4a0ab64065830e8abb43b36866 [term 0 FOLLOWER]: Starting pre-election (no leader contacted us within the election timeout)
I20260713 09:09:43.386788 22994 raft_consensus.cc:515] T f88ee013d4044077bab40dca2eef9c3e P db857c4a0ab64065830e8abb43b36866 [term 0 FOLLOWER]: Starting pre-election with config: opid_index: -1 OBSOLETE_local: false peers { permanent_uuid: "fae7c4757db74b9e97b73bef4e942085" member_type: VOTER last_known_addr { host: "127.21.46.193" port: 38167 } } peers { permanent_uuid: "764467bcbb774f488de64e7ad12b4947" member_type: VOTER last_known_addr { host: "127.21.46.194" port: 35243 } } peers { permanent_uuid: "db857c4a0ab64065830e8abb43b36866" member_type: VOTER last_known_addr { host: "127.21.46.195" port: 37825 } }
I20260713 09:09:43.388737 22994 leader_election.cc:290] T f88ee013d4044077bab40dca2eef9c3e P db857c4a0ab64065830e8abb43b36866 [CANDIDATE]: Term 1 pre-election: Requested pre-vote from peers fae7c4757db74b9e97b73bef4e942085 (127.21.46.193:38167), 764467bcbb774f488de64e7ad12b4947 (127.21.46.194:35243)
I20260713 09:09:43.390825 22797 tablet_service.cc:1917] Received RequestConsensusVote() RPC: tablet_id: "f88ee013d4044077bab40dca2eef9c3e" candidate_uuid: "db857c4a0ab64065830e8abb43b36866" candidate_term: 1 candidate_status { last_received { term: 0 index: 0 } } ignore_live_leader: false dest_uuid: "fae7c4757db74b9e97b73bef4e942085" is_pre_election: true
I20260713 09:09:43.391423 22797 raft_consensus.cc:2468] T f88ee013d4044077bab40dca2eef9c3e P fae7c4757db74b9e97b73bef4e942085 [term 0 FOLLOWER]: Leader pre-election vote request: Granting yes vote for candidate db857c4a0ab64065830e8abb43b36866 in term 0.
I20260713 09:09:43.392346 22872 tablet_service.cc:1917] Received RequestConsensusVote() RPC: tablet_id: "f88ee013d4044077bab40dca2eef9c3e" candidate_uuid: "db857c4a0ab64065830e8abb43b36866" candidate_term: 1 candidate_status { last_received { term: 0 index: 0 } } ignore_live_leader: false dest_uuid: "764467bcbb774f488de64e7ad12b4947" is_pre_election: true
I20260713 09:09:43.392912 22872 raft_consensus.cc:2468] T f88ee013d4044077bab40dca2eef9c3e P 764467bcbb774f488de64e7ad12b4947 [term 0 FOLLOWER]: Leader pre-election vote request: Granting yes vote for candidate db857c4a0ab64065830e8abb43b36866 in term 0.
I20260713 09:09:43.394083 22987 tablet_bootstrap.cc:654] T aa9840d8dc8243c1976257a55a6a5a94 P 764467bcbb774f488de64e7ad12b4947: Neither blocks nor log segments found. Creating new log.
I20260713 09:09:43.394335 22913 leader_election.cc:304] T f88ee013d4044077bab40dca2eef9c3e P db857c4a0ab64065830e8abb43b36866 [CANDIDATE]: Term 1 pre-election: Election decided. Result: candidate won. Election summary: received 2 responses out of 3 voters: 2 yes votes; 0 no votes. yes voters: 764467bcbb774f488de64e7ad12b4947, db857c4a0ab64065830e8abb43b36866; no voters: 
I20260713 09:09:43.395860 22996 raft_consensus.cc:2804] T f88ee013d4044077bab40dca2eef9c3e P db857c4a0ab64065830e8abb43b36866 [term 0 FOLLOWER]: Leader pre-election won for term 1
I20260713 09:09:43.396246 22996 raft_consensus.cc:493] T f88ee013d4044077bab40dca2eef9c3e P db857c4a0ab64065830e8abb43b36866 [term 0 FOLLOWER]: Starting leader election (no leader contacted us within the election timeout)
I20260713 09:09:43.396566 22996 raft_consensus.cc:3060] T f88ee013d4044077bab40dca2eef9c3e P db857c4a0ab64065830e8abb43b36866 [term 0 FOLLOWER]: Advancing to term 1
I20260713 09:09:43.396867 22989 tablet_bootstrap.cc:492] T abd873079a52459492c3c2f380e86a56 P db857c4a0ab64065830e8abb43b36866: No bootstrap required, opened a new log
I20260713 09:09:43.397356 22989 ts_tablet_manager.cc:1403] T abd873079a52459492c3c2f380e86a56 P db857c4a0ab64065830e8abb43b36866: Time spent bootstrapping tablet: real 0.023s	user 0.006s	sys 0.014s
I20260713 09:09:43.398524 22994 raft_consensus.cc:493] T e1249c90f0e34364a6b11c851b84cb41 P db857c4a0ab64065830e8abb43b36866 [term 0 FOLLOWER]: Starting pre-election (no leader contacted us within the election timeout)
I20260713 09:09:43.398967 22994 raft_consensus.cc:515] T e1249c90f0e34364a6b11c851b84cb41 P db857c4a0ab64065830e8abb43b36866 [term 0 FOLLOWER]: Starting pre-election with config: opid_index: -1 OBSOLETE_local: false peers { permanent_uuid: "fae7c4757db74b9e97b73bef4e942085" member_type: VOTER last_known_addr { host: "127.21.46.193" port: 38167 } } peers { permanent_uuid: "764467bcbb774f488de64e7ad12b4947" member_type: VOTER last_known_addr { host: "127.21.46.194" port: 35243 } } peers { permanent_uuid: "db857c4a0ab64065830e8abb43b36866" member_type: VOTER last_known_addr { host: "127.21.46.195" port: 37825 } }
I20260713 09:09:43.400588 22987 tablet_bootstrap.cc:492] T aa9840d8dc8243c1976257a55a6a5a94 P 764467bcbb774f488de64e7ad12b4947: No bootstrap required, opened a new log
I20260713 09:09:43.400266 22989 raft_consensus.cc:359] T abd873079a52459492c3c2f380e86a56 P db857c4a0ab64065830e8abb43b36866 [term 0 FOLLOWER]: Replica starting. Triggering 0 pending ops. Active config: opid_index: -1 OBSOLETE_local: false peers { permanent_uuid: "fae7c4757db74b9e97b73bef4e942085" member_type: VOTER last_known_addr { host: "127.21.46.193" port: 38167 } } peers { permanent_uuid: "764467bcbb774f488de64e7ad12b4947" member_type: VOTER last_known_addr { host: "127.21.46.194" port: 35243 } } peers { permanent_uuid: "db857c4a0ab64065830e8abb43b36866" member_type: VOTER last_known_addr { host: "127.21.46.195" port: 37825 } }
I20260713 09:09:43.400846 22994 leader_election.cc:290] T e1249c90f0e34364a6b11c851b84cb41 P db857c4a0ab64065830e8abb43b36866 [CANDIDATE]: Term 1 pre-election: Requested pre-vote from peers fae7c4757db74b9e97b73bef4e942085 (127.21.46.193:38167), 764467bcbb774f488de64e7ad12b4947 (127.21.46.194:35243)
I20260713 09:09:43.401018 22989 raft_consensus.cc:385] T abd873079a52459492c3c2f380e86a56 P db857c4a0ab64065830e8abb43b36866 [term 0 FOLLOWER]: Consensus starting up: Expiring failure detector timer to make a prompt election more likely
I20260713 09:09:43.401211 22987 ts_tablet_manager.cc:1403] T aa9840d8dc8243c1976257a55a6a5a94 P 764467bcbb774f488de64e7ad12b4947: Time spent bootstrapping tablet: real 0.016s	user 0.014s	sys 0.000s
I20260713 09:09:43.401353 22989 raft_consensus.cc:740] T abd873079a52459492c3c2f380e86a56 P db857c4a0ab64065830e8abb43b36866 [term 0 FOLLOWER]: Becoming Follower/Learner. State: Replica: db857c4a0ab64065830e8abb43b36866, State: Initialized, Role: FOLLOWER
I20260713 09:09:43.402329 22989 consensus_queue.cc:260] T abd873079a52459492c3c2f380e86a56 P db857c4a0ab64065830e8abb43b36866 [NON_LEADER]: Queue going to NON_LEADER mode. State: All replicated index: 0, Majority replicated index: 0, Committed index: 0, Last appended: 0.0, Last appended by leader: 0, Current term: 0, Majority size: -1, State: 0, Mode: NON_LEADER, active raft config: opid_index: -1 OBSOLETE_local: false peers { permanent_uuid: "fae7c4757db74b9e97b73bef4e942085" member_type: VOTER last_known_addr { host: "127.21.46.193" port: 38167 } } peers { permanent_uuid: "764467bcbb774f488de64e7ad12b4947" member_type: VOTER last_known_addr { host: "127.21.46.194" port: 35243 } } peers { permanent_uuid: "db857c4a0ab64065830e8abb43b36866" member_type: VOTER last_known_addr { host: "127.21.46.195" port: 37825 } }
I20260713 09:09:43.403385 22872 tablet_service.cc:1917] Received RequestConsensusVote() RPC: tablet_id: "e1249c90f0e34364a6b11c851b84cb41" candidate_uuid: "db857c4a0ab64065830e8abb43b36866" candidate_term: 1 candidate_status { last_received { term: 0 index: 0 } } ignore_live_leader: false dest_uuid: "764467bcbb774f488de64e7ad12b4947" is_pre_election: true
I20260713 09:09:43.403469 22996 raft_consensus.cc:515] T f88ee013d4044077bab40dca2eef9c3e P db857c4a0ab64065830e8abb43b36866 [term 1 FOLLOWER]: Starting leader election with config: opid_index: -1 OBSOLETE_local: false peers { permanent_uuid: "fae7c4757db74b9e97b73bef4e942085" member_type: VOTER last_known_addr { host: "127.21.46.193" port: 38167 } } peers { permanent_uuid: "764467bcbb774f488de64e7ad12b4947" member_type: VOTER last_known_addr { host: "127.21.46.194" port: 35243 } } peers { permanent_uuid: "db857c4a0ab64065830e8abb43b36866" member_type: VOTER last_known_addr { host: "127.21.46.195" port: 37825 } }
I20260713 09:09:43.404488 22989 ts_tablet_manager.cc:1434] T abd873079a52459492c3c2f380e86a56 P db857c4a0ab64065830e8abb43b36866: Time spent starting tablet: real 0.007s	user 0.007s	sys 0.000s
I20260713 09:09:43.404791 22797 tablet_service.cc:1917] Received RequestConsensusVote() RPC: tablet_id: "e1249c90f0e34364a6b11c851b84cb41" candidate_uuid: "db857c4a0ab64065830e8abb43b36866" candidate_term: 1 candidate_status { last_received { term: 0 index: 0 } } ignore_live_leader: false dest_uuid: "fae7c4757db74b9e97b73bef4e942085" is_pre_election: true
I20260713 09:09:43.404561 22987 raft_consensus.cc:359] T aa9840d8dc8243c1976257a55a6a5a94 P 764467bcbb774f488de64e7ad12b4947 [term 0 FOLLOWER]: Replica starting. Triggering 0 pending ops. Active config: opid_index: -1 OBSOLETE_local: false peers { permanent_uuid: "fae7c4757db74b9e97b73bef4e942085" member_type: VOTER last_known_addr { host: "127.21.46.193" port: 38167 } } peers { permanent_uuid: "764467bcbb774f488de64e7ad12b4947" member_type: VOTER last_known_addr { host: "127.21.46.194" port: 35243 } } peers { permanent_uuid: "db857c4a0ab64065830e8abb43b36866" member_type: VOTER last_known_addr { host: "127.21.46.195" port: 37825 } }
I20260713 09:09:43.405432 22797 raft_consensus.cc:2468] T e1249c90f0e34364a6b11c851b84cb41 P fae7c4757db74b9e97b73bef4e942085 [term 0 FOLLOWER]: Leader pre-election vote request: Granting yes vote for candidate db857c4a0ab64065830e8abb43b36866 in term 0.
I20260713 09:09:43.405506 22996 leader_election.cc:290] T f88ee013d4044077bab40dca2eef9c3e P db857c4a0ab64065830e8abb43b36866 [CANDIDATE]: Term 1 election: Requested vote from peers fae7c4757db74b9e97b73bef4e942085 (127.21.46.193:38167), 764467bcbb774f488de64e7ad12b4947 (127.21.46.194:35243)
I20260713 09:09:43.405568 22987 raft_consensus.cc:385] T aa9840d8dc8243c1976257a55a6a5a94 P 764467bcbb774f488de64e7ad12b4947 [term 0 FOLLOWER]: Consensus starting up: Expiring failure detector timer to make a prompt election more likely
I20260713 09:09:43.406126 22987 raft_consensus.cc:740] T aa9840d8dc8243c1976257a55a6a5a94 P 764467bcbb774f488de64e7ad12b4947 [term 0 FOLLOWER]: Becoming Follower/Learner. State: Replica: 764467bcbb774f488de64e7ad12b4947, State: Initialized, Role: FOLLOWER
I20260713 09:09:43.407091 22989 tablet_bootstrap.cc:492] T aa9840d8dc8243c1976257a55a6a5a94 P db857c4a0ab64065830e8abb43b36866: Bootstrap starting.
I20260713 09:09:43.406921 22987 consensus_queue.cc:260] T aa9840d8dc8243c1976257a55a6a5a94 P 764467bcbb774f488de64e7ad12b4947 [NON_LEADER]: Queue going to NON_LEADER mode. State: All replicated index: 0, Majority replicated index: 0, Committed index: 0, Last appended: 0.0, Last appended by leader: 0, Current term: 0, Majority size: -1, State: 0, Mode: NON_LEADER, active raft config: opid_index: -1 OBSOLETE_local: false peers { permanent_uuid: "fae7c4757db74b9e97b73bef4e942085" member_type: VOTER last_known_addr { host: "127.21.46.193" port: 38167 } } peers { permanent_uuid: "764467bcbb774f488de64e7ad12b4947" member_type: VOTER last_known_addr { host: "127.21.46.194" port: 35243 } } peers { permanent_uuid: "db857c4a0ab64065830e8abb43b36866" member_type: VOTER last_known_addr { host: "127.21.46.195" port: 37825 } }
I20260713 09:09:43.408632 22872 tablet_service.cc:1917] Received RequestConsensusVote() RPC: tablet_id: "f88ee013d4044077bab40dca2eef9c3e" candidate_uuid: "db857c4a0ab64065830e8abb43b36866" candidate_term: 1 candidate_status { last_received { term: 0 index: 0 } } ignore_live_leader: false dest_uuid: "764467bcbb774f488de64e7ad12b4947"
I20260713 09:09:43.409165 22872 raft_consensus.cc:3060] T f88ee013d4044077bab40dca2eef9c3e P 764467bcbb774f488de64e7ad12b4947 [term 0 FOLLOWER]: Advancing to term 1
I20260713 09:09:43.411824 22797 tablet_service.cc:1917] Received RequestConsensusVote() RPC: tablet_id: "f88ee013d4044077bab40dca2eef9c3e" candidate_uuid: "db857c4a0ab64065830e8abb43b36866" candidate_term: 1 candidate_status { last_received { term: 0 index: 0 } } ignore_live_leader: false dest_uuid: "fae7c4757db74b9e97b73bef4e942085"
I20260713 09:09:43.412355 22797 raft_consensus.cc:3060] T f88ee013d4044077bab40dca2eef9c3e P fae7c4757db74b9e97b73bef4e942085 [term 0 FOLLOWER]: Advancing to term 1
I20260713 09:09:43.412467 22987 ts_tablet_manager.cc:1434] T aa9840d8dc8243c1976257a55a6a5a94 P 764467bcbb774f488de64e7ad12b4947: Time spent starting tablet: real 0.011s	user 0.004s	sys 0.003s
I20260713 09:09:43.413650 22987 tablet_bootstrap.cc:492] T 049551713cc04c3fa31893177077199f P 764467bcbb774f488de64e7ad12b4947: Bootstrap starting.
I20260713 09:09:43.415153 22989 tablet_bootstrap.cc:654] T aa9840d8dc8243c1976257a55a6a5a94 P db857c4a0ab64065830e8abb43b36866: Neither blocks nor log segments found. Creating new log.
I20260713 09:09:43.407230 22913 leader_election.cc:304] T e1249c90f0e34364a6b11c851b84cb41 P db857c4a0ab64065830e8abb43b36866 [CANDIDATE]: Term 1 pre-election: Election decided. Result: candidate won. Election summary: received 2 responses out of 3 voters: 2 yes votes; 0 no votes. yes voters: db857c4a0ab64065830e8abb43b36866, fae7c4757db74b9e97b73bef4e942085; no voters: 
W20260713 09:09:43.416813 22913 leader_election.cc:343] T e1249c90f0e34364a6b11c851b84cb41 P db857c4a0ab64065830e8abb43b36866 [CANDIDATE]: Term 1 pre-election: Tablet error from VoteRequest() call to peer 764467bcbb774f488de64e7ad12b4947 (127.21.46.194:35243): Illegal state: must be running to vote when last-logged opid is not known
I20260713 09:09:43.417651 22996 raft_consensus.cc:2804] T e1249c90f0e34364a6b11c851b84cb41 P db857c4a0ab64065830e8abb43b36866 [term 0 FOLLOWER]: Leader pre-election won for term 1
I20260713 09:09:43.418031 22996 raft_consensus.cc:493] T e1249c90f0e34364a6b11c851b84cb41 P db857c4a0ab64065830e8abb43b36866 [term 0 FOLLOWER]: Starting leader election (no leader contacted us within the election timeout)
I20260713 09:09:43.418375 22996 raft_consensus.cc:3060] T e1249c90f0e34364a6b11c851b84cb41 P db857c4a0ab64065830e8abb43b36866 [term 0 FOLLOWER]: Advancing to term 1
I20260713 09:09:43.421228 22987 tablet_bootstrap.cc:654] T 049551713cc04c3fa31893177077199f P 764467bcbb774f488de64e7ad12b4947: Neither blocks nor log segments found. Creating new log.
I20260713 09:09:43.428431 22997 raft_consensus.cc:493] T 914bf36774a3411da4276a85a1e64d9b P fae7c4757db74b9e97b73bef4e942085 [term 0 FOLLOWER]: Starting pre-election (no leader contacted us within the election timeout)
I20260713 09:09:43.428890 22997 raft_consensus.cc:515] T 914bf36774a3411da4276a85a1e64d9b P fae7c4757db74b9e97b73bef4e942085 [term 0 FOLLOWER]: Starting pre-election with config: opid_index: -1 OBSOLETE_local: false peers { permanent_uuid: "fae7c4757db74b9e97b73bef4e942085" member_type: VOTER last_known_addr { host: "127.21.46.193" port: 38167 } } peers { permanent_uuid: "764467bcbb774f488de64e7ad12b4947" member_type: VOTER last_known_addr { host: "127.21.46.194" port: 35243 } } peers { permanent_uuid: "db857c4a0ab64065830e8abb43b36866" member_type: VOTER last_known_addr { host: "127.21.46.195" port: 37825 } }
I20260713 09:09:43.431063 22997 leader_election.cc:290] T 914bf36774a3411da4276a85a1e64d9b P fae7c4757db74b9e97b73bef4e942085 [CANDIDATE]: Term 1 pre-election: Requested pre-vote from peers 764467bcbb774f488de64e7ad12b4947 (127.21.46.194:35243), db857c4a0ab64065830e8abb43b36866 (127.21.46.195:37825)
I20260713 09:09:43.431486 22989 tablet_bootstrap.cc:492] T aa9840d8dc8243c1976257a55a6a5a94 P db857c4a0ab64065830e8abb43b36866: No bootstrap required, opened a new log
I20260713 09:09:43.431993 22989 ts_tablet_manager.cc:1403] T aa9840d8dc8243c1976257a55a6a5a94 P db857c4a0ab64065830e8abb43b36866: Time spent bootstrapping tablet: real 0.025s	user 0.014s	sys 0.008s
I20260713 09:09:43.432092 22987 tablet_bootstrap.cc:492] T 049551713cc04c3fa31893177077199f P 764467bcbb774f488de64e7ad12b4947: No bootstrap required, opened a new log
I20260713 09:09:43.432534 22987 ts_tablet_manager.cc:1403] T 049551713cc04c3fa31893177077199f P 764467bcbb774f488de64e7ad12b4947: Time spent bootstrapping tablet: real 0.019s	user 0.012s	sys 0.004s
I20260713 09:09:43.433259 22873 tablet_service.cc:1917] Received RequestConsensusVote() RPC: tablet_id: "914bf36774a3411da4276a85a1e64d9b" candidate_uuid: "fae7c4757db74b9e97b73bef4e942085" candidate_term: 1 candidate_status { last_received { term: 0 index: 0 } } ignore_live_leader: false dest_uuid: "764467bcbb774f488de64e7ad12b4947" is_pre_election: true
I20260713 09:09:43.433876 22873 raft_consensus.cc:2468] T 914bf36774a3411da4276a85a1e64d9b P 764467bcbb774f488de64e7ad12b4947 [term 0 FOLLOWER]: Leader pre-election vote request: Granting yes vote for candidate fae7c4757db74b9e97b73bef4e942085 in term 0.
I20260713 09:09:43.434859 22947 tablet_service.cc:1917] Received RequestConsensusVote() RPC: tablet_id: "914bf36774a3411da4276a85a1e64d9b" candidate_uuid: "fae7c4757db74b9e97b73bef4e942085" candidate_term: 1 candidate_status { last_received { term: 0 index: 0 } } ignore_live_leader: false dest_uuid: "db857c4a0ab64065830e8abb43b36866" is_pre_election: true
I20260713 09:09:43.424942 22996 raft_consensus.cc:515] T e1249c90f0e34364a6b11c851b84cb41 P db857c4a0ab64065830e8abb43b36866 [term 1 FOLLOWER]: Starting leader election with config: opid_index: -1 OBSOLETE_local: false peers { permanent_uuid: "fae7c4757db74b9e97b73bef4e942085" member_type: VOTER last_known_addr { host: "127.21.46.193" port: 38167 } } peers { permanent_uuid: "764467bcbb774f488de64e7ad12b4947" member_type: VOTER last_known_addr { host: "127.21.46.194" port: 35243 } } peers { permanent_uuid: "db857c4a0ab64065830e8abb43b36866" member_type: VOTER last_known_addr { host: "127.21.46.195" port: 37825 } }
I20260713 09:09:43.435312 22987 raft_consensus.cc:359] T 049551713cc04c3fa31893177077199f P 764467bcbb774f488de64e7ad12b4947 [term 0 FOLLOWER]: Replica starting. Triggering 0 pending ops. Active config: opid_index: -1 OBSOLETE_local: false peers { permanent_uuid: "fae7c4757db74b9e97b73bef4e942085" member_type: VOTER last_known_addr { host: "127.21.46.193" port: 38167 } } peers { permanent_uuid: "764467bcbb774f488de64e7ad12b4947" member_type: VOTER last_known_addr { host: "127.21.46.194" port: 35243 } } peers { permanent_uuid: "db857c4a0ab64065830e8abb43b36866" member_type: VOTER last_known_addr { host: "127.21.46.195" port: 37825 } }
I20260713 09:09:43.435210 22989 raft_consensus.cc:359] T aa9840d8dc8243c1976257a55a6a5a94 P db857c4a0ab64065830e8abb43b36866 [term 0 FOLLOWER]: Replica starting. Triggering 0 pending ops. Active config: opid_index: -1 OBSOLETE_local: false peers { permanent_uuid: "fae7c4757db74b9e97b73bef4e942085" member_type: VOTER last_known_addr { host: "127.21.46.193" port: 38167 } } peers { permanent_uuid: "764467bcbb774f488de64e7ad12b4947" member_type: VOTER last_known_addr { host: "127.21.46.194" port: 35243 } } peers { permanent_uuid: "db857c4a0ab64065830e8abb43b36866" member_type: VOTER last_known_addr { host: "127.21.46.195" port: 37825 } }
I20260713 09:09:43.436012 22987 raft_consensus.cc:385] T 049551713cc04c3fa31893177077199f P 764467bcbb774f488de64e7ad12b4947 [term 0 FOLLOWER]: Consensus starting up: Expiring failure detector timer to make a prompt election more likely
I20260713 09:09:43.436159 22989 raft_consensus.cc:385] T aa9840d8dc8243c1976257a55a6a5a94 P db857c4a0ab64065830e8abb43b36866 [term 0 FOLLOWER]: Consensus starting up: Expiring failure detector timer to make a prompt election more likely
I20260713 09:09:43.436360 22987 raft_consensus.cc:740] T 049551713cc04c3fa31893177077199f P 764467bcbb774f488de64e7ad12b4947 [term 0 FOLLOWER]: Becoming Follower/Learner. State: Replica: 764467bcbb774f488de64e7ad12b4947, State: Initialized, Role: FOLLOWER
I20260713 09:09:43.436319 22764 leader_election.cc:304] T 914bf36774a3411da4276a85a1e64d9b P fae7c4757db74b9e97b73bef4e942085 [CANDIDATE]: Term 1 pre-election: Election decided. Result: candidate won. Election summary: received 2 responses out of 3 voters: 2 yes votes; 0 no votes. yes voters: 764467bcbb774f488de64e7ad12b4947, fae7c4757db74b9e97b73bef4e942085; no voters: 
I20260713 09:09:43.436700 22989 raft_consensus.cc:740] T aa9840d8dc8243c1976257a55a6a5a94 P db857c4a0ab64065830e8abb43b36866 [term 0 FOLLOWER]: Becoming Follower/Learner. State: Replica: db857c4a0ab64065830e8abb43b36866, State: Initialized, Role: FOLLOWER
I20260713 09:09:43.437171 22987 consensus_queue.cc:260] T 049551713cc04c3fa31893177077199f P 764467bcbb774f488de64e7ad12b4947 [NON_LEADER]: Queue going to NON_LEADER mode. State: All replicated index: 0, Majority replicated index: 0, Committed index: 0, Last appended: 0.0, Last appended by leader: 0, Current term: 0, Majority size: -1, State: 0, Mode: NON_LEADER, active raft config: opid_index: -1 OBSOLETE_local: false peers { permanent_uuid: "fae7c4757db74b9e97b73bef4e942085" member_type: VOTER last_known_addr { host: "127.21.46.193" port: 38167 } } peers { permanent_uuid: "764467bcbb774f488de64e7ad12b4947" member_type: VOTER last_known_addr { host: "127.21.46.194" port: 35243 } } peers { permanent_uuid: "db857c4a0ab64065830e8abb43b36866" member_type: VOTER last_known_addr { host: "127.21.46.195" port: 37825 } }
I20260713 09:09:43.437747 22798 tablet_service.cc:1917] Received RequestConsensusVote() RPC: tablet_id: "e1249c90f0e34364a6b11c851b84cb41" candidate_uuid: "db857c4a0ab64065830e8abb43b36866" candidate_term: 1 candidate_status { last_received { term: 0 index: 0 } } ignore_live_leader: false dest_uuid: "fae7c4757db74b9e97b73bef4e942085"
I20260713 09:09:43.438287 22798 raft_consensus.cc:3060] T e1249c90f0e34364a6b11c851b84cb41 P fae7c4757db74b9e97b73bef4e942085 [term 0 FOLLOWER]: Advancing to term 1
I20260713 09:09:43.437896 22989 consensus_queue.cc:260] T aa9840d8dc8243c1976257a55a6a5a94 P db857c4a0ab64065830e8abb43b36866 [NON_LEADER]: Queue going to NON_LEADER mode. State: All replicated index: 0, Majority replicated index: 0, Committed index: 0, Last appended: 0.0, Last appended by leader: 0, Current term: 0, Majority size: -1, State: 0, Mode: NON_LEADER, active raft config: opid_index: -1 OBSOLETE_local: false peers { permanent_uuid: "fae7c4757db74b9e97b73bef4e942085" member_type: VOTER last_known_addr { host: "127.21.46.193" port: 38167 } } peers { permanent_uuid: "764467bcbb774f488de64e7ad12b4947" member_type: VOTER last_known_addr { host: "127.21.46.194" port: 35243 } } peers { permanent_uuid: "db857c4a0ab64065830e8abb43b36866" member_type: VOTER last_known_addr { host: "127.21.46.195" port: 37825 } }
I20260713 09:09:43.439180 22987 ts_tablet_manager.cc:1434] T 049551713cc04c3fa31893177077199f P 764467bcbb774f488de64e7ad12b4947: Time spent starting tablet: real 0.006s	user 0.006s	sys 0.001s
I20260713 09:09:43.440217 22987 tablet_bootstrap.cc:492] T e1249c90f0e34364a6b11c851b84cb41 P 764467bcbb774f488de64e7ad12b4947: Bootstrap starting.
I20260713 09:09:43.440460 22989 ts_tablet_manager.cc:1434] T aa9840d8dc8243c1976257a55a6a5a94 P db857c4a0ab64065830e8abb43b36866: Time spent starting tablet: real 0.008s	user 0.007s	sys 0.000s
W20260713 09:09:43.442631 22763 leader_election.cc:343] T 914bf36774a3411da4276a85a1e64d9b P fae7c4757db74b9e97b73bef4e942085 [CANDIDATE]: Term 1 pre-election: Tablet error from VoteRequest() call to peer db857c4a0ab64065830e8abb43b36866 (127.21.46.195:37825): Illegal state: must be running to vote when last-logged opid is not known
I20260713 09:09:43.443449 22989 tablet_bootstrap.cc:492] T 914bf36774a3411da4276a85a1e64d9b P db857c4a0ab64065830e8abb43b36866: Bootstrap starting.
I20260713 09:09:43.445542 22997 raft_consensus.cc:2804] T 914bf36774a3411da4276a85a1e64d9b P fae7c4757db74b9e97b73bef4e942085 [term 0 FOLLOWER]: Leader pre-election won for term 1
I20260713 09:09:43.445714 22987 tablet_bootstrap.cc:654] T e1249c90f0e34364a6b11c851b84cb41 P 764467bcbb774f488de64e7ad12b4947: Neither blocks nor log segments found. Creating new log.
I20260713 09:09:43.445933 22997 raft_consensus.cc:493] T 914bf36774a3411da4276a85a1e64d9b P fae7c4757db74b9e97b73bef4e942085 [term 0 FOLLOWER]: Starting leader election (no leader contacted us within the election timeout)
I20260713 09:09:43.446277 22997 raft_consensus.cc:3060] T 914bf36774a3411da4276a85a1e64d9b P fae7c4757db74b9e97b73bef4e942085 [term 0 FOLLOWER]: Advancing to term 1
I20260713 09:09:43.449792 22797 raft_consensus.cc:2468] T f88ee013d4044077bab40dca2eef9c3e P fae7c4757db74b9e97b73bef4e942085 [term 1 FOLLOWER]: Leader election vote request: Granting yes vote for candidate db857c4a0ab64065830e8abb43b36866 in term 1.
I20260713 09:09:43.450559 22989 tablet_bootstrap.cc:654] T 914bf36774a3411da4276a85a1e64d9b P db857c4a0ab64065830e8abb43b36866: Neither blocks nor log segments found. Creating new log.
I20260713 09:09:43.451006 22913 leader_election.cc:304] T f88ee013d4044077bab40dca2eef9c3e P db857c4a0ab64065830e8abb43b36866 [CANDIDATE]: Term 1 election: Election decided. Result: candidate won. Election summary: received 2 responses out of 3 voters: 2 yes votes; 0 no votes. yes voters: db857c4a0ab64065830e8abb43b36866, fae7c4757db74b9e97b73bef4e942085; no voters: 
I20260713 09:09:43.453853 22994 raft_consensus.cc:2804] T f88ee013d4044077bab40dca2eef9c3e P db857c4a0ab64065830e8abb43b36866 [term 1 FOLLOWER]: Leader election won for term 1
I20260713 09:09:43.453291 22996 leader_election.cc:290] T e1249c90f0e34364a6b11c851b84cb41 P db857c4a0ab64065830e8abb43b36866 [CANDIDATE]: Term 1 election: Requested vote from peers fae7c4757db74b9e97b73bef4e942085 (127.21.46.193:38167), 764467bcbb774f488de64e7ad12b4947 (127.21.46.194:35243)
I20260713 09:09:43.455542 22873 tablet_service.cc:1917] Received RequestConsensusVote() RPC: tablet_id: "e1249c90f0e34364a6b11c851b84cb41" candidate_uuid: "db857c4a0ab64065830e8abb43b36866" candidate_term: 1 candidate_status { last_received { term: 0 index: 0 } } ignore_live_leader: false dest_uuid: "764467bcbb774f488de64e7ad12b4947"
W20260713 09:09:43.456854 22913 leader_election.cc:343] T e1249c90f0e34364a6b11c851b84cb41 P db857c4a0ab64065830e8abb43b36866 [CANDIDATE]: Term 1 election: Tablet error from VoteRequest() call to peer 764467bcbb774f488de64e7ad12b4947 (127.21.46.194:35243): Illegal state: must be running to vote when last-logged opid is not known
I20260713 09:09:43.457677 22987 tablet_bootstrap.cc:492] T e1249c90f0e34364a6b11c851b84cb41 P 764467bcbb774f488de64e7ad12b4947: No bootstrap required, opened a new log
I20260713 09:09:43.458171 22987 ts_tablet_manager.cc:1403] T e1249c90f0e34364a6b11c851b84cb41 P 764467bcbb774f488de64e7ad12b4947: Time spent bootstrapping tablet: real 0.018s	user 0.012s	sys 0.004s
I20260713 09:09:43.458568 22989 tablet_bootstrap.cc:492] T 914bf36774a3411da4276a85a1e64d9b P db857c4a0ab64065830e8abb43b36866: No bootstrap required, opened a new log
I20260713 09:09:43.454506 22994 raft_consensus.cc:697] T f88ee013d4044077bab40dca2eef9c3e P db857c4a0ab64065830e8abb43b36866 [term 1 LEADER]: Becoming Leader. State: Replica: db857c4a0ab64065830e8abb43b36866, State: Running, Role: LEADER
I20260713 09:09:43.459124 22989 ts_tablet_manager.cc:1403] T 914bf36774a3411da4276a85a1e64d9b P db857c4a0ab64065830e8abb43b36866: Time spent bootstrapping tablet: real 0.016s	user 0.010s	sys 0.004s
I20260713 09:09:43.460927 22798 raft_consensus.cc:2468] T e1249c90f0e34364a6b11c851b84cb41 P fae7c4757db74b9e97b73bef4e942085 [term 1 FOLLOWER]: Leader election vote request: Granting yes vote for candidate db857c4a0ab64065830e8abb43b36866 in term 1.
I20260713 09:09:43.460865 22987 raft_consensus.cc:359] T e1249c90f0e34364a6b11c851b84cb41 P 764467bcbb774f488de64e7ad12b4947 [term 0 FOLLOWER]: Replica starting. Triggering 0 pending ops. Active config: opid_index: -1 OBSOLETE_local: false peers { permanent_uuid: "fae7c4757db74b9e97b73bef4e942085" member_type: VOTER last_known_addr { host: "127.21.46.193" port: 38167 } } peers { permanent_uuid: "764467bcbb774f488de64e7ad12b4947" member_type: VOTER last_known_addr { host: "127.21.46.194" port: 35243 } } peers { permanent_uuid: "db857c4a0ab64065830e8abb43b36866" member_type: VOTER last_known_addr { host: "127.21.46.195" port: 37825 } }
I20260713 09:09:43.461175 22989 raft_consensus.cc:359] T 914bf36774a3411da4276a85a1e64d9b P db857c4a0ab64065830e8abb43b36866 [term 0 FOLLOWER]: Replica starting. Triggering 0 pending ops. Active config: opid_index: -1 OBSOLETE_local: false peers { permanent_uuid: "fae7c4757db74b9e97b73bef4e942085" member_type: VOTER last_known_addr { host: "127.21.46.193" port: 38167 } } peers { permanent_uuid: "764467bcbb774f488de64e7ad12b4947" member_type: VOTER last_known_addr { host: "127.21.46.194" port: 35243 } } peers { permanent_uuid: "db857c4a0ab64065830e8abb43b36866" member_type: VOTER last_known_addr { host: "127.21.46.195" port: 37825 } }
I20260713 09:09:43.461689 22987 raft_consensus.cc:385] T e1249c90f0e34364a6b11c851b84cb41 P 764467bcbb774f488de64e7ad12b4947 [term 0 FOLLOWER]: Consensus starting up: Expiring failure detector timer to make a prompt election more likely
I20260713 09:09:43.461807 22989 raft_consensus.cc:385] T 914bf36774a3411da4276a85a1e64d9b P db857c4a0ab64065830e8abb43b36866 [term 0 FOLLOWER]: Consensus starting up: Expiring failure detector timer to make a prompt election more likely
I20260713 09:09:43.462046 22987 raft_consensus.cc:740] T e1249c90f0e34364a6b11c851b84cb41 P 764467bcbb774f488de64e7ad12b4947 [term 0 FOLLOWER]: Becoming Follower/Learner. State: Replica: 764467bcbb774f488de64e7ad12b4947, State: Initialized, Role: FOLLOWER
I20260713 09:09:43.462145 22989 raft_consensus.cc:740] T 914bf36774a3411da4276a85a1e64d9b P db857c4a0ab64065830e8abb43b36866 [term 0 FOLLOWER]: Becoming Follower/Learner. State: Replica: db857c4a0ab64065830e8abb43b36866, State: Initialized, Role: FOLLOWER
I20260713 09:09:43.462193 22994 consensus_queue.cc:237] T f88ee013d4044077bab40dca2eef9c3e P db857c4a0ab64065830e8abb43b36866 [LEADER]: Queue going to LEADER mode. State: All replicated index: 0, Majority replicated index: 0, Committed index: 0, Last appended: 0.0, Last appended by leader: 0, Current term: 1, Majority size: 2, State: 0, Mode: LEADER, active raft config: opid_index: -1 OBSOLETE_local: false peers { permanent_uuid: "fae7c4757db74b9e97b73bef4e942085" member_type: VOTER last_known_addr { host: "127.21.46.193" port: 38167 } } peers { permanent_uuid: "764467bcbb774f488de64e7ad12b4947" member_type: VOTER last_known_addr { host: "127.21.46.194" port: 35243 } } peers { permanent_uuid: "db857c4a0ab64065830e8abb43b36866" member_type: VOTER last_known_addr { host: "127.21.46.195" port: 37825 } }
I20260713 09:09:43.462437 22913 leader_election.cc:304] T e1249c90f0e34364a6b11c851b84cb41 P db857c4a0ab64065830e8abb43b36866 [CANDIDATE]: Term 1 election: Election decided. Result: candidate won. Election summary: received 3 responses out of 3 voters: 2 yes votes; 1 no votes. yes voters: db857c4a0ab64065830e8abb43b36866, fae7c4757db74b9e97b73bef4e942085; no voters: 764467bcbb774f488de64e7ad12b4947
I20260713 09:09:43.462996 22987 consensus_queue.cc:260] T e1249c90f0e34364a6b11c851b84cb41 P 764467bcbb774f488de64e7ad12b4947 [NON_LEADER]: Queue going to NON_LEADER mode. State: All replicated index: 0, Majority replicated index: 0, Committed index: 0, Last appended: 0.0, Last appended by leader: 0, Current term: 0, Majority size: -1, State: 0, Mode: NON_LEADER, active raft config: opid_index: -1 OBSOLETE_local: false peers { permanent_uuid: "fae7c4757db74b9e97b73bef4e942085" member_type: VOTER last_known_addr { host: "127.21.46.193" port: 38167 } } peers { permanent_uuid: "764467bcbb774f488de64e7ad12b4947" member_type: VOTER last_known_addr { host: "127.21.46.194" port: 35243 } } peers { permanent_uuid: "db857c4a0ab64065830e8abb43b36866" member_type: VOTER last_known_addr { host: "127.21.46.195" port: 37825 } }
I20260713 09:09:43.465269 22987 ts_tablet_manager.cc:1434] T e1249c90f0e34364a6b11c851b84cb41 P 764467bcbb774f488de64e7ad12b4947: Time spent starting tablet: real 0.007s	user 0.005s	sys 0.000s
I20260713 09:09:43.466379 22987 tablet_bootstrap.cc:492] T 660fb3793fd045a4986a361d8a81efa4 P 764467bcbb774f488de64e7ad12b4947: Bootstrap starting.
I20260713 09:09:43.468869 22997 raft_consensus.cc:515] T 914bf36774a3411da4276a85a1e64d9b P fae7c4757db74b9e97b73bef4e942085 [term 1 FOLLOWER]: Starting leader election with config: opid_index: -1 OBSOLETE_local: false peers { permanent_uuid: "fae7c4757db74b9e97b73bef4e942085" member_type: VOTER last_known_addr { host: "127.21.46.193" port: 38167 } } peers { permanent_uuid: "764467bcbb774f488de64e7ad12b4947" member_type: VOTER last_known_addr { host: "127.21.46.194" port: 35243 } } peers { permanent_uuid: "db857c4a0ab64065830e8abb43b36866" member_type: VOTER last_known_addr { host: "127.21.46.195" port: 37825 } }
I20260713 09:09:43.469534 22992 raft_consensus.cc:493] T aa9840d8dc8243c1976257a55a6a5a94 P 764467bcbb774f488de64e7ad12b4947 [term 0 FOLLOWER]: Starting pre-election (no leader contacted us within the election timeout)
I20260713 09:09:43.469959 22992 raft_consensus.cc:515] T aa9840d8dc8243c1976257a55a6a5a94 P 764467bcbb774f488de64e7ad12b4947 [term 0 FOLLOWER]: Starting pre-election with config: opid_index: -1 OBSOLETE_local: false peers { permanent_uuid: "fae7c4757db74b9e97b73bef4e942085" member_type: VOTER last_known_addr { host: "127.21.46.193" port: 38167 } } peers { permanent_uuid: "764467bcbb774f488de64e7ad12b4947" member_type: VOTER last_known_addr { host: "127.21.46.194" port: 35243 } } peers { permanent_uuid: "db857c4a0ab64065830e8abb43b36866" member_type: VOTER last_known_addr { host: "127.21.46.195" port: 37825 } }
I20260713 09:09:43.470911 22997 leader_election.cc:290] T 914bf36774a3411da4276a85a1e64d9b P fae7c4757db74b9e97b73bef4e942085 [CANDIDATE]: Term 1 election: Requested vote from peers 764467bcbb774f488de64e7ad12b4947 (127.21.46.194:35243), db857c4a0ab64065830e8abb43b36866 (127.21.46.195:37825)
I20260713 09:09:43.434893 22872 raft_consensus.cc:2468] T f88ee013d4044077bab40dca2eef9c3e P 764467bcbb774f488de64e7ad12b4947 [term 1 FOLLOWER]: Leader election vote request: Granting yes vote for candidate db857c4a0ab64065830e8abb43b36866 in term 1.
I20260713 09:09:43.384888 22988 raft_consensus.cc:740] T 049551713cc04c3fa31893177077199f P fae7c4757db74b9e97b73bef4e942085 [term 0 FOLLOWER]: Becoming Follower/Learner. State: Replica: fae7c4757db74b9e97b73bef4e942085, State: Initialized, Role: FOLLOWER
I20260713 09:09:43.471982 22992 leader_election.cc:290] T aa9840d8dc8243c1976257a55a6a5a94 P 764467bcbb774f488de64e7ad12b4947 [CANDIDATE]: Term 1 pre-election: Requested pre-vote from peers fae7c4757db74b9e97b73bef4e942085 (127.21.46.193:38167), db857c4a0ab64065830e8abb43b36866 (127.21.46.195:37825)
I20260713 09:09:43.471866 22988 consensus_queue.cc:260] T 049551713cc04c3fa31893177077199f P fae7c4757db74b9e97b73bef4e942085 [NON_LEADER]: Queue going to NON_LEADER mode. State: All replicated index: 0, Majority replicated index: 0, Committed index: 0, Last appended: 0.0, Last appended by leader: 0, Current term: 0, Majority size: -1, State: 0, Mode: NON_LEADER, active raft config: opid_index: -1 OBSOLETE_local: false peers { permanent_uuid: "fae7c4757db74b9e97b73bef4e942085" member_type: VOTER last_known_addr { host: "127.21.46.193" port: 38167 } } peers { permanent_uuid: "764467bcbb774f488de64e7ad12b4947" member_type: VOTER last_known_addr { host: "127.21.46.194" port: 35243 } } peers { permanent_uuid: "db857c4a0ab64065830e8abb43b36866" member_type: VOTER last_known_addr { host: "127.21.46.195" port: 37825 } }
I20260713 09:09:43.473001 22873 tablet_service.cc:1917] Received RequestConsensusVote() RPC: tablet_id: "914bf36774a3411da4276a85a1e64d9b" candidate_uuid: "fae7c4757db74b9e97b73bef4e942085" candidate_term: 1 candidate_status { last_received { term: 0 index: 0 } } ignore_live_leader: false dest_uuid: "764467bcbb774f488de64e7ad12b4947"
I20260713 09:09:43.473596 22987 tablet_bootstrap.cc:654] T 660fb3793fd045a4986a361d8a81efa4 P 764467bcbb774f488de64e7ad12b4947: Neither blocks nor log segments found. Creating new log.
I20260713 09:09:43.473814 22946 tablet_service.cc:1917] Received RequestConsensusVote() RPC: tablet_id: "aa9840d8dc8243c1976257a55a6a5a94" candidate_uuid: "764467bcbb774f488de64e7ad12b4947" candidate_term: 1 candidate_status { last_received { term: 0 index: 0 } } ignore_live_leader: false dest_uuid: "db857c4a0ab64065830e8abb43b36866" is_pre_election: true
I20260713 09:09:43.474119 22988 ts_tablet_manager.cc:1434] T 049551713cc04c3fa31893177077199f P fae7c4757db74b9e97b73bef4e942085: Time spent starting tablet: real 0.092s	user 0.005s	sys 0.001s
I20260713 09:09:43.474601 22946 raft_consensus.cc:2468] T aa9840d8dc8243c1976257a55a6a5a94 P db857c4a0ab64065830e8abb43b36866 [term 0 FOLLOWER]: Leader pre-election vote request: Granting yes vote for candidate 764467bcbb774f488de64e7ad12b4947 in term 0.
I20260713 09:09:43.463014 22989 consensus_queue.cc:260] T 914bf36774a3411da4276a85a1e64d9b P db857c4a0ab64065830e8abb43b36866 [NON_LEADER]: Queue going to NON_LEADER mode. State: All replicated index: 0, Majority replicated index: 0, Committed index: 0, Last appended: 0.0, Last appended by leader: 0, Current term: 0, Majority size: -1, State: 0, Mode: NON_LEADER, active raft config: opid_index: -1 OBSOLETE_local: false peers { permanent_uuid: "fae7c4757db74b9e97b73bef4e942085" member_type: VOTER last_known_addr { host: "127.21.46.193" port: 38167 } } peers { permanent_uuid: "764467bcbb774f488de64e7ad12b4947" member_type: VOTER last_known_addr { host: "127.21.46.194" port: 35243 } } peers { permanent_uuid: "db857c4a0ab64065830e8abb43b36866" member_type: VOTER last_known_addr { host: "127.21.46.195" port: 37825 } }
I20260713 09:09:43.473598 22873 raft_consensus.cc:3060] T 914bf36774a3411da4276a85a1e64d9b P 764467bcbb774f488de64e7ad12b4947 [term 0 FOLLOWER]: Advancing to term 1
I20260713 09:09:43.473951 22947 tablet_service.cc:1917] Received RequestConsensusVote() RPC: tablet_id: "914bf36774a3411da4276a85a1e64d9b" candidate_uuid: "fae7c4757db74b9e97b73bef4e942085" candidate_term: 1 candidate_status { last_received { term: 0 index: 0 } } ignore_live_leader: false dest_uuid: "db857c4a0ab64065830e8abb43b36866"
I20260713 09:09:43.475569 22947 raft_consensus.cc:3060] T 914bf36774a3411da4276a85a1e64d9b P db857c4a0ab64065830e8abb43b36866 [term 0 FOLLOWER]: Advancing to term 1
I20260713 09:09:43.476670 22989 ts_tablet_manager.cc:1434] T 914bf36774a3411da4276a85a1e64d9b P db857c4a0ab64065830e8abb43b36866: Time spent starting tablet: real 0.017s	user 0.004s	sys 0.000s
I20260713 09:09:43.477136 22988 tablet_bootstrap.cc:492] T aa9840d8dc8243c1976257a55a6a5a94 P fae7c4757db74b9e97b73bef4e942085: Bootstrap starting.
I20260713 09:09:43.477571 22989 tablet_bootstrap.cc:492] T 049551713cc04c3fa31893177077199f P db857c4a0ab64065830e8abb43b36866: Bootstrap starting.
I20260713 09:09:43.478672 22838 leader_election.cc:304] T aa9840d8dc8243c1976257a55a6a5a94 P 764467bcbb774f488de64e7ad12b4947 [CANDIDATE]: Term 1 pre-election: Election decided. Result: candidate won. Election summary: received 2 responses out of 3 voters: 2 yes votes; 0 no votes. yes voters: 764467bcbb774f488de64e7ad12b4947, db857c4a0ab64065830e8abb43b36866; no voters: 
I20260713 09:09:43.480230 22992 raft_consensus.cc:2804] T aa9840d8dc8243c1976257a55a6a5a94 P 764467bcbb774f488de64e7ad12b4947 [term 0 FOLLOWER]: Leader pre-election won for term 1
I20260713 09:09:43.480674 22992 raft_consensus.cc:493] T aa9840d8dc8243c1976257a55a6a5a94 P 764467bcbb774f488de64e7ad12b4947 [term 0 FOLLOWER]: Starting leader election (no leader contacted us within the election timeout)
I20260713 09:09:43.486940 22873 raft_consensus.cc:2468] T 914bf36774a3411da4276a85a1e64d9b P 764467bcbb774f488de64e7ad12b4947 [term 1 FOLLOWER]: Leader election vote request: Granting yes vote for candidate fae7c4757db74b9e97b73bef4e942085 in term 1.
I20260713 09:09:43.483891 22989 tablet_bootstrap.cc:654] T 049551713cc04c3fa31893177077199f P db857c4a0ab64065830e8abb43b36866: Neither blocks nor log segments found. Creating new log.
I20260713 09:09:43.487638 22992 raft_consensus.cc:3060] T aa9840d8dc8243c1976257a55a6a5a94 P 764467bcbb774f488de64e7ad12b4947 [term 0 FOLLOWER]: Advancing to term 1
I20260713 09:09:43.488760 22764 leader_election.cc:304] T 914bf36774a3411da4276a85a1e64d9b P fae7c4757db74b9e97b73bef4e942085 [CANDIDATE]: Term 1 election: Election decided. Result: candidate won. Election summary: received 2 responses out of 3 voters: 2 yes votes; 0 no votes. yes voters: 764467bcbb774f488de64e7ad12b4947, fae7c4757db74b9e97b73bef4e942085; no voters: 
I20260713 09:09:43.485934 22798 tablet_service.cc:1917] Received RequestConsensusVote() RPC: tablet_id: "aa9840d8dc8243c1976257a55a6a5a94" candidate_uuid: "764467bcbb774f488de64e7ad12b4947" candidate_term: 1 candidate_status { last_received { term: 0 index: 0 } } ignore_live_leader: false dest_uuid: "fae7c4757db74b9e97b73bef4e942085" is_pre_election: true
I20260713 09:09:43.499892 23030 raft_consensus.cc:2804] T e1249c90f0e34364a6b11c851b84cb41 P db857c4a0ab64065830e8abb43b36866 [term 1 FOLLOWER]: Leader election won for term 1
W20260713 09:09:43.501230 22839 leader_election.cc:343] T aa9840d8dc8243c1976257a55a6a5a94 P 764467bcbb774f488de64e7ad12b4947 [CANDIDATE]: Term 1 pre-election: Tablet error from VoteRequest() call to peer fae7c4757db74b9e97b73bef4e942085 (127.21.46.193:38167): Illegal state: must be running to vote when last-logged opid is not known
I20260713 09:09:43.486987 22947 raft_consensus.cc:2468] T 914bf36774a3411da4276a85a1e64d9b P db857c4a0ab64065830e8abb43b36866 [term 1 FOLLOWER]: Leader election vote request: Granting yes vote for candidate fae7c4757db74b9e97b73bef4e942085 in term 1.
I20260713 09:09:43.483868 22988 tablet_bootstrap.cc:654] T aa9840d8dc8243c1976257a55a6a5a94 P fae7c4757db74b9e97b73bef4e942085: Neither blocks nor log segments found. Creating new log.
I20260713 09:09:43.504163 22992 raft_consensus.cc:515] T aa9840d8dc8243c1976257a55a6a5a94 P 764467bcbb774f488de64e7ad12b4947 [term 1 FOLLOWER]: Starting leader election with config: opid_index: -1 OBSOLETE_local: false peers { permanent_uuid: "fae7c4757db74b9e97b73bef4e942085" member_type: VOTER last_known_addr { host: "127.21.46.193" port: 38167 } } peers { permanent_uuid: "764467bcbb774f488de64e7ad12b4947" member_type: VOTER last_known_addr { host: "127.21.46.194" port: 35243 } } peers { permanent_uuid: "db857c4a0ab64065830e8abb43b36866" member_type: VOTER last_known_addr { host: "127.21.46.195" port: 37825 } }
I20260713 09:09:43.507237 22798 tablet_service.cc:1917] Received RequestConsensusVote() RPC: tablet_id: "aa9840d8dc8243c1976257a55a6a5a94" candidate_uuid: "764467bcbb774f488de64e7ad12b4947" candidate_term: 1 candidate_status { last_received { term: 0 index: 0 } } ignore_live_leader: false dest_uuid: "fae7c4757db74b9e97b73bef4e942085"
W20260713 09:09:43.508435 22839 leader_election.cc:343] T aa9840d8dc8243c1976257a55a6a5a94 P 764467bcbb774f488de64e7ad12b4947 [CANDIDATE]: Term 1 election: Tablet error from VoteRequest() call to peer fae7c4757db74b9e97b73bef4e942085 (127.21.46.193:38167): Illegal state: must be running to vote when last-logged opid is not known
I20260713 09:09:43.508519 22997 raft_consensus.cc:2804] T 914bf36774a3411da4276a85a1e64d9b P fae7c4757db74b9e97b73bef4e942085 [term 1 FOLLOWER]: Leader election won for term 1
I20260713 09:09:43.509372 23030 raft_consensus.cc:697] T e1249c90f0e34364a6b11c851b84cb41 P db857c4a0ab64065830e8abb43b36866 [term 1 LEADER]: Becoming Leader. State: Replica: db857c4a0ab64065830e8abb43b36866, State: Running, Role: LEADER
I20260713 09:09:43.510315 23030 consensus_queue.cc:237] T e1249c90f0e34364a6b11c851b84cb41 P db857c4a0ab64065830e8abb43b36866 [LEADER]: Queue going to LEADER mode. State: All replicated index: 0, Majority replicated index: 0, Committed index: 0, Last appended: 0.0, Last appended by leader: 0, Current term: 1, Majority size: 2, State: 0, Mode: LEADER, active raft config: opid_index: -1 OBSOLETE_local: false peers { permanent_uuid: "fae7c4757db74b9e97b73bef4e942085" member_type: VOTER last_known_addr { host: "127.21.46.193" port: 38167 } } peers { permanent_uuid: "764467bcbb774f488de64e7ad12b4947" member_type: VOTER last_known_addr { host: "127.21.46.194" port: 35243 } } peers { permanent_uuid: "db857c4a0ab64065830e8abb43b36866" member_type: VOTER last_known_addr { host: "127.21.46.195" port: 37825 } }
I20260713 09:09:43.514026 23033 raft_consensus.cc:493] T 96b36be6528e477687a01adac36bd0a4 P 764467bcbb774f488de64e7ad12b4947 [term 0 FOLLOWER]: Starting pre-election (no leader contacted us within the election timeout)
I20260713 09:09:43.514523 23033 raft_consensus.cc:515] T 96b36be6528e477687a01adac36bd0a4 P 764467bcbb774f488de64e7ad12b4947 [term 0 FOLLOWER]: Starting pre-election with config: opid_index: -1 OBSOLETE_local: false peers { permanent_uuid: "fae7c4757db74b9e97b73bef4e942085" member_type: VOTER last_known_addr { host: "127.21.46.193" port: 38167 } } peers { permanent_uuid: "764467bcbb774f488de64e7ad12b4947" member_type: VOTER last_known_addr { host: "127.21.46.194" port: 35243 } } peers { permanent_uuid: "db857c4a0ab64065830e8abb43b36866" member_type: VOTER last_known_addr { host: "127.21.46.195" port: 37825 } }
I20260713 09:09:43.517434 22798 tablet_service.cc:1917] Received RequestConsensusVote() RPC: tablet_id: "96b36be6528e477687a01adac36bd0a4" candidate_uuid: "764467bcbb774f488de64e7ad12b4947" candidate_term: 1 candidate_status { last_received { term: 0 index: 0 } } ignore_live_leader: false dest_uuid: "fae7c4757db74b9e97b73bef4e942085" is_pre_election: true
W20260713 09:09:43.518671 22839 leader_election.cc:343] T 96b36be6528e477687a01adac36bd0a4 P 764467bcbb774f488de64e7ad12b4947 [CANDIDATE]: Term 1 pre-election: Tablet error from VoteRequest() call to peer fae7c4757db74b9e97b73bef4e942085 (127.21.46.193:38167): Illegal state: must be running to vote when last-logged opid is not known
I20260713 09:09:43.520915 22988 tablet_bootstrap.cc:492] T aa9840d8dc8243c1976257a55a6a5a94 P fae7c4757db74b9e97b73bef4e942085: No bootstrap required, opened a new log
