I20260713 09:09:43.907516 22989 tablet_bootstrap.cc:492] T 53eedada4f1846ab816e2eebc0f89779 P db857c4a0ab64065830e8abb43b36866: No bootstrap required, opened a new log
I20260713 09:09:43.907891 22989 ts_tablet_manager.cc:1403] T 53eedada4f1846ab816e2eebc0f89779 P db857c4a0ab64065830e8abb43b36866: Time spent bootstrapping tablet: real 0.175s	user 0.011s	sys 0.000s
I20260713 09:09:43.909891 22989 raft_consensus.cc:359] T 53eedada4f1846ab816e2eebc0f89779 P db857c4a0ab64065830e8abb43b36866 [term 0 FOLLOWER]: Replica starting. Triggering 0 pending ops. Active config: opid_index: -1 OBSOLETE_local: false peers { permanent_uuid: "fae7c4757db74b9e97b73bef4e942085" member_type: VOTER last_known_addr { host: "127.21.46.193" port: 38167 } } peers { permanent_uuid: "764467bcbb774f488de64e7ad12b4947" member_type: VOTER last_known_addr { host: "127.21.46.194" port: 35243 } } peers { permanent_uuid: "db857c4a0ab64065830e8abb43b36866" member_type: VOTER last_known_addr { host: "127.21.46.195" port: 37825 } }
I20260713 09:09:43.910410 22989 raft_consensus.cc:385] T 53eedada4f1846ab816e2eebc0f89779 P db857c4a0ab64065830e8abb43b36866 [term 0 FOLLOWER]: Consensus starting up: Expiring failure detector timer to make a prompt election more likely
I20260713 09:09:43.910686 22989 raft_consensus.cc:740] T 53eedada4f1846ab816e2eebc0f89779 P db857c4a0ab64065830e8abb43b36866 [term 0 FOLLOWER]: Becoming Follower/Learner. State: Replica: db857c4a0ab64065830e8abb43b36866, State: Initialized, Role: FOLLOWER
I20260713 09:09:43.910811 22946 tablet_service.cc:1917] Received RequestConsensusVote() RPC: tablet_id: "34d4509b57344af0a807fbd51717cfc8" candidate_uuid: "764467bcbb774f488de64e7ad12b4947" candidate_term: 1 candidate_status { last_received { term: 0 index: 0 } } ignore_live_leader: false dest_uuid: "db857c4a0ab64065830e8abb43b36866"
I20260713 09:09:43.911288 22997 raft_consensus.cc:697] T 049551713cc04c3fa31893177077199f P fae7c4757db74b9e97b73bef4e942085 [term 1 LEADER]: Becoming Leader. State: Replica: fae7c4757db74b9e97b73bef4e942085, State: Running, Role: LEADER
I20260713 09:09:43.911460 22946 raft_consensus.cc:3060] T 34d4509b57344af0a807fbd51717cfc8 P db857c4a0ab64065830e8abb43b36866 [term 0 FOLLOWER]: Advancing to term 1
I20260713 09:09:43.911355 22989 consensus_queue.cc:260] T 53eedada4f1846ab816e2eebc0f89779 P db857c4a0ab64065830e8abb43b36866 [NON_LEADER]: Queue going to NON_LEADER mode. State: All replicated index: 0, Majority replicated index: 0, Committed index: 0, Last appended: 0.0, Last appended by leader: 0, Current term: 0, Majority size: -1, State: 0, Mode: NON_LEADER, active raft config: opid_index: -1 OBSOLETE_local: false peers { permanent_uuid: "fae7c4757db74b9e97b73bef4e942085" member_type: VOTER last_known_addr { host: "127.21.46.193" port: 38167 } } peers { permanent_uuid: "764467bcbb774f488de64e7ad12b4947" member_type: VOTER last_known_addr { host: "127.21.46.194" port: 35243 } } peers { permanent_uuid: "db857c4a0ab64065830e8abb43b36866" member_type: VOTER last_known_addr { host: "127.21.46.195" port: 37825 } }
I20260713 09:09:43.912356 22997 consensus_queue.cc:237] T 049551713cc04c3fa31893177077199f P fae7c4757db74b9e97b73bef4e942085 [LEADER]: Queue going to LEADER mode. State: All replicated index: 0, Majority replicated index: 0, Committed index: 0, Last appended: 0.0, Last appended by leader: 0, Current term: 1, Majority size: 2, State: 0, Mode: LEADER, active raft config: opid_index: -1 OBSOLETE_local: false peers { permanent_uuid: "fae7c4757db74b9e97b73bef4e942085" member_type: VOTER last_known_addr { host: "127.21.46.193" port: 38167 } } peers { permanent_uuid: "764467bcbb774f488de64e7ad12b4947" member_type: VOTER last_known_addr { host: "127.21.46.194" port: 35243 } } peers { permanent_uuid: "db857c4a0ab64065830e8abb43b36866" member_type: VOTER last_known_addr { host: "127.21.46.195" port: 37825 } }
I20260713 09:09:43.913734 22989 ts_tablet_manager.cc:1434] T 53eedada4f1846ab816e2eebc0f89779 P db857c4a0ab64065830e8abb43b36866: Time spent starting tablet: real 0.006s	user 0.003s	sys 0.000s
I20260713 09:09:43.914970 22989 tablet_bootstrap.cc:492] T 38d13140c0d64a248a64cc28e325ac2d P db857c4a0ab64065830e8abb43b36866: Bootstrap starting.
I20260713 09:09:43.915789 22988 tablet_bootstrap.cc:654] T 53eedada4f1846ab816e2eebc0f89779 P fae7c4757db74b9e97b73bef4e942085: Neither blocks nor log segments found. Creating new log.
I20260713 09:09:43.919373 22946 raft_consensus.cc:2468] T 34d4509b57344af0a807fbd51717cfc8 P db857c4a0ab64065830e8abb43b36866 [term 1 FOLLOWER]: Leader election vote request: Granting yes vote for candidate 764467bcbb774f488de64e7ad12b4947 in term 1.
W20260713 09:09:43.921378 22839 leader_election.cc:343] T 34d4509b57344af0a807fbd51717cfc8 P 764467bcbb774f488de64e7ad12b4947 [CANDIDATE]: Term 1 election: Tablet error from VoteRequest() call to peer fae7c4757db74b9e97b73bef4e942085 (127.21.46.193:38167): Illegal state: must be running to vote when last-logged opid is not known
I20260713 09:09:43.922111 22839 leader_election.cc:304] T 68ecd0b579bd40dfafd8a937b9d8444d P 764467bcbb774f488de64e7ad12b4947 [CANDIDATE]: Term 1 election: Election decided. Result: candidate won. Election summary: received 2 responses out of 3 voters: 2 yes votes; 0 no votes. yes voters: 764467bcbb774f488de64e7ad12b4947, fae7c4757db74b9e97b73bef4e942085; no voters: 
I20260713 09:09:43.925149 22797 tablet_service.cc:1917] Received RequestConsensusVote() RPC: tablet_id: "0a9502397ec7472985c78133000c073c" candidate_uuid: "db857c4a0ab64065830e8abb43b36866" candidate_term: 1 candidate_status { last_received { term: 0 index: 0 } } ignore_live_leader: false dest_uuid: "fae7c4757db74b9e97b73bef4e942085" is_pre_election: true
I20260713 09:09:43.926493 22873 raft_consensus.cc:2468] T abd873079a52459492c3c2f380e86a56 P 764467bcbb774f488de64e7ad12b4947 [term 1 FOLLOWER]: Leader election vote request: Granting yes vote for candidate db857c4a0ab64065830e8abb43b36866 in term 1.
I20260713 09:09:43.927485 23039 raft_consensus.cc:2804] T 68ecd0b579bd40dfafd8a937b9d8444d P 764467bcbb774f488de64e7ad12b4947 [term 1 FOLLOWER]: Leader election won for term 1
I20260713 09:09:43.928009 23039 raft_consensus.cc:697] T 68ecd0b579bd40dfafd8a937b9d8444d P 764467bcbb774f488de64e7ad12b4947 [term 1 LEADER]: Becoming Leader. State: Replica: 764467bcbb774f488de64e7ad12b4947, State: Running, Role: LEADER
I20260713 09:09:43.923357 22946 tablet_service.cc:1917] Received RequestConsensusVote() RPC: tablet_id: "68ecd0b579bd40dfafd8a937b9d8444d" candidate_uuid: "764467bcbb774f488de64e7ad12b4947" candidate_term: 1 candidate_status { last_received { term: 0 index: 0 } } ignore_live_leader: false dest_uuid: "db857c4a0ab64065830e8abb43b36866"
I20260713 09:09:43.922740 22987 tablet_bootstrap.cc:492] T 474660ecfbd747e7b2675ad4e32716f6 P 764467bcbb774f488de64e7ad12b4947: No bootstrap required, opened a new log
I20260713 09:09:43.928941 23039 consensus_queue.cc:237] T 68ecd0b579bd40dfafd8a937b9d8444d P 764467bcbb774f488de64e7ad12b4947 [LEADER]: Queue going to LEADER mode. State: All replicated index: 0, Majority replicated index: 0, Committed index: 0, Last appended: 0.0, Last appended by leader: 0, Current term: 1, Majority size: 2, State: 0, Mode: LEADER, active raft config: opid_index: -1 OBSOLETE_local: false peers { permanent_uuid: "fae7c4757db74b9e97b73bef4e942085" member_type: VOTER last_known_addr { host: "127.21.46.193" port: 38167 } } peers { permanent_uuid: "764467bcbb774f488de64e7ad12b4947" member_type: VOTER last_known_addr { host: "127.21.46.194" port: 35243 } } peers { permanent_uuid: "db857c4a0ab64065830e8abb43b36866" member_type: VOTER last_known_addr { host: "127.21.46.195" port: 37825 } }
I20260713 09:09:43.929689 22987 ts_tablet_manager.cc:1403] T 474660ecfbd747e7b2675ad4e32716f6 P 764467bcbb774f488de64e7ad12b4947: Time spent bootstrapping tablet: real 0.155s	user 0.011s	sys 0.015s
I20260713 09:09:43.929879 22873 tablet_service.cc:1917] Received RequestConsensusVote() RPC: tablet_id: "0a9502397ec7472985c78133000c073c" candidate_uuid: "db857c4a0ab64065830e8abb43b36866" candidate_term: 1 candidate_status { last_received { term: 0 index: 0 } } ignore_live_leader: false dest_uuid: "764467bcbb774f488de64e7ad12b4947" is_pre_election: true
I20260713 09:09:43.930155 22872 tablet_service.cc:1917] Received RequestConsensusVote() RPC: tablet_id: "96b36be6528e477687a01adac36bd0a4" candidate_uuid: "db857c4a0ab64065830e8abb43b36866" candidate_term: 1 candidate_status { last_received { term: 0 index: 0 } } ignore_live_leader: false dest_uuid: "764467bcbb774f488de64e7ad12b4947"
I20260713 09:09:43.930691 22872 raft_consensus.cc:3060] T 96b36be6528e477687a01adac36bd0a4 P 764467bcbb774f488de64e7ad12b4947 [term 0 FOLLOWER]: Advancing to term 1
I20260713 09:09:43.930850 22873 raft_consensus.cc:2393] T 0a9502397ec7472985c78133000c073c P 764467bcbb774f488de64e7ad12b4947 [term 1 FOLLOWER]: Leader pre-election vote request: Denying vote to candidate db857c4a0ab64065830e8abb43b36866 in current term 1: Already voted for candidate fae7c4757db74b9e97b73bef4e942085 in this term.
I20260713 09:09:43.924391 22989 tablet_bootstrap.cc:654] T 38d13140c0d64a248a64cc28e325ac2d P db857c4a0ab64065830e8abb43b36866: Neither blocks nor log segments found. Creating new log.
I20260713 09:09:43.924439 22798 tablet_service.cc:1917] Received RequestConsensusVote() RPC: tablet_id: "96b36be6528e477687a01adac36bd0a4" candidate_uuid: "db857c4a0ab64065830e8abb43b36866" candidate_term: 1 candidate_status { last_received { term: 0 index: 0 } } ignore_live_leader: false dest_uuid: "fae7c4757db74b9e97b73bef4e942085"
W20260713 09:09:43.924924 22838 leader_election.cc:343] T 68ecd0b579bd40dfafd8a937b9d8444d P 764467bcbb774f488de64e7ad12b4947 [CANDIDATE]: Term 1 pre-election: Tablet error from VoteRequest() call to peer db857c4a0ab64065830e8abb43b36866 (127.21.46.195:37825): Illegal state: must be running to vote when last-logged opid is not known
I20260713 09:09:43.933041 22798 raft_consensus.cc:3060] T 96b36be6528e477687a01adac36bd0a4 P fae7c4757db74b9e97b73bef4e942085 [term 0 FOLLOWER]: Advancing to term 1
W20260713 09:09:43.935025 22838 leader_election.cc:343] T 660fb3793fd045a4986a361d8a81efa4 P 764467bcbb774f488de64e7ad12b4947 [CANDIDATE]: Term 1 pre-election: Tablet error from VoteRequest() call to peer db857c4a0ab64065830e8abb43b36866 (127.21.46.195:37825): Illegal state: must be running to vote when last-logged opid is not known
I20260713 09:09:43.935581 22838 leader_election.cc:304] T 660fb3793fd045a4986a361d8a81efa4 P 764467bcbb774f488de64e7ad12b4947 [CANDIDATE]: Term 1 pre-election: Election decided. Result: candidate lost. Election summary: received 3 responses out of 3 voters: 1 yes votes; 2 no votes. yes voters: 764467bcbb774f488de64e7ad12b4947; no voters: db857c4a0ab64065830e8abb43b36866, fae7c4757db74b9e97b73bef4e942085
I20260713 09:09:43.937054 22838 leader_election.cc:304] T 34d4509b57344af0a807fbd51717cfc8 P 764467bcbb774f488de64e7ad12b4947 [CANDIDATE]: Term 1 election: Election decided. Result: candidate won. Election summary: received 3 responses out of 3 voters: 2 yes votes; 1 no votes. yes voters: 764467bcbb774f488de64e7ad12b4947, db857c4a0ab64065830e8abb43b36866; no voters: fae7c4757db74b9e97b73bef4e942085
I20260713 09:09:43.937991 22992 raft_consensus.cc:2749] T 660fb3793fd045a4986a361d8a81efa4 P 764467bcbb774f488de64e7ad12b4947 [term 0 FOLLOWER]: Leader pre-election lost for term 1. Reason: could not achieve majority
I20260713 09:09:43.938707 22992 raft_consensus.cc:2804] T 34d4509b57344af0a807fbd51717cfc8 P 764467bcbb774f488de64e7ad12b4947 [term 1 FOLLOWER]: Leader election won for term 1
I20260713 09:09:43.939141 22988 tablet_bootstrap.cc:492] T 53eedada4f1846ab816e2eebc0f89779 P fae7c4757db74b9e97b73bef4e942085: No bootstrap required, opened a new log
I20260713 09:09:43.939615 22988 ts_tablet_manager.cc:1403] T 53eedada4f1846ab816e2eebc0f89779 P fae7c4757db74b9e97b73bef4e942085: Time spent bootstrapping tablet: real 0.047s	user 0.012s	sys 0.000s
I20260713 09:09:43.939152 22992 raft_consensus.cc:697] T 34d4509b57344af0a807fbd51717cfc8 P 764467bcbb774f488de64e7ad12b4947 [term 1 LEADER]: Becoming Leader. State: Replica: 764467bcbb774f488de64e7ad12b4947, State: Running, Role: LEADER
I20260713 09:09:43.941107 22992 consensus_queue.cc:237] T 34d4509b57344af0a807fbd51717cfc8 P 764467bcbb774f488de64e7ad12b4947 [LEADER]: Queue going to LEADER mode. State: All replicated index: 0, Majority replicated index: 0, Committed index: 0, Last appended: 0.0, Last appended by leader: 0, Current term: 1, Majority size: 2, State: 0, Mode: LEADER, active raft config: opid_index: -1 OBSOLETE_local: false peers { permanent_uuid: "fae7c4757db74b9e97b73bef4e942085" member_type: VOTER last_known_addr { host: "127.21.46.193" port: 38167 } } peers { permanent_uuid: "764467bcbb774f488de64e7ad12b4947" member_type: VOTER last_known_addr { host: "127.21.46.194" port: 35243 } } peers { permanent_uuid: "db857c4a0ab64065830e8abb43b36866" member_type: VOTER last_known_addr { host: "127.21.46.195" port: 37825 } }
I20260713 09:09:43.942553 22988 raft_consensus.cc:359] T 53eedada4f1846ab816e2eebc0f89779 P fae7c4757db74b9e97b73bef4e942085 [term 0 FOLLOWER]: Replica starting. Triggering 0 pending ops. Active config: opid_index: -1 OBSOLETE_local: false peers { permanent_uuid: "fae7c4757db74b9e97b73bef4e942085" member_type: VOTER last_known_addr { host: "127.21.46.193" port: 38167 } } peers { permanent_uuid: "764467bcbb774f488de64e7ad12b4947" member_type: VOTER last_known_addr { host: "127.21.46.194" port: 35243 } } peers { permanent_uuid: "db857c4a0ab64065830e8abb43b36866" member_type: VOTER last_known_addr { host: "127.21.46.195" port: 37825 } }
I20260713 09:09:43.943250 22988 raft_consensus.cc:385] T 53eedada4f1846ab816e2eebc0f89779 P fae7c4757db74b9e97b73bef4e942085 [term 0 FOLLOWER]: Consensus starting up: Expiring failure detector timer to make a prompt election more likely
I20260713 09:09:43.943516 22988 raft_consensus.cc:740] T 53eedada4f1846ab816e2eebc0f89779 P fae7c4757db74b9e97b73bef4e942085 [term 0 FOLLOWER]: Becoming Follower/Learner. State: Replica: fae7c4757db74b9e97b73bef4e942085, State: Initialized, Role: FOLLOWER
I20260713 09:09:43.943739 22994 consensus_queue.cc:1048] T f88ee013d4044077bab40dca2eef9c3e P db857c4a0ab64065830e8abb43b36866 [LEADER]: Connected to new peer: Peer: permanent_uuid: "fae7c4757db74b9e97b73bef4e942085" member_type: VOTER last_known_addr { host: "127.21.46.193" port: 38167 }, Status: LMP_MISMATCH, Last received: 0.0, Next index: 1, Last known committed idx: 0, Time since last communication: 0.001s
I20260713 09:09:43.944245 22988 consensus_queue.cc:260] T 53eedada4f1846ab816e2eebc0f89779 P fae7c4757db74b9e97b73bef4e942085 [NON_LEADER]: Queue going to NON_LEADER mode. State: All replicated index: 0, Majority replicated index: 0, Committed index: 0, Last appended: 0.0, Last appended by leader: 0, Current term: 0, Majority size: -1, State: 0, Mode: NON_LEADER, active raft config: opid_index: -1 OBSOLETE_local: false peers { permanent_uuid: "fae7c4757db74b9e97b73bef4e942085" member_type: VOTER last_known_addr { host: "127.21.46.193" port: 38167 } } peers { permanent_uuid: "764467bcbb774f488de64e7ad12b4947" member_type: VOTER last_known_addr { host: "127.21.46.194" port: 35243 } } peers { permanent_uuid: "db857c4a0ab64065830e8abb43b36866" member_type: VOTER last_known_addr { host: "127.21.46.195" port: 37825 } }
I20260713 09:09:43.946707 22988 ts_tablet_manager.cc:1434] T 53eedada4f1846ab816e2eebc0f89779 P fae7c4757db74b9e97b73bef4e942085: Time spent starting tablet: real 0.007s	user 0.008s	sys 0.000s
I20260713 09:09:43.947666 22988 tablet_bootstrap.cc:492] T ceef5ebf43744d55b8a72cb44041dce6 P fae7c4757db74b9e97b73bef4e942085: Bootstrap starting.
I20260713 09:09:43.953351 22987 raft_consensus.cc:359] T 474660ecfbd747e7b2675ad4e32716f6 P 764467bcbb774f488de64e7ad12b4947 [term 0 FOLLOWER]: Replica starting. Triggering 0 pending ops. Active config: opid_index: -1 OBSOLETE_local: false peers { permanent_uuid: "fae7c4757db74b9e97b73bef4e942085" member_type: VOTER last_known_addr { host: "127.21.46.193" port: 38167 } } peers { permanent_uuid: "db857c4a0ab64065830e8abb43b36866" member_type: VOTER last_known_addr { host: "127.21.46.195" port: 37825 } } peers { permanent_uuid: "764467bcbb774f488de64e7ad12b4947" member_type: VOTER last_known_addr { host: "127.21.46.194" port: 35243 } }
I20260713 09:09:43.954066 22987 raft_consensus.cc:385] T 474660ecfbd747e7b2675ad4e32716f6 P 764467bcbb774f488de64e7ad12b4947 [term 0 FOLLOWER]: Consensus starting up: Expiring failure detector timer to make a prompt election more likely
I20260713 09:09:43.954409 22987 raft_consensus.cc:740] T 474660ecfbd747e7b2675ad4e32716f6 P 764467bcbb774f488de64e7ad12b4947 [term 0 FOLLOWER]: Becoming Follower/Learner. State: Replica: 764467bcbb774f488de64e7ad12b4947, State: Initialized, Role: FOLLOWER
I20260713 09:09:43.955108 22987 consensus_queue.cc:260] T 474660ecfbd747e7b2675ad4e32716f6 P 764467bcbb774f488de64e7ad12b4947 [NON_LEADER]: Queue going to NON_LEADER mode. State: All replicated index: 0, Majority replicated index: 0, Committed index: 0, Last appended: 0.0, Last appended by leader: 0, Current term: 0, Majority size: -1, State: 0, Mode: NON_LEADER, active raft config: opid_index: -1 OBSOLETE_local: false peers { permanent_uuid: "fae7c4757db74b9e97b73bef4e942085" member_type: VOTER last_known_addr { host: "127.21.46.193" port: 38167 } } peers { permanent_uuid: "db857c4a0ab64065830e8abb43b36866" member_type: VOTER last_known_addr { host: "127.21.46.195" port: 37825 } } peers { permanent_uuid: "764467bcbb774f488de64e7ad12b4947" member_type: VOTER last_known_addr { host: "127.21.46.194" port: 35243 } }
I20260713 09:09:43.950029 22798 raft_consensus.cc:2468] T 96b36be6528e477687a01adac36bd0a4 P fae7c4757db74b9e97b73bef4e942085 [term 1 FOLLOWER]: Leader election vote request: Granting yes vote for candidate db857c4a0ab64065830e8abb43b36866 in term 1.
W20260713 09:09:43.956180 22913 leader_election.cc:343] T abd873079a52459492c3c2f380e86a56 P db857c4a0ab64065830e8abb43b36866 [CANDIDATE]: Term 1 election: Tablet error from VoteRequest() call to peer fae7c4757db74b9e97b73bef4e942085 (127.21.46.193:38167): Illegal state: must be running to vote when last-logged opid is not known
I20260713 09:09:43.961678 22987 ts_tablet_manager.cc:1434] T 474660ecfbd747e7b2675ad4e32716f6 P 764467bcbb774f488de64e7ad12b4947: Time spent starting tablet: real 0.032s	user 0.008s	sys 0.000s
I20260713 09:09:43.963040 22987 tablet_bootstrap.cc:492] T 76f5a51e11bf4ce4a43fc3f738546068 P 764467bcbb774f488de64e7ad12b4947: Bootstrap starting.
I20260713 09:09:43.957267 22913 leader_election.cc:304] T 96b36be6528e477687a01adac36bd0a4 P db857c4a0ab64065830e8abb43b36866 [CANDIDATE]: Term 1 election: Election decided. Result: candidate won. Election summary: received 2 responses out of 3 voters: 2 yes votes; 0 no votes. yes voters: db857c4a0ab64065830e8abb43b36866, fae7c4757db74b9e97b73bef4e942085; no voters: 
I20260713 09:09:43.972975 22872 raft_consensus.cc:2468] T 96b36be6528e477687a01adac36bd0a4 P 764467bcbb774f488de64e7ad12b4947 [term 1 FOLLOWER]: Leader election vote request: Granting yes vote for candidate db857c4a0ab64065830e8abb43b36866 in term 1.
I20260713 09:09:43.975754 22994 raft_consensus.cc:2804] T 96b36be6528e477687a01adac36bd0a4 P db857c4a0ab64065830e8abb43b36866 [term 1 FOLLOWER]: Leader election won for term 1
I20260713 09:09:43.976507 22994 raft_consensus.cc:697] T 96b36be6528e477687a01adac36bd0a4 P db857c4a0ab64065830e8abb43b36866 [term 1 LEADER]: Becoming Leader. State: Replica: db857c4a0ab64065830e8abb43b36866, State: Running, Role: LEADER
I20260713 09:09:43.977562 22994 consensus_queue.cc:237] T 96b36be6528e477687a01adac36bd0a4 P db857c4a0ab64065830e8abb43b36866 [LEADER]: Queue going to LEADER mode. State: All replicated index: 0, Majority replicated index: 0, Committed index: 0, Last appended: 0.0, Last appended by leader: 0, Current term: 1, Majority size: 2, State: 0, Mode: LEADER, active raft config: opid_index: -1 OBSOLETE_local: false peers { permanent_uuid: "fae7c4757db74b9e97b73bef4e942085" member_type: VOTER last_known_addr { host: "127.21.46.193" port: 38167 } } peers { permanent_uuid: "764467bcbb774f488de64e7ad12b4947" member_type: VOTER last_known_addr { host: "127.21.46.194" port: 35243 } } peers { permanent_uuid: "db857c4a0ab64065830e8abb43b36866" member_type: VOTER last_known_addr { host: "127.21.46.195" port: 37825 } }
I20260713 09:09:43.978768 22694 catalog_manager.cc:5697] T 049551713cc04c3fa31893177077199f P fae7c4757db74b9e97b73bef4e942085 reported cstate change: term changed from 0 to 1, leader changed from <none> to fae7c4757db74b9e97b73bef4e942085 (127.21.46.193). New cstate: current_term: 1 leader_uuid: "fae7c4757db74b9e97b73bef4e942085" committed_config { opid_index: -1 OBSOLETE_local: false peers { permanent_uuid: "fae7c4757db74b9e97b73bef4e942085" member_type: VOTER last_known_addr { host: "127.21.46.193" port: 38167 } health_report { overall_health: HEALTHY } } peers { permanent_uuid: "764467bcbb774f488de64e7ad12b4947" member_type: VOTER last_known_addr { host: "127.21.46.194" port: 35243 } health_report { overall_health: UNKNOWN } } peers { permanent_uuid: "db857c4a0ab64065830e8abb43b36866" member_type: VOTER last_known_addr { host: "127.21.46.195" port: 37825 } health_report { overall_health: UNKNOWN } } }
I20260713 09:09:43.980499 22988 tablet_bootstrap.cc:654] T ceef5ebf43744d55b8a72cb44041dce6 P fae7c4757db74b9e97b73bef4e942085: Neither blocks nor log segments found. Creating new log.
I20260713 09:09:43.975270 22997 consensus_queue.cc:1048] T 914bf36774a3411da4276a85a1e64d9b P fae7c4757db74b9e97b73bef4e942085 [LEADER]: Connected to new peer: Peer: permanent_uuid: "764467bcbb774f488de64e7ad12b4947" member_type: VOTER last_known_addr { host: "127.21.46.194" port: 35243 }, Status: LMP_MISMATCH, Last received: 0.0, Next index: 1, Last known committed idx: 0, Time since last communication: 0.007s
W20260713 09:09:43.986606 22838 leader_election.cc:343] T 68ecd0b579bd40dfafd8a937b9d8444d P 764467bcbb774f488de64e7ad12b4947 [CANDIDATE]: Term 1 election: Tablet error from VoteRequest() call to peer db857c4a0ab64065830e8abb43b36866 (127.21.46.195:37825): Illegal state: must be running to vote when last-logged opid is not known
I20260713 09:09:43.987430 22913 leader_election.cc:304] T abd873079a52459492c3c2f380e86a56 P db857c4a0ab64065830e8abb43b36866 [CANDIDATE]: Term 1 election: Election decided. Result: candidate won. Election summary: received 3 responses out of 3 voters: 2 yes votes; 1 no votes. yes voters: 764467bcbb774f488de64e7ad12b4947, db857c4a0ab64065830e8abb43b36866; no voters: fae7c4757db74b9e97b73bef4e942085
I20260713 09:09:43.988976 22696 catalog_manager.cc:5697] T 68ecd0b579bd40dfafd8a937b9d8444d P 764467bcbb774f488de64e7ad12b4947 reported cstate change: term changed from 0 to 1, leader changed from <none> to 764467bcbb774f488de64e7ad12b4947 (127.21.46.194). New cstate: current_term: 1 leader_uuid: "764467bcbb774f488de64e7ad12b4947" committed_config { opid_index: -1 OBSOLETE_local: false peers { permanent_uuid: "fae7c4757db74b9e97b73bef4e942085" member_type: VOTER last_known_addr { host: "127.21.46.193" port: 38167 } health_report { overall_health: UNKNOWN } } peers { permanent_uuid: "764467bcbb774f488de64e7ad12b4947" member_type: VOTER last_known_addr { host: "127.21.46.194" port: 35243 } health_report { overall_health: HEALTHY } } peers { permanent_uuid: "db857c4a0ab64065830e8abb43b36866" member_type: VOTER last_known_addr { host: "127.21.46.195" port: 37825 } health_report { overall_health: UNKNOWN } } }
I20260713 09:09:44.000625 23058 raft_consensus.cc:2804] T abd873079a52459492c3c2f380e86a56 P db857c4a0ab64065830e8abb43b36866 [term 1 FOLLOWER]: Leader election won for term 1
I20260713 09:09:44.001152 23058 raft_consensus.cc:697] T abd873079a52459492c3c2f380e86a56 P db857c4a0ab64065830e8abb43b36866 [term 1 LEADER]: Becoming Leader. State: Replica: db857c4a0ab64065830e8abb43b36866, State: Running, Role: LEADER
I20260713 09:09:44.002015 23058 consensus_queue.cc:237] T abd873079a52459492c3c2f380e86a56 P db857c4a0ab64065830e8abb43b36866 [LEADER]: Queue going to LEADER mode. State: All replicated index: 0, Majority replicated index: 0, Committed index: 0, Last appended: 0.0, Last appended by leader: 0, Current term: 1, Majority size: 2, State: 0, Mode: LEADER, active raft config: opid_index: -1 OBSOLETE_local: false peers { permanent_uuid: "fae7c4757db74b9e97b73bef4e942085" member_type: VOTER last_known_addr { host: "127.21.46.193" port: 38167 } } peers { permanent_uuid: "764467bcbb774f488de64e7ad12b4947" member_type: VOTER last_known_addr { host: "127.21.46.194" port: 35243 } } peers { permanent_uuid: "db857c4a0ab64065830e8abb43b36866" member_type: VOTER last_known_addr { host: "127.21.46.195" port: 37825 } }
I20260713 09:09:44.005520 22989 tablet_bootstrap.cc:492] T 38d13140c0d64a248a64cc28e325ac2d P db857c4a0ab64065830e8abb43b36866: No bootstrap required, opened a new log
I20260713 09:09:44.005997 22989 ts_tablet_manager.cc:1403] T 38d13140c0d64a248a64cc28e325ac2d P db857c4a0ab64065830e8abb43b36866: Time spent bootstrapping tablet: real 0.091s	user 0.013s	sys 0.009s
I20260713 09:09:44.001148 22987 tablet_bootstrap.cc:654] T 76f5a51e11bf4ce4a43fc3f738546068 P 764467bcbb774f488de64e7ad12b4947: Neither blocks nor log segments found. Creating new log.
I20260713 09:09:44.016716 22989 raft_consensus.cc:359] T 38d13140c0d64a248a64cc28e325ac2d P db857c4a0ab64065830e8abb43b36866 [term 0 FOLLOWER]: Replica starting. Triggering 0 pending ops. Active config: opid_index: -1 OBSOLETE_local: false peers { permanent_uuid: "fae7c4757db74b9e97b73bef4e942085" member_type: VOTER last_known_addr { host: "127.21.46.193" port: 38167 } } peers { permanent_uuid: "764467bcbb774f488de64e7ad12b4947" member_type: VOTER last_known_addr { host: "127.21.46.194" port: 35243 } } peers { permanent_uuid: "db857c4a0ab64065830e8abb43b36866" member_type: VOTER last_known_addr { host: "127.21.46.195" port: 37825 } }
I20260713 09:09:44.017611 22989 raft_consensus.cc:385] T 38d13140c0d64a248a64cc28e325ac2d P db857c4a0ab64065830e8abb43b36866 [term 0 FOLLOWER]: Consensus starting up: Expiring failure detector timer to make a prompt election more likely
I20260713 09:09:44.017966 22989 raft_consensus.cc:740] T 38d13140c0d64a248a64cc28e325ac2d P db857c4a0ab64065830e8abb43b36866 [term 0 FOLLOWER]: Becoming Follower/Learner. State: Replica: db857c4a0ab64065830e8abb43b36866, State: Initialized, Role: FOLLOWER
I20260713 09:09:44.014442 22696 catalog_manager.cc:5697] T 96b36be6528e477687a01adac36bd0a4 P db857c4a0ab64065830e8abb43b36866 reported cstate change: term changed from 0 to 1, leader changed from <none> to db857c4a0ab64065830e8abb43b36866 (127.21.46.195). New cstate: current_term: 1 leader_uuid: "db857c4a0ab64065830e8abb43b36866" committed_config { opid_index: -1 OBSOLETE_local: false peers { permanent_uuid: "fae7c4757db74b9e97b73bef4e942085" member_type: VOTER last_known_addr { host: "127.21.46.193" port: 38167 } health_report { overall_health: UNKNOWN } } peers { permanent_uuid: "764467bcbb774f488de64e7ad12b4947" member_type: VOTER last_known_addr { host: "127.21.46.194" port: 35243 } health_report { overall_health: UNKNOWN } } peers { permanent_uuid: "db857c4a0ab64065830e8abb43b36866" member_type: VOTER last_known_addr { host: "127.21.46.195" port: 37825 } health_report { overall_health: HEALTHY } } }
I20260713 09:09:44.022472 22989 consensus_queue.cc:260] T 38d13140c0d64a248a64cc28e325ac2d P db857c4a0ab64065830e8abb43b36866 [NON_LEADER]: Queue going to NON_LEADER mode. State: All replicated index: 0, Majority replicated index: 0, Committed index: 0, Last appended: 0.0, Last appended by leader: 0, Current term: 0, Majority size: -1, State: 0, Mode: NON_LEADER, active raft config: opid_index: -1 OBSOLETE_local: false peers { permanent_uuid: "fae7c4757db74b9e97b73bef4e942085" member_type: VOTER last_known_addr { host: "127.21.46.193" port: 38167 } } peers { permanent_uuid: "764467bcbb774f488de64e7ad12b4947" member_type: VOTER last_known_addr { host: "127.21.46.194" port: 35243 } } peers { permanent_uuid: "db857c4a0ab64065830e8abb43b36866" member_type: VOTER last_known_addr { host: "127.21.46.195" port: 37825 } }
I20260713 09:09:44.026253 22989 ts_tablet_manager.cc:1434] T 38d13140c0d64a248a64cc28e325ac2d P db857c4a0ab64065830e8abb43b36866: Time spent starting tablet: real 0.020s	user 0.003s	sys 0.004s
I20260713 09:09:44.027536 22989 tablet_bootstrap.cc:492] T 660fb3793fd045a4986a361d8a81efa4 P db857c4a0ab64065830e8abb43b36866: Bootstrap starting.
I20260713 09:09:44.021693 22913 leader_election.cc:304] T 0a9502397ec7472985c78133000c073c P db857c4a0ab64065830e8abb43b36866 [CANDIDATE]: Term 1 pre-election: Election decided. Result: candidate lost. Election summary: received 3 responses out of 3 voters: 1 yes votes; 2 no votes. yes voters: db857c4a0ab64065830e8abb43b36866; no voters: 764467bcbb774f488de64e7ad12b4947, fae7c4757db74b9e97b73bef4e942085
I20260713 09:09:44.036309 22997 consensus_queue.cc:1048] T 914bf36774a3411da4276a85a1e64d9b P fae7c4757db74b9e97b73bef4e942085 [LEADER]: Connected to new peer: Peer: permanent_uuid: "db857c4a0ab64065830e8abb43b36866" member_type: VOTER last_known_addr { host: "127.21.46.195" port: 37825 }, Status: LMP_MISMATCH, Last received: 0.0, Next index: 1, Last known committed idx: 0, Time since last communication: 0.000s
I20260713 09:09:44.036557 22994 raft_consensus.cc:3060] T 0a9502397ec7472985c78133000c073c P db857c4a0ab64065830e8abb43b36866 [term 0 FOLLOWER]: Advancing to term 1
I20260713 09:09:44.038486 23039 raft_consensus.cc:493] T 53eedada4f1846ab816e2eebc0f89779 P 764467bcbb774f488de64e7ad12b4947 [term 0 FOLLOWER]: Starting pre-election (no leader contacted us within the election timeout)
I20260713 09:09:44.038942 23039 raft_consensus.cc:515] T 53eedada4f1846ab816e2eebc0f89779 P 764467bcbb774f488de64e7ad12b4947 [term 0 FOLLOWER]: Starting pre-election with config: opid_index: -1 OBSOLETE_local: false peers { permanent_uuid: "fae7c4757db74b9e97b73bef4e942085" member_type: VOTER last_known_addr { host: "127.21.46.193" port: 38167 } } peers { permanent_uuid: "764467bcbb774f488de64e7ad12b4947" member_type: VOTER last_known_addr { host: "127.21.46.194" port: 35243 } } peers { permanent_uuid: "db857c4a0ab64065830e8abb43b36866" member_type: VOTER last_known_addr { host: "127.21.46.195" port: 37825 } }
I20260713 09:09:44.038511 23059 consensus_queue.cc:1048] T e1249c90f0e34364a6b11c851b84cb41 P db857c4a0ab64065830e8abb43b36866 [LEADER]: Connected to new peer: Peer: permanent_uuid: "764467bcbb774f488de64e7ad12b4947" member_type: VOTER last_known_addr { host: "127.21.46.194" port: 35243 }, Status: LMP_MISMATCH, Last received: 0.0, Next index: 1, Last known committed idx: 0, Time since last communication: 0.003s
I20260713 09:09:44.053051 22988 tablet_bootstrap.cc:492] T ceef5ebf43744d55b8a72cb44041dce6 P fae7c4757db74b9e97b73bef4e942085: No bootstrap required, opened a new log
I20260713 09:09:44.054073 22989 tablet_bootstrap.cc:654] T 660fb3793fd045a4986a361d8a81efa4 P db857c4a0ab64065830e8abb43b36866: Neither blocks nor log segments found. Creating new log.
I20260713 09:09:44.054487 22988 ts_tablet_manager.cc:1403] T ceef5ebf43744d55b8a72cb44041dce6 P fae7c4757db74b9e97b73bef4e942085: Time spent bootstrapping tablet: real 0.107s	user 0.009s	sys 0.010s
I20260713 09:09:44.055984 23039 leader_election.cc:290] T 53eedada4f1846ab816e2eebc0f89779 P 764467bcbb774f488de64e7ad12b4947 [CANDIDATE]: Term 1 pre-election: Requested pre-vote from peers fae7c4757db74b9e97b73bef4e942085 (127.21.46.193:38167), db857c4a0ab64065830e8abb43b36866 (127.21.46.195:37825)
I20260713 09:09:44.055936 23058 consensus_queue.cc:1048] T f88ee013d4044077bab40dca2eef9c3e P db857c4a0ab64065830e8abb43b36866 [LEADER]: Connected to new peer: Peer: permanent_uuid: "764467bcbb774f488de64e7ad12b4947" member_type: VOTER last_known_addr { host: "127.21.46.194" port: 35243 }, Status: LMP_MISMATCH, Last received: 0.0, Next index: 1, Last known committed idx: 0, Time since last communication: 0.001s
I20260713 09:09:44.042198 22694 catalog_manager.cc:5697] T 34d4509b57344af0a807fbd51717cfc8 P 764467bcbb774f488de64e7ad12b4947 reported cstate change: term changed from 0 to 1, leader changed from <none> to 764467bcbb774f488de64e7ad12b4947 (127.21.46.194). New cstate: current_term: 1 leader_uuid: "764467bcbb774f488de64e7ad12b4947" committed_config { opid_index: -1 OBSOLETE_local: false peers { permanent_uuid: "fae7c4757db74b9e97b73bef4e942085" member_type: VOTER last_known_addr { host: "127.21.46.193" port: 38167 } health_report { overall_health: UNKNOWN } } peers { permanent_uuid: "764467bcbb774f488de64e7ad12b4947" member_type: VOTER last_known_addr { host: "127.21.46.194" port: 35243 } health_report { overall_health: HEALTHY } } peers { permanent_uuid: "db857c4a0ab64065830e8abb43b36866" member_type: VOTER last_known_addr { host: "127.21.46.195" port: 37825 } health_report { overall_health: UNKNOWN } } }
I20260713 09:09:44.058701 22946 tablet_service.cc:1917] Received RequestConsensusVote() RPC: tablet_id: "53eedada4f1846ab816e2eebc0f89779" candidate_uuid: "764467bcbb774f488de64e7ad12b4947" candidate_term: 1 candidate_status { last_received { term: 0 index: 0 } } ignore_live_leader: false dest_uuid: "db857c4a0ab64065830e8abb43b36866" is_pre_election: true
I20260713 09:09:44.065685 23039 consensus_queue.cc:1048] T aa9840d8dc8243c1976257a55a6a5a94 P 764467bcbb774f488de64e7ad12b4947 [LEADER]: Connected to new peer: Peer: permanent_uuid: "fae7c4757db74b9e97b73bef4e942085" member_type: VOTER last_known_addr { host: "127.21.46.193" port: 38167 }, Status: LMP_MISMATCH, Last received: 0.0, Next index: 1, Last known committed idx: 0, Time since last communication: 0.000s
I20260713 09:09:44.066061 22946 raft_consensus.cc:2468] T 53eedada4f1846ab816e2eebc0f89779 P db857c4a0ab64065830e8abb43b36866 [term 0 FOLLOWER]: Leader pre-election vote request: Granting yes vote for candidate 764467bcbb774f488de64e7ad12b4947 in term 0.
I20260713 09:09:44.069993 22797 tablet_service.cc:1917] Received RequestConsensusVote() RPC: tablet_id: "53eedada4f1846ab816e2eebc0f89779" candidate_uuid: "764467bcbb774f488de64e7ad12b4947" candidate_term: 1 candidate_status { last_received { term: 0 index: 0 } } ignore_live_leader: false dest_uuid: "fae7c4757db74b9e97b73bef4e942085" is_pre_election: true
I20260713 09:09:44.071369 22797 raft_consensus.cc:2468] T 53eedada4f1846ab816e2eebc0f89779 P fae7c4757db74b9e97b73bef4e942085 [term 0 FOLLOWER]: Leader pre-election vote request: Granting yes vote for candidate 764467bcbb774f488de64e7ad12b4947 in term 0.
I20260713 09:09:44.059255 22997 raft_consensus.cc:493] T 76f5a51e11bf4ce4a43fc3f738546068 P fae7c4757db74b9e97b73bef4e942085 [term 0 FOLLOWER]: Starting pre-election (no leader contacted us within the election timeout)
I20260713 09:09:44.074673 22997 raft_consensus.cc:515] T 76f5a51e11bf4ce4a43fc3f738546068 P fae7c4757db74b9e97b73bef4e942085 [term 0 FOLLOWER]: Starting pre-election with config: opid_index: -1 OBSOLETE_local: false peers { permanent_uuid: "fae7c4757db74b9e97b73bef4e942085" member_type: VOTER last_known_addr { host: "127.21.46.193" port: 38167 } } peers { permanent_uuid: "764467bcbb774f488de64e7ad12b4947" member_type: VOTER last_known_addr { host: "127.21.46.194" port: 35243 } } peers { permanent_uuid: "db857c4a0ab64065830e8abb43b36866" member_type: VOTER last_known_addr { host: "127.21.46.195" port: 37825 } }
I20260713 09:09:44.076499 23059 consensus_queue.cc:1048] T e1249c90f0e34364a6b11c851b84cb41 P db857c4a0ab64065830e8abb43b36866 [LEADER]: Connected to new peer: Peer: permanent_uuid: "fae7c4757db74b9e97b73bef4e942085" member_type: VOTER last_known_addr { host: "127.21.46.193" port: 38167 }, Status: LMP_MISMATCH, Last received: 0.0, Next index: 1, Last known committed idx: 0, Time since last communication: 0.000s
I20260713 09:09:44.086664 22988 raft_consensus.cc:359] T ceef5ebf43744d55b8a72cb44041dce6 P fae7c4757db74b9e97b73bef4e942085 [term 0 FOLLOWER]: Replica starting. Triggering 0 pending ops. Active config: opid_index: -1 OBSOLETE_local: false peers { permanent_uuid: "fae7c4757db74b9e97b73bef4e942085" member_type: VOTER last_known_addr { host: "127.21.46.193" port: 38167 } } peers { permanent_uuid: "764467bcbb774f488de64e7ad12b4947" member_type: VOTER last_known_addr { host: "127.21.46.194" port: 35243 } } peers { permanent_uuid: "db857c4a0ab64065830e8abb43b36866" member_type: VOTER last_known_addr { host: "127.21.46.195" port: 37825 } }
I20260713 09:09:44.089020 22988 raft_consensus.cc:385] T ceef5ebf43744d55b8a72cb44041dce6 P fae7c4757db74b9e97b73bef4e942085 [term 0 FOLLOWER]: Consensus starting up: Expiring failure detector timer to make a prompt election more likely
I20260713 09:09:44.089551 22988 raft_consensus.cc:740] T ceef5ebf43744d55b8a72cb44041dce6 P fae7c4757db74b9e97b73bef4e942085 [term 0 FOLLOWER]: Becoming Follower/Learner. State: Replica: fae7c4757db74b9e97b73bef4e942085, State: Initialized, Role: FOLLOWER
I20260713 09:09:44.090462 22988 consensus_queue.cc:260] T ceef5ebf43744d55b8a72cb44041dce6 P fae7c4757db74b9e97b73bef4e942085 [NON_LEADER]: Queue going to NON_LEADER mode. State: All replicated index: 0, Majority replicated index: 0, Committed index: 0, Last appended: 0.0, Last appended by leader: 0, Current term: 0, Majority size: -1, State: 0, Mode: NON_LEADER, active raft config: opid_index: -1 OBSOLETE_local: false peers { permanent_uuid: "fae7c4757db74b9e97b73bef4e942085" member_type: VOTER last_known_addr { host: "127.21.46.193" port: 38167 } } peers { permanent_uuid: "764467bcbb774f488de64e7ad12b4947" member_type: VOTER last_known_addr { host: "127.21.46.194" port: 35243 } } peers { permanent_uuid: "db857c4a0ab64065830e8abb43b36866" member_type: VOTER last_known_addr { host: "127.21.46.195" port: 37825 } }
I20260713 09:09:44.093742 22988 ts_tablet_manager.cc:1434] T ceef5ebf43744d55b8a72cb44041dce6 P fae7c4757db74b9e97b73bef4e942085: Time spent starting tablet: real 0.039s	user 0.008s	sys 0.000s
I20260713 09:09:44.095000 22988 tablet_bootstrap.cc:492] T abd873079a52459492c3c2f380e86a56 P fae7c4757db74b9e97b73bef4e942085: Bootstrap starting.
I20260713 09:09:44.083488 22839 leader_election.cc:304] T 53eedada4f1846ab816e2eebc0f89779 P 764467bcbb774f488de64e7ad12b4947 [CANDIDATE]: Term 1 pre-election: Election decided. Result: candidate won. Election summary: received 2 responses out of 3 voters: 2 yes votes; 0 no votes. yes voters: 764467bcbb774f488de64e7ad12b4947, fae7c4757db74b9e97b73bef4e942085; no voters: 
I20260713 09:09:44.100885 22987 tablet_bootstrap.cc:492] T 76f5a51e11bf4ce4a43fc3f738546068 P 764467bcbb774f488de64e7ad12b4947: No bootstrap required, opened a new log
I20260713 09:09:44.101476 22987 ts_tablet_manager.cc:1403] T 76f5a51e11bf4ce4a43fc3f738546068 P 764467bcbb774f488de64e7ad12b4947: Time spent bootstrapping tablet: real 0.139s	user 0.017s	sys 0.002s
I20260713 09:09:44.103895 22870 raft_consensus.cc:3060] T 474660ecfbd747e7b2675ad4e32716f6 P 764467bcbb774f488de64e7ad12b4947 [term 0 FOLLOWER]: Advancing to term 1
I20260713 09:09:44.109583 22946 tablet_service.cc:1917] Received RequestConsensusVote() RPC: tablet_id: "76f5a51e11bf4ce4a43fc3f738546068" candidate_uuid: "fae7c4757db74b9e97b73bef4e942085" candidate_term: 1 candidate_status { last_received { term: 0 index: 0 } } ignore_live_leader: false dest_uuid: "db857c4a0ab64065830e8abb43b36866" is_pre_election: true
I20260713 09:09:44.110239 22946 raft_consensus.cc:2468] T 76f5a51e11bf4ce4a43fc3f738546068 P db857c4a0ab64065830e8abb43b36866 [term 0 FOLLOWER]: Leader pre-election vote request: Granting yes vote for candidate fae7c4757db74b9e97b73bef4e942085 in term 0.
I20260713 09:09:44.111702 22871 tablet_service.cc:1917] Received RequestConsensusVote() RPC: tablet_id: "76f5a51e11bf4ce4a43fc3f738546068" candidate_uuid: "fae7c4757db74b9e97b73bef4e942085" candidate_term: 1 candidate_status { last_received { term: 0 index: 0 } } ignore_live_leader: false dest_uuid: "764467bcbb774f488de64e7ad12b4947" is_pre_election: true
I20260713 09:09:44.113158 22763 leader_election.cc:304] T 76f5a51e11bf4ce4a43fc3f738546068 P fae7c4757db74b9e97b73bef4e942085 [CANDIDATE]: Term 1 pre-election: Election decided. Result: candidate won. Election summary: received 2 responses out of 3 voters: 2 yes votes; 0 no votes. yes voters: db857c4a0ab64065830e8abb43b36866, fae7c4757db74b9e97b73bef4e942085; no voters: 
I20260713 09:09:44.117213 23033 consensus_queue.cc:1048] T aa9840d8dc8243c1976257a55a6a5a94 P 764467bcbb774f488de64e7ad12b4947 [LEADER]: Connected to new peer: Peer: permanent_uuid: "db857c4a0ab64065830e8abb43b36866" member_type: VOTER last_known_addr { host: "127.21.46.195" port: 37825 }, Status: LMP_MISMATCH, Last received: 0.0, Next index: 1, Last known committed idx: 0, Time since last communication: 0.000s
I20260713 09:09:44.102171 22997 leader_election.cc:290] T 76f5a51e11bf4ce4a43fc3f738546068 P fae7c4757db74b9e97b73bef4e942085 [CANDIDATE]: Term 1 pre-election: Requested pre-vote from peers 764467bcbb774f488de64e7ad12b4947 (127.21.46.194:35243), db857c4a0ab64065830e8abb43b36866 (127.21.46.195:37825)
I20260713 09:09:44.105269 22992 raft_consensus.cc:2804] T 53eedada4f1846ab816e2eebc0f89779 P 764467bcbb774f488de64e7ad12b4947 [term 0 FOLLOWER]: Leader pre-election won for term 1
I20260713 09:09:44.132637 22987 raft_consensus.cc:359] T 76f5a51e11bf4ce4a43fc3f738546068 P 764467bcbb774f488de64e7ad12b4947 [term 0 FOLLOWER]: Replica starting. Triggering 0 pending ops. Active config: opid_index: -1 OBSOLETE_local: false peers { permanent_uuid: "fae7c4757db74b9e97b73bef4e942085" member_type: VOTER last_known_addr { host: "127.21.46.193" port: 38167 } } peers { permanent_uuid: "764467bcbb774f488de64e7ad12b4947" member_type: VOTER last_known_addr { host: "127.21.46.194" port: 35243 } } peers { permanent_uuid: "db857c4a0ab64065830e8abb43b36866" member_type: VOTER last_known_addr { host: "127.21.46.195" port: 37825 } }
I20260713 09:09:44.133951 22987 raft_consensus.cc:385] T 76f5a51e11bf4ce4a43fc3f738546068 P 764467bcbb774f488de64e7ad12b4947 [term 0 FOLLOWER]: Consensus starting up: Expiring failure detector timer to make a prompt election more likely
I20260713 09:09:44.134505 22987 raft_consensus.cc:740] T 76f5a51e11bf4ce4a43fc3f738546068 P 764467bcbb774f488de64e7ad12b4947 [term 0 FOLLOWER]: Becoming Follower/Learner. State: Replica: 764467bcbb774f488de64e7ad12b4947, State: Initialized, Role: FOLLOWER
I20260713 09:09:44.127732 22992 raft_consensus.cc:493] T 53eedada4f1846ab816e2eebc0f89779 P 764467bcbb774f488de64e7ad12b4947 [term 0 FOLLOWER]: Starting leader election (no leader contacted us within the election timeout)
I20260713 09:09:44.138849 22987 consensus_queue.cc:260] T 76f5a51e11bf4ce4a43fc3f738546068 P 764467bcbb774f488de64e7ad12b4947 [NON_LEADER]: Queue going to NON_LEADER mode. State: All replicated index: 0, Majority replicated index: 0, Committed index: 0, Last appended: 0.0, Last appended by leader: 0, Current term: 0, Majority size: -1, State: 0, Mode: NON_LEADER, active raft config: opid_index: -1 OBSOLETE_local: false peers { permanent_uuid: "fae7c4757db74b9e97b73bef4e942085" member_type: VOTER last_known_addr { host: "127.21.46.193" port: 38167 } } peers { permanent_uuid: "764467bcbb774f488de64e7ad12b4947" member_type: VOTER last_known_addr { host: "127.21.46.194" port: 35243 } } peers { permanent_uuid: "db857c4a0ab64065830e8abb43b36866" member_type: VOTER last_known_addr { host: "127.21.46.195" port: 37825 } }
I20260713 09:09:44.143534 22987 ts_tablet_manager.cc:1434] T 76f5a51e11bf4ce4a43fc3f738546068 P 764467bcbb774f488de64e7ad12b4947: Time spent starting tablet: real 0.042s	user 0.007s	sys 0.002s
I20260713 09:09:44.141927 22992 raft_consensus.cc:3060] T 53eedada4f1846ab816e2eebc0f89779 P 764467bcbb774f488de64e7ad12b4947 [term 0 FOLLOWER]: Advancing to term 1
I20260713 09:09:44.139961 23078 raft_consensus.cc:2804] T 76f5a51e11bf4ce4a43fc3f738546068 P fae7c4757db74b9e97b73bef4e942085 [term 0 FOLLOWER]: Leader pre-election won for term 1
I20260713 09:09:44.165053 22696 catalog_manager.cc:5697] T abd873079a52459492c3c2f380e86a56 P db857c4a0ab64065830e8abb43b36866 reported cstate change: term changed from 0 to 1, leader changed from <none> to db857c4a0ab64065830e8abb43b36866 (127.21.46.195). New cstate: current_term: 1 leader_uuid: "db857c4a0ab64065830e8abb43b36866" committed_config { opid_index: -1 OBSOLETE_local: false peers { permanent_uuid: "fae7c4757db74b9e97b73bef4e942085" member_type: VOTER last_known_addr { host: "127.21.46.193" port: 38167 } health_report { overall_health: UNKNOWN } } peers { permanent_uuid: "764467bcbb774f488de64e7ad12b4947" member_type: VOTER last_known_addr { host: "127.21.46.194" port: 35243 } health_report { overall_health: UNKNOWN } } peers { permanent_uuid: "db857c4a0ab64065830e8abb43b36866" member_type: VOTER last_known_addr { host: "127.21.46.195" port: 37825 } health_report { overall_health: HEALTHY } } }
I20260713 09:09:44.150947 23078 raft_consensus.cc:493] T 76f5a51e11bf4ce4a43fc3f738546068 P fae7c4757db74b9e97b73bef4e942085 [term 0 FOLLOWER]: Starting leader election (no leader contacted us within the election timeout)
I20260713 09:09:44.169809 23078 raft_consensus.cc:3060] T 76f5a51e11bf4ce4a43fc3f738546068 P fae7c4757db74b9e97b73bef4e942085 [term 0 FOLLOWER]: Advancing to term 1
I20260713 09:09:44.175637 22871 raft_consensus.cc:2468] T 76f5a51e11bf4ce4a43fc3f738546068 P 764467bcbb774f488de64e7ad12b4947 [term 0 FOLLOWER]: Leader pre-election vote request: Granting yes vote for candidate fae7c4757db74b9e97b73bef4e942085 in term 0.
I20260713 09:09:44.179610 22994 raft_consensus.cc:2749] T 0a9502397ec7472985c78133000c073c P db857c4a0ab64065830e8abb43b36866 [term 1 FOLLOWER]: Leader pre-election lost for term 1. Reason: could not achieve majority
I20260713 09:09:44.186064 22992 raft_consensus.cc:515] T 53eedada4f1846ab816e2eebc0f89779 P 764467bcbb774f488de64e7ad12b4947 [term 1 FOLLOWER]: Starting leader election with config: opid_index: -1 OBSOLETE_local: false peers { permanent_uuid: "fae7c4757db74b9e97b73bef4e942085" member_type: VOTER last_known_addr { host: "127.21.46.193" port: 38167 } } peers { permanent_uuid: "764467bcbb774f488de64e7ad12b4947" member_type: VOTER last_known_addr { host: "127.21.46.194" port: 35243 } } peers { permanent_uuid: "db857c4a0ab64065830e8abb43b36866" member_type: VOTER last_known_addr { host: "127.21.46.195" port: 37825 } }
I20260713 09:09:44.189204 22992 leader_election.cc:290] T 53eedada4f1846ab816e2eebc0f89779 P 764467bcbb774f488de64e7ad12b4947 [CANDIDATE]: Term 1 election: Requested vote from peers fae7c4757db74b9e97b73bef4e942085 (127.21.46.193:38167), db857c4a0ab64065830e8abb43b36866 (127.21.46.195:37825)
I20260713 09:09:44.189410 22797 tablet_service.cc:1917] Received RequestConsensusVote() RPC: tablet_id: "53eedada4f1846ab816e2eebc0f89779" candidate_uuid: "764467bcbb774f488de64e7ad12b4947" candidate_term: 1 candidate_status { last_received { term: 0 index: 0 } } ignore_live_leader: false dest_uuid: "fae7c4757db74b9e97b73bef4e942085"
I20260713 09:09:44.186105 23063 consensus_queue.cc:1048] T 0a9502397ec7472985c78133000c073c P fae7c4757db74b9e97b73bef4e942085 [LEADER]: Connected to new peer: Peer: permanent_uuid: "764467bcbb774f488de64e7ad12b4947" member_type: VOTER last_known_addr { host: "127.21.46.194" port: 35243 }, Status: LMP_MISMATCH, Last received: 0.0, Next index: 1, Last known committed idx: 0, Time since last communication: 0.005s
I20260713 09:09:44.190088 22797 raft_consensus.cc:3060] T 53eedada4f1846ab816e2eebc0f89779 P fae7c4757db74b9e97b73bef4e942085 [term 0 FOLLOWER]: Advancing to term 1
I20260713 09:09:44.197054 22987 tablet_bootstrap.cc:492] T ceef5ebf43744d55b8a72cb44041dce6 P 764467bcbb774f488de64e7ad12b4947: Bootstrap starting.
I20260713 09:09:44.196981 22946 tablet_service.cc:1917] Received RequestConsensusVote() RPC: tablet_id: "53eedada4f1846ab816e2eebc0f89779" candidate_uuid: "764467bcbb774f488de64e7ad12b4947" candidate_term: 1 candidate_status { last_received { term: 0 index: 0 } } ignore_live_leader: false dest_uuid: "db857c4a0ab64065830e8abb43b36866"
I20260713 09:09:44.200955 22946 raft_consensus.cc:3060] T 53eedada4f1846ab816e2eebc0f89779 P db857c4a0ab64065830e8abb43b36866 [term 0 FOLLOWER]: Advancing to term 1
I20260713 09:09:44.201370 23078 raft_consensus.cc:515] T 76f5a51e11bf4ce4a43fc3f738546068 P fae7c4757db74b9e97b73bef4e942085 [term 1 FOLLOWER]: Starting leader election with config: opid_index: -1 OBSOLETE_local: false peers { permanent_uuid: "fae7c4757db74b9e97b73bef4e942085" member_type: VOTER last_known_addr { host: "127.21.46.193" port: 38167 } } peers { permanent_uuid: "764467bcbb774f488de64e7ad12b4947" member_type: VOTER last_known_addr { host: "127.21.46.194" port: 35243 } } peers { permanent_uuid: "db857c4a0ab64065830e8abb43b36866" member_type: VOTER last_known_addr { host: "127.21.46.195" port: 37825 } }
I20260713 09:09:44.204322 22869 tablet_service.cc:1917] Received RequestConsensusVote() RPC: tablet_id: "76f5a51e11bf4ce4a43fc3f738546068" candidate_uuid: "fae7c4757db74b9e97b73bef4e942085" candidate_term: 1 candidate_status { last_received { term: 0 index: 0 } } ignore_live_leader: false dest_uuid: "764467bcbb774f488de64e7ad12b4947"
I20260713 09:09:44.204869 22869 raft_consensus.cc:3060] T 76f5a51e11bf4ce4a43fc3f738546068 P 764467bcbb774f488de64e7ad12b4947 [term 0 FOLLOWER]: Advancing to term 1
I20260713 09:09:44.207044 22988 tablet_bootstrap.cc:654] T abd873079a52459492c3c2f380e86a56 P fae7c4757db74b9e97b73bef4e942085: Neither blocks nor log segments found. Creating new log.
I20260713 09:09:44.215634 22797 raft_consensus.cc:2468] T 53eedada4f1846ab816e2eebc0f89779 P fae7c4757db74b9e97b73bef4e942085 [term 1 FOLLOWER]: Leader election vote request: Granting yes vote for candidate 764467bcbb774f488de64e7ad12b4947 in term 1.
