I20260713 09:09:43.812942 28145 catalog_manager.cc:5697] T d4308b35b2bf444f927fed554fa0caec P 3787e5183dfa4f26af0cc7b63e024399 reported cstate change: term changed from 0 to 1, leader changed from <none> to 3787e5183dfa4f26af0cc7b63e024399 (127.26.120.2). New cstate: current_term: 1 leader_uuid: "3787e5183dfa4f26af0cc7b63e024399" committed_config { opid_index: -1 OBSOLETE_local: false peers { permanent_uuid: "0d619e45d76448efa554f4999868a899" member_type: VOTER last_known_addr { host: "127.26.120.1" port: 33981 } health_report { overall_health: UNKNOWN } } peers { permanent_uuid: "3787e5183dfa4f26af0cc7b63e024399" member_type: VOTER last_known_addr { host: "127.26.120.2" port: 36015 } health_report { overall_health: HEALTHY } } peers { permanent_uuid: "1a23c7f9a35749d0bd19d63b05fa86b9" member_type: VOTER last_known_addr { host: "127.26.120.3" port: 39105 } health_report { overall_health: UNKNOWN } } }
I20260713 09:09:43.826051 28442 raft_consensus.cc:493] T ec6644bff8154ef8b87be9ced31e12d2 P 3787e5183dfa4f26af0cc7b63e024399 [term 0 FOLLOWER]: Starting pre-election (no leader contacted us within the election timeout)
I20260713 09:09:43.826485 28442 raft_consensus.cc:515] T ec6644bff8154ef8b87be9ced31e12d2 P 3787e5183dfa4f26af0cc7b63e024399 [term 0 FOLLOWER]: Starting pre-election with config: opid_index: -1 OBSOLETE_local: false peers { permanent_uuid: "0d619e45d76448efa554f4999868a899" member_type: VOTER last_known_addr { host: "127.26.120.1" port: 33981 } } peers { permanent_uuid: "3787e5183dfa4f26af0cc7b63e024399" member_type: VOTER last_known_addr { host: "127.26.120.2" port: 36015 } } peers { permanent_uuid: "1a23c7f9a35749d0bd19d63b05fa86b9" member_type: VOTER last_known_addr { host: "127.26.120.3" port: 39105 } }
I20260713 09:09:43.827950 28442 leader_election.cc:290] T ec6644bff8154ef8b87be9ced31e12d2 P 3787e5183dfa4f26af0cc7b63e024399 [CANDIDATE]: Term 1 pre-election: Requested pre-vote from peers 0d619e45d76448efa554f4999868a899 (127.26.120.1:33981), 1a23c7f9a35749d0bd19d63b05fa86b9 (127.26.120.3:39105)
I20260713 09:09:43.828619 28251 tablet_service.cc:1917] Received RequestConsensusVote() RPC: tablet_id: "ec6644bff8154ef8b87be9ced31e12d2" candidate_uuid: "3787e5183dfa4f26af0cc7b63e024399" candidate_term: 1 candidate_status { last_received { term: 0 index: 0 } } ignore_live_leader: false dest_uuid: "0d619e45d76448efa554f4999868a899" is_pre_election: true
I20260713 09:09:43.828800 28397 tablet_service.cc:1917] Received RequestConsensusVote() RPC: tablet_id: "ec6644bff8154ef8b87be9ced31e12d2" candidate_uuid: "3787e5183dfa4f26af0cc7b63e024399" candidate_term: 1 candidate_status { last_received { term: 0 index: 0 } } ignore_live_leader: false dest_uuid: "1a23c7f9a35749d0bd19d63b05fa86b9" is_pre_election: true
I20260713 09:09:43.829931 28291 leader_election.cc:304] T ec6644bff8154ef8b87be9ced31e12d2 P 3787e5183dfa4f26af0cc7b63e024399 [CANDIDATE]: Term 1 pre-election: Election decided. Result: candidate lost. Election summary: received 3 responses out of 3 voters: 1 yes votes; 2 no votes. yes voters: 3787e5183dfa4f26af0cc7b63e024399; no voters: 0d619e45d76448efa554f4999868a899, 1a23c7f9a35749d0bd19d63b05fa86b9
I20260713 09:09:43.830638 28442 raft_consensus.cc:2749] T ec6644bff8154ef8b87be9ced31e12d2 P 3787e5183dfa4f26af0cc7b63e024399 [term 0 FOLLOWER]: Leader pre-election lost for term 1. Reason: could not achieve majority
I20260713 09:09:43.833638 28324 raft_consensus.cc:3060] T ec6644bff8154ef8b87be9ced31e12d2 P 3787e5183dfa4f26af0cc7b63e024399 [term 0 FOLLOWER]: Advancing to term 1
I20260713 09:09:43.853852 28451 raft_consensus.cc:493] T 1139fd5ba52141b8adb116b3b1078141 P 1a23c7f9a35749d0bd19d63b05fa86b9 [term 1 FOLLOWER]: Starting pre-election (no leader contacted us within the election timeout)
I20260713 09:09:43.854207 28451 raft_consensus.cc:515] T 1139fd5ba52141b8adb116b3b1078141 P 1a23c7f9a35749d0bd19d63b05fa86b9 [term 1 FOLLOWER]: Starting pre-election with config: opid_index: -1 OBSOLETE_local: false peers { permanent_uuid: "0d619e45d76448efa554f4999868a899" member_type: VOTER last_known_addr { host: "127.26.120.1" port: 33981 } } peers { permanent_uuid: "3787e5183dfa4f26af0cc7b63e024399" member_type: VOTER last_known_addr { host: "127.26.120.2" port: 36015 } } peers { permanent_uuid: "1a23c7f9a35749d0bd19d63b05fa86b9" member_type: VOTER last_known_addr { host: "127.26.120.3" port: 39105 } }
I20260713 09:09:43.855753 28451 leader_election.cc:290] T 1139fd5ba52141b8adb116b3b1078141 P 1a23c7f9a35749d0bd19d63b05fa86b9 [CANDIDATE]: Term 2 pre-election: Requested pre-vote from peers 0d619e45d76448efa554f4999868a899 (127.26.120.1:33981), 3787e5183dfa4f26af0cc7b63e024399 (127.26.120.2:36015)
I20260713 09:09:43.856282 28251 tablet_service.cc:1917] Received RequestConsensusVote() RPC: tablet_id: "1139fd5ba52141b8adb116b3b1078141" candidate_uuid: "1a23c7f9a35749d0bd19d63b05fa86b9" candidate_term: 2 candidate_status { last_received { term: 0 index: 0 } } ignore_live_leader: false dest_uuid: "0d619e45d76448efa554f4999868a899" is_pre_election: true
I20260713 09:09:43.856527 28324 tablet_service.cc:1917] Received RequestConsensusVote() RPC: tablet_id: "1139fd5ba52141b8adb116b3b1078141" candidate_uuid: "1a23c7f9a35749d0bd19d63b05fa86b9" candidate_term: 2 candidate_status { last_received { term: 0 index: 0 } } ignore_live_leader: false dest_uuid: "3787e5183dfa4f26af0cc7b63e024399" is_pre_election: true
I20260713 09:09:43.856797 28251 raft_consensus.cc:2468] T 1139fd5ba52141b8adb116b3b1078141 P 0d619e45d76448efa554f4999868a899 [term 1 FOLLOWER]: Leader pre-election vote request: Granting yes vote for candidate 1a23c7f9a35749d0bd19d63b05fa86b9 in term 1.
I20260713 09:09:43.857159 28324 raft_consensus.cc:2468] T 1139fd5ba52141b8adb116b3b1078141 P 3787e5183dfa4f26af0cc7b63e024399 [term 1 FOLLOWER]: Leader pre-election vote request: Granting yes vote for candidate 1a23c7f9a35749d0bd19d63b05fa86b9 in term 1.
I20260713 09:09:43.857765 28364 leader_election.cc:304] T 1139fd5ba52141b8adb116b3b1078141 P 1a23c7f9a35749d0bd19d63b05fa86b9 [CANDIDATE]: Term 2 pre-election: Election decided. Result: candidate won. Election summary: received 2 responses out of 3 voters: 2 yes votes; 0 no votes. yes voters: 0d619e45d76448efa554f4999868a899, 1a23c7f9a35749d0bd19d63b05fa86b9; no voters: 
I20260713 09:09:43.858433 28451 raft_consensus.cc:2804] T 1139fd5ba52141b8adb116b3b1078141 P 1a23c7f9a35749d0bd19d63b05fa86b9 [term 1 FOLLOWER]: Leader pre-election won for term 2
I20260713 09:09:43.858768 28451 raft_consensus.cc:493] T 1139fd5ba52141b8adb116b3b1078141 P 1a23c7f9a35749d0bd19d63b05fa86b9 [term 1 FOLLOWER]: Starting leader election (no leader contacted us within the election timeout)
I20260713 09:09:43.859038 28451 raft_consensus.cc:3060] T 1139fd5ba52141b8adb116b3b1078141 P 1a23c7f9a35749d0bd19d63b05fa86b9 [term 1 FOLLOWER]: Advancing to term 2
I20260713 09:09:43.864027 28451 raft_consensus.cc:515] T 1139fd5ba52141b8adb116b3b1078141 P 1a23c7f9a35749d0bd19d63b05fa86b9 [term 2 FOLLOWER]: Starting leader election with config: opid_index: -1 OBSOLETE_local: false peers { permanent_uuid: "0d619e45d76448efa554f4999868a899" member_type: VOTER last_known_addr { host: "127.26.120.1" port: 33981 } } peers { permanent_uuid: "3787e5183dfa4f26af0cc7b63e024399" member_type: VOTER last_known_addr { host: "127.26.120.2" port: 36015 } } peers { permanent_uuid: "1a23c7f9a35749d0bd19d63b05fa86b9" member_type: VOTER last_known_addr { host: "127.26.120.3" port: 39105 } }
I20260713 09:09:43.865952 28451 leader_election.cc:290] T 1139fd5ba52141b8adb116b3b1078141 P 1a23c7f9a35749d0bd19d63b05fa86b9 [CANDIDATE]: Term 2 election: Requested vote from peers 0d619e45d76448efa554f4999868a899 (127.26.120.1:33981), 3787e5183dfa4f26af0cc7b63e024399 (127.26.120.2:36015)
I20260713 09:09:43.866950 28251 tablet_service.cc:1917] Received RequestConsensusVote() RPC: tablet_id: "1139fd5ba52141b8adb116b3b1078141" candidate_uuid: "1a23c7f9a35749d0bd19d63b05fa86b9" candidate_term: 2 candidate_status { last_received { term: 0 index: 0 } } ignore_live_leader: false dest_uuid: "0d619e45d76448efa554f4999868a899"
I20260713 09:09:43.867354 28324 tablet_service.cc:1917] Received RequestConsensusVote() RPC: tablet_id: "1139fd5ba52141b8adb116b3b1078141" candidate_uuid: "1a23c7f9a35749d0bd19d63b05fa86b9" candidate_term: 2 candidate_status { last_received { term: 0 index: 0 } } ignore_live_leader: false dest_uuid: "3787e5183dfa4f26af0cc7b63e024399"
I20260713 09:09:43.867555 28251 raft_consensus.cc:3060] T 1139fd5ba52141b8adb116b3b1078141 P 0d619e45d76448efa554f4999868a899 [term 1 FOLLOWER]: Advancing to term 2
I20260713 09:09:43.867992 28324 raft_consensus.cc:3060] T 1139fd5ba52141b8adb116b3b1078141 P 3787e5183dfa4f26af0cc7b63e024399 [term 1 FOLLOWER]: Advancing to term 2
I20260713 09:09:43.873831 28251 raft_consensus.cc:2468] T 1139fd5ba52141b8adb116b3b1078141 P 0d619e45d76448efa554f4999868a899 [term 2 FOLLOWER]: Leader election vote request: Granting yes vote for candidate 1a23c7f9a35749d0bd19d63b05fa86b9 in term 2.
I20260713 09:09:43.874007 28324 raft_consensus.cc:2468] T 1139fd5ba52141b8adb116b3b1078141 P 3787e5183dfa4f26af0cc7b63e024399 [term 2 FOLLOWER]: Leader election vote request: Granting yes vote for candidate 1a23c7f9a35749d0bd19d63b05fa86b9 in term 2.
I20260713 09:09:43.874821 28364 leader_election.cc:304] T 1139fd5ba52141b8adb116b3b1078141 P 1a23c7f9a35749d0bd19d63b05fa86b9 [CANDIDATE]: Term 2 election: Election decided. Result: candidate won. Election summary: received 2 responses out of 3 voters: 2 yes votes; 0 no votes. yes voters: 0d619e45d76448efa554f4999868a899, 1a23c7f9a35749d0bd19d63b05fa86b9; no voters: 
I20260713 09:09:43.875479 28451 raft_consensus.cc:2804] T 1139fd5ba52141b8adb116b3b1078141 P 1a23c7f9a35749d0bd19d63b05fa86b9 [term 2 FOLLOWER]: Leader election won for term 2
I20260713 09:09:43.875854 28451 raft_consensus.cc:697] T 1139fd5ba52141b8adb116b3b1078141 P 1a23c7f9a35749d0bd19d63b05fa86b9 [term 2 LEADER]: Becoming Leader. State: Replica: 1a23c7f9a35749d0bd19d63b05fa86b9, State: Running, Role: LEADER
I20260713 09:09:43.876451 28451 consensus_queue.cc:237] T 1139fd5ba52141b8adb116b3b1078141 P 1a23c7f9a35749d0bd19d63b05fa86b9 [LEADER]: Queue going to LEADER mode. State: All replicated index: 0, Majority replicated index: 0, Committed index: 0, Last appended: 0.0, Last appended by leader: 0, Current term: 2, Majority size: 2, State: 0, Mode: LEADER, active raft config: opid_index: -1 OBSOLETE_local: false peers { permanent_uuid: "0d619e45d76448efa554f4999868a899" member_type: VOTER last_known_addr { host: "127.26.120.1" port: 33981 } } peers { permanent_uuid: "3787e5183dfa4f26af0cc7b63e024399" member_type: VOTER last_known_addr { host: "127.26.120.2" port: 36015 } } peers { permanent_uuid: "1a23c7f9a35749d0bd19d63b05fa86b9" member_type: VOTER last_known_addr { host: "127.26.120.3" port: 39105 } }
I20260713 09:09:43.883234 28145 catalog_manager.cc:5697] T 1139fd5ba52141b8adb116b3b1078141 P 1a23c7f9a35749d0bd19d63b05fa86b9 reported cstate change: term changed from 0 to 2, leader changed from <none> to 1a23c7f9a35749d0bd19d63b05fa86b9 (127.26.120.3). New cstate: current_term: 2 leader_uuid: "1a23c7f9a35749d0bd19d63b05fa86b9" committed_config { opid_index: -1 OBSOLETE_local: false peers { permanent_uuid: "0d619e45d76448efa554f4999868a899" member_type: VOTER last_known_addr { host: "127.26.120.1" port: 33981 } health_report { overall_health: UNKNOWN } } peers { permanent_uuid: "3787e5183dfa4f26af0cc7b63e024399" member_type: VOTER last_known_addr { host: "127.26.120.2" port: 36015 } health_report { overall_health: UNKNOWN } } peers { permanent_uuid: "1a23c7f9a35749d0bd19d63b05fa86b9" member_type: VOTER last_known_addr { host: "127.26.120.3" port: 39105 } health_report { overall_health: HEALTHY } } }
I20260713 09:09:43.962647 28491 consensus_queue.cc:1048] T 70e9551c513a453a8082f5e1c524586d P 0d619e45d76448efa554f4999868a899 [LEADER]: Connected to new peer: Peer: permanent_uuid: "1a23c7f9a35749d0bd19d63b05fa86b9" member_type: VOTER last_known_addr { host: "127.26.120.3" port: 39105 }, Status: LMP_MISMATCH, Last received: 0.0, Next index: 1, Last known committed idx: 0, Time since last communication: 0.000s
I20260713 09:09:43.972500 28491 consensus_queue.cc:1048] T 70e9551c513a453a8082f5e1c524586d P 0d619e45d76448efa554f4999868a899 [LEADER]: Connected to new peer: Peer: permanent_uuid: "3787e5183dfa4f26af0cc7b63e024399" member_type: VOTER last_known_addr { host: "127.26.120.2" port: 36015 }, Status: LMP_MISMATCH, Last received: 0.0, Next index: 1, Last known committed idx: 0, Time since last communication: 0.000s
I20260713 09:09:43.981055 28451 consensus_queue.cc:1048] T 53087ae4597a464990c2086ed8e70c19 P 1a23c7f9a35749d0bd19d63b05fa86b9 [LEADER]: Connected to new peer: Peer: permanent_uuid: "0d619e45d76448efa554f4999868a899" member_type: VOTER last_known_addr { host: "127.26.120.1" port: 33981 }, Status: LMP_MISMATCH, Last received: 0.0, Next index: 1, Last known committed idx: 0, Time since last communication: 0.000s
I20260713 09:09:43.993887 28483 consensus_queue.cc:1048] T 53087ae4597a464990c2086ed8e70c19 P 1a23c7f9a35749d0bd19d63b05fa86b9 [LEADER]: Connected to new peer: Peer: permanent_uuid: "3787e5183dfa4f26af0cc7b63e024399" member_type: VOTER last_known_addr { host: "127.26.120.2" port: 36015 }, Status: LMP_MISMATCH, Last received: 0.0, Next index: 1, Last known committed idx: 0, Time since last communication: 0.000s
I20260713 09:09:44.017729 28483 consensus_queue.cc:1048] T 3f7f7888220745b9873c4de57f188d3f P 1a23c7f9a35749d0bd19d63b05fa86b9 [LEADER]: Connected to new peer: Peer: permanent_uuid: "3787e5183dfa4f26af0cc7b63e024399" member_type: VOTER last_known_addr { host: "127.26.120.2" port: 36015 }, Status: LMP_MISMATCH, Last received: 0.0, Next index: 1, Last known committed idx: 0, Time since last communication: 0.000s
I20260713 09:09:44.027559 28483 consensus_queue.cc:1048] T 3f7f7888220745b9873c4de57f188d3f P 1a23c7f9a35749d0bd19d63b05fa86b9 [LEADER]: Connected to new peer: Peer: permanent_uuid: "0d619e45d76448efa554f4999868a899" member_type: VOTER last_known_addr { host: "127.26.120.1" port: 33981 }, Status: LMP_MISMATCH, Last received: 0.0, Next index: 1, Last known committed idx: 0, Time since last communication: 0.000s
I20260713 09:09:44.042225 28483 consensus_queue.cc:1048] T bfd9c499baed4bb596588df2044ab6bb P 1a23c7f9a35749d0bd19d63b05fa86b9 [LEADER]: Connected to new peer: Peer: permanent_uuid: "3787e5183dfa4f26af0cc7b63e024399" member_type: VOTER last_known_addr { host: "127.26.120.2" port: 36015 }, Status: LMP_MISMATCH, Last received: 0.0, Next index: 1, Last known committed idx: 0, Time since last communication: 0.000s
I20260713 09:09:44.051151 28451 consensus_queue.cc:1048] T bfd9c499baed4bb596588df2044ab6bb P 1a23c7f9a35749d0bd19d63b05fa86b9 [LEADER]: Connected to new peer: Peer: permanent_uuid: "0d619e45d76448efa554f4999868a899" member_type: VOTER last_known_addr { host: "127.26.120.1" port: 33981 }, Status: LMP_MISMATCH, Last received: 0.0, Next index: 1, Last known committed idx: 0, Time since last communication: 0.000s
I20260713 09:09:44.067878 28491 raft_consensus.cc:493] T 276587cc992045a196e7f0322436c3f9 P 0d619e45d76448efa554f4999868a899 [term 0 FOLLOWER]: Starting pre-election (no leader contacted us within the election timeout)
I20260713 09:09:44.068361 28491 raft_consensus.cc:515] T 276587cc992045a196e7f0322436c3f9 P 0d619e45d76448efa554f4999868a899 [term 0 FOLLOWER]: Starting pre-election with config: opid_index: -1 OBSOLETE_local: false peers { permanent_uuid: "0d619e45d76448efa554f4999868a899" member_type: VOTER last_known_addr { host: "127.26.120.1" port: 33981 } } peers { permanent_uuid: "3787e5183dfa4f26af0cc7b63e024399" member_type: VOTER last_known_addr { host: "127.26.120.2" port: 36015 } } peers { permanent_uuid: "1a23c7f9a35749d0bd19d63b05fa86b9" member_type: VOTER last_known_addr { host: "127.26.120.3" port: 39105 } }
I20260713 09:09:44.070045 28491 leader_election.cc:290] T 276587cc992045a196e7f0322436c3f9 P 0d619e45d76448efa554f4999868a899 [CANDIDATE]: Term 1 pre-election: Requested pre-vote from peers 3787e5183dfa4f26af0cc7b63e024399 (127.26.120.2:36015), 1a23c7f9a35749d0bd19d63b05fa86b9 (127.26.120.3:39105)
I20260713 09:09:44.070576 28323 tablet_service.cc:1917] Received RequestConsensusVote() RPC: tablet_id: "276587cc992045a196e7f0322436c3f9" candidate_uuid: "0d619e45d76448efa554f4999868a899" candidate_term: 1 candidate_status { last_received { term: 0 index: 0 } } ignore_live_leader: false dest_uuid: "3787e5183dfa4f26af0cc7b63e024399" is_pre_election: true
I20260713 09:09:44.070952 28397 tablet_service.cc:1917] Received RequestConsensusVote() RPC: tablet_id: "276587cc992045a196e7f0322436c3f9" candidate_uuid: "0d619e45d76448efa554f4999868a899" candidate_term: 1 candidate_status { last_received { term: 0 index: 0 } } ignore_live_leader: false dest_uuid: "1a23c7f9a35749d0bd19d63b05fa86b9" is_pre_election: true
I20260713 09:09:44.072196 28216 leader_election.cc:304] T 276587cc992045a196e7f0322436c3f9 P 0d619e45d76448efa554f4999868a899 [CANDIDATE]: Term 1 pre-election: Election decided. Result: candidate lost. Election summary: received 3 responses out of 3 voters: 1 yes votes; 2 no votes. yes voters: 0d619e45d76448efa554f4999868a899; no voters: 1a23c7f9a35749d0bd19d63b05fa86b9, 3787e5183dfa4f26af0cc7b63e024399
I20260713 09:09:44.072834 28491 raft_consensus.cc:2749] T 276587cc992045a196e7f0322436c3f9 P 0d619e45d76448efa554f4999868a899 [term 0 FOLLOWER]: Leader pre-election lost for term 1. Reason: could not achieve majority
I20260713 09:09:44.073467 28491 consensus_queue.cc:1048] T 25fa0b7480fc4d1a94267aaaab0d63c9 P 0d619e45d76448efa554f4999868a899 [LEADER]: Connected to new peer: Peer: permanent_uuid: "3787e5183dfa4f26af0cc7b63e024399" member_type: VOTER last_known_addr { host: "127.26.120.2" port: 36015 }, Status: LMP_MISMATCH, Last received: 0.0, Next index: 1, Last known committed idx: 0, Time since last communication: 0.000s
I20260713 09:09:44.081962 28491 consensus_queue.cc:1048] T 25fa0b7480fc4d1a94267aaaab0d63c9 P 0d619e45d76448efa554f4999868a899 [LEADER]: Connected to new peer: Peer: permanent_uuid: "1a23c7f9a35749d0bd19d63b05fa86b9" member_type: VOTER last_known_addr { host: "127.26.120.3" port: 39105 }, Status: LMP_MISMATCH, Last received: 0.0, Next index: 1, Last known committed idx: 0, Time since last communication: 0.000s
I20260713 09:09:44.128741 28251 raft_consensus.cc:3060] T 276587cc992045a196e7f0322436c3f9 P 0d619e45d76448efa554f4999868a899 [term 0 FOLLOWER]: Advancing to term 1
I20260713 09:09:44.198887 28442 consensus_queue.cc:1048] T d4308b35b2bf444f927fed554fa0caec P 3787e5183dfa4f26af0cc7b63e024399 [LEADER]: Connected to new peer: Peer: permanent_uuid: "0d619e45d76448efa554f4999868a899" member_type: VOTER last_known_addr { host: "127.26.120.1" port: 33981 }, Status: LMP_MISMATCH, Last received: 0.0, Next index: 1, Last known committed idx: 0, Time since last communication: 0.000s
I20260713 09:09:44.209033 28456 consensus_queue.cc:1048] T d4308b35b2bf444f927fed554fa0caec P 3787e5183dfa4f26af0cc7b63e024399 [LEADER]: Connected to new peer: Peer: permanent_uuid: "1a23c7f9a35749d0bd19d63b05fa86b9" member_type: VOTER last_known_addr { host: "127.26.120.3" port: 39105 }, Status: LMP_MISMATCH, Last received: 0.0, Next index: 1, Last known committed idx: 0, Time since last communication: 0.000s
I20260713 09:09:44.232479 28451 consensus_queue.cc:1048] T b6db04636f384656a4024b99cedaefef P 1a23c7f9a35749d0bd19d63b05fa86b9 [LEADER]: Connected to new peer: Peer: permanent_uuid: "0d619e45d76448efa554f4999868a899" member_type: VOTER last_known_addr { host: "127.26.120.1" port: 33981 }, Status: LMP_MISMATCH, Last received: 0.0, Next index: 1, Last known committed idx: 0, Time since last communication: 0.000s
I20260713 09:09:44.243583 28512 consensus_queue.cc:1048] T b6db04636f384656a4024b99cedaefef P 1a23c7f9a35749d0bd19d63b05fa86b9 [LEADER]: Connected to new peer: Peer: permanent_uuid: "3787e5183dfa4f26af0cc7b63e024399" member_type: VOTER last_known_addr { host: "127.26.120.2" port: 36015 }, Status: LMP_MISMATCH, Last received: 0.0, Next index: 1, Last known committed idx: 0, Time since last communication: 0.000s
I20260713 09:09:44.264238 28323 raft_consensus.cc:1275] T 1139fd5ba52141b8adb116b3b1078141 P 3787e5183dfa4f26af0cc7b63e024399 [term 2 FOLLOWER]: Refusing update from remote peer 1a23c7f9a35749d0bd19d63b05fa86b9: Log matching property violated. Preceding OpId in replica: term: 0 index: 0. Preceding OpId from leader: term: 2 index: 1. (index mismatch)
I20260713 09:09:44.265223 28512 consensus_queue.cc:1048] T 1139fd5ba52141b8adb116b3b1078141 P 1a23c7f9a35749d0bd19d63b05fa86b9 [LEADER]: Connected to new peer: Peer: permanent_uuid: "3787e5183dfa4f26af0cc7b63e024399" member_type: VOTER last_known_addr { host: "127.26.120.2" port: 36015 }, Status: LMP_MISMATCH, Last received: 0.0, Next index: 1, Last known committed idx: 0, Time since last communication: 0.000s
I20260713 09:09:44.280548 28250 raft_consensus.cc:1275] T 1139fd5ba52141b8adb116b3b1078141 P 0d619e45d76448efa554f4999868a899 [term 2 FOLLOWER]: Refusing update from remote peer 1a23c7f9a35749d0bd19d63b05fa86b9: Log matching property violated. Preceding OpId in replica: term: 0 index: 0. Preceding OpId from leader: term: 2 index: 1. (index mismatch)
I20260713 09:09:44.282871 28512 consensus_queue.cc:1048] T 1139fd5ba52141b8adb116b3b1078141 P 1a23c7f9a35749d0bd19d63b05fa86b9 [LEADER]: Connected to new peer: Peer: permanent_uuid: "0d619e45d76448efa554f4999868a899" member_type: VOTER last_known_addr { host: "127.26.120.1" port: 33981 }, Status: LMP_MISMATCH, Last received: 0.0, Next index: 1, Last known committed idx: 0, Time since last communication: 0.000s
I20260713 09:09:44.534214 27104 file_cache.cc:504] Constructed file cache file cache with capacity 419430
W20260713 09:09:44.541391 28618 instance_detector.cc:116] could not retrieve Azure instance metadata: Network error: curl error: HTTP response code said error: The requested URL returned error: 404
W20260713 09:09:44.542073 28617 instance_detector.cc:116] could not retrieve AWS instance metadata: Network error: curl error: HTTP response code said error: The requested URL returned error: 404
W20260713 09:09:44.542956 28620 instance_detector.cc:116] could not retrieve OpenStack instance metadata: Network error: curl error: HTTP response code said error: The requested URL returned error: 404
I20260713 09:09:44.543164 27104 server_base.cc:1061] running on GCE node
I20260713 09:09:44.544081 27104 hybrid_clock.cc:584] initializing the hybrid clock with 'system_unsync' time source
W20260713 09:09:44.544312 27104 system_unsync_time.cc:38] NTP support is disabled. Clock error bounds will not be accurate. This configuration is not suitable for distributed clusters.
I20260713 09:09:44.544495 27104 hybrid_clock.cc:648] HybridClock initialized: now 1783933784544471 us; error 0 us; skew 500 ppm
I20260713 09:09:44.545130 27104 server_base.cc:861] Flag tcmalloc_max_total_thread_cache_bytes is not working since tcmalloc is not enabled.
I20260713 09:09:44.547425 27104 webserver.cc:533] Webserver started at http://127.26.120.4:40511/ using document root <none> and password file <none>
I20260713 09:09:44.547921 27104 fs_manager.cc:362] Metadata directory not provided
I20260713 09:09:44.548141 27104 fs_manager.cc:368] Using write-ahead log directory (fs_wal_dir) as metadata directory
I20260713 09:09:44.548408 27104 server_base.cc:909] This appears to be a new deployment of Kudu; creating new FS layout
I20260713 09:09:44.549403 27104 fs_manager.cc:1068] Generated new instance metadata in path /tmp/dist-test-taskg4clni/test-tmp/auto_leader_rebalancer-test.0.LeaderRebalancerTest.AddTserver.1783933755656087-27104-0/minicluster-data/ts-3-root/instance:
uuid: "2e655f03d4554ac192130bc7fa103cce"
format_stamp: "Formatted at 2026-07-13 09:09:44 on dist-test-slave-8fmd"
I20260713 09:09:44.553431 27104 fs_manager.cc:696] Time spent creating directory manager: real 0.004s	user 0.005s	sys 0.000s
I20260713 09:09:44.556618 28625 log_block_manager.cc:4127] Time spent loading block containers with low live blocks: real 0.000s	user 0.000s	sys 0.000s
I20260713 09:09:44.557487 27104 fs_manager.cc:730] Time spent opening block manager: real 0.002s	user 0.001s	sys 0.000s
I20260713 09:09:44.557849 27104 fs_manager.cc:647] Opened local filesystem: /tmp/dist-test-taskg4clni/test-tmp/auto_leader_rebalancer-test.0.LeaderRebalancerTest.AddTserver.1783933755656087-27104-0/minicluster-data/ts-3-root
uuid: "2e655f03d4554ac192130bc7fa103cce"
format_stamp: "Formatted at 2026-07-13 09:09:44 on dist-test-slave-8fmd"
I20260713 09:09:44.558120 27104 fs_report.cc:389] FS layout report
--------------------
wal directory: /tmp/dist-test-taskg4clni/test-tmp/auto_leader_rebalancer-test.0.LeaderRebalancerTest.AddTserver.1783933755656087-27104-0/minicluster-data/ts-3-root
metadata directory: /tmp/dist-test-taskg4clni/test-tmp/auto_leader_rebalancer-test.0.LeaderRebalancerTest.AddTserver.1783933755656087-27104-0/minicluster-data/ts-3-root
1 data directories: /tmp/dist-test-taskg4clni/test-tmp/auto_leader_rebalancer-test.0.LeaderRebalancerTest.AddTserver.1783933755656087-27104-0/minicluster-data/ts-3-root/data
Total live blocks: 0
Total live bytes: 0
Total live bytes (after alignment): 0
Total number of LBM containers: 0 (0 full)
Did not check for missing blocks
Did not check for orphaned blocks
Total full LBM containers with extra space: 0 (0 repaired)
Total full LBM container extra space in bytes: 0 (0 repaired)
Total incomplete LBM containers: 0 (0 repaired)
Total LBM partial records: 0 (0 repaired)
Total corrupted LBM metadata records in RocksDB: 0 (0 repaired)
I20260713 09:09:44.582644 27104 rpc_server.cc:225] running with OpenSSL 1.1.1  11 Sep 2018
I20260713 09:09:44.583952 27104 kserver.cc:163] Server-wide thread pool size limit: 3276
I20260713 09:09:44.585594 27104 txn_system_client.cc:432] TxnSystemClient initialization is disabled...
I20260713 09:09:44.588465 27104 ts_tablet_manager.cc:585] Loaded tablet metadata (0 total tablets, 0 live tablets)
I20260713 09:09:44.588711 27104 ts_tablet_manager.cc:531] Time spent load tablet metadata: real 0.000s	user 0.000s	sys 0.000s
I20260713 09:09:44.589001 27104 ts_tablet_manager.cc:616] Registered 0 tablets
I20260713 09:09:44.589140 27104 ts_tablet_manager.cc:595] Time spent register tablets: real 0.000s	user 0.000s	sys 0.000s
I20260713 09:09:44.647138 27104 rpc_server.cc:307] RPC server started. Bound to: 127.26.120.4:40861
I20260713 09:09:44.647222 28687 acceptor_pool.cc:272] collecting diagnostics on the listening RPC socket 127.26.120.4:40861 every 8 connection(s)
I20260713 09:09:44.651603 27104 auto_leader_rebalancer-test.cc:392] add a tserver: 2e655f03d4554ac192130bc7fa103cce
I20260713 09:09:44.667855 28688 heartbeater.cc:344] Connected to a master server at 127.26.120.62:45421
I20260713 09:09:44.668246 28688 heartbeater.cc:461] Registering TS with master...
I20260713 09:09:44.669015 28688 heartbeater.cc:507] Master 127.26.120.62:45421 requested a full tablet report, sending...
I20260713 09:09:44.670779 28149 ts_manager.cc:194] Registered new tserver with Master: 2e655f03d4554ac192130bc7fa103cce (127.26.120.4:40861)
I20260713 09:09:44.672031 28149 master_service.cc:502] Signed X509 certificate for tserver {username='slave'} at 127.0.0.1:43120
I20260713 09:09:44.723304 28250 consensus_queue.cc:237] T 7f670a1c1ed747058482ea43994e095c P 0d619e45d76448efa554f4999868a899 [LEADER]: Queue going to LEADER mode. State: All replicated index: 0, Majority replicated index: 1, Committed index: 1, Last appended: 1.1, Last appended by leader: 0, Current term: 1, Majority size: 2, State: 0, Mode: LEADER, active raft config: opid_index: 2 OBSOLETE_local: false peers { permanent_uuid: "0d619e45d76448efa554f4999868a899" member_type: VOTER last_known_addr { host: "127.26.120.1" port: 33981 } } peers { permanent_uuid: "3787e5183dfa4f26af0cc7b63e024399" member_type: VOTER last_known_addr { host: "127.26.120.2" port: 36015 } } peers { permanent_uuid: "1a23c7f9a35749d0bd19d63b05fa86b9" member_type: VOTER last_known_addr { host: "127.26.120.3" port: 39105 } attrs { replace: true } } peers { permanent_uuid: "2e655f03d4554ac192130bc7fa103cce" member_type: NON_VOTER last_known_addr { host: "127.26.120.4" port: 40861 } attrs { promote: true } }
I20260713 09:09:44.730441 28397 raft_consensus.cc:1275] T 7f670a1c1ed747058482ea43994e095c P 1a23c7f9a35749d0bd19d63b05fa86b9 [term 1 FOLLOWER]: Refusing update from remote peer 0d619e45d76448efa554f4999868a899: Log matching property violated. Preceding OpId in replica: term: 1 index: 1. Preceding OpId from leader: term: 1 index: 2. (index mismatch)
I20260713 09:09:44.732035 28323 raft_consensus.cc:1275] T 7f670a1c1ed747058482ea43994e095c P 3787e5183dfa4f26af0cc7b63e024399 [term 1 FOLLOWER]: Refusing update from remote peer 0d619e45d76448efa554f4999868a899: Log matching property violated. Preceding OpId in replica: term: 1 index: 1. Preceding OpId from leader: term: 1 index: 2. (index mismatch)
I20260713 09:09:44.732089 28491 consensus_queue.cc:1048] T 7f670a1c1ed747058482ea43994e095c P 0d619e45d76448efa554f4999868a899 [LEADER]: Connected to new peer: Peer: permanent_uuid: "1a23c7f9a35749d0bd19d63b05fa86b9" member_type: VOTER last_known_addr { host: "127.26.120.3" port: 39105 } attrs { replace: true }, Status: LMP_MISMATCH, Last received: 0.0, Next index: 2, Last known committed idx: 1, Time since last communication: 0.001s
I20260713 09:09:44.733886 28450 consensus_queue.cc:1048] T 7f670a1c1ed747058482ea43994e095c P 0d619e45d76448efa554f4999868a899 [LEADER]: Connected to new peer: Peer: permanent_uuid: "3787e5183dfa4f26af0cc7b63e024399" member_type: VOTER last_known_addr { host: "127.26.120.2" port: 36015 }, Status: LMP_MISMATCH, Last received: 0.0, Next index: 2, Last known committed idx: 1, Time since last communication: 0.000s
I20260713 09:09:44.744956 28450 raft_consensus.cc:2955] T 7f670a1c1ed747058482ea43994e095c P 0d619e45d76448efa554f4999868a899 [term 1 LEADER]: Committing config change with OpId 1.2: config changed from index -1 to 2, NON_VOTER 2e655f03d4554ac192130bc7fa103cce (127.26.120.4) added. New config: { opid_index: 2 OBSOLETE_local: false peers { permanent_uuid: "0d619e45d76448efa554f4999868a899" member_type: VOTER last_known_addr { host: "127.26.120.1" port: 33981 } } peers { permanent_uuid: "3787e5183dfa4f26af0cc7b63e024399" member_type: VOTER last_known_addr { host: "127.26.120.2" port: 36015 } } peers { permanent_uuid: "1a23c7f9a35749d0bd19d63b05fa86b9" member_type: VOTER last_known_addr { host: "127.26.120.3" port: 39105 } attrs { replace: true } } peers { permanent_uuid: "2e655f03d4554ac192130bc7fa103cce" member_type: NON_VOTER last_known_addr { host: "127.26.120.4" port: 40861 } attrs { promote: true } } }
W20260713 09:09:44.747975 28214 consensus_peers.cc:597] T 7f670a1c1ed747058482ea43994e095c P 0d619e45d76448efa554f4999868a899 -> Peer 2e655f03d4554ac192130bc7fa103cce (127.26.120.4:40861): Couldn't send request to peer 2e655f03d4554ac192130bc7fa103cce. Error code: TABLET_NOT_FOUND (6). Status: Not found: Tablet not found: 7f670a1c1ed747058482ea43994e095c. This is attempt 1: this message will repeat every 5th retry.
I20260713 09:09:44.747479 28397 raft_consensus.cc:2955] T 7f670a1c1ed747058482ea43994e095c P 1a23c7f9a35749d0bd19d63b05fa86b9 [term 1 FOLLOWER]: Committing config change with OpId 1.2: config changed from index -1 to 2, NON_VOTER 2e655f03d4554ac192130bc7fa103cce (127.26.120.4) added. New config: { opid_index: 2 OBSOLETE_local: false peers { permanent_uuid: "0d619e45d76448efa554f4999868a899" member_type: VOTER last_known_addr { host: "127.26.120.1" port: 33981 } } peers { permanent_uuid: "3787e5183dfa4f26af0cc7b63e024399" member_type: VOTER last_known_addr { host: "127.26.120.2" port: 36015 } } peers { permanent_uuid: "1a23c7f9a35749d0bd19d63b05fa86b9" member_type: VOTER last_known_addr { host: "127.26.120.3" port: 39105 } attrs { replace: true } } peers { permanent_uuid: "2e655f03d4554ac192130bc7fa103cce" member_type: NON_VOTER last_known_addr { host: "127.26.120.4" port: 40861 } attrs { promote: true } } }
I20260713 09:09:44.748908 28323 raft_consensus.cc:2955] T 7f670a1c1ed747058482ea43994e095c P 3787e5183dfa4f26af0cc7b63e024399 [term 1 FOLLOWER]: Committing config change with OpId 1.2: config changed from index -1 to 2, NON_VOTER 2e655f03d4554ac192130bc7fa103cce (127.26.120.4) added. New config: { opid_index: 2 OBSOLETE_local: false peers { permanent_uuid: "0d619e45d76448efa554f4999868a899" member_type: VOTER last_known_addr { host: "127.26.120.1" port: 33981 } } peers { permanent_uuid: "3787e5183dfa4f26af0cc7b63e024399" member_type: VOTER last_known_addr { host: "127.26.120.2" port: 36015 } } peers { permanent_uuid: "1a23c7f9a35749d0bd19d63b05fa86b9" member_type: VOTER last_known_addr { host: "127.26.120.3" port: 39105 } attrs { replace: true } } peers { permanent_uuid: "2e655f03d4554ac192130bc7fa103cce" member_type: NON_VOTER last_known_addr { host: "127.26.120.4" port: 40861 } attrs { promote: true } } }
I20260713 09:09:44.757930 28149 catalog_manager.cc:5697] T 7f670a1c1ed747058482ea43994e095c P 0d619e45d76448efa554f4999868a899 reported cstate change: config changed from index -1 to 2, NON_VOTER 2e655f03d4554ac192130bc7fa103cce (127.26.120.4) added. New cstate: current_term: 1 leader_uuid: "0d619e45d76448efa554f4999868a899" committed_config { opid_index: 2 OBSOLETE_local: false peers { permanent_uuid: "0d619e45d76448efa554f4999868a899" member_type: VOTER last_known_addr { host: "127.26.120.1" port: 33981 } health_report { overall_health: HEALTHY } } peers { permanent_uuid: "3787e5183dfa4f26af0cc7b63e024399" member_type: VOTER last_known_addr { host: "127.26.120.2" port: 36015 } health_report { overall_health: HEALTHY } } peers { permanent_uuid: "1a23c7f9a35749d0bd19d63b05fa86b9" member_type: VOTER last_known_addr { host: "127.26.120.3" port: 39105 } attrs { replace: true } health_report { overall_health: HEALTHY } } peers { permanent_uuid: "2e655f03d4554ac192130bc7fa103cce" member_type: NON_VOTER last_known_addr { host: "127.26.120.4" port: 40861 } attrs { promote: true } health_report { overall_health: UNKNOWN } } }
I20260713 09:09:44.774384 28397 consensus_queue.cc:237] T 1139fd5ba52141b8adb116b3b1078141 P 1a23c7f9a35749d0bd19d63b05fa86b9 [LEADER]: Queue going to LEADER mode. State: All replicated index: 0, Majority replicated index: 1, Committed index: 1, Last appended: 2.1, Last appended by leader: 0, Current term: 2, Majority size: 2, State: 0, Mode: LEADER, active raft config: opid_index: 2 OBSOLETE_local: false peers { permanent_uuid: "0d619e45d76448efa554f4999868a899" member_type: VOTER last_known_addr { host: "127.26.120.1" port: 33981 } } peers { permanent_uuid: "3787e5183dfa4f26af0cc7b63e024399" member_type: VOTER last_known_addr { host: "127.26.120.2" port: 36015 } attrs { replace: true } } peers { permanent_uuid: "1a23c7f9a35749d0bd19d63b05fa86b9" member_type: VOTER last_known_addr { host: "127.26.120.3" port: 39105 } } peers { permanent_uuid: "2e655f03d4554ac192130bc7fa103cce" member_type: NON_VOTER last_known_addr { host: "127.26.120.4" port: 40861 } attrs { promote: true } }
I20260713 09:09:44.782151 28323 raft_consensus.cc:1275] T 1139fd5ba52141b8adb116b3b1078141 P 3787e5183dfa4f26af0cc7b63e024399 [term 2 FOLLOWER]: Refusing update from remote peer 1a23c7f9a35749d0bd19d63b05fa86b9: Log matching property violated. Preceding OpId in replica: term: 2 index: 1. Preceding OpId from leader: term: 2 index: 2. (index mismatch)
I20260713 09:09:44.783418 28512 consensus_queue.cc:1048] T 1139fd5ba52141b8adb116b3b1078141 P 1a23c7f9a35749d0bd19d63b05fa86b9 [LEADER]: Connected to new peer: Peer: permanent_uuid: "3787e5183dfa4f26af0cc7b63e024399" member_type: VOTER last_known_addr { host: "127.26.120.2" port: 36015 } attrs { replace: true }, Status: LMP_MISMATCH, Last received: 0.0, Next index: 2, Last known committed idx: 1, Time since last communication: 0.000s
I20260713 09:09:44.784106 28250 raft_consensus.cc:1275] T 1139fd5ba52141b8adb116b3b1078141 P 0d619e45d76448efa554f4999868a899 [term 2 FOLLOWER]: Refusing update from remote peer 1a23c7f9a35749d0bd19d63b05fa86b9: Log matching property violated. Preceding OpId in replica: term: 2 index: 1. Preceding OpId from leader: term: 2 index: 2. (index mismatch)
I20260713 09:09:44.785773 28512 consensus_queue.cc:1048] T 1139fd5ba52141b8adb116b3b1078141 P 1a23c7f9a35749d0bd19d63b05fa86b9 [LEADER]: Connected to new peer: Peer: permanent_uuid: "0d619e45d76448efa554f4999868a899" member_type: VOTER last_known_addr { host: "127.26.120.1" port: 33981 }, Status: LMP_MISMATCH, Last received: 0.0, Next index: 2, Last known committed idx: 1, Time since last communication: 0.000s
I20260713 09:09:44.793601 28513 raft_consensus.cc:2955] T 1139fd5ba52141b8adb116b3b1078141 P 1a23c7f9a35749d0bd19d63b05fa86b9 [term 2 LEADER]: Committing config change with OpId 2.2: config changed from index -1 to 2, NON_VOTER 2e655f03d4554ac192130bc7fa103cce (127.26.120.4) added. New config: { opid_index: 2 OBSOLETE_local: false peers { permanent_uuid: "0d619e45d76448efa554f4999868a899" member_type: VOTER last_known_addr { host: "127.26.120.1" port: 33981 } } peers { permanent_uuid: "3787e5183dfa4f26af0cc7b63e024399" member_type: VOTER last_known_addr { host: "127.26.120.2" port: 36015 } attrs { replace: true } } peers { permanent_uuid: "1a23c7f9a35749d0bd19d63b05fa86b9" member_type: VOTER last_known_addr { host: "127.26.120.3" port: 39105 } } peers { permanent_uuid: "2e655f03d4554ac192130bc7fa103cce" member_type: NON_VOTER last_known_addr { host: "127.26.120.4" port: 40861 } attrs { promote: true } } }
I20260713 09:09:44.811787 28397 consensus_queue.cc:237] T 58fca8f119d74646bfba3277d0a421c6 P 1a23c7f9a35749d0bd19d63b05fa86b9 [LEADER]: Queue going to LEADER mode. State: All replicated index: 0, Majority replicated index: 1, Committed index: 1, Last appended: 1.1, Last appended by leader: 0, Current term: 1, Majority size: 2, State: 0, Mode: LEADER, active raft config: opid_index: 2 OBSOLETE_local: false peers { permanent_uuid: "0d619e45d76448efa554f4999868a899" member_type: VOTER last_known_addr { host: "127.26.120.1" port: 33981 } attrs { replace: true } } peers { permanent_uuid: "3787e5183dfa4f26af0cc7b63e024399" member_type: VOTER last_known_addr { host: "127.26.120.2" port: 36015 } } peers { permanent_uuid: "1a23c7f9a35749d0bd19d63b05fa86b9" member_type: VOTER last_known_addr { host: "127.26.120.3" port: 39105 } } peers { permanent_uuid: "2e655f03d4554ac192130bc7fa103cce" member_type: NON_VOTER last_known_addr { host: "127.26.120.4" port: 40861 } attrs { promote: true } }
W20260713 09:09:44.812500 28363 consensus_peers.cc:597] T 1139fd5ba52141b8adb116b3b1078141 P 1a23c7f9a35749d0bd19d63b05fa86b9 -> Peer 2e655f03d4554ac192130bc7fa103cce (127.26.120.4:40861): Couldn't send request to peer 2e655f03d4554ac192130bc7fa103cce. Error code: TABLET_NOT_FOUND (6). Status: Not found: Tablet not found: 1139fd5ba52141b8adb116b3b1078141. This is attempt 1: this message will repeat every 5th retry.
I20260713 09:09:44.814008 28148 catalog_manager.cc:5697] T 1139fd5ba52141b8adb116b3b1078141 P 1a23c7f9a35749d0bd19d63b05fa86b9 reported cstate change: config changed from index -1 to 2, NON_VOTER 2e655f03d4554ac192130bc7fa103cce (127.26.120.4) added. New cstate: current_term: 2 leader_uuid: "1a23c7f9a35749d0bd19d63b05fa86b9" committed_config { opid_index: 2 OBSOLETE_local: false peers { permanent_uuid: "0d619e45d76448efa554f4999868a899" member_type: VOTER last_known_addr { host: "127.26.120.1" port: 33981 } health_report { overall_health: UNKNOWN } } peers { permanent_uuid: "3787e5183dfa4f26af0cc7b63e024399" member_type: VOTER last_known_addr { host: "127.26.120.2" port: 36015 } attrs { replace: true } health_report { overall_health: HEALTHY } } peers { permanent_uuid: "1a23c7f9a35749d0bd19d63b05fa86b9" member_type: VOTER last_known_addr { host: "127.26.120.3" port: 39105 } health_report { overall_health: HEALTHY } } peers { permanent_uuid: "2e655f03d4554ac192130bc7fa103cce" member_type: NON_VOTER last_known_addr { host: "127.26.120.4" port: 40861 } attrs { promote: true } health_report { overall_health: UNKNOWN } } }
I20260713 09:09:44.815923 28323 raft_consensus.cc:2955] T 1139fd5ba52141b8adb116b3b1078141 P 3787e5183dfa4f26af0cc7b63e024399 [term 2 FOLLOWER]: Committing config change with OpId 2.2: config changed from index -1 to 2, NON_VOTER 2e655f03d4554ac192130bc7fa103cce (127.26.120.4) added. New config: { opid_index: 2 OBSOLETE_local: false peers { permanent_uuid: "0d619e45d76448efa554f4999868a899" member_type: VOTER last_known_addr { host: "127.26.120.1" port: 33981 } } peers { permanent_uuid: "3787e5183dfa4f26af0cc7b63e024399" member_type: VOTER last_known_addr { host: "127.26.120.2" port: 36015 } attrs { replace: true } } peers { permanent_uuid: "1a23c7f9a35749d0bd19d63b05fa86b9" member_type: VOTER last_known_addr { host: "127.26.120.3" port: 39105 } } peers { permanent_uuid: "2e655f03d4554ac192130bc7fa103cce" member_type: NON_VOTER last_known_addr { host: "127.26.120.4" port: 40861 } attrs { promote: true } } }
I20260713 09:09:44.816790 28250 raft_consensus.cc:2955] T 1139fd5ba52141b8adb116b3b1078141 P 0d619e45d76448efa554f4999868a899 [term 2 FOLLOWER]: Committing config change with OpId 2.2: config changed from index -1 to 2, NON_VOTER 2e655f03d4554ac192130bc7fa103cce (127.26.120.4) added. New config: { opid_index: 2 OBSOLETE_local: false peers { permanent_uuid: "0d619e45d76448efa554f4999868a899" member_type: VOTER last_known_addr { host: "127.26.120.1" port: 33981 } } peers { permanent_uuid: "3787e5183dfa4f26af0cc7b63e024399" member_type: VOTER last_known_addr { host: "127.26.120.2" port: 36015 } attrs { replace: true } } peers { permanent_uuid: "1a23c7f9a35749d0bd19d63b05fa86b9" member_type: VOTER last_known_addr { host: "127.26.120.3" port: 39105 } } peers { permanent_uuid: "2e655f03d4554ac192130bc7fa103cce" member_type: NON_VOTER last_known_addr { host: "127.26.120.4" port: 40861 } attrs { promote: true } } }
I20260713 09:09:44.823246 28251 raft_consensus.cc:1275] T 58fca8f119d74646bfba3277d0a421c6 P 0d619e45d76448efa554f4999868a899 [term 1 FOLLOWER]: Refusing update from remote peer 1a23c7f9a35749d0bd19d63b05fa86b9: Log matching property violated. Preceding OpId in replica: term: 1 index: 1. Preceding OpId from leader: term: 1 index: 2. (index mismatch)
I20260713 09:09:44.824762 28324 raft_consensus.cc:1275] T 58fca8f119d74646bfba3277d0a421c6 P 3787e5183dfa4f26af0cc7b63e024399 [term 1 FOLLOWER]: Refusing update from remote peer 1a23c7f9a35749d0bd19d63b05fa86b9: Log matching property violated. Preceding OpId in replica: term: 1 index: 1. Preceding OpId from leader: term: 1 index: 2. (index mismatch)
I20260713 09:09:44.824744 28705 consensus_queue.cc:1048] T 58fca8f119d74646bfba3277d0a421c6 P 1a23c7f9a35749d0bd19d63b05fa86b9 [LEADER]: Connected to new peer: Peer: permanent_uuid: "0d619e45d76448efa554f4999868a899" member_type: VOTER last_known_addr { host: "127.26.120.1" port: 33981 } attrs { replace: true }, Status: LMP_MISMATCH, Last received: 0.0, Next index: 2, Last known committed idx: 1, Time since last communication: 0.000s
I20260713 09:09:44.828372 28483 consensus_queue.cc:1048] T 58fca8f119d74646bfba3277d0a421c6 P 1a23c7f9a35749d0bd19d63b05fa86b9 [LEADER]: Connected to new peer: Peer: permanent_uuid: "3787e5183dfa4f26af0cc7b63e024399" member_type: VOTER last_known_addr { host: "127.26.120.2" port: 36015 }, Status: LMP_MISMATCH, Last received: 0.0, Next index: 2, Last known committed idx: 1, Time since last communication: 0.000s
W20260713 09:09:44.837123 28363 consensus_peers.cc:597] T 58fca8f119d74646bfba3277d0a421c6 P 1a23c7f9a35749d0bd19d63b05fa86b9 -> Peer 2e655f03d4554ac192130bc7fa103cce (127.26.120.4:40861): Couldn't send request to peer 2e655f03d4554ac192130bc7fa103cce. Error code: TABLET_NOT_FOUND (6). Status: Not found: Tablet not found: 58fca8f119d74646bfba3277d0a421c6. This is attempt 1: this message will repeat every 5th retry.
I20260713 09:09:44.837374 28705 raft_consensus.cc:2955] T 58fca8f119d74646bfba3277d0a421c6 P 1a23c7f9a35749d0bd19d63b05fa86b9 [term 1 LEADER]: Committing config change with OpId 1.2: config changed from index -1 to 2, NON_VOTER 2e655f03d4554ac192130bc7fa103cce (127.26.120.4) added. New config: { opid_index: 2 OBSOLETE_local: false peers { permanent_uuid: "0d619e45d76448efa554f4999868a899" member_type: VOTER last_known_addr { host: "127.26.120.1" port: 33981 } attrs { replace: true } } peers { permanent_uuid: "3787e5183dfa4f26af0cc7b63e024399" member_type: VOTER last_known_addr { host: "127.26.120.2" port: 36015 } } peers { permanent_uuid: "1a23c7f9a35749d0bd19d63b05fa86b9" member_type: VOTER last_known_addr { host: "127.26.120.3" port: 39105 } } peers { permanent_uuid: "2e655f03d4554ac192130bc7fa103cce" member_type: NON_VOTER last_known_addr { host: "127.26.120.4" port: 40861 } attrs { promote: true } } }
I20260713 09:09:44.840811 28323 raft_consensus.cc:2955] T 58fca8f119d74646bfba3277d0a421c6 P 3787e5183dfa4f26af0cc7b63e024399 [term 1 FOLLOWER]: Committing config change with OpId 1.2: config changed from index -1 to 2, NON_VOTER 2e655f03d4554ac192130bc7fa103cce (127.26.120.4) added. New config: { opid_index: 2 OBSOLETE_local: false peers { permanent_uuid: "0d619e45d76448efa554f4999868a899" member_type: VOTER last_known_addr { host: "127.26.120.1" port: 33981 } attrs { replace: true } } peers { permanent_uuid: "3787e5183dfa4f26af0cc7b63e024399" member_type: VOTER last_known_addr { host: "127.26.120.2" port: 36015 } } peers { permanent_uuid: "1a23c7f9a35749d0bd19d63b05fa86b9" member_type: VOTER last_known_addr { host: "127.26.120.3" port: 39105 } } peers { permanent_uuid: "2e655f03d4554ac192130bc7fa103cce" member_type: NON_VOTER last_known_addr { host: "127.26.120.4" port: 40861 } attrs { promote: true } } }
I20260713 09:09:44.841344 28250 raft_consensus.cc:2955] T 58fca8f119d74646bfba3277d0a421c6 P 0d619e45d76448efa554f4999868a899 [term 1 FOLLOWER]: Committing config change with OpId 1.2: config changed from index -1 to 2, NON_VOTER 2e655f03d4554ac192130bc7fa103cce (127.26.120.4) added. New config: { opid_index: 2 OBSOLETE_local: false peers { permanent_uuid: "0d619e45d76448efa554f4999868a899" member_type: VOTER last_known_addr { host: "127.26.120.1" port: 33981 } attrs { replace: true } } peers { permanent_uuid: "3787e5183dfa4f26af0cc7b63e024399" member_type: VOTER last_known_addr { host: "127.26.120.2" port: 36015 } } peers { permanent_uuid: "1a23c7f9a35749d0bd19d63b05fa86b9" member_type: VOTER last_known_addr { host: "127.26.120.3" port: 39105 } } peers { permanent_uuid: "2e655f03d4554ac192130bc7fa103cce" member_type: NON_VOTER last_known_addr { host: "127.26.120.4" port: 40861 } attrs { promote: true } } }
I20260713 09:09:44.850118 28251 consensus_queue.cc:237] T 25fa0b7480fc4d1a94267aaaab0d63c9 P 0d619e45d76448efa554f4999868a899 [LEADER]: Queue going to LEADER mode. State: All replicated index: 0, Majority replicated index: 1, Committed index: 1, Last appended: 1.1, Last appended by leader: 0, Current term: 1, Majority size: 2, State: 0, Mode: LEADER, active raft config: opid_index: 2 OBSOLETE_local: false peers { permanent_uuid: "0d619e45d76448efa554f4999868a899" member_type: VOTER last_known_addr { host: "127.26.120.1" port: 33981 } } peers { permanent_uuid: "3787e5183dfa4f26af0cc7b63e024399" member_type: VOTER last_known_addr { host: "127.26.120.2" port: 36015 } } peers { permanent_uuid: "1a23c7f9a35749d0bd19d63b05fa86b9" member_type: VOTER last_known_addr { host: "127.26.120.3" port: 39105 } attrs { replace: true } } peers { permanent_uuid: "2e655f03d4554ac192130bc7fa103cce" member_type: NON_VOTER last_known_addr { host: "127.26.120.4" port: 40861 } attrs { promote: true } }
I20260713 09:09:44.857893 28145 catalog_manager.cc:5697] T 58fca8f119d74646bfba3277d0a421c6 P 1a23c7f9a35749d0bd19d63b05fa86b9 reported cstate change: config changed from index -1 to 2, NON_VOTER 2e655f03d4554ac192130bc7fa103cce (127.26.120.4) added. New cstate: current_term: 1 leader_uuid: "1a23c7f9a35749d0bd19d63b05fa86b9" committed_config { opid_index: 2 OBSOLETE_local: false peers { permanent_uuid: "0d619e45d76448efa554f4999868a899" member_type: VOTER last_known_addr { host: "127.26.120.1" port: 33981 } attrs { replace: true } health_report { overall_health: HEALTHY } } peers { permanent_uuid: "3787e5183dfa4f26af0cc7b63e024399" member_type: VOTER last_known_addr { host: "127.26.120.2" port: 36015 } health_report { overall_health: HEALTHY } } peers { permanent_uuid: "1a23c7f9a35749d0bd19d63b05fa86b9" member_type: VOTER last_known_addr { host: "127.26.120.3" port: 39105 } health_report { overall_health: HEALTHY } } peers { permanent_uuid: "2e655f03d4554ac192130bc7fa103cce" member_type: NON_VOTER last_known_addr { host: "127.26.120.4" port: 40861 } attrs { promote: true } health_report { overall_health: UNKNOWN } } }
W20260713 09:09:44.861356 28214 consensus_peers.cc:597] T 25fa0b7480fc4d1a94267aaaab0d63c9 P 0d619e45d76448efa554f4999868a899 -> Peer 2e655f03d4554ac192130bc7fa103cce (127.26.120.4:40861): Couldn't send request to peer 2e655f03d4554ac192130bc7fa103cce. Error code: TABLET_NOT_FOUND (6). Status: Not found: Tablet not found: 25fa0b7480fc4d1a94267aaaab0d63c9. This is attempt 1: this message will repeat every 5th retry.
I20260713 09:09:44.862383 28324 raft_consensus.cc:1275] T 25fa0b7480fc4d1a94267aaaab0d63c9 P 3787e5183dfa4f26af0cc7b63e024399 [term 1 FOLLOWER]: Refusing update from remote peer 0d619e45d76448efa554f4999868a899: Log matching property violated. Preceding OpId in replica: term: 1 index: 1. Preceding OpId from leader: term: 1 index: 2. (index mismatch)
