I20260713 09:09:26.074604 22871 raft_consensus.cc:2804] T cf972958bd6b4e7c819c20ecaac783c2 P ec7b78cd8e8e4588897053b6e4151b26 [term 2 FOLLOWER]: Leader election won for term 2
I20260713 09:09:26.075207 22871 raft_consensus.cc:697] T cf972958bd6b4e7c819c20ecaac783c2 P ec7b78cd8e8e4588897053b6e4151b26 [term 2 LEADER]: Becoming Leader. State: Replica: ec7b78cd8e8e4588897053b6e4151b26, State: Running, Role: LEADER
I20260713 09:09:26.076212 22871 consensus_queue.cc:237] T cf972958bd6b4e7c819c20ecaac783c2 P ec7b78cd8e8e4588897053b6e4151b26 [LEADER]: Queue going to LEADER mode. State: All replicated index: 0, Majority replicated index: 1, Committed index: 1, Last appended: 1.1, Last appended by leader: 1, Current term: 2, Majority size: 2, State: 0, Mode: LEADER, active raft config: opid_index: -1 OBSOLETE_local: false peers { permanent_uuid: "ec7b78cd8e8e4588897053b6e4151b26" member_type: VOTER last_known_addr { host: "127.21.113.1" port: 35345 } } peers { permanent_uuid: "ef011cdae95f44ea83dc72f4c4876ff8" member_type: VOTER last_known_addr { host: "127.21.113.2" port: 37609 } } peers { permanent_uuid: "54785abb2ef7424ba28e182f91eabafe" member_type: VOTER last_known_addr { host: "127.21.113.3" port: 39845 } }
I20260713 09:09:26.076870 22655 raft_consensus.cc:2468] T cf972958bd6b4e7c819c20ecaac783c2 P ef011cdae95f44ea83dc72f4c4876ff8 [term 2 FOLLOWER]: Leader election vote request: Granting yes vote for candidate ec7b78cd8e8e4588897053b6e4151b26 in term 2.
I20260713 09:09:26.084082 22477 catalog_manager.cc:5697] T cf972958bd6b4e7c819c20ecaac783c2 P ec7b78cd8e8e4588897053b6e4151b26 reported cstate change: term changed from 1 to 2, leader changed from ef011cdae95f44ea83dc72f4c4876ff8 (127.21.113.2) to ec7b78cd8e8e4588897053b6e4151b26 (127.21.113.1). New cstate: current_term: 2 leader_uuid: "ec7b78cd8e8e4588897053b6e4151b26" committed_config { opid_index: -1 OBSOLETE_local: false peers { permanent_uuid: "ec7b78cd8e8e4588897053b6e4151b26" member_type: VOTER last_known_addr { host: "127.21.113.1" port: 35345 } health_report { overall_health: HEALTHY } } peers { permanent_uuid: "ef011cdae95f44ea83dc72f4c4876ff8" member_type: VOTER last_known_addr { host: "127.21.113.2" port: 37609 } health_report { overall_health: UNKNOWN } } peers { permanent_uuid: "54785abb2ef7424ba28e182f91eabafe" member_type: VOTER last_known_addr { host: "127.21.113.3" port: 39845 } health_report { overall_health: UNKNOWN } } }
I20260713 09:09:26.137156 22579 raft_consensus.cc:1275] T f430adfccaee47019fc4782bdd092197 P ec7b78cd8e8e4588897053b6e4151b26 [term 2 FOLLOWER]: Refusing update from remote peer ef011cdae95f44ea83dc72f4c4876ff8: Log matching property violated. Preceding OpId in replica: term: 1 index: 1. Preceding OpId from leader: term: 2 index: 2. (index mismatch)
I20260713 09:09:26.138625 22867 consensus_queue.cc:1048] T f430adfccaee47019fc4782bdd092197 P ef011cdae95f44ea83dc72f4c4876ff8 [LEADER]: Connected to new peer: Peer: permanent_uuid: "ec7b78cd8e8e4588897053b6e4151b26" member_type: VOTER last_known_addr { host: "127.21.113.1" port: 35345 }, Status: LMP_MISMATCH, Last received: 0.0, Next index: 2, Last known committed idx: 1, Time since last communication: 0.000s
I20260713 09:09:26.139001 22728 raft_consensus.cc:1275] T f430adfccaee47019fc4782bdd092197 P 54785abb2ef7424ba28e182f91eabafe [term 2 FOLLOWER]: Refusing update from remote peer ef011cdae95f44ea83dc72f4c4876ff8: Log matching property violated. Preceding OpId in replica: term: 1 index: 1. Preceding OpId from leader: term: 2 index: 2. (index mismatch)
I20260713 09:09:26.140532 22867 consensus_queue.cc:1048] T f430adfccaee47019fc4782bdd092197 P ef011cdae95f44ea83dc72f4c4876ff8 [LEADER]: Connected to new peer: Peer: permanent_uuid: "54785abb2ef7424ba28e182f91eabafe" member_type: VOTER last_known_addr { host: "127.21.113.3" port: 39845 }, Status: LMP_MISMATCH, Last received: 0.0, Next index: 2, Last known committed idx: 1, Time since last communication: 0.000s
I20260713 09:09:26.291817 22655 raft_consensus.cc:1275] T d45a6df756964f09a77c121ca6c84be6 P ef011cdae95f44ea83dc72f4c4876ff8 [term 2 FOLLOWER]: Refusing update from remote peer ec7b78cd8e8e4588897053b6e4151b26: Log matching property violated. Preceding OpId in replica: term: 1 index: 1. Preceding OpId from leader: term: 2 index: 2. (index mismatch)
I20260713 09:09:26.293195 22871 consensus_queue.cc:1048] T d45a6df756964f09a77c121ca6c84be6 P ec7b78cd8e8e4588897053b6e4151b26 [LEADER]: Connected to new peer: Peer: permanent_uuid: "ef011cdae95f44ea83dc72f4c4876ff8" member_type: VOTER last_known_addr { host: "127.21.113.2" port: 37609 }, Status: LMP_MISMATCH, Last received: 0.0, Next index: 2, Last known committed idx: 1, Time since last communication: 0.000s
I20260713 09:09:26.305784 22728 raft_consensus.cc:1275] T d45a6df756964f09a77c121ca6c84be6 P 54785abb2ef7424ba28e182f91eabafe [term 2 FOLLOWER]: Refusing update from remote peer ec7b78cd8e8e4588897053b6e4151b26: Log matching property violated. Preceding OpId in replica: term: 1 index: 1. Preceding OpId from leader: term: 2 index: 2. (index mismatch)
I20260713 09:09:26.307180 22868 consensus_queue.cc:1048] T d45a6df756964f09a77c121ca6c84be6 P ec7b78cd8e8e4588897053b6e4151b26 [LEADER]: Connected to new peer: Peer: permanent_uuid: "54785abb2ef7424ba28e182f91eabafe" member_type: VOTER last_known_addr { host: "127.21.113.3" port: 39845 }, Status: LMP_MISMATCH, Last received: 0.0, Next index: 2, Last known committed idx: 1, Time since last communication: 0.000s
I20260713 09:09:26.307351 22729 raft_consensus.cc:1275] T 5c9303bd318147058f2d8056d88a8917 P 54785abb2ef7424ba28e182f91eabafe [term 2 FOLLOWER]: Refusing update from remote peer ec7b78cd8e8e4588897053b6e4151b26: Log matching property violated. Preceding OpId in replica: term: 1 index: 1. Preceding OpId from leader: term: 2 index: 2. (index mismatch)
I20260713 09:09:26.308449 22655 raft_consensus.cc:1275] T 5c9303bd318147058f2d8056d88a8917 P ef011cdae95f44ea83dc72f4c4876ff8 [term 2 FOLLOWER]: Refusing update from remote peer ec7b78cd8e8e4588897053b6e4151b26: Log matching property violated. Preceding OpId in replica: term: 1 index: 1. Preceding OpId from leader: term: 2 index: 2. (index mismatch)
I20260713 09:09:26.309036 22868 consensus_queue.cc:1048] T 5c9303bd318147058f2d8056d88a8917 P ec7b78cd8e8e4588897053b6e4151b26 [LEADER]: Connected to new peer: Peer: permanent_uuid: "54785abb2ef7424ba28e182f91eabafe" member_type: VOTER last_known_addr { host: "127.21.113.3" port: 39845 }, Status: LMP_MISMATCH, Last received: 0.0, Next index: 2, Last known committed idx: 1, Time since last communication: 0.000s
I20260713 09:09:26.311085 22868 consensus_queue.cc:1048] T 5c9303bd318147058f2d8056d88a8917 P ec7b78cd8e8e4588897053b6e4151b26 [LEADER]: Connected to new peer: Peer: permanent_uuid: "ef011cdae95f44ea83dc72f4c4876ff8" member_type: VOTER last_known_addr { host: "127.21.113.2" port: 37609 }, Status: LMP_MISMATCH, Last received: 0.0, Next index: 2, Last known committed idx: 1, Time since last communication: 0.000s
I20260713 09:09:26.316116 22579 raft_consensus.cc:1275] T e6a8c3bfed754e079084e03f9ee8832f P ec7b78cd8e8e4588897053b6e4151b26 [term 2 FOLLOWER]: Refusing update from remote peer ef011cdae95f44ea83dc72f4c4876ff8: Log matching property violated. Preceding OpId in replica: term: 1 index: 1. Preceding OpId from leader: term: 2 index: 2. (index mismatch)
I20260713 09:09:26.319602 22884 consensus_queue.cc:1048] T e6a8c3bfed754e079084e03f9ee8832f P ef011cdae95f44ea83dc72f4c4876ff8 [LEADER]: Connected to new peer: Peer: permanent_uuid: "ec7b78cd8e8e4588897053b6e4151b26" member_type: VOTER last_known_addr { host: "127.21.113.1" port: 35345 }, Status: LMP_MISMATCH, Last received: 0.0, Next index: 2, Last known committed idx: 1, Time since last communication: 0.000s
I20260713 09:09:26.336431 22728 raft_consensus.cc:1275] T e6a8c3bfed754e079084e03f9ee8832f P 54785abb2ef7424ba28e182f91eabafe [term 2 FOLLOWER]: Refusing update from remote peer ef011cdae95f44ea83dc72f4c4876ff8: Log matching property violated. Preceding OpId in replica: term: 1 index: 1. Preceding OpId from leader: term: 2 index: 2. (index mismatch)
I20260713 09:09:26.338225 22777 consensus_queue.cc:1048] T e6a8c3bfed754e079084e03f9ee8832f P ef011cdae95f44ea83dc72f4c4876ff8 [LEADER]: Connected to new peer: Peer: permanent_uuid: "54785abb2ef7424ba28e182f91eabafe" member_type: VOTER last_known_addr { host: "127.21.113.3" port: 39845 }, Status: LMP_MISMATCH, Last received: 0.0, Next index: 2, Last known committed idx: 1, Time since last communication: 0.000s
I20260713 09:09:26.348642 22579 raft_consensus.cc:1275] T 4ff524286dc245ad8c326ff2ca3f54b0 P ec7b78cd8e8e4588897053b6e4151b26 [term 2 FOLLOWER]: Refusing update from remote peer ef011cdae95f44ea83dc72f4c4876ff8: Log matching property violated. Preceding OpId in replica: term: 1 index: 1. Preceding OpId from leader: term: 2 index: 2. (index mismatch)
I20260713 09:09:26.350024 22777 consensus_queue.cc:1048] T 4ff524286dc245ad8c326ff2ca3f54b0 P ef011cdae95f44ea83dc72f4c4876ff8 [LEADER]: Connected to new peer: Peer: permanent_uuid: "ec7b78cd8e8e4588897053b6e4151b26" member_type: VOTER last_known_addr { host: "127.21.113.1" port: 35345 }, Status: LMP_MISMATCH, Last received: 0.0, Next index: 2, Last known committed idx: 1, Time since last communication: 0.000s
I20260713 09:09:26.353600 22653 raft_consensus.cc:1275] T b6480ba456d942b1853f7b9704c82216 P ef011cdae95f44ea83dc72f4c4876ff8 [term 2 FOLLOWER]: Refusing update from remote peer 54785abb2ef7424ba28e182f91eabafe: Log matching property violated. Preceding OpId in replica: term: 1 index: 1. Preceding OpId from leader: term: 2 index: 2. (index mismatch)
I20260713 09:09:26.355183 22804 consensus_queue.cc:1048] T b6480ba456d942b1853f7b9704c82216 P 54785abb2ef7424ba28e182f91eabafe [LEADER]: Connected to new peer: Peer: permanent_uuid: "ef011cdae95f44ea83dc72f4c4876ff8" member_type: VOTER last_known_addr { host: "127.21.113.2" port: 37609 }, Status: LMP_MISMATCH, Last received: 0.0, Next index: 2, Last known committed idx: 1, Time since last communication: 0.000s
I20260713 09:09:26.362643 22728 raft_consensus.cc:1275] T 4ff524286dc245ad8c326ff2ca3f54b0 P 54785abb2ef7424ba28e182f91eabafe [term 2 FOLLOWER]: Refusing update from remote peer ef011cdae95f44ea83dc72f4c4876ff8: Log matching property violated. Preceding OpId in replica: term: 1 index: 1. Preceding OpId from leader: term: 2 index: 2. (index mismatch)
I20260713 09:09:26.363932 22884 consensus_queue.cc:1048] T 4ff524286dc245ad8c326ff2ca3f54b0 P ef011cdae95f44ea83dc72f4c4876ff8 [LEADER]: Connected to new peer: Peer: permanent_uuid: "54785abb2ef7424ba28e182f91eabafe" member_type: VOTER last_known_addr { host: "127.21.113.3" port: 39845 }, Status: LMP_MISMATCH, Last received: 0.0, Next index: 2, Last known committed idx: 1, Time since last communication: 0.000s
I20260713 09:09:26.375093 22579 raft_consensus.cc:1275] T b6480ba456d942b1853f7b9704c82216 P ec7b78cd8e8e4588897053b6e4151b26 [term 2 FOLLOWER]: Refusing update from remote peer 54785abb2ef7424ba28e182f91eabafe: Log matching property violated. Preceding OpId in replica: term: 1 index: 1. Preceding OpId from leader: term: 2 index: 2. (index mismatch)
I20260713 09:09:26.376681 22804 consensus_queue.cc:1048] T b6480ba456d942b1853f7b9704c82216 P 54785abb2ef7424ba28e182f91eabafe [LEADER]: Connected to new peer: Peer: permanent_uuid: "ec7b78cd8e8e4588897053b6e4151b26" member_type: VOTER last_known_addr { host: "127.21.113.1" port: 35345 }, Status: LMP_MISMATCH, Last received: 0.0, Next index: 2, Last known committed idx: 1, Time since last communication: 0.000s
I20260713 09:09:26.423347 22728 raft_consensus.cc:1275] T 7dfce0f2f18842eba3c86b7c26600fc4 P 54785abb2ef7424ba28e182f91eabafe [term 3 FOLLOWER]: Refusing update from remote peer ec7b78cd8e8e4588897053b6e4151b26: Log matching property violated. Preceding OpId in replica: term: 2 index: 1. Preceding OpId from leader: term: 3 index: 2. (index mismatch)
I20260713 09:09:26.424651 22845 consensus_queue.cc:1048] T 7dfce0f2f18842eba3c86b7c26600fc4 P ec7b78cd8e8e4588897053b6e4151b26 [LEADER]: Connected to new peer: Peer: permanent_uuid: "54785abb2ef7424ba28e182f91eabafe" member_type: VOTER last_known_addr { host: "127.21.113.3" port: 39845 }, Status: LMP_MISMATCH, Last received: 0.0, Next index: 2, Last known committed idx: 1, Time since last communication: 0.000s
I20260713 09:09:26.432682 22653 raft_consensus.cc:1275] T 7dfce0f2f18842eba3c86b7c26600fc4 P ef011cdae95f44ea83dc72f4c4876ff8 [term 3 FOLLOWER]: Refusing update from remote peer ec7b78cd8e8e4588897053b6e4151b26: Log matching property violated. Preceding OpId in replica: term: 2 index: 1. Preceding OpId from leader: term: 3 index: 2. (index mismatch)
I20260713 09:09:26.434329 22871 consensus_queue.cc:1048] T 7dfce0f2f18842eba3c86b7c26600fc4 P ec7b78cd8e8e4588897053b6e4151b26 [LEADER]: Connected to new peer: Peer: permanent_uuid: "ef011cdae95f44ea83dc72f4c4876ff8" member_type: VOTER last_known_addr { host: "127.21.113.2" port: 37609 }, Status: LMP_MISMATCH, Last received: 0.0, Next index: 2, Last known committed idx: 1, Time since last communication: 0.000s
I20260713 09:09:26.464336 22653 raft_consensus.cc:1275] T 89ea17be66b0417891611b72b7ffe7ad P ef011cdae95f44ea83dc72f4c4876ff8 [term 2 FOLLOWER]: Refusing update from remote peer ec7b78cd8e8e4588897053b6e4151b26: Log matching property violated. Preceding OpId in replica: term: 1 index: 1. Preceding OpId from leader: term: 2 index: 2. (index mismatch)
I20260713 09:09:26.465648 22845 consensus_queue.cc:1048] T 89ea17be66b0417891611b72b7ffe7ad P ec7b78cd8e8e4588897053b6e4151b26 [LEADER]: Connected to new peer: Peer: permanent_uuid: "ef011cdae95f44ea83dc72f4c4876ff8" member_type: VOTER last_known_addr { host: "127.21.113.2" port: 37609 }, Status: LMP_MISMATCH, Last received: 0.0, Next index: 2, Last known committed idx: 1, Time since last communication: 0.000s
I20260713 09:09:26.475051 22728 raft_consensus.cc:1275] T 89ea17be66b0417891611b72b7ffe7ad P 54785abb2ef7424ba28e182f91eabafe [term 2 FOLLOWER]: Refusing update from remote peer ec7b78cd8e8e4588897053b6e4151b26: Log matching property violated. Preceding OpId in replica: term: 1 index: 1. Preceding OpId from leader: term: 2 index: 2. (index mismatch)
I20260713 09:09:26.476432 22869 consensus_queue.cc:1048] T 89ea17be66b0417891611b72b7ffe7ad P ec7b78cd8e8e4588897053b6e4151b26 [LEADER]: Connected to new peer: Peer: permanent_uuid: "54785abb2ef7424ba28e182f91eabafe" member_type: VOTER last_known_addr { host: "127.21.113.3" port: 39845 }, Status: LMP_MISMATCH, Last received: 0.0, Next index: 2, Last known committed idx: 1, Time since last communication: 0.000s
I20260713 09:09:26.505893 22728 raft_consensus.cc:1275] T aab7874a2a404be2ae332eff875e3e00 P 54785abb2ef7424ba28e182f91eabafe [term 2 FOLLOWER]: Refusing update from remote peer ef011cdae95f44ea83dc72f4c4876ff8: Log matching property violated. Preceding OpId in replica: term: 1 index: 1. Preceding OpId from leader: term: 2 index: 2. (index mismatch)
I20260713 09:09:26.507488 22777 consensus_queue.cc:1048] T aab7874a2a404be2ae332eff875e3e00 P ef011cdae95f44ea83dc72f4c4876ff8 [LEADER]: Connected to new peer: Peer: permanent_uuid: "54785abb2ef7424ba28e182f91eabafe" member_type: VOTER last_known_addr { host: "127.21.113.3" port: 39845 }, Status: LMP_MISMATCH, Last received: 0.0, Next index: 2, Last known committed idx: 1, Time since last communication: 0.000s
I20260713 09:09:26.515846 22579 raft_consensus.cc:1275] T aab7874a2a404be2ae332eff875e3e00 P ec7b78cd8e8e4588897053b6e4151b26 [term 2 FOLLOWER]: Refusing update from remote peer ef011cdae95f44ea83dc72f4c4876ff8: Log matching property violated. Preceding OpId in replica: term: 1 index: 1. Preceding OpId from leader: term: 2 index: 2. (index mismatch)
I20260713 09:09:26.517391 22777 consensus_queue.cc:1048] T aab7874a2a404be2ae332eff875e3e00 P ef011cdae95f44ea83dc72f4c4876ff8 [LEADER]: Connected to new peer: Peer: permanent_uuid: "ec7b78cd8e8e4588897053b6e4151b26" member_type: VOTER last_known_addr { host: "127.21.113.1" port: 35345 }, Status: LMP_MISMATCH, Last received: 0.0, Next index: 2, Last known committed idx: 1, Time since last communication: 0.000s
I20260713 09:09:26.594342 22653 raft_consensus.cc:1275] T cf972958bd6b4e7c819c20ecaac783c2 P ef011cdae95f44ea83dc72f4c4876ff8 [term 2 FOLLOWER]: Refusing update from remote peer ec7b78cd8e8e4588897053b6e4151b26: Log matching property violated. Preceding OpId in replica: term: 1 index: 1. Preceding OpId from leader: term: 2 index: 2. (index mismatch)
I20260713 09:09:26.595732 22869 consensus_queue.cc:1048] T cf972958bd6b4e7c819c20ecaac783c2 P ec7b78cd8e8e4588897053b6e4151b26 [LEADER]: Connected to new peer: Peer: permanent_uuid: "ef011cdae95f44ea83dc72f4c4876ff8" member_type: VOTER last_known_addr { host: "127.21.113.2" port: 37609 }, Status: LMP_MISMATCH, Last received: 0.0, Next index: 2, Last known committed idx: 1, Time since last communication: 0.000s
I20260713 09:09:26.604554 22728 raft_consensus.cc:1275] T cf972958bd6b4e7c819c20ecaac783c2 P 54785abb2ef7424ba28e182f91eabafe [term 2 FOLLOWER]: Refusing update from remote peer ec7b78cd8e8e4588897053b6e4151b26: Log matching property violated. Preceding OpId in replica: term: 1 index: 1. Preceding OpId from leader: term: 2 index: 2. (index mismatch)
I20260713 09:09:26.606045 22871 consensus_queue.cc:1048] T cf972958bd6b4e7c819c20ecaac783c2 P ec7b78cd8e8e4588897053b6e4151b26 [LEADER]: Connected to new peer: Peer: permanent_uuid: "54785abb2ef7424ba28e182f91eabafe" member_type: VOTER last_known_addr { host: "127.21.113.3" port: 39845 }, Status: LMP_MISMATCH, Last received: 0.0, Next index: 2, Last known committed idx: 1, Time since last communication: 0.000s
I20260713 09:09:28.649266 21956 auto_leader_rebalancer-test.cc:352] The leader distribution is 
I20260713 09:09:28.650108 21956 auto_leader_rebalancer.cc:141] leader rebalance for table test-workload
I20260713 09:09:28.673146 22579 tablet_service.cc:2072] Received LeaderStepDown RPC: tablet_id: "89ea17be66b0417891611b72b7ffe7ad"
dest_uuid: "ec7b78cd8e8e4588897053b6e4151b26"
mode: GRACEFUL
new_leader_uuid: "54785abb2ef7424ba28e182f91eabafe"
 from {username='slave'} at 127.0.0.1:50344
I20260713 09:09:28.673691 22579 raft_consensus.cc:606] T 89ea17be66b0417891611b72b7ffe7ad P ec7b78cd8e8e4588897053b6e4151b26 [term 2 LEADER]: Received request to transfer leadership to TS 54785abb2ef7424ba28e182f91eabafe
I20260713 09:09:28.676671 22579 tablet_service.cc:2072] Received LeaderStepDown RPC: tablet_id: "d45a6df756964f09a77c121ca6c84be6"
dest_uuid: "ec7b78cd8e8e4588897053b6e4151b26"
mode: GRACEFUL
new_leader_uuid: "54785abb2ef7424ba28e182f91eabafe"
 from {username='slave'} at 127.0.0.1:50344
I20260713 09:09:28.677402 22579 raft_consensus.cc:606] T d45a6df756964f09a77c121ca6c84be6 P ec7b78cd8e8e4588897053b6e4151b26 [term 2 LEADER]: Received request to transfer leadership to TS 54785abb2ef7424ba28e182f91eabafe
I20260713 09:09:28.678807 21956 auto_leader_rebalancer.cc:479] table: test-workload, leader rebalance finish, leader transfer count: 2
I20260713 09:09:28.679291 21956 auto_leader_rebalancer.cc:554] All tables' leader rebalancing finished this round
I20260713 09:09:28.764930 22845 raft_consensus.cc:993] T 89ea17be66b0417891611b72b7ffe7ad P ec7b78cd8e8e4588897053b6e4151b26: : Instructing follower 54785abb2ef7424ba28e182f91eabafe to start an election
I20260713 09:09:28.765435 22906 raft_consensus.cc:1081] T 89ea17be66b0417891611b72b7ffe7ad P ec7b78cd8e8e4588897053b6e4151b26 [term 2 LEADER]: Signalling peer 54785abb2ef7424ba28e182f91eabafe to start an election
I20260713 09:09:28.767199 22729 tablet_service.cc:2044] Received Run Leader Election RPC: tablet_id: "89ea17be66b0417891611b72b7ffe7ad"
dest_uuid: "54785abb2ef7424ba28e182f91eabafe"
 from {username='slave'} at 127.0.0.1:60858
I20260713 09:09:28.767769 22729 raft_consensus.cc:493] T 89ea17be66b0417891611b72b7ffe7ad P 54785abb2ef7424ba28e182f91eabafe [term 2 FOLLOWER]: Starting forced leader election (received explicit request)
I20260713 09:09:28.768075 22729 raft_consensus.cc:3060] T 89ea17be66b0417891611b72b7ffe7ad P 54785abb2ef7424ba28e182f91eabafe [term 2 FOLLOWER]: Advancing to term 3
I20260713 09:09:28.772830 22729 raft_consensus.cc:515] T 89ea17be66b0417891611b72b7ffe7ad P 54785abb2ef7424ba28e182f91eabafe [term 3 FOLLOWER]: Starting forced leader election with config: opid_index: -1 OBSOLETE_local: false peers { permanent_uuid: "ef011cdae95f44ea83dc72f4c4876ff8" member_type: VOTER last_known_addr { host: "127.21.113.2" port: 37609 } } peers { permanent_uuid: "ec7b78cd8e8e4588897053b6e4151b26" member_type: VOTER last_known_addr { host: "127.21.113.1" port: 35345 } } peers { permanent_uuid: "54785abb2ef7424ba28e182f91eabafe" member_type: VOTER last_known_addr { host: "127.21.113.3" port: 39845 } }
I20260713 09:09:28.774359 22729 leader_election.cc:290] T 89ea17be66b0417891611b72b7ffe7ad P 54785abb2ef7424ba28e182f91eabafe [CANDIDATE]: Term 3 election: Requested vote from peers ef011cdae95f44ea83dc72f4c4876ff8 (127.21.113.2:37609), ec7b78cd8e8e4588897053b6e4151b26 (127.21.113.1:35345)
I20260713 09:09:28.775314 22653 tablet_service.cc:1917] Received RequestConsensusVote() RPC: tablet_id: "89ea17be66b0417891611b72b7ffe7ad" candidate_uuid: "54785abb2ef7424ba28e182f91eabafe" candidate_term: 3 candidate_status { last_received { term: 2 index: 2 } } ignore_live_leader: true dest_uuid: "ef011cdae95f44ea83dc72f4c4876ff8"
I20260713 09:09:28.775929 22653 raft_consensus.cc:3060] T 89ea17be66b0417891611b72b7ffe7ad P ef011cdae95f44ea83dc72f4c4876ff8 [term 2 FOLLOWER]: Advancing to term 3
I20260713 09:09:28.775945 22579 tablet_service.cc:1917] Received RequestConsensusVote() RPC: tablet_id: "89ea17be66b0417891611b72b7ffe7ad" candidate_uuid: "54785abb2ef7424ba28e182f91eabafe" candidate_term: 3 candidate_status { last_received { term: 2 index: 2 } } ignore_live_leader: true dest_uuid: "ec7b78cd8e8e4588897053b6e4151b26"
I20260713 09:09:28.776670 22579 raft_consensus.cc:3055] T 89ea17be66b0417891611b72b7ffe7ad P ec7b78cd8e8e4588897053b6e4151b26 [term 2 LEADER]: Stepping down as leader of term 2
I20260713 09:09:28.776978 22579 raft_consensus.cc:740] T 89ea17be66b0417891611b72b7ffe7ad P ec7b78cd8e8e4588897053b6e4151b26 [term 2 LEADER]: Becoming Follower/Learner. State: Replica: ec7b78cd8e8e4588897053b6e4151b26, State: Running, Role: LEADER
I20260713 09:09:28.777704 22579 consensus_queue.cc:260] T 89ea17be66b0417891611b72b7ffe7ad P ec7b78cd8e8e4588897053b6e4151b26 [NON_LEADER]: Queue going to NON_LEADER mode. State: All replicated index: 0, Majority replicated index: 2, Committed index: 2, Last appended: 2.2, Last appended by leader: 2, Current term: 2, Majority size: -1, State: 0, Mode: NON_LEADER, active raft config: opid_index: -1 OBSOLETE_local: false peers { permanent_uuid: "ef011cdae95f44ea83dc72f4c4876ff8" member_type: VOTER last_known_addr { host: "127.21.113.2" port: 37609 } } peers { permanent_uuid: "ec7b78cd8e8e4588897053b6e4151b26" member_type: VOTER last_known_addr { host: "127.21.113.1" port: 35345 } } peers { permanent_uuid: "54785abb2ef7424ba28e182f91eabafe" member_type: VOTER last_known_addr { host: "127.21.113.3" port: 39845 } }
I20260713 09:09:28.778717 22579 raft_consensus.cc:3060] T 89ea17be66b0417891611b72b7ffe7ad P ec7b78cd8e8e4588897053b6e4151b26 [term 2 FOLLOWER]: Advancing to term 3
I20260713 09:09:28.780660 22653 raft_consensus.cc:2468] T 89ea17be66b0417891611b72b7ffe7ad P ef011cdae95f44ea83dc72f4c4876ff8 [term 3 FOLLOWER]: Leader election vote request: Granting yes vote for candidate 54785abb2ef7424ba28e182f91eabafe in term 3.
I20260713 09:09:28.781929 22693 leader_election.cc:304] T 89ea17be66b0417891611b72b7ffe7ad P 54785abb2ef7424ba28e182f91eabafe [CANDIDATE]: Term 3 election: Election decided. Result: candidate won. Election summary: received 2 responses out of 3 voters: 2 yes votes; 0 no votes. yes voters: 54785abb2ef7424ba28e182f91eabafe, ef011cdae95f44ea83dc72f4c4876ff8; no voters: 
I20260713 09:09:28.782612 22903 raft_consensus.cc:2804] T 89ea17be66b0417891611b72b7ffe7ad P 54785abb2ef7424ba28e182f91eabafe [term 3 FOLLOWER]: Leader election won for term 3
I20260713 09:09:28.783833 22903 raft_consensus.cc:697] T 89ea17be66b0417891611b72b7ffe7ad P 54785abb2ef7424ba28e182f91eabafe [term 3 LEADER]: Becoming Leader. State: Replica: 54785abb2ef7424ba28e182f91eabafe, State: Running, Role: LEADER
I20260713 09:09:28.784617 22903 consensus_queue.cc:237] T 89ea17be66b0417891611b72b7ffe7ad P 54785abb2ef7424ba28e182f91eabafe [LEADER]: Queue going to LEADER mode. State: All replicated index: 0, Majority replicated index: 2, Committed index: 2, Last appended: 2.2, Last appended by leader: 2, Current term: 3, Majority size: 2, State: 0, Mode: LEADER, active raft config: opid_index: -1 OBSOLETE_local: false peers { permanent_uuid: "ef011cdae95f44ea83dc72f4c4876ff8" member_type: VOTER last_known_addr { host: "127.21.113.2" port: 37609 } } peers { permanent_uuid: "ec7b78cd8e8e4588897053b6e4151b26" member_type: VOTER last_known_addr { host: "127.21.113.1" port: 35345 } } peers { permanent_uuid: "54785abb2ef7424ba28e182f91eabafe" member_type: VOTER last_known_addr { host: "127.21.113.3" port: 39845 } }
I20260713 09:09:28.785034 22579 raft_consensus.cc:2468] T 89ea17be66b0417891611b72b7ffe7ad P ec7b78cd8e8e4588897053b6e4151b26 [term 3 FOLLOWER]: Leader election vote request: Granting yes vote for candidate 54785abb2ef7424ba28e182f91eabafe in term 3.
I20260713 09:09:28.792181 22475 catalog_manager.cc:5697] T 89ea17be66b0417891611b72b7ffe7ad P 54785abb2ef7424ba28e182f91eabafe reported cstate change: term changed from 2 to 3, leader changed from ec7b78cd8e8e4588897053b6e4151b26 (127.21.113.1) to 54785abb2ef7424ba28e182f91eabafe (127.21.113.3). New cstate: current_term: 3 leader_uuid: "54785abb2ef7424ba28e182f91eabafe" committed_config { opid_index: -1 OBSOLETE_local: false peers { permanent_uuid: "ef011cdae95f44ea83dc72f4c4876ff8" member_type: VOTER last_known_addr { host: "127.21.113.2" port: 37609 } health_report { overall_health: UNKNOWN } } peers { permanent_uuid: "ec7b78cd8e8e4588897053b6e4151b26" member_type: VOTER last_known_addr { host: "127.21.113.1" port: 35345 } health_report { overall_health: UNKNOWN } } peers { permanent_uuid: "54785abb2ef7424ba28e182f91eabafe" member_type: VOTER last_known_addr { host: "127.21.113.3" port: 39845 } health_report { overall_health: HEALTHY } } }
I20260713 09:09:28.861032 22845 raft_consensus.cc:993] T d45a6df756964f09a77c121ca6c84be6 P ec7b78cd8e8e4588897053b6e4151b26: : Instructing follower 54785abb2ef7424ba28e182f91eabafe to start an election
I20260713 09:09:28.861634 22906 raft_consensus.cc:1081] T d45a6df756964f09a77c121ca6c84be6 P ec7b78cd8e8e4588897053b6e4151b26 [term 2 LEADER]: Signalling peer 54785abb2ef7424ba28e182f91eabafe to start an election
I20260713 09:09:28.863200 22729 tablet_service.cc:2044] Received Run Leader Election RPC: tablet_id: "d45a6df756964f09a77c121ca6c84be6"
dest_uuid: "54785abb2ef7424ba28e182f91eabafe"
 from {username='slave'} at 127.0.0.1:60858
I20260713 09:09:28.863644 22729 raft_consensus.cc:493] T d45a6df756964f09a77c121ca6c84be6 P 54785abb2ef7424ba28e182f91eabafe [term 2 FOLLOWER]: Starting forced leader election (received explicit request)
I20260713 09:09:28.863891 22729 raft_consensus.cc:3060] T d45a6df756964f09a77c121ca6c84be6 P 54785abb2ef7424ba28e182f91eabafe [term 2 FOLLOWER]: Advancing to term 3
I20260713 09:09:28.869540 22729 raft_consensus.cc:515] T d45a6df756964f09a77c121ca6c84be6 P 54785abb2ef7424ba28e182f91eabafe [term 3 FOLLOWER]: Starting forced leader election with config: opid_index: -1 OBSOLETE_local: false peers { permanent_uuid: "ec7b78cd8e8e4588897053b6e4151b26" member_type: VOTER last_known_addr { host: "127.21.113.1" port: 35345 } } peers { permanent_uuid: "ef011cdae95f44ea83dc72f4c4876ff8" member_type: VOTER last_known_addr { host: "127.21.113.2" port: 37609 } } peers { permanent_uuid: "54785abb2ef7424ba28e182f91eabafe" member_type: VOTER last_known_addr { host: "127.21.113.3" port: 39845 } }
I20260713 09:09:28.871201 22729 leader_election.cc:290] T d45a6df756964f09a77c121ca6c84be6 P 54785abb2ef7424ba28e182f91eabafe [CANDIDATE]: Term 3 election: Requested vote from peers ec7b78cd8e8e4588897053b6e4151b26 (127.21.113.1:35345), ef011cdae95f44ea83dc72f4c4876ff8 (127.21.113.2:37609)
I20260713 09:09:28.872097 22579 tablet_service.cc:1917] Received RequestConsensusVote() RPC: tablet_id: "d45a6df756964f09a77c121ca6c84be6" candidate_uuid: "54785abb2ef7424ba28e182f91eabafe" candidate_term: 3 candidate_status { last_received { term: 2 index: 2 } } ignore_live_leader: true dest_uuid: "ec7b78cd8e8e4588897053b6e4151b26"
I20260713 09:09:28.872613 22579 raft_consensus.cc:3055] T d45a6df756964f09a77c121ca6c84be6 P ec7b78cd8e8e4588897053b6e4151b26 [term 2 LEADER]: Stepping down as leader of term 2
I20260713 09:09:28.872627 22653 tablet_service.cc:1917] Received RequestConsensusVote() RPC: tablet_id: "d45a6df756964f09a77c121ca6c84be6" candidate_uuid: "54785abb2ef7424ba28e182f91eabafe" candidate_term: 3 candidate_status { last_received { term: 2 index: 2 } } ignore_live_leader: true dest_uuid: "ef011cdae95f44ea83dc72f4c4876ff8"
I20260713 09:09:28.872941 22579 raft_consensus.cc:740] T d45a6df756964f09a77c121ca6c84be6 P ec7b78cd8e8e4588897053b6e4151b26 [term 2 LEADER]: Becoming Follower/Learner. State: Replica: ec7b78cd8e8e4588897053b6e4151b26, State: Running, Role: LEADER
I20260713 09:09:28.873498 22653 raft_consensus.cc:3060] T d45a6df756964f09a77c121ca6c84be6 P ef011cdae95f44ea83dc72f4c4876ff8 [term 2 FOLLOWER]: Advancing to term 3
I20260713 09:09:28.873998 22579 consensus_queue.cc:260] T d45a6df756964f09a77c121ca6c84be6 P ec7b78cd8e8e4588897053b6e4151b26 [NON_LEADER]: Queue going to NON_LEADER mode. State: All replicated index: 0, Majority replicated index: 2, Committed index: 2, Last appended: 2.2, Last appended by leader: 2, Current term: 2, Majority size: -1, State: 0, Mode: NON_LEADER, active raft config: opid_index: -1 OBSOLETE_local: false peers { permanent_uuid: "ec7b78cd8e8e4588897053b6e4151b26" member_type: VOTER last_known_addr { host: "127.21.113.1" port: 35345 } } peers { permanent_uuid: "ef011cdae95f44ea83dc72f4c4876ff8" member_type: VOTER last_known_addr { host: "127.21.113.2" port: 37609 } } peers { permanent_uuid: "54785abb2ef7424ba28e182f91eabafe" member_type: VOTER last_known_addr { host: "127.21.113.3" port: 39845 } }
I20260713 09:09:28.875463 22579 raft_consensus.cc:3060] T d45a6df756964f09a77c121ca6c84be6 P ec7b78cd8e8e4588897053b6e4151b26 [term 2 FOLLOWER]: Advancing to term 3
I20260713 09:09:28.881999 22653 raft_consensus.cc:2468] T d45a6df756964f09a77c121ca6c84be6 P ef011cdae95f44ea83dc72f4c4876ff8 [term 3 FOLLOWER]: Leader election vote request: Granting yes vote for candidate 54785abb2ef7424ba28e182f91eabafe in term 3.
I20260713 09:09:28.883809 22579 raft_consensus.cc:2468] T d45a6df756964f09a77c121ca6c84be6 P ec7b78cd8e8e4588897053b6e4151b26 [term 3 FOLLOWER]: Leader election vote request: Granting yes vote for candidate 54785abb2ef7424ba28e182f91eabafe in term 3.
I20260713 09:09:28.883693 22693 leader_election.cc:304] T d45a6df756964f09a77c121ca6c84be6 P 54785abb2ef7424ba28e182f91eabafe [CANDIDATE]: Term 3 election: Election decided. Result: candidate won. Election summary: received 2 responses out of 3 voters: 2 yes votes; 0 no votes. yes voters: 54785abb2ef7424ba28e182f91eabafe, ef011cdae95f44ea83dc72f4c4876ff8; no voters: 
I20260713 09:09:28.884743 22903 raft_consensus.cc:2804] T d45a6df756964f09a77c121ca6c84be6 P 54785abb2ef7424ba28e182f91eabafe [term 3 FOLLOWER]: Leader election won for term 3
I20260713 09:09:28.885236 22903 raft_consensus.cc:697] T d45a6df756964f09a77c121ca6c84be6 P 54785abb2ef7424ba28e182f91eabafe [term 3 LEADER]: Becoming Leader. State: Replica: 54785abb2ef7424ba28e182f91eabafe, State: Running, Role: LEADER
I20260713 09:09:28.886119 22903 consensus_queue.cc:237] T d45a6df756964f09a77c121ca6c84be6 P 54785abb2ef7424ba28e182f91eabafe [LEADER]: Queue going to LEADER mode. State: All replicated index: 0, Majority replicated index: 2, Committed index: 2, Last appended: 2.2, Last appended by leader: 2, Current term: 3, Majority size: 2, State: 0, Mode: LEADER, active raft config: opid_index: -1 OBSOLETE_local: false peers { permanent_uuid: "ec7b78cd8e8e4588897053b6e4151b26" member_type: VOTER last_known_addr { host: "127.21.113.1" port: 35345 } } peers { permanent_uuid: "ef011cdae95f44ea83dc72f4c4876ff8" member_type: VOTER last_known_addr { host: "127.21.113.2" port: 37609 } } peers { permanent_uuid: "54785abb2ef7424ba28e182f91eabafe" member_type: VOTER last_known_addr { host: "127.21.113.3" port: 39845 } }
I20260713 09:09:28.893394 22475 catalog_manager.cc:5697] T d45a6df756964f09a77c121ca6c84be6 P 54785abb2ef7424ba28e182f91eabafe reported cstate change: term changed from 2 to 3, leader changed from ec7b78cd8e8e4588897053b6e4151b26 (127.21.113.1) to 54785abb2ef7424ba28e182f91eabafe (127.21.113.3). New cstate: current_term: 3 leader_uuid: "54785abb2ef7424ba28e182f91eabafe" committed_config { opid_index: -1 OBSOLETE_local: false peers { permanent_uuid: "ec7b78cd8e8e4588897053b6e4151b26" member_type: VOTER last_known_addr { host: "127.21.113.1" port: 35345 } health_report { overall_health: UNKNOWN } } peers { permanent_uuid: "ef011cdae95f44ea83dc72f4c4876ff8" member_type: VOTER last_known_addr { host: "127.21.113.2" port: 37609 } health_report { overall_health: UNKNOWN } } peers { permanent_uuid: "54785abb2ef7424ba28e182f91eabafe" member_type: VOTER last_known_addr { host: "127.21.113.3" port: 39845 } health_report { overall_health: HEALTHY } } }
I20260713 09:09:29.274034 22653 raft_consensus.cc:1275] T 89ea17be66b0417891611b72b7ffe7ad P ef011cdae95f44ea83dc72f4c4876ff8 [term 3 FOLLOWER]: Refusing update from remote peer 54785abb2ef7424ba28e182f91eabafe: Log matching property violated. Preceding OpId in replica: term: 2 index: 2. Preceding OpId from leader: term: 3 index: 3. (index mismatch)
I20260713 09:09:29.275228 22903 consensus_queue.cc:1048] T 89ea17be66b0417891611b72b7ffe7ad P 54785abb2ef7424ba28e182f91eabafe [LEADER]: Connected to new peer: Peer: permanent_uuid: "ef011cdae95f44ea83dc72f4c4876ff8" member_type: VOTER last_known_addr { host: "127.21.113.2" port: 37609 }, Status: LMP_MISMATCH, Last received: 0.0, Next index: 3, Last known committed idx: 2, Time since last communication: 0.000s
I20260713 09:09:29.285570 22579 raft_consensus.cc:1275] T 89ea17be66b0417891611b72b7ffe7ad P ec7b78cd8e8e4588897053b6e4151b26 [term 3 FOLLOWER]: Refusing update from remote peer 54785abb2ef7424ba28e182f91eabafe: Log matching property violated. Preceding OpId in replica: term: 2 index: 2. Preceding OpId from leader: term: 3 index: 3. (index mismatch)
I20260713 09:09:29.287322 22907 consensus_queue.cc:1048] T 89ea17be66b0417891611b72b7ffe7ad P 54785abb2ef7424ba28e182f91eabafe [LEADER]: Connected to new peer: Peer: permanent_uuid: "ec7b78cd8e8e4588897053b6e4151b26" member_type: VOTER last_known_addr { host: "127.21.113.1" port: 35345 }, Status: LMP_MISMATCH, Last received: 0.0, Next index: 3, Last known committed idx: 2, Time since last communication: 0.000s
I20260713 09:09:29.305686 22579 raft_consensus.cc:1275] T d45a6df756964f09a77c121ca6c84be6 P ec7b78cd8e8e4588897053b6e4151b26 [term 3 FOLLOWER]: Refusing update from remote peer 54785abb2ef7424ba28e182f91eabafe: Log matching property violated. Preceding OpId in replica: term: 2 index: 2. Preceding OpId from leader: term: 3 index: 3. (index mismatch)
I20260713 09:09:29.306993 22907 consensus_queue.cc:1048] T d45a6df756964f09a77c121ca6c84be6 P 54785abb2ef7424ba28e182f91eabafe [LEADER]: Connected to new peer: Peer: permanent_uuid: "ec7b78cd8e8e4588897053b6e4151b26" member_type: VOTER last_known_addr { host: "127.21.113.1" port: 35345 }, Status: LMP_MISMATCH, Last received: 0.0, Next index: 3, Last known committed idx: 2, Time since last communication: 0.000s
I20260713 09:09:29.316083 22653 raft_consensus.cc:1275] T d45a6df756964f09a77c121ca6c84be6 P ef011cdae95f44ea83dc72f4c4876ff8 [term 3 FOLLOWER]: Refusing update from remote peer 54785abb2ef7424ba28e182f91eabafe: Log matching property violated. Preceding OpId in replica: term: 2 index: 2. Preceding OpId from leader: term: 3 index: 3. (index mismatch)
I20260713 09:09:29.317581 22907 consensus_queue.cc:1048] T d45a6df756964f09a77c121ca6c84be6 P 54785abb2ef7424ba28e182f91eabafe [LEADER]: Connected to new peer: Peer: permanent_uuid: "ef011cdae95f44ea83dc72f4c4876ff8" member_type: VOTER last_known_addr { host: "127.21.113.2" port: 37609 }, Status: LMP_MISMATCH, Last received: 0.0, Next index: 3, Last known committed idx: 2, Time since last communication: 0.000s
I20260713 09:09:29.681007 21956 auto_leader_rebalancer.cc:141] leader rebalance for table test-workload
I20260713 09:09:29.694533 22729 tablet_service.cc:2072] Received LeaderStepDown RPC: tablet_id: "89ea17be66b0417891611b72b7ffe7ad"
dest_uuid: "54785abb2ef7424ba28e182f91eabafe"
mode: GRACEFUL
new_leader_uuid: "ec7b78cd8e8e4588897053b6e4151b26"
 from {username='slave'} at 127.0.0.1:60862
I20260713 09:09:29.695591 22729 raft_consensus.cc:606] T 89ea17be66b0417891611b72b7ffe7ad P 54785abb2ef7424ba28e182f91eabafe [term 3 LEADER]: Received request to transfer leadership to TS ec7b78cd8e8e4588897053b6e4151b26
I20260713 09:09:29.706283 22729 tablet_service.cc:2072] Received LeaderStepDown RPC: tablet_id: "d45a6df756964f09a77c121ca6c84be6"
dest_uuid: "54785abb2ef7424ba28e182f91eabafe"
mode: GRACEFUL
new_leader_uuid: "ec7b78cd8e8e4588897053b6e4151b26"
 from {username='slave'} at 127.0.0.1:60862
I20260713 09:09:29.706755 22729 raft_consensus.cc:606] T d45a6df756964f09a77c121ca6c84be6 P 54785abb2ef7424ba28e182f91eabafe [term 3 LEADER]: Received request to transfer leadership to TS ec7b78cd8e8e4588897053b6e4151b26
I20260713 09:09:29.717419 22653 tablet_service.cc:2072] Received LeaderStepDown RPC: tablet_id: "aab7874a2a404be2ae332eff875e3e00"
dest_uuid: "ef011cdae95f44ea83dc72f4c4876ff8"
mode: GRACEFUL
new_leader_uuid: "ec7b78cd8e8e4588897053b6e4151b26"
 from {username='slave'} at 127.0.0.1:55740
I20260713 09:09:29.718030 22653 raft_consensus.cc:606] T aab7874a2a404be2ae332eff875e3e00 P ef011cdae95f44ea83dc72f4c4876ff8 [term 2 LEADER]: Received request to transfer leadership to TS ec7b78cd8e8e4588897053b6e4151b26
I20260713 09:09:29.723085 22653 tablet_service.cc:2072] Received LeaderStepDown RPC: tablet_id: "4ff524286dc245ad8c326ff2ca3f54b0"
dest_uuid: "ef011cdae95f44ea83dc72f4c4876ff8"
mode: GRACEFUL
new_leader_uuid: "ec7b78cd8e8e4588897053b6e4151b26"
 from {username='slave'} at 127.0.0.1:55740
I20260713 09:09:29.723666 22653 raft_consensus.cc:606] T 4ff524286dc245ad8c326ff2ca3f54b0 P ef011cdae95f44ea83dc72f4c4876ff8 [term 2 LEADER]: Received request to transfer leadership to TS ec7b78cd8e8e4588897053b6e4151b26
I20260713 09:09:29.729530 22653 tablet_service.cc:2072] Received LeaderStepDown RPC: tablet_id: "f430adfccaee47019fc4782bdd092197"
dest_uuid: "ef011cdae95f44ea83dc72f4c4876ff8"
mode: GRACEFUL
new_leader_uuid: "ec7b78cd8e8e4588897053b6e4151b26"
 from {username='slave'} at 127.0.0.1:55740
I20260713 09:09:29.730230 22653 raft_consensus.cc:606] T f430adfccaee47019fc4782bdd092197 P ef011cdae95f44ea83dc72f4c4876ff8 [term 2 LEADER]: Received request to transfer leadership to TS ec7b78cd8e8e4588897053b6e4151b26
I20260713 09:09:29.811507 22920 raft_consensus.cc:993] T d45a6df756964f09a77c121ca6c84be6 P 54785abb2ef7424ba28e182f91eabafe: : Instructing follower ec7b78cd8e8e4588897053b6e4151b26 to start an election
I20260713 09:09:29.811981 22920 raft_consensus.cc:1081] T d45a6df756964f09a77c121ca6c84be6 P 54785abb2ef7424ba28e182f91eabafe [term 3 LEADER]: Signalling peer ec7b78cd8e8e4588897053b6e4151b26 to start an election
I20260713 09:09:29.813740 22579 tablet_service.cc:2044] Received Run Leader Election RPC: tablet_id: "d45a6df756964f09a77c121ca6c84be6"
dest_uuid: "ec7b78cd8e8e4588897053b6e4151b26"
 from {username='slave'} at 127.0.0.1:39468
I20260713 09:09:29.814412 22579 raft_consensus.cc:493] T d45a6df756964f09a77c121ca6c84be6 P ec7b78cd8e8e4588897053b6e4151b26 [term 3 FOLLOWER]: Starting forced leader election (received explicit request)
I20260713 09:09:29.815013 22579 raft_consensus.cc:3060] T d45a6df756964f09a77c121ca6c84be6 P ec7b78cd8e8e4588897053b6e4151b26 [term 3 FOLLOWER]: Advancing to term 4
I20260713 09:09:29.821651 22579 raft_consensus.cc:515] T d45a6df756964f09a77c121ca6c84be6 P ec7b78cd8e8e4588897053b6e4151b26 [term 4 FOLLOWER]: Starting forced leader election with config: opid_index: -1 OBSOLETE_local: false peers { permanent_uuid: "ec7b78cd8e8e4588897053b6e4151b26" member_type: VOTER last_known_addr { host: "127.21.113.1" port: 35345 } } peers { permanent_uuid: "ef011cdae95f44ea83dc72f4c4876ff8" member_type: VOTER last_known_addr { host: "127.21.113.2" port: 37609 } } peers { permanent_uuid: "54785abb2ef7424ba28e182f91eabafe" member_type: VOTER last_known_addr { host: "127.21.113.3" port: 39845 } }
I20260713 09:09:29.826120 22579 leader_election.cc:290] T d45a6df756964f09a77c121ca6c84be6 P ec7b78cd8e8e4588897053b6e4151b26 [CANDIDATE]: Term 4 election: Requested vote from peers ef011cdae95f44ea83dc72f4c4876ff8 (127.21.113.2:37609), 54785abb2ef7424ba28e182f91eabafe (127.21.113.3:39845)
I20260713 09:09:29.827147 22653 tablet_service.cc:1917] Received RequestConsensusVote() RPC: tablet_id: "d45a6df756964f09a77c121ca6c84be6" candidate_uuid: "ec7b78cd8e8e4588897053b6e4151b26" candidate_term: 4 candidate_status { last_received { term: 3 index: 3 } } ignore_live_leader: true dest_uuid: "ef011cdae95f44ea83dc72f4c4876ff8"
I20260713 09:09:29.827469 22729 tablet_service.cc:1917] Received RequestConsensusVote() RPC: tablet_id: "d45a6df756964f09a77c121ca6c84be6" candidate_uuid: "ec7b78cd8e8e4588897053b6e4151b26" candidate_term: 4 candidate_status { last_received { term: 3 index: 3 } } ignore_live_leader: true dest_uuid: "54785abb2ef7424ba28e182f91eabafe"
I20260713 09:09:29.828326 22653 raft_consensus.cc:3060] T d45a6df756964f09a77c121ca6c84be6 P ef011cdae95f44ea83dc72f4c4876ff8 [term 3 FOLLOWER]: Advancing to term 4
I20260713 09:09:29.828248 22729 raft_consensus.cc:3055] T d45a6df756964f09a77c121ca6c84be6 P 54785abb2ef7424ba28e182f91eabafe [term 3 LEADER]: Stepping down as leader of term 3
I20260713 09:09:29.828823 22729 raft_consensus.cc:740] T d45a6df756964f09a77c121ca6c84be6 P 54785abb2ef7424ba28e182f91eabafe [term 3 LEADER]: Becoming Follower/Learner. State: Replica: 54785abb2ef7424ba28e182f91eabafe, State: Running, Role: LEADER
I20260713 09:09:29.829900 22729 consensus_queue.cc:260] T d45a6df756964f09a77c121ca6c84be6 P 54785abb2ef7424ba28e182f91eabafe [NON_LEADER]: Queue going to NON_LEADER mode. State: All replicated index: 0, Majority replicated index: 3, Committed index: 3, Last appended: 3.3, Last appended by leader: 3, Current term: 3, Majority size: -1, State: 0, Mode: NON_LEADER, active raft config: opid_index: -1 OBSOLETE_local: false peers { permanent_uuid: "ec7b78cd8e8e4588897053b6e4151b26" member_type: VOTER last_known_addr { host: "127.21.113.1" port: 35345 } } peers { permanent_uuid: "ef011cdae95f44ea83dc72f4c4876ff8" member_type: VOTER last_known_addr { host: "127.21.113.2" port: 37609 } } peers { permanent_uuid: "54785abb2ef7424ba28e182f91eabafe" member_type: VOTER last_known_addr { host: "127.21.113.3" port: 39845 } }
I20260713 09:09:29.831550 22729 raft_consensus.cc:3060] T d45a6df756964f09a77c121ca6c84be6 P 54785abb2ef7424ba28e182f91eabafe [term 3 FOLLOWER]: Advancing to term 4
I20260713 09:09:29.837533 22653 raft_consensus.cc:2468] T d45a6df756964f09a77c121ca6c84be6 P ef011cdae95f44ea83dc72f4c4876ff8 [term 4 FOLLOWER]: Leader election vote request: Granting yes vote for candidate ec7b78cd8e8e4588897053b6e4151b26 in term 4.
I20260713 09:09:29.838907 22544 leader_election.cc:304] T d45a6df756964f09a77c121ca6c84be6 P ec7b78cd8e8e4588897053b6e4151b26 [CANDIDATE]: Term 4 election: Election decided. Result: candidate won. Election summary: received 2 responses out of 3 voters: 2 yes votes; 0 no votes. yes voters: ec7b78cd8e8e4588897053b6e4151b26, ef011cdae95f44ea83dc72f4c4876ff8; no voters: 
I20260713 09:09:29.839064 22729 raft_consensus.cc:2468] T d45a6df756964f09a77c121ca6c84be6 P 54785abb2ef7424ba28e182f91eabafe [term 4 FOLLOWER]: Leader election vote request: Granting yes vote for candidate ec7b78cd8e8e4588897053b6e4151b26 in term 4.
I20260713 09:09:29.841504 22906 raft_consensus.cc:2804] T d45a6df756964f09a77c121ca6c84be6 P ec7b78cd8e8e4588897053b6e4151b26 [term 4 FOLLOWER]: Leader election won for term 4
I20260713 09:09:29.843918 22906 raft_consensus.cc:697] T d45a6df756964f09a77c121ca6c84be6 P ec7b78cd8e8e4588897053b6e4151b26 [term 4 LEADER]: Becoming Leader. State: Replica: ec7b78cd8e8e4588897053b6e4151b26, State: Running, Role: LEADER
I20260713 09:09:29.845333 22924 raft_consensus.cc:993] T f430adfccaee47019fc4782bdd092197 P ef011cdae95f44ea83dc72f4c4876ff8: : Instructing follower ec7b78cd8e8e4588897053b6e4151b26 to start an election
I20260713 09:09:29.845886 22924 raft_consensus.cc:1081] T f430adfccaee47019fc4782bdd092197 P ef011cdae95f44ea83dc72f4c4876ff8 [term 2 LEADER]: Signalling peer ec7b78cd8e8e4588897053b6e4151b26 to start an election
I20260713 09:09:29.844941 22906 consensus_queue.cc:237] T d45a6df756964f09a77c121ca6c84be6 P ec7b78cd8e8e4588897053b6e4151b26 [LEADER]: Queue going to LEADER mode. State: All replicated index: 0, Majority replicated index: 3, Committed index: 3, Last appended: 3.3, Last appended by leader: 3, Current term: 4, Majority size: 2, State: 0, Mode: LEADER, active raft config: opid_index: -1 OBSOLETE_local: false peers { permanent_uuid: "ec7b78cd8e8e4588897053b6e4151b26" member_type: VOTER last_known_addr { host: "127.21.113.1" port: 35345 } } peers { permanent_uuid: "ef011cdae95f44ea83dc72f4c4876ff8" member_type: VOTER last_known_addr { host: "127.21.113.2" port: 37609 } } peers { permanent_uuid: "54785abb2ef7424ba28e182f91eabafe" member_type: VOTER last_known_addr { host: "127.21.113.3" port: 39845 } }
I20260713 09:09:29.848229 22579 tablet_service.cc:2044] Received Run Leader Election RPC: tablet_id: "f430adfccaee47019fc4782bdd092197"
dest_uuid: "ec7b78cd8e8e4588897053b6e4151b26"
 from {username='slave'} at 127.0.0.1:39458
I20260713 09:09:29.848731 22579 raft_consensus.cc:493] T f430adfccaee47019fc4782bdd092197 P ec7b78cd8e8e4588897053b6e4151b26 [term 2 FOLLOWER]: Starting forced leader election (received explicit request)
I20260713 09:09:29.849109 22579 raft_consensus.cc:3060] T f430adfccaee47019fc4782bdd092197 P ec7b78cd8e8e4588897053b6e4151b26 [term 2 FOLLOWER]: Advancing to term 3
I20260713 09:09:29.855362 22478 catalog_manager.cc:5697] T d45a6df756964f09a77c121ca6c84be6 P ec7b78cd8e8e4588897053b6e4151b26 reported cstate change: term changed from 3 to 4, leader changed from 54785abb2ef7424ba28e182f91eabafe (127.21.113.3) to ec7b78cd8e8e4588897053b6e4151b26 (127.21.113.1). New cstate: current_term: 4 leader_uuid: "ec7b78cd8e8e4588897053b6e4151b26" committed_config { opid_index: -1 OBSOLETE_local: false peers { permanent_uuid: "ec7b78cd8e8e4588897053b6e4151b26" member_type: VOTER last_known_addr { host: "127.21.113.1" port: 35345 } health_report { overall_health: HEALTHY } } peers { permanent_uuid: "ef011cdae95f44ea83dc72f4c4876ff8" member_type: VOTER last_known_addr { host: "127.21.113.2" port: 37609 } health_report { overall_health: UNKNOWN } } peers { permanent_uuid: "54785abb2ef7424ba28e182f91eabafe" member_type: VOTER last_known_addr { host: "127.21.113.3" port: 39845 } health_report { overall_health: UNKNOWN } } }
I20260713 09:09:29.856003 22579 raft_consensus.cc:515] T f430adfccaee47019fc4782bdd092197 P ec7b78cd8e8e4588897053b6e4151b26 [term 3 FOLLOWER]: Starting forced leader election with config: opid_index: -1 OBSOLETE_local: false peers { permanent_uuid: "ec7b78cd8e8e4588897053b6e4151b26" member_type: VOTER last_known_addr { host: "127.21.113.1" port: 35345 } } peers { permanent_uuid: "ef011cdae95f44ea83dc72f4c4876ff8" member_type: VOTER last_known_addr { host: "127.21.113.2" port: 37609 } } peers { permanent_uuid: "54785abb2ef7424ba28e182f91eabafe" member_type: VOTER last_known_addr { host: "127.21.113.3" port: 39845 } }
I20260713 09:09:29.858820 22653 tablet_service.cc:1917] Received RequestConsensusVote() RPC: tablet_id: "f430adfccaee47019fc4782bdd092197" candidate_uuid: "ec7b78cd8e8e4588897053b6e4151b26" candidate_term: 3 candidate_status { last_received { term: 2 index: 2 } } ignore_live_leader: true dest_uuid: "ef011cdae95f44ea83dc72f4c4876ff8"
I20260713 09:09:29.858992 22729 tablet_service.cc:1917] Received RequestConsensusVote() RPC: tablet_id: "f430adfccaee47019fc4782bdd092197" candidate_uuid: "ec7b78cd8e8e4588897053b6e4151b26" candidate_term: 3 candidate_status { last_received { term: 2 index: 2 } } ignore_live_leader: true dest_uuid: "54785abb2ef7424ba28e182f91eabafe"
I20260713 09:09:29.859097 22579 leader_election.cc:290] T f430adfccaee47019fc4782bdd092197 P ec7b78cd8e8e4588897053b6e4151b26 [CANDIDATE]: Term 3 election: Requested vote from peers ef011cdae95f44ea83dc72f4c4876ff8 (127.21.113.2:37609), 54785abb2ef7424ba28e182f91eabafe (127.21.113.3:39845)
I20260713 09:09:29.859565 22653 raft_consensus.cc:3055] T f430adfccaee47019fc4782bdd092197 P ef011cdae95f44ea83dc72f4c4876ff8 [term 2 LEADER]: Stepping down as leader of term 2
I20260713 09:09:29.859647 22729 raft_consensus.cc:3060] T f430adfccaee47019fc4782bdd092197 P 54785abb2ef7424ba28e182f91eabafe [term 2 FOLLOWER]: Advancing to term 3
I20260713 09:09:29.860023 22653 raft_consensus.cc:740] T f430adfccaee47019fc4782bdd092197 P ef011cdae95f44ea83dc72f4c4876ff8 [term 2 LEADER]: Becoming Follower/Learner. State: Replica: ef011cdae95f44ea83dc72f4c4876ff8, State: Running, Role: LEADER
