I20260713 09:09:51.140161 23457 raft_consensus.cc:1275] T b0959f6a45fe4301ae52c7b5a1491a69 P a2238715c80e4edcaa4605566e2331c1 [term 1 LEARNER]: Refusing update from remote peer 367d1783bd7a47fbaddff264d1709816: Log matching property violated. Preceding OpId in replica: term: 1 index: 2. Preceding OpId from leader: term: 1 index: 3. (index mismatch)
I20260713 09:09:51.140493 23102 raft_consensus.cc:1275] T b0959f6a45fe4301ae52c7b5a1491a69 P 1f3d1bf835e74312a3a54615e2fefa52 [term 1 FOLLOWER]: Refusing update from remote peer 367d1783bd7a47fbaddff264d1709816: Log matching property violated. Preceding OpId in replica: term: 1 index: 2. Preceding OpId from leader: term: 1 index: 3. (index mismatch)
I20260713 09:09:51.141773 23777 consensus_queue.cc:1048] T b0959f6a45fe4301ae52c7b5a1491a69 P 367d1783bd7a47fbaddff264d1709816 [LEADER]: Connected to new peer: Peer: permanent_uuid: "a2238715c80e4edcaa4605566e2331c1" member_type: VOTER last_known_addr { host: "127.21.103.196" port: 46437 } attrs { promote: false }, Status: LMP_MISMATCH, Last received: 0.0, Next index: 3, Last known committed idx: 2, Time since last communication: 0.000s
I20260713 09:09:51.142843 23792 consensus_queue.cc:1048] T b0959f6a45fe4301ae52c7b5a1491a69 P 367d1783bd7a47fbaddff264d1709816 [LEADER]: Connected to new peer: Peer: permanent_uuid: "1f3d1bf835e74312a3a54615e2fefa52" member_type: VOTER last_known_addr { host: "127.21.103.194" port: 38995 } attrs { replace: true }, Status: LMP_MISMATCH, Last received: 0.0, Next index: 3, Last known committed idx: 2, Time since last communication: 0.001s
I20260713 09:09:51.143822 23759 raft_consensus.cc:1064] T d18420a57442449fa1b5c66668df234e P 367d1783bd7a47fbaddff264d1709816: attempting to promote NON_VOTER a2238715c80e4edcaa4605566e2331c1 to VOTER
I20260713 09:09:51.146366 23759 consensus_queue.cc:237] T d18420a57442449fa1b5c66668df234e P 367d1783bd7a47fbaddff264d1709816 [LEADER]: Queue going to LEADER mode. State: All replicated index: 0, Majority replicated index: 2, Committed index: 2, Last appended: 1.2, Last appended by leader: 0, Current term: 1, Majority size: 3, State: 0, Mode: LEADER, active raft config: opid_index: 3 OBSOLETE_local: false peers { permanent_uuid: "367d1783bd7a47fbaddff264d1709816" member_type: VOTER last_known_addr { host: "127.21.103.193" port: 35879 } } peers { permanent_uuid: "1f3d1bf835e74312a3a54615e2fefa52" member_type: VOTER last_known_addr { host: "127.21.103.194" port: 38995 } } peers { permanent_uuid: "da1ae6d2463f4f5b823de9b5d2f9059a" member_type: VOTER last_known_addr { host: "127.21.103.195" port: 43653 } attrs { replace: true } } peers { permanent_uuid: "a2238715c80e4edcaa4605566e2331c1" member_type: VOTER last_known_addr { host: "127.21.103.196" port: 46437 } attrs { promote: false } }
I20260713 09:09:51.147598 23734 consensus_queue.cc:1048] T b0959f6a45fe4301ae52c7b5a1491a69 P 367d1783bd7a47fbaddff264d1709816 [LEADER]: Connected to new peer: Peer: permanent_uuid: "da1ae6d2463f4f5b823de9b5d2f9059a" member_type: VOTER last_known_addr { host: "127.21.103.195" port: 43653 }, Status: LMP_MISMATCH, Last received: 0.0, Next index: 3, Last known committed idx: 2, Time since last communication: 0.000s
I20260713 09:09:51.164765 23734 raft_consensus.cc:2955] T b0959f6a45fe4301ae52c7b5a1491a69 P 367d1783bd7a47fbaddff264d1709816 [term 1 LEADER]: Committing config change with OpId 1.3: config changed from index 2 to 3, a2238715c80e4edcaa4605566e2331c1 (127.21.103.196) changed from NON_VOTER to VOTER. New config: { opid_index: 3 OBSOLETE_local: false peers { permanent_uuid: "367d1783bd7a47fbaddff264d1709816" member_type: VOTER last_known_addr { host: "127.21.103.193" port: 35879 } } peers { permanent_uuid: "1f3d1bf835e74312a3a54615e2fefa52" member_type: VOTER last_known_addr { host: "127.21.103.194" port: 38995 } attrs { replace: true } } peers { permanent_uuid: "da1ae6d2463f4f5b823de9b5d2f9059a" member_type: VOTER last_known_addr { host: "127.21.103.195" port: 43653 } } peers { permanent_uuid: "a2238715c80e4edcaa4605566e2331c1" member_type: VOTER last_known_addr { host: "127.21.103.196" port: 46437 } attrs { promote: false } } }
I20260713 09:09:51.169850 23102 raft_consensus.cc:1275] T d18420a57442449fa1b5c66668df234e P 1f3d1bf835e74312a3a54615e2fefa52 [term 1 FOLLOWER]: Refusing update from remote peer 367d1783bd7a47fbaddff264d1709816: Log matching property violated. Preceding OpId in replica: term: 1 index: 2. Preceding OpId from leader: term: 1 index: 3. (index mismatch)
I20260713 09:09:51.171363 23759 consensus_queue.cc:1048] T d18420a57442449fa1b5c66668df234e P 367d1783bd7a47fbaddff264d1709816 [LEADER]: Connected to new peer: Peer: permanent_uuid: "1f3d1bf835e74312a3a54615e2fefa52" member_type: VOTER last_known_addr { host: "127.21.103.194" port: 38995 }, Status: LMP_MISMATCH, Last received: 0.0, Next index: 3, Last known committed idx: 2, Time since last communication: 0.001s
I20260713 09:09:51.178617 23457 raft_consensus.cc:1275] T d18420a57442449fa1b5c66668df234e P a2238715c80e4edcaa4605566e2331c1 [term 1 LEARNER]: Refusing update from remote peer 367d1783bd7a47fbaddff264d1709816: Log matching property violated. Preceding OpId in replica: term: 1 index: 2. Preceding OpId from leader: term: 1 index: 3. (index mismatch)
I20260713 09:09:51.179759 23174 raft_consensus.cc:1275] T d18420a57442449fa1b5c66668df234e P da1ae6d2463f4f5b823de9b5d2f9059a [term 1 FOLLOWER]: Refusing update from remote peer 367d1783bd7a47fbaddff264d1709816: Log matching property violated. Preceding OpId in replica: term: 1 index: 2. Preceding OpId from leader: term: 1 index: 3. (index mismatch)
I20260713 09:09:51.180866 23792 consensus_queue.cc:1048] T d18420a57442449fa1b5c66668df234e P 367d1783bd7a47fbaddff264d1709816 [LEADER]: Connected to new peer: Peer: permanent_uuid: "a2238715c80e4edcaa4605566e2331c1" member_type: VOTER last_known_addr { host: "127.21.103.196" port: 46437 } attrs { promote: false }, Status: LMP_MISMATCH, Last received: 0.0, Next index: 3, Last known committed idx: 2, Time since last communication: 0.000s
I20260713 09:09:51.170727 23173 raft_consensus.cc:2955] T b0959f6a45fe4301ae52c7b5a1491a69 P da1ae6d2463f4f5b823de9b5d2f9059a [term 1 FOLLOWER]: Committing config change with OpId 1.3: config changed from index 2 to 3, a2238715c80e4edcaa4605566e2331c1 (127.21.103.196) changed from NON_VOTER to VOTER. New config: { opid_index: 3 OBSOLETE_local: false peers { permanent_uuid: "367d1783bd7a47fbaddff264d1709816" member_type: VOTER last_known_addr { host: "127.21.103.193" port: 35879 } } peers { permanent_uuid: "1f3d1bf835e74312a3a54615e2fefa52" member_type: VOTER last_known_addr { host: "127.21.103.194" port: 38995 } attrs { replace: true } } peers { permanent_uuid: "da1ae6d2463f4f5b823de9b5d2f9059a" member_type: VOTER last_known_addr { host: "127.21.103.195" port: 43653 } } peers { permanent_uuid: "a2238715c80e4edcaa4605566e2331c1" member_type: VOTER last_known_addr { host: "127.21.103.196" port: 46437 } attrs { promote: false } } }
I20260713 09:09:51.177780 23458 raft_consensus.cc:2955] T b0959f6a45fe4301ae52c7b5a1491a69 P a2238715c80e4edcaa4605566e2331c1 [term 1 FOLLOWER]: Committing config change with OpId 1.3: config changed from index 2 to 3, a2238715c80e4edcaa4605566e2331c1 (127.21.103.196) changed from NON_VOTER to VOTER. New config: { opid_index: 3 OBSOLETE_local: false peers { permanent_uuid: "367d1783bd7a47fbaddff264d1709816" member_type: VOTER last_known_addr { host: "127.21.103.193" port: 35879 } } peers { permanent_uuid: "1f3d1bf835e74312a3a54615e2fefa52" member_type: VOTER last_known_addr { host: "127.21.103.194" port: 38995 } attrs { replace: true } } peers { permanent_uuid: "da1ae6d2463f4f5b823de9b5d2f9059a" member_type: VOTER last_known_addr { host: "127.21.103.195" port: 43653 } } peers { permanent_uuid: "a2238715c80e4edcaa4605566e2331c1" member_type: VOTER last_known_addr { host: "127.21.103.196" port: 46437 } attrs { promote: false } } }
I20260713 09:09:51.188342 23793 consensus_queue.cc:1048] T d18420a57442449fa1b5c66668df234e P 367d1783bd7a47fbaddff264d1709816 [LEADER]: Connected to new peer: Peer: permanent_uuid: "da1ae6d2463f4f5b823de9b5d2f9059a" member_type: VOTER last_known_addr { host: "127.21.103.195" port: 43653 } attrs { replace: true }, Status: LMP_MISMATCH, Last received: 0.0, Next index: 3, Last known committed idx: 2, Time since last communication: 0.001s
I20260713 09:09:51.210700 23099 raft_consensus.cc:2955] T b0959f6a45fe4301ae52c7b5a1491a69 P 1f3d1bf835e74312a3a54615e2fefa52 [term 1 FOLLOWER]: Committing config change with OpId 1.3: config changed from index 2 to 3, a2238715c80e4edcaa4605566e2331c1 (127.21.103.196) changed from NON_VOTER to VOTER. New config: { opid_index: 3 OBSOLETE_local: false peers { permanent_uuid: "367d1783bd7a47fbaddff264d1709816" member_type: VOTER last_known_addr { host: "127.21.103.193" port: 35879 } } peers { permanent_uuid: "1f3d1bf835e74312a3a54615e2fefa52" member_type: VOTER last_known_addr { host: "127.21.103.194" port: 38995 } attrs { replace: true } } peers { permanent_uuid: "da1ae6d2463f4f5b823de9b5d2f9059a" member_type: VOTER last_known_addr { host: "127.21.103.195" port: 43653 } } peers { permanent_uuid: "a2238715c80e4edcaa4605566e2331c1" member_type: VOTER last_known_addr { host: "127.21.103.196" port: 46437 } attrs { promote: false } } }
I20260713 09:09:51.216243 22925 catalog_manager.cc:5697] T b0959f6a45fe4301ae52c7b5a1491a69 P 367d1783bd7a47fbaddff264d1709816 reported cstate change: config changed from index 2 to 3, a2238715c80e4edcaa4605566e2331c1 (127.21.103.196) changed from NON_VOTER to VOTER. New cstate: current_term: 1 leader_uuid: "367d1783bd7a47fbaddff264d1709816" committed_config { opid_index: 3 OBSOLETE_local: false peers { permanent_uuid: "367d1783bd7a47fbaddff264d1709816" member_type: VOTER last_known_addr { host: "127.21.103.193" port: 35879 } health_report { overall_health: HEALTHY } } peers { permanent_uuid: "1f3d1bf835e74312a3a54615e2fefa52" member_type: VOTER last_known_addr { host: "127.21.103.194" port: 38995 } attrs { replace: true } health_report { overall_health: HEALTHY } } peers { permanent_uuid: "da1ae6d2463f4f5b823de9b5d2f9059a" member_type: VOTER last_known_addr { host: "127.21.103.195" port: 43653 } health_report { overall_health: HEALTHY } } peers { permanent_uuid: "a2238715c80e4edcaa4605566e2331c1" member_type: VOTER last_known_addr { host: "127.21.103.196" port: 46437 } attrs { promote: false } health_report { overall_health: HEALTHY } } }
I20260713 09:09:51.228645 23759 raft_consensus.cc:2955] T d18420a57442449fa1b5c66668df234e P 367d1783bd7a47fbaddff264d1709816 [term 1 LEADER]: Committing config change with OpId 1.3: config changed from index 2 to 3, a2238715c80e4edcaa4605566e2331c1 (127.21.103.196) changed from NON_VOTER to VOTER. New config: { opid_index: 3 OBSOLETE_local: false peers { permanent_uuid: "367d1783bd7a47fbaddff264d1709816" member_type: VOTER last_known_addr { host: "127.21.103.193" port: 35879 } } peers { permanent_uuid: "1f3d1bf835e74312a3a54615e2fefa52" member_type: VOTER last_known_addr { host: "127.21.103.194" port: 38995 } } peers { permanent_uuid: "da1ae6d2463f4f5b823de9b5d2f9059a" member_type: VOTER last_known_addr { host: "127.21.103.195" port: 43653 } attrs { replace: true } } peers { permanent_uuid: "a2238715c80e4edcaa4605566e2331c1" member_type: VOTER last_known_addr { host: "127.21.103.196" port: 46437 } attrs { promote: false } } }
I20260713 09:09:51.227761 23457 raft_consensus.cc:2955] T d18420a57442449fa1b5c66668df234e P a2238715c80e4edcaa4605566e2331c1 [term 1 FOLLOWER]: Committing config change with OpId 1.3: config changed from index 2 to 3, a2238715c80e4edcaa4605566e2331c1 (127.21.103.196) changed from NON_VOTER to VOTER. New config: { opid_index: 3 OBSOLETE_local: false peers { permanent_uuid: "367d1783bd7a47fbaddff264d1709816" member_type: VOTER last_known_addr { host: "127.21.103.193" port: 35879 } } peers { permanent_uuid: "1f3d1bf835e74312a3a54615e2fefa52" member_type: VOTER last_known_addr { host: "127.21.103.194" port: 38995 } } peers { permanent_uuid: "da1ae6d2463f4f5b823de9b5d2f9059a" member_type: VOTER last_known_addr { host: "127.21.103.195" port: 43653 } attrs { replace: true } } peers { permanent_uuid: "a2238715c80e4edcaa4605566e2331c1" member_type: VOTER last_known_addr { host: "127.21.103.196" port: 46437 } attrs { promote: false } } }
I20260713 09:09:51.258919 23099 raft_consensus.cc:2955] T d18420a57442449fa1b5c66668df234e P 1f3d1bf835e74312a3a54615e2fefa52 [term 1 FOLLOWER]: Committing config change with OpId 1.3: config changed from index 2 to 3, a2238715c80e4edcaa4605566e2331c1 (127.21.103.196) changed from NON_VOTER to VOTER. New config: { opid_index: 3 OBSOLETE_local: false peers { permanent_uuid: "367d1783bd7a47fbaddff264d1709816" member_type: VOTER last_known_addr { host: "127.21.103.193" port: 35879 } } peers { permanent_uuid: "1f3d1bf835e74312a3a54615e2fefa52" member_type: VOTER last_known_addr { host: "127.21.103.194" port: 38995 } } peers { permanent_uuid: "da1ae6d2463f4f5b823de9b5d2f9059a" member_type: VOTER last_known_addr { host: "127.21.103.195" port: 43653 } attrs { replace: true } } peers { permanent_uuid: "a2238715c80e4edcaa4605566e2331c1" member_type: VOTER last_known_addr { host: "127.21.103.196" port: 46437 } attrs { promote: false } } }
I20260713 09:09:51.268712 23173 raft_consensus.cc:2955] T d18420a57442449fa1b5c66668df234e P da1ae6d2463f4f5b823de9b5d2f9059a [term 1 FOLLOWER]: Committing config change with OpId 1.3: config changed from index 2 to 3, a2238715c80e4edcaa4605566e2331c1 (127.21.103.196) changed from NON_VOTER to VOTER. New config: { opid_index: 3 OBSOLETE_local: false peers { permanent_uuid: "367d1783bd7a47fbaddff264d1709816" member_type: VOTER last_known_addr { host: "127.21.103.193" port: 35879 } } peers { permanent_uuid: "1f3d1bf835e74312a3a54615e2fefa52" member_type: VOTER last_known_addr { host: "127.21.103.194" port: 38995 } } peers { permanent_uuid: "da1ae6d2463f4f5b823de9b5d2f9059a" member_type: VOTER last_known_addr { host: "127.21.103.195" port: 43653 } attrs { replace: true } } peers { permanent_uuid: "a2238715c80e4edcaa4605566e2331c1" member_type: VOTER last_known_addr { host: "127.21.103.196" port: 46437 } attrs { promote: false } } }
I20260713 09:09:51.283180 23025 consensus_queue.cc:237] T b0959f6a45fe4301ae52c7b5a1491a69 P 367d1783bd7a47fbaddff264d1709816 [LEADER]: Queue going to LEADER mode. State: All replicated index: 0, Majority replicated index: 3, Committed index: 3, Last appended: 1.3, Last appended by leader: 0, Current term: 1, Majority size: 2, State: 0, Mode: LEADER, active raft config: opid_index: 4 OBSOLETE_local: false peers { permanent_uuid: "367d1783bd7a47fbaddff264d1709816" member_type: VOTER last_known_addr { host: "127.21.103.193" port: 35879 } } peers { permanent_uuid: "da1ae6d2463f4f5b823de9b5d2f9059a" member_type: VOTER last_known_addr { host: "127.21.103.195" port: 43653 } } peers { permanent_uuid: "a2238715c80e4edcaa4605566e2331c1" member_type: VOTER last_known_addr { host: "127.21.103.196" port: 46437 } attrs { promote: false } }
I20260713 09:09:51.291244 23174 raft_consensus.cc:1275] T b0959f6a45fe4301ae52c7b5a1491a69 P da1ae6d2463f4f5b823de9b5d2f9059a [term 1 FOLLOWER]: Refusing update from remote peer 367d1783bd7a47fbaddff264d1709816: Log matching property violated. Preceding OpId in replica: term: 1 index: 3. Preceding OpId from leader: term: 1 index: 4. (index mismatch)
I20260713 09:09:51.291637 23458 raft_consensus.cc:1275] T b0959f6a45fe4301ae52c7b5a1491a69 P a2238715c80e4edcaa4605566e2331c1 [term 1 FOLLOWER]: Refusing update from remote peer 367d1783bd7a47fbaddff264d1709816: Log matching property violated. Preceding OpId in replica: term: 1 index: 3. Preceding OpId from leader: term: 1 index: 4. (index mismatch)
I20260713 09:09:51.293254 23793 consensus_queue.cc:1048] T b0959f6a45fe4301ae52c7b5a1491a69 P 367d1783bd7a47fbaddff264d1709816 [LEADER]: Connected to new peer: Peer: permanent_uuid: "a2238715c80e4edcaa4605566e2331c1" member_type: VOTER last_known_addr { host: "127.21.103.196" port: 46437 } attrs { promote: false }, Status: LMP_MISMATCH, Last received: 0.0, Next index: 4, Last known committed idx: 3, Time since last communication: 0.000s
I20260713 09:09:51.297313 23777 consensus_queue.cc:1048] T b0959f6a45fe4301ae52c7b5a1491a69 P 367d1783bd7a47fbaddff264d1709816 [LEADER]: Connected to new peer: Peer: permanent_uuid: "da1ae6d2463f4f5b823de9b5d2f9059a" member_type: VOTER last_known_addr { host: "127.21.103.195" port: 43653 }, Status: LMP_MISMATCH, Last received: 0.0, Next index: 4, Last known committed idx: 3, Time since last communication: 0.000s
I20260713 09:09:51.297106 22922 catalog_manager.cc:5697] T d18420a57442449fa1b5c66668df234e P a2238715c80e4edcaa4605566e2331c1 reported cstate change: config changed from index 2 to 3, a2238715c80e4edcaa4605566e2331c1 (127.21.103.196) changed from NON_VOTER to VOTER. New cstate: current_term: 1 leader_uuid: "367d1783bd7a47fbaddff264d1709816" committed_config { opid_index: 3 OBSOLETE_local: false peers { permanent_uuid: "367d1783bd7a47fbaddff264d1709816" member_type: VOTER last_known_addr { host: "127.21.103.193" port: 35879 } } peers { permanent_uuid: "1f3d1bf835e74312a3a54615e2fefa52" member_type: VOTER last_known_addr { host: "127.21.103.194" port: 38995 } } peers { permanent_uuid: "da1ae6d2463f4f5b823de9b5d2f9059a" member_type: VOTER last_known_addr { host: "127.21.103.195" port: 43653 } attrs { replace: true } } peers { permanent_uuid: "a2238715c80e4edcaa4605566e2331c1" member_type: VOTER last_known_addr { host: "127.21.103.196" port: 46437 } attrs { promote: false } } }
I20260713 09:09:51.303498 23793 raft_consensus.cc:2955] T b0959f6a45fe4301ae52c7b5a1491a69 P 367d1783bd7a47fbaddff264d1709816 [term 1 LEADER]: Committing config change with OpId 1.4: config changed from index 3 to 4, VOTER 1f3d1bf835e74312a3a54615e2fefa52 (127.21.103.194) evicted. New config: { opid_index: 4 OBSOLETE_local: false peers { permanent_uuid: "367d1783bd7a47fbaddff264d1709816" member_type: VOTER last_known_addr { host: "127.21.103.193" port: 35879 } } peers { permanent_uuid: "da1ae6d2463f4f5b823de9b5d2f9059a" member_type: VOTER last_known_addr { host: "127.21.103.195" port: 43653 } } peers { permanent_uuid: "a2238715c80e4edcaa4605566e2331c1" member_type: VOTER last_known_addr { host: "127.21.103.196" port: 46437 } attrs { promote: false } } }
I20260713 09:09:51.305359 23458 raft_consensus.cc:2955] T b0959f6a45fe4301ae52c7b5a1491a69 P a2238715c80e4edcaa4605566e2331c1 [term 1 FOLLOWER]: Committing config change with OpId 1.4: config changed from index 3 to 4, VOTER 1f3d1bf835e74312a3a54615e2fefa52 (127.21.103.194) evicted. New config: { opid_index: 4 OBSOLETE_local: false peers { permanent_uuid: "367d1783bd7a47fbaddff264d1709816" member_type: VOTER last_known_addr { host: "127.21.103.193" port: 35879 } } peers { permanent_uuid: "da1ae6d2463f4f5b823de9b5d2f9059a" member_type: VOTER last_known_addr { host: "127.21.103.195" port: 43653 } } peers { permanent_uuid: "a2238715c80e4edcaa4605566e2331c1" member_type: VOTER last_known_addr { host: "127.21.103.196" port: 46437 } attrs { promote: false } } }
I20260713 09:09:51.310945 23174 raft_consensus.cc:2955] T b0959f6a45fe4301ae52c7b5a1491a69 P da1ae6d2463f4f5b823de9b5d2f9059a [term 1 FOLLOWER]: Committing config change with OpId 1.4: config changed from index 3 to 4, VOTER 1f3d1bf835e74312a3a54615e2fefa52 (127.21.103.194) evicted. New config: { opid_index: 4 OBSOLETE_local: false peers { permanent_uuid: "367d1783bd7a47fbaddff264d1709816" member_type: VOTER last_known_addr { host: "127.21.103.193" port: 35879 } } peers { permanent_uuid: "da1ae6d2463f4f5b823de9b5d2f9059a" member_type: VOTER last_known_addr { host: "127.21.103.195" port: 43653 } } peers { permanent_uuid: "a2238715c80e4edcaa4605566e2331c1" member_type: VOTER last_known_addr { host: "127.21.103.196" port: 46437 } attrs { promote: false } } }
I20260713 09:09:51.326862 23025 consensus_queue.cc:237] T d18420a57442449fa1b5c66668df234e P 367d1783bd7a47fbaddff264d1709816 [LEADER]: Queue going to LEADER mode. State: All replicated index: 0, Majority replicated index: 3, Committed index: 3, Last appended: 1.3, Last appended by leader: 0, Current term: 1, Majority size: 2, State: 0, Mode: LEADER, active raft config: opid_index: 4 OBSOLETE_local: false peers { permanent_uuid: "367d1783bd7a47fbaddff264d1709816" member_type: VOTER last_known_addr { host: "127.21.103.193" port: 35879 } } peers { permanent_uuid: "1f3d1bf835e74312a3a54615e2fefa52" member_type: VOTER last_known_addr { host: "127.21.103.194" port: 38995 } } peers { permanent_uuid: "a2238715c80e4edcaa4605566e2331c1" member_type: VOTER last_known_addr { host: "127.21.103.196" port: 46437 } attrs { promote: false } }
I20260713 09:09:51.328504 22911 catalog_manager.cc:5210] ChangeConfig:REMOVE_PEER RPC for tablet b0959f6a45fe4301ae52c7b5a1491a69 with cas_config_opid_index 3: ChangeConfig:REMOVE_PEER succeeded (attempt 1)
I20260713 09:09:51.333329 23457 raft_consensus.cc:1275] T d18420a57442449fa1b5c66668df234e P a2238715c80e4edcaa4605566e2331c1 [term 1 FOLLOWER]: Refusing update from remote peer 367d1783bd7a47fbaddff264d1709816: Log matching property violated. Preceding OpId in replica: term: 1 index: 3. Preceding OpId from leader: term: 1 index: 4. (index mismatch)
I20260713 09:09:51.335147 23793 consensus_queue.cc:1048] T d18420a57442449fa1b5c66668df234e P 367d1783bd7a47fbaddff264d1709816 [LEADER]: Connected to new peer: Peer: permanent_uuid: "a2238715c80e4edcaa4605566e2331c1" member_type: VOTER last_known_addr { host: "127.21.103.196" port: 46437 } attrs { promote: false }, Status: LMP_MISMATCH, Last received: 0.0, Next index: 4, Last known committed idx: 3, Time since last communication: 0.000s
I20260713 09:09:51.335335 23099 raft_consensus.cc:1275] T d18420a57442449fa1b5c66668df234e P 1f3d1bf835e74312a3a54615e2fefa52 [term 1 FOLLOWER]: Refusing update from remote peer 367d1783bd7a47fbaddff264d1709816: Log matching property violated. Preceding OpId in replica: term: 1 index: 3. Preceding OpId from leader: term: 1 index: 4. (index mismatch)
I20260713 09:09:51.335260 22924 catalog_manager.cc:5697] T b0959f6a45fe4301ae52c7b5a1491a69 P da1ae6d2463f4f5b823de9b5d2f9059a reported cstate change: config changed from index 3 to 4, VOTER 1f3d1bf835e74312a3a54615e2fefa52 (127.21.103.194) evicted. New cstate: current_term: 1 leader_uuid: "367d1783bd7a47fbaddff264d1709816" committed_config { opid_index: 4 OBSOLETE_local: false peers { permanent_uuid: "367d1783bd7a47fbaddff264d1709816" member_type: VOTER last_known_addr { host: "127.21.103.193" port: 35879 } } peers { permanent_uuid: "da1ae6d2463f4f5b823de9b5d2f9059a" member_type: VOTER last_known_addr { host: "127.21.103.195" port: 43653 } } peers { permanent_uuid: "a2238715c80e4edcaa4605566e2331c1" member_type: VOTER last_known_addr { host: "127.21.103.196" port: 46437 } attrs { promote: false } } }
I20260713 09:09:51.337252 23759 consensus_queue.cc:1048] T d18420a57442449fa1b5c66668df234e P 367d1783bd7a47fbaddff264d1709816 [LEADER]: Connected to new peer: Peer: permanent_uuid: "1f3d1bf835e74312a3a54615e2fefa52" member_type: VOTER last_known_addr { host: "127.21.103.194" port: 38995 }, Status: LMP_MISMATCH, Last received: 0.0, Next index: 4, Last known committed idx: 3, Time since last communication: 0.000s
I20260713 09:09:51.345777 23088 tablet_service.cc:1558] Processing DeleteTablet for tablet b0959f6a45fe4301ae52c7b5a1491a69 with delete_type TABLET_DATA_TOMBSTONED (TS 1f3d1bf835e74312a3a54615e2fefa52 not found in new config with opid_index 4) from {username='slave'} at 127.0.0.1:43752
I20260713 09:09:51.345731 23792 raft_consensus.cc:2955] T d18420a57442449fa1b5c66668df234e P 367d1783bd7a47fbaddff264d1709816 [term 1 LEADER]: Committing config change with OpId 1.4: config changed from index 3 to 4, VOTER da1ae6d2463f4f5b823de9b5d2f9059a (127.21.103.195) evicted. New config: { opid_index: 4 OBSOLETE_local: false peers { permanent_uuid: "367d1783bd7a47fbaddff264d1709816" member_type: VOTER last_known_addr { host: "127.21.103.193" port: 35879 } } peers { permanent_uuid: "1f3d1bf835e74312a3a54615e2fefa52" member_type: VOTER last_known_addr { host: "127.21.103.194" port: 38995 } } peers { permanent_uuid: "a2238715c80e4edcaa4605566e2331c1" member_type: VOTER last_known_addr { host: "127.21.103.196" port: 46437 } attrs { promote: false } } }
I20260713 09:09:51.355345 23099 raft_consensus.cc:2955] T d18420a57442449fa1b5c66668df234e P 1f3d1bf835e74312a3a54615e2fefa52 [term 1 FOLLOWER]: Committing config change with OpId 1.4: config changed from index 3 to 4, VOTER da1ae6d2463f4f5b823de9b5d2f9059a (127.21.103.195) evicted. New config: { opid_index: 4 OBSOLETE_local: false peers { permanent_uuid: "367d1783bd7a47fbaddff264d1709816" member_type: VOTER last_known_addr { host: "127.21.103.193" port: 35879 } } peers { permanent_uuid: "1f3d1bf835e74312a3a54615e2fefa52" member_type: VOTER last_known_addr { host: "127.21.103.194" port: 38995 } } peers { permanent_uuid: "a2238715c80e4edcaa4605566e2331c1" member_type: VOTER last_known_addr { host: "127.21.103.196" port: 46437 } attrs { promote: false } } }
I20260713 09:09:51.355257 23458 raft_consensus.cc:2955] T d18420a57442449fa1b5c66668df234e P a2238715c80e4edcaa4605566e2331c1 [term 1 FOLLOWER]: Committing config change with OpId 1.4: config changed from index 3 to 4, VOTER da1ae6d2463f4f5b823de9b5d2f9059a (127.21.103.195) evicted. New config: { opid_index: 4 OBSOLETE_local: false peers { permanent_uuid: "367d1783bd7a47fbaddff264d1709816" member_type: VOTER last_known_addr { host: "127.21.103.193" port: 35879 } } peers { permanent_uuid: "1f3d1bf835e74312a3a54615e2fefa52" member_type: VOTER last_known_addr { host: "127.21.103.194" port: 38995 } } peers { permanent_uuid: "a2238715c80e4edcaa4605566e2331c1" member_type: VOTER last_known_addr { host: "127.21.103.196" port: 46437 } attrs { promote: false } } }
I20260713 09:09:51.361265 22911 catalog_manager.cc:5210] ChangeConfig:REMOVE_PEER RPC for tablet d18420a57442449fa1b5c66668df234e with cas_config_opid_index 3: ChangeConfig:REMOVE_PEER succeeded (attempt 1)
I20260713 09:09:51.363554 23807 tablet_replica.cc:333] T b0959f6a45fe4301ae52c7b5a1491a69 P 1f3d1bf835e74312a3a54615e2fefa52: stopping tablet replica
I20260713 09:09:51.364589 23807 raft_consensus.cc:2243] T b0959f6a45fe4301ae52c7b5a1491a69 P 1f3d1bf835e74312a3a54615e2fefa52 [term 1 FOLLOWER]: Raft consensus shutting down.
I20260713 09:09:51.365890 23807 raft_consensus.cc:2272] T b0959f6a45fe4301ae52c7b5a1491a69 P 1f3d1bf835e74312a3a54615e2fefa52 [term 1 FOLLOWER]: Raft consensus is shut down!
I20260713 09:09:51.368932 22921 catalog_manager.cc:5697] T d18420a57442449fa1b5c66668df234e P 367d1783bd7a47fbaddff264d1709816 reported cstate change: config changed from index 3 to 4, VOTER da1ae6d2463f4f5b823de9b5d2f9059a (127.21.103.195) evicted. New cstate: current_term: 1 leader_uuid: "367d1783bd7a47fbaddff264d1709816" committed_config { opid_index: 4 OBSOLETE_local: false peers { permanent_uuid: "367d1783bd7a47fbaddff264d1709816" member_type: VOTER last_known_addr { host: "127.21.103.193" port: 35879 } health_report { overall_health: HEALTHY } } peers { permanent_uuid: "1f3d1bf835e74312a3a54615e2fefa52" member_type: VOTER last_known_addr { host: "127.21.103.194" port: 38995 } health_report { overall_health: HEALTHY } } peers { permanent_uuid: "a2238715c80e4edcaa4605566e2331c1" member_type: VOTER last_known_addr { host: "127.21.103.196" port: 46437 } attrs { promote: false } health_report { overall_health: HEALTHY } } }
I20260713 09:09:51.370584 23807 ts_tablet_manager.cc:1916] T b0959f6a45fe4301ae52c7b5a1491a69 P 1f3d1bf835e74312a3a54615e2fefa52: Deleting tablet data with delete state TABLET_DATA_TOMBSTONED
W20260713 09:09:51.370677 23048 debug-util.cc:398] Leaking SignalData structure 0x7b080017f760 after lost signal to thread 21922
W20260713 09:09:51.371719 23048 debug-util.cc:398] Leaking SignalData structure 0x7b080014c2e0 after lost signal to thread 22959
W20260713 09:09:51.372979 23048 debug-util.cc:398] Leaking SignalData structure 0x7b080024f440 after lost signal to thread 23051
W20260713 09:09:51.374008 23048 debug-util.cc:398] Leaking SignalData structure 0x7b080028d020 after lost signal to thread 23126
W20260713 09:09:51.378620 23048 debug-util.cc:398] Leaking SignalData structure 0x7b08000dafa0 after lost signal to thread 23200
W20260713 09:09:51.381007 23048 debug-util.cc:398] Leaking SignalData structure 0x7b0800269800 after lost signal to thread 23482
I20260713 09:09:51.382367 23158 tablet_service.cc:1558] Processing DeleteTablet for tablet d18420a57442449fa1b5c66668df234e with delete_type TABLET_DATA_TOMBSTONED (TS da1ae6d2463f4f5b823de9b5d2f9059a not found in new config with opid_index 4) from {username='slave'} at 127.0.0.1:33836
I20260713 09:09:51.399932 23808 tablet_replica.cc:333] T d18420a57442449fa1b5c66668df234e P da1ae6d2463f4f5b823de9b5d2f9059a: stopping tablet replica
I20260713 09:09:51.401275 23808 raft_consensus.cc:2243] T d18420a57442449fa1b5c66668df234e P da1ae6d2463f4f5b823de9b5d2f9059a [term 1 FOLLOWER]: Raft consensus shutting down.
I20260713 09:09:51.402073 23808 raft_consensus.cc:2272] T d18420a57442449fa1b5c66668df234e P da1ae6d2463f4f5b823de9b5d2f9059a [term 1 FOLLOWER]: Raft consensus is shut down!
I20260713 09:09:51.404790 23807 ts_tablet_manager.cc:1929] T b0959f6a45fe4301ae52c7b5a1491a69 P 1f3d1bf835e74312a3a54615e2fefa52: tablet deleted with delete type TABLET_DATA_TOMBSTONED: last-logged OpId 1.3
I20260713 09:09:51.405205 23807 log.cc:1199] T b0959f6a45fe4301ae52c7b5a1491a69 P 1f3d1bf835e74312a3a54615e2fefa52: Deleting WAL directory at /tmp/dist-test-task_cI20a/test-tmp/auto_leader_rebalancer-test.0.LeaderRebalancerTest.AddTserver.1783933747126219-21919-0/minicluster-data/ts-1-root/wals/b0959f6a45fe4301ae52c7b5a1491a69
I20260713 09:09:51.405817 23808 ts_tablet_manager.cc:1916] T d18420a57442449fa1b5c66668df234e P da1ae6d2463f4f5b823de9b5d2f9059a: Deleting tablet data with delete state TABLET_DATA_TOMBSTONED
I20260713 09:09:51.406704 22912 catalog_manager.cc:5028] TS 1f3d1bf835e74312a3a54615e2fefa52 (127.21.103.194:38995): tablet b0959f6a45fe4301ae52c7b5a1491a69 (table test-workload [id=c4aa1994a6f4414190bdd426b6e4d51f]) successfully deleted
I20260713 09:09:51.423604 23808 ts_tablet_manager.cc:1929] T d18420a57442449fa1b5c66668df234e P da1ae6d2463f4f5b823de9b5d2f9059a: tablet deleted with delete type TABLET_DATA_TOMBSTONED: last-logged OpId 1.3
I20260713 09:09:51.424115 23808 log.cc:1199] T d18420a57442449fa1b5c66668df234e P da1ae6d2463f4f5b823de9b5d2f9059a: Deleting WAL directory at /tmp/dist-test-task_cI20a/test-tmp/auto_leader_rebalancer-test.0.LeaderRebalancerTest.AddTserver.1783933747126219-21919-0/minicluster-data/ts-2-root/wals/d18420a57442449fa1b5c66668df234e
I20260713 09:09:51.425978 22911 catalog_manager.cc:5028] TS da1ae6d2463f4f5b823de9b5d2f9059a (127.21.103.195:43653): tablet d18420a57442449fa1b5c66668df234e (table test-workload [id=c4aa1994a6f4414190bdd426b6e4d51f]) successfully deleted
I20260713 09:09:57.186990 21919 auto_leader_rebalancer.cc:141] leader rebalance for table test-workload
I20260713 09:09:57.218500 23025 tablet_service.cc:2072] Received LeaderStepDown RPC: tablet_id: "00487cbc9e554160a50f87621c3cf272"
dest_uuid: "367d1783bd7a47fbaddff264d1709816"
mode: GRACEFUL
new_leader_uuid: "a2238715c80e4edcaa4605566e2331c1"
 from {username='slave'} at 127.0.0.1:51108
I20260713 09:09:57.219138 23025 raft_consensus.cc:606] T 00487cbc9e554160a50f87621c3cf272 P 367d1783bd7a47fbaddff264d1709816 [term 1 LEADER]: Received request to transfer leadership to TS a2238715c80e4edcaa4605566e2331c1
I20260713 09:09:57.231015 23174 tablet_service.cc:2072] Received LeaderStepDown RPC: tablet_id: "0183e541df554177ad863314b67b1790"
dest_uuid: "da1ae6d2463f4f5b823de9b5d2f9059a"
mode: GRACEFUL
new_leader_uuid: "1f3d1bf835e74312a3a54615e2fefa52"
 from {username='slave'} at 127.0.0.1:59072
I20260713 09:09:57.231529 23174 raft_consensus.cc:606] T 0183e541df554177ad863314b67b1790 P da1ae6d2463f4f5b823de9b5d2f9059a [term 1 LEADER]: Received request to transfer leadership to TS 1f3d1bf835e74312a3a54615e2fefa52
I20260713 09:09:57.234018 23025 tablet_service.cc:2072] Received LeaderStepDown RPC: tablet_id: "88b73fcc3ef44c5893c81f72f05ab297"
dest_uuid: "367d1783bd7a47fbaddff264d1709816"
mode: GRACEFUL
new_leader_uuid: "a2238715c80e4edcaa4605566e2331c1"
 from {username='slave'} at 127.0.0.1:51108
I20260713 09:09:57.234551 23025 raft_consensus.cc:606] T 88b73fcc3ef44c5893c81f72f05ab297 P 367d1783bd7a47fbaddff264d1709816 [term 1 LEADER]: Received request to transfer leadership to TS a2238715c80e4edcaa4605566e2331c1
I20260713 09:09:57.236881 23025 tablet_service.cc:2072] Received LeaderStepDown RPC: tablet_id: "a0237fa9a83b47b498f09a2695d81015"
dest_uuid: "367d1783bd7a47fbaddff264d1709816"
mode: GRACEFUL
new_leader_uuid: "a2238715c80e4edcaa4605566e2331c1"
 from {username='slave'} at 127.0.0.1:51108
I20260713 09:09:57.237404 23025 raft_consensus.cc:606] T a0237fa9a83b47b498f09a2695d81015 P 367d1783bd7a47fbaddff264d1709816 [term 1 LEADER]: Received request to transfer leadership to TS a2238715c80e4edcaa4605566e2331c1
I20260713 09:09:57.239646 23025 tablet_service.cc:2072] Received LeaderStepDown RPC: tablet_id: "bf21876d50ba456d8e3b755e005e13cf"
dest_uuid: "367d1783bd7a47fbaddff264d1709816"
mode: GRACEFUL
new_leader_uuid: "a2238715c80e4edcaa4605566e2331c1"
 from {username='slave'} at 127.0.0.1:51108
I20260713 09:09:57.240092 23025 raft_consensus.cc:606] T bf21876d50ba456d8e3b755e005e13cf P 367d1783bd7a47fbaddff264d1709816 [term 1 LEADER]: Received request to transfer leadership to TS a2238715c80e4edcaa4605566e2331c1
I20260713 09:09:57.242329 23025 tablet_service.cc:2072] Received LeaderStepDown RPC: tablet_id: "d18420a57442449fa1b5c66668df234e"
dest_uuid: "367d1783bd7a47fbaddff264d1709816"
mode: GRACEFUL
new_leader_uuid: "a2238715c80e4edcaa4605566e2331c1"
 from {username='slave'} at 127.0.0.1:51108
I20260713 09:09:57.242780 23025 raft_consensus.cc:606] T d18420a57442449fa1b5c66668df234e P 367d1783bd7a47fbaddff264d1709816 [term 1 LEADER]: Received request to transfer leadership to TS a2238715c80e4edcaa4605566e2331c1
I20260713 09:09:57.243732 21919 auto_leader_rebalancer.cc:479] table: test-workload, leader rebalance finish, leader transfer count: 6
I20260713 09:09:57.244442 21919 auto_leader_rebalancer.cc:554] All tables' leader rebalancing finished this round
I20260713 09:09:57.294163 23816 raft_consensus.cc:993] T bf21876d50ba456d8e3b755e005e13cf P 367d1783bd7a47fbaddff264d1709816: : Instructing follower a2238715c80e4edcaa4605566e2331c1 to start an election
I20260713 09:09:57.294713 23792 raft_consensus.cc:1081] T bf21876d50ba456d8e3b755e005e13cf P 367d1783bd7a47fbaddff264d1709816 [term 1 LEADER]: Signalling peer a2238715c80e4edcaa4605566e2331c1 to start an election
I20260713 09:09:57.296044 23457 tablet_service.cc:2044] Received Run Leader Election RPC: tablet_id: "bf21876d50ba456d8e3b755e005e13cf"
dest_uuid: "a2238715c80e4edcaa4605566e2331c1"
 from {username='slave'} at 127.0.0.1:36572
I20260713 09:09:57.296504 23457 raft_consensus.cc:493] T bf21876d50ba456d8e3b755e005e13cf P a2238715c80e4edcaa4605566e2331c1 [term 1 FOLLOWER]: Starting forced leader election (received explicit request)
I20260713 09:09:57.296728 23457 raft_consensus.cc:3060] T bf21876d50ba456d8e3b755e005e13cf P a2238715c80e4edcaa4605566e2331c1 [term 1 FOLLOWER]: Advancing to term 2
I20260713 09:09:57.300932 23457 raft_consensus.cc:515] T bf21876d50ba456d8e3b755e005e13cf P a2238715c80e4edcaa4605566e2331c1 [term 2 FOLLOWER]: Starting forced leader election with config: opid_index: 4 OBSOLETE_local: false peers { permanent_uuid: "367d1783bd7a47fbaddff264d1709816" member_type: VOTER last_known_addr { host: "127.21.103.193" port: 35879 } } peers { permanent_uuid: "da1ae6d2463f4f5b823de9b5d2f9059a" member_type: VOTER last_known_addr { host: "127.21.103.195" port: 43653 } } peers { permanent_uuid: "a2238715c80e4edcaa4605566e2331c1" member_type: VOTER last_known_addr { host: "127.21.103.196" port: 46437 } attrs { promote: false } }
I20260713 09:09:57.302611 23457 leader_election.cc:290] T bf21876d50ba456d8e3b755e005e13cf P a2238715c80e4edcaa4605566e2331c1 [CANDIDATE]: Term 2 election: Requested vote from peers 367d1783bd7a47fbaddff264d1709816 (127.21.103.193:35879), da1ae6d2463f4f5b823de9b5d2f9059a (127.21.103.195:43653)
I20260713 09:09:57.303586 23025 tablet_service.cc:1917] Received RequestConsensusVote() RPC: tablet_id: "bf21876d50ba456d8e3b755e005e13cf" candidate_uuid: "a2238715c80e4edcaa4605566e2331c1" candidate_term: 2 candidate_status { last_received { term: 1 index: 4 } } ignore_live_leader: true dest_uuid: "367d1783bd7a47fbaddff264d1709816"
I20260713 09:09:57.303944 23174 tablet_service.cc:1917] Received RequestConsensusVote() RPC: tablet_id: "bf21876d50ba456d8e3b755e005e13cf" candidate_uuid: "a2238715c80e4edcaa4605566e2331c1" candidate_term: 2 candidate_status { last_received { term: 1 index: 4 } } ignore_live_leader: true dest_uuid: "da1ae6d2463f4f5b823de9b5d2f9059a"
I20260713 09:09:57.304380 23025 raft_consensus.cc:3055] T bf21876d50ba456d8e3b755e005e13cf P 367d1783bd7a47fbaddff264d1709816 [term 1 LEADER]: Stepping down as leader of term 1
I20260713 09:09:57.304466 23174 raft_consensus.cc:3060] T bf21876d50ba456d8e3b755e005e13cf P da1ae6d2463f4f5b823de9b5d2f9059a [term 1 FOLLOWER]: Advancing to term 2
I20260713 09:09:57.304723 23025 raft_consensus.cc:740] T bf21876d50ba456d8e3b755e005e13cf P 367d1783bd7a47fbaddff264d1709816 [term 1 LEADER]: Becoming Follower/Learner. State: Replica: 367d1783bd7a47fbaddff264d1709816, State: Running, Role: LEADER
I20260713 09:09:57.305452 23025 consensus_queue.cc:260] T bf21876d50ba456d8e3b755e005e13cf P 367d1783bd7a47fbaddff264d1709816 [NON_LEADER]: Queue going to NON_LEADER mode. State: All replicated index: 0, Majority replicated index: 4, Committed index: 4, Last appended: 1.4, Last appended by leader: 4, Current term: 1, Majority size: -1, State: 0, Mode: NON_LEADER, active raft config: opid_index: 4 OBSOLETE_local: false peers { permanent_uuid: "367d1783bd7a47fbaddff264d1709816" member_type: VOTER last_known_addr { host: "127.21.103.193" port: 35879 } } peers { permanent_uuid: "da1ae6d2463f4f5b823de9b5d2f9059a" member_type: VOTER last_known_addr { host: "127.21.103.195" port: 43653 } } peers { permanent_uuid: "a2238715c80e4edcaa4605566e2331c1" member_type: VOTER last_known_addr { host: "127.21.103.196" port: 46437 } attrs { promote: false } }
I20260713 09:09:57.306623 23025 raft_consensus.cc:3060] T bf21876d50ba456d8e3b755e005e13cf P 367d1783bd7a47fbaddff264d1709816 [term 1 FOLLOWER]: Advancing to term 2
I20260713 09:09:57.310786 23174 raft_consensus.cc:2468] T bf21876d50ba456d8e3b755e005e13cf P da1ae6d2463f4f5b823de9b5d2f9059a [term 2 FOLLOWER]: Leader election vote request: Granting yes vote for candidate a2238715c80e4edcaa4605566e2331c1 in term 2.
I20260713 09:09:57.312069 23423 leader_election.cc:304] T bf21876d50ba456d8e3b755e005e13cf P a2238715c80e4edcaa4605566e2331c1 [CANDIDATE]: Term 2 election: Election decided. Result: candidate won. Election summary: received 2 responses out of 3 voters: 2 yes votes; 0 no votes. yes voters: a2238715c80e4edcaa4605566e2331c1, da1ae6d2463f4f5b823de9b5d2f9059a; no voters: 
I20260713 09:09:57.312834 23025 raft_consensus.cc:2468] T bf21876d50ba456d8e3b755e005e13cf P 367d1783bd7a47fbaddff264d1709816 [term 2 FOLLOWER]: Leader election vote request: Granting yes vote for candidate a2238715c80e4edcaa4605566e2331c1 in term 2.
I20260713 09:09:57.313776 23824 raft_consensus.cc:2804] T bf21876d50ba456d8e3b755e005e13cf P a2238715c80e4edcaa4605566e2331c1 [term 2 FOLLOWER]: Leader election won for term 2
I20260713 09:09:57.314973 23824 raft_consensus.cc:697] T bf21876d50ba456d8e3b755e005e13cf P a2238715c80e4edcaa4605566e2331c1 [term 2 LEADER]: Becoming Leader. State: Replica: a2238715c80e4edcaa4605566e2331c1, State: Running, Role: LEADER
I20260713 09:09:57.315825 23824 consensus_queue.cc:237] T bf21876d50ba456d8e3b755e005e13cf P a2238715c80e4edcaa4605566e2331c1 [LEADER]: Queue going to LEADER mode. State: All replicated index: 0, Majority replicated index: 4, Committed index: 4, Last appended: 1.4, Last appended by leader: 4, Current term: 2, Majority size: 2, State: 0, Mode: LEADER, active raft config: opid_index: 4 OBSOLETE_local: false peers { permanent_uuid: "367d1783bd7a47fbaddff264d1709816" member_type: VOTER last_known_addr { host: "127.21.103.193" port: 35879 } } peers { permanent_uuid: "da1ae6d2463f4f5b823de9b5d2f9059a" member_type: VOTER last_known_addr { host: "127.21.103.195" port: 43653 } } peers { permanent_uuid: "a2238715c80e4edcaa4605566e2331c1" member_type: VOTER last_known_addr { host: "127.21.103.196" port: 46437 } attrs { promote: false } }
I20260713 09:09:57.323122 22921 catalog_manager.cc:5697] T bf21876d50ba456d8e3b755e005e13cf P a2238715c80e4edcaa4605566e2331c1 reported cstate change: term changed from 1 to 2, leader changed from 367d1783bd7a47fbaddff264d1709816 (127.21.103.193) to a2238715c80e4edcaa4605566e2331c1 (127.21.103.196). New cstate: current_term: 2 leader_uuid: "a2238715c80e4edcaa4605566e2331c1" committed_config { opid_index: 4 OBSOLETE_local: false peers { permanent_uuid: "367d1783bd7a47fbaddff264d1709816" member_type: VOTER last_known_addr { host: "127.21.103.193" port: 35879 } health_report { overall_health: UNKNOWN } } peers { permanent_uuid: "da1ae6d2463f4f5b823de9b5d2f9059a" member_type: VOTER last_known_addr { host: "127.21.103.195" port: 43653 } health_report { overall_health: UNKNOWN } } peers { permanent_uuid: "a2238715c80e4edcaa4605566e2331c1" member_type: VOTER last_known_addr { host: "127.21.103.196" port: 46437 } attrs { promote: false } health_report { overall_health: HEALTHY } } }
I20260713 09:09:57.378868 23816 raft_consensus.cc:993] T 88b73fcc3ef44c5893c81f72f05ab297 P 367d1783bd7a47fbaddff264d1709816: : Instructing follower a2238715c80e4edcaa4605566e2331c1 to start an election
I20260713 09:09:57.379351 23831 raft_consensus.cc:1081] T 88b73fcc3ef44c5893c81f72f05ab297 P 367d1783bd7a47fbaddff264d1709816 [term 1 LEADER]: Signalling peer a2238715c80e4edcaa4605566e2331c1 to start an election
I20260713 09:09:57.381569 23457 tablet_service.cc:2044] Received Run Leader Election RPC: tablet_id: "88b73fcc3ef44c5893c81f72f05ab297"
dest_uuid: "a2238715c80e4edcaa4605566e2331c1"
 from {username='slave'} at 127.0.0.1:36572
I20260713 09:09:57.382028 23457 raft_consensus.cc:493] T 88b73fcc3ef44c5893c81f72f05ab297 P a2238715c80e4edcaa4605566e2331c1 [term 1 FOLLOWER]: Starting forced leader election (received explicit request)
I20260713 09:09:57.382318 23457 raft_consensus.cc:3060] T 88b73fcc3ef44c5893c81f72f05ab297 P a2238715c80e4edcaa4605566e2331c1 [term 1 FOLLOWER]: Advancing to term 2
I20260713 09:09:57.386683 23457 raft_consensus.cc:515] T 88b73fcc3ef44c5893c81f72f05ab297 P a2238715c80e4edcaa4605566e2331c1 [term 2 FOLLOWER]: Starting forced leader election with config: opid_index: 4 OBSOLETE_local: false peers { permanent_uuid: "367d1783bd7a47fbaddff264d1709816" member_type: VOTER last_known_addr { host: "127.21.103.193" port: 35879 } } peers { permanent_uuid: "1f3d1bf835e74312a3a54615e2fefa52" member_type: VOTER last_known_addr { host: "127.21.103.194" port: 38995 } } peers { permanent_uuid: "a2238715c80e4edcaa4605566e2331c1" member_type: VOTER last_known_addr { host: "127.21.103.196" port: 46437 } attrs { promote: false } }
I20260713 09:09:57.388373 23457 leader_election.cc:290] T 88b73fcc3ef44c5893c81f72f05ab297 P a2238715c80e4edcaa4605566e2331c1 [CANDIDATE]: Term 2 election: Requested vote from peers 367d1783bd7a47fbaddff264d1709816 (127.21.103.193:35879), 1f3d1bf835e74312a3a54615e2fefa52 (127.21.103.194:38995)
I20260713 09:09:57.389300 23025 tablet_service.cc:1917] Received RequestConsensusVote() RPC: tablet_id: "88b73fcc3ef44c5893c81f72f05ab297" candidate_uuid: "a2238715c80e4edcaa4605566e2331c1" candidate_term: 2 candidate_status { last_received { term: 1 index: 4 } } ignore_live_leader: true dest_uuid: "367d1783bd7a47fbaddff264d1709816"
I20260713 09:09:57.389423 23102 tablet_service.cc:1917] Received RequestConsensusVote() RPC: tablet_id: "88b73fcc3ef44c5893c81f72f05ab297" candidate_uuid: "a2238715c80e4edcaa4605566e2331c1" candidate_term: 2 candidate_status { last_received { term: 1 index: 4 } } ignore_live_leader: true dest_uuid: "1f3d1bf835e74312a3a54615e2fefa52"
I20260713 09:09:57.389940 23025 raft_consensus.cc:3055] T 88b73fcc3ef44c5893c81f72f05ab297 P 367d1783bd7a47fbaddff264d1709816 [term 1 LEADER]: Stepping down as leader of term 1
I20260713 09:09:57.389981 23102 raft_consensus.cc:3060] T 88b73fcc3ef44c5893c81f72f05ab297 P 1f3d1bf835e74312a3a54615e2fefa52 [term 1 FOLLOWER]: Advancing to term 2
I20260713 09:09:57.390376 23025 raft_consensus.cc:740] T 88b73fcc3ef44c5893c81f72f05ab297 P 367d1783bd7a47fbaddff264d1709816 [term 1 LEADER]: Becoming Follower/Learner. State: Replica: 367d1783bd7a47fbaddff264d1709816, State: Running, Role: LEADER
I20260713 09:09:57.391184 23025 consensus_queue.cc:260] T 88b73fcc3ef44c5893c81f72f05ab297 P 367d1783bd7a47fbaddff264d1709816 [NON_LEADER]: Queue going to NON_LEADER mode. State: All replicated index: 0, Majority replicated index: 4, Committed index: 4, Last appended: 1.4, Last appended by leader: 4, Current term: 1, Majority size: -1, State: 0, Mode: NON_LEADER, active raft config: opid_index: 4 OBSOLETE_local: false peers { permanent_uuid: "367d1783bd7a47fbaddff264d1709816" member_type: VOTER last_known_addr { host: "127.21.103.193" port: 35879 } } peers { permanent_uuid: "1f3d1bf835e74312a3a54615e2fefa52" member_type: VOTER last_known_addr { host: "127.21.103.194" port: 38995 } } peers { permanent_uuid: "a2238715c80e4edcaa4605566e2331c1" member_type: VOTER last_known_addr { host: "127.21.103.196" port: 46437 } attrs { promote: false } }
I20260713 09:09:57.392264 23025 raft_consensus.cc:3060] T 88b73fcc3ef44c5893c81f72f05ab297 P 367d1783bd7a47fbaddff264d1709816 [term 1 FOLLOWER]: Advancing to term 2
I20260713 09:09:57.396667 23102 raft_consensus.cc:2468] T 88b73fcc3ef44c5893c81f72f05ab297 P 1f3d1bf835e74312a3a54615e2fefa52 [term 2 FOLLOWER]: Leader election vote request: Granting yes vote for candidate a2238715c80e4edcaa4605566e2331c1 in term 2.
I20260713 09:09:57.397845 23424 leader_election.cc:304] T 88b73fcc3ef44c5893c81f72f05ab297 P a2238715c80e4edcaa4605566e2331c1 [CANDIDATE]: Term 2 election: Election decided. Result: candidate won. Election summary: received 2 responses out of 3 voters: 2 yes votes; 0 no votes. yes voters: 1f3d1bf835e74312a3a54615e2fefa52, a2238715c80e4edcaa4605566e2331c1; no voters: 
I20260713 09:09:57.398152 23025 raft_consensus.cc:2468] T 88b73fcc3ef44c5893c81f72f05ab297 P 367d1783bd7a47fbaddff264d1709816 [term 2 FOLLOWER]: Leader election vote request: Granting yes vote for candidate a2238715c80e4edcaa4605566e2331c1 in term 2.
I20260713 09:09:57.398775 23824 raft_consensus.cc:2804] T 88b73fcc3ef44c5893c81f72f05ab297 P a2238715c80e4edcaa4605566e2331c1 [term 2 FOLLOWER]: Leader election won for term 2
I20260713 09:09:57.399327 23824 raft_consensus.cc:697] T 88b73fcc3ef44c5893c81f72f05ab297 P a2238715c80e4edcaa4605566e2331c1 [term 2 LEADER]: Becoming Leader. State: Replica: a2238715c80e4edcaa4605566e2331c1, State: Running, Role: LEADER
I20260713 09:09:57.400050 23824 consensus_queue.cc:237] T 88b73fcc3ef44c5893c81f72f05ab297 P a2238715c80e4edcaa4605566e2331c1 [LEADER]: Queue going to LEADER mode. State: All replicated index: 0, Majority replicated index: 4, Committed index: 4, Last appended: 1.4, Last appended by leader: 4, Current term: 2, Majority size: 2, State: 0, Mode: LEADER, active raft config: opid_index: 4 OBSOLETE_local: false peers { permanent_uuid: "367d1783bd7a47fbaddff264d1709816" member_type: VOTER last_known_addr { host: "127.21.103.193" port: 35879 } } peers { permanent_uuid: "1f3d1bf835e74312a3a54615e2fefa52" member_type: VOTER last_known_addr { host: "127.21.103.194" port: 38995 } } peers { permanent_uuid: "a2238715c80e4edcaa4605566e2331c1" member_type: VOTER last_known_addr { host: "127.21.103.196" port: 46437 } attrs { promote: false } }
I20260713 09:09:57.410413 22921 catalog_manager.cc:5697] T 88b73fcc3ef44c5893c81f72f05ab297 P a2238715c80e4edcaa4605566e2331c1 reported cstate change: term changed from 1 to 2, leader changed from 367d1783bd7a47fbaddff264d1709816 (127.21.103.193) to a2238715c80e4edcaa4605566e2331c1 (127.21.103.196). New cstate: current_term: 2 leader_uuid: "a2238715c80e4edcaa4605566e2331c1" committed_config { opid_index: 4 OBSOLETE_local: false peers { permanent_uuid: "367d1783bd7a47fbaddff264d1709816" member_type: VOTER last_known_addr { host: "127.21.103.193" port: 35879 } health_report { overall_health: UNKNOWN } } peers { permanent_uuid: "1f3d1bf835e74312a3a54615e2fefa52" member_type: VOTER last_known_addr { host: "127.21.103.194" port: 38995 } health_report { overall_health: UNKNOWN } } peers { permanent_uuid: "a2238715c80e4edcaa4605566e2331c1" member_type: VOTER last_known_addr { host: "127.21.103.196" port: 46437 } attrs { promote: false } health_report { overall_health: HEALTHY } } }
I20260713 09:09:57.421096 23831 raft_consensus.cc:993] T 00487cbc9e554160a50f87621c3cf272 P 367d1783bd7a47fbaddff264d1709816: : Instructing follower a2238715c80e4edcaa4605566e2331c1 to start an election
I20260713 09:09:57.421639 23816 raft_consensus.cc:1081] T 00487cbc9e554160a50f87621c3cf272 P 367d1783bd7a47fbaddff264d1709816 [term 1 LEADER]: Signalling peer a2238715c80e4edcaa4605566e2331c1 to start an election
I20260713 09:09:57.423239 23457 tablet_service.cc:2044] Received Run Leader Election RPC: tablet_id: "00487cbc9e554160a50f87621c3cf272"
dest_uuid: "a2238715c80e4edcaa4605566e2331c1"
 from {username='slave'} at 127.0.0.1:36572
