I20260713 09:09:49.122355 28985 raft_consensus.cc:697] T 6ea4ba26e9c24205a3f4c83db01891fc P 61cfd5c8840542b7beb083e3b8d8252d [term 2 LEADER]: Becoming Leader. State: Replica: 61cfd5c8840542b7beb083e3b8d8252d, State: Running, Role: LEADER
I20260713 09:09:49.122460 28267 raft_consensus.cc:2468] T 6ea4ba26e9c24205a3f4c83db01891fc P 8ff777b9f4c14f978b87d8d1724d8e99 [term 2 FOLLOWER]: Leader election vote request: Granting yes vote for candidate 61cfd5c8840542b7beb083e3b8d8252d in term 2.
I20260713 09:09:49.123194 28985 consensus_queue.cc:237] T 6ea4ba26e9c24205a3f4c83db01891fc P 61cfd5c8840542b7beb083e3b8d8252d [LEADER]: Queue going to LEADER mode. State: All replicated index: 0, Majority replicated index: 4, Committed index: 4, Last appended: 1.4, Last appended by leader: 4, Current term: 2, Majority size: 2, State: 0, Mode: LEADER, active raft config: opid_index: 4 OBSOLETE_local: false peers { permanent_uuid: "debf39b954f54264b538d7685a5d7c8e" member_type: VOTER last_known_addr { host: "127.26.113.3" port: 41219 } } peers { permanent_uuid: "8ff777b9f4c14f978b87d8d1724d8e99" member_type: VOTER last_known_addr { host: "127.26.113.2" port: 43965 } } peers { permanent_uuid: "61cfd5c8840542b7beb083e3b8d8252d" member_type: VOTER last_known_addr { host: "127.26.113.4" port: 36617 } attrs { promote: false } }
I20260713 09:09:49.131249 28086 catalog_manager.cc:5697] T 6ea4ba26e9c24205a3f4c83db01891fc P 61cfd5c8840542b7beb083e3b8d8252d reported cstate change: term changed from 1 to 2, leader changed from 8ff777b9f4c14f978b87d8d1724d8e99 (127.26.113.2) to 61cfd5c8840542b7beb083e3b8d8252d (127.26.113.4). New cstate: current_term: 2 leader_uuid: "61cfd5c8840542b7beb083e3b8d8252d" committed_config { opid_index: 4 OBSOLETE_local: false peers { permanent_uuid: "debf39b954f54264b538d7685a5d7c8e" member_type: VOTER last_known_addr { host: "127.26.113.3" port: 41219 } health_report { overall_health: UNKNOWN } } peers { permanent_uuid: "8ff777b9f4c14f978b87d8d1724d8e99" member_type: VOTER last_known_addr { host: "127.26.113.2" port: 43965 } health_report { overall_health: UNKNOWN } } peers { permanent_uuid: "61cfd5c8840542b7beb083e3b8d8252d" member_type: VOTER last_known_addr { host: "127.26.113.4" port: 36617 } attrs { promote: false } health_report { overall_health: HEALTHY } } }
I20260713 09:09:49.151320 28983 raft_consensus.cc:993] T ae09672b790e468d882c6defc0191630 P 8ff777b9f4c14f978b87d8d1724d8e99: : Instructing follower 61cfd5c8840542b7beb083e3b8d8252d to start an election
I20260713 09:09:49.151707 28977 raft_consensus.cc:1081] T ae09672b790e468d882c6defc0191630 P 8ff777b9f4c14f978b87d8d1724d8e99 [term 1 LEADER]: Signalling peer 61cfd5c8840542b7beb083e3b8d8252d to start an election
I20260713 09:09:49.152946 28617 tablet_service.cc:2044] Received Run Leader Election RPC: tablet_id: "ae09672b790e468d882c6defc0191630"
dest_uuid: "61cfd5c8840542b7beb083e3b8d8252d"
 from {username='slave'} at 127.0.0.1:57028
I20260713 09:09:49.153337 28617 raft_consensus.cc:493] T ae09672b790e468d882c6defc0191630 P 61cfd5c8840542b7beb083e3b8d8252d [term 1 FOLLOWER]: Starting forced leader election (received explicit request)
I20260713 09:09:49.153642 28617 raft_consensus.cc:3060] T ae09672b790e468d882c6defc0191630 P 61cfd5c8840542b7beb083e3b8d8252d [term 1 FOLLOWER]: Advancing to term 2
I20260713 09:09:49.158751 28617 raft_consensus.cc:515] T ae09672b790e468d882c6defc0191630 P 61cfd5c8840542b7beb083e3b8d8252d [term 2 FOLLOWER]: Starting forced leader election with config: opid_index: 4 OBSOLETE_local: false peers { permanent_uuid: "631fb17533124f0bb006ede7d2bb2077" member_type: VOTER last_known_addr { host: "127.26.113.1" port: 43779 } } peers { permanent_uuid: "8ff777b9f4c14f978b87d8d1724d8e99" member_type: VOTER last_known_addr { host: "127.26.113.2" port: 43965 } } peers { permanent_uuid: "61cfd5c8840542b7beb083e3b8d8252d" member_type: VOTER last_known_addr { host: "127.26.113.4" port: 36617 } attrs { promote: false } }
I20260713 09:09:49.160240 28617 leader_election.cc:290] T ae09672b790e468d882c6defc0191630 P 61cfd5c8840542b7beb083e3b8d8252d [CANDIDATE]: Term 2 election: Requested vote from peers 631fb17533124f0bb006ede7d2bb2077 (127.26.113.1:43779), 8ff777b9f4c14f978b87d8d1724d8e99 (127.26.113.2:43965)
I20260713 09:09:49.161041 28192 tablet_service.cc:1917] Received RequestConsensusVote() RPC: tablet_id: "ae09672b790e468d882c6defc0191630" candidate_uuid: "61cfd5c8840542b7beb083e3b8d8252d" candidate_term: 2 candidate_status { last_received { term: 1 index: 4 } } ignore_live_leader: true dest_uuid: "631fb17533124f0bb006ede7d2bb2077"
I20260713 09:09:49.161336 28267 tablet_service.cc:1917] Received RequestConsensusVote() RPC: tablet_id: "ae09672b790e468d882c6defc0191630" candidate_uuid: "61cfd5c8840542b7beb083e3b8d8252d" candidate_term: 2 candidate_status { last_received { term: 1 index: 4 } } ignore_live_leader: true dest_uuid: "8ff777b9f4c14f978b87d8d1724d8e99"
I20260713 09:09:49.161602 28192 raft_consensus.cc:3060] T ae09672b790e468d882c6defc0191630 P 631fb17533124f0bb006ede7d2bb2077 [term 1 FOLLOWER]: Advancing to term 2
I20260713 09:09:49.161837 28267 raft_consensus.cc:3055] T ae09672b790e468d882c6defc0191630 P 8ff777b9f4c14f978b87d8d1724d8e99 [term 1 LEADER]: Stepping down as leader of term 1
I20260713 09:09:49.162155 28267 raft_consensus.cc:740] T ae09672b790e468d882c6defc0191630 P 8ff777b9f4c14f978b87d8d1724d8e99 [term 1 LEADER]: Becoming Follower/Learner. State: Replica: 8ff777b9f4c14f978b87d8d1724d8e99, State: Running, Role: LEADER
I20260713 09:09:49.162889 28267 consensus_queue.cc:260] T ae09672b790e468d882c6defc0191630 P 8ff777b9f4c14f978b87d8d1724d8e99 [NON_LEADER]: Queue going to NON_LEADER mode. State: All replicated index: 0, Majority replicated index: 4, Committed index: 4, Last appended: 1.4, Last appended by leader: 4, Current term: 1, Majority size: -1, State: 0, Mode: NON_LEADER, active raft config: opid_index: 4 OBSOLETE_local: false peers { permanent_uuid: "631fb17533124f0bb006ede7d2bb2077" member_type: VOTER last_known_addr { host: "127.26.113.1" port: 43779 } } peers { permanent_uuid: "8ff777b9f4c14f978b87d8d1724d8e99" member_type: VOTER last_known_addr { host: "127.26.113.2" port: 43965 } } peers { permanent_uuid: "61cfd5c8840542b7beb083e3b8d8252d" member_type: VOTER last_known_addr { host: "127.26.113.4" port: 36617 } attrs { promote: false } }
I20260713 09:09:49.164294 28267 raft_consensus.cc:3060] T ae09672b790e468d882c6defc0191630 P 8ff777b9f4c14f978b87d8d1724d8e99 [term 1 FOLLOWER]: Advancing to term 2
I20260713 09:09:49.168152 28192 raft_consensus.cc:2468] T ae09672b790e468d882c6defc0191630 P 631fb17533124f0bb006ede7d2bb2077 [term 2 FOLLOWER]: Leader election vote request: Granting yes vote for candidate 61cfd5c8840542b7beb083e3b8d8252d in term 2.
I20260713 09:09:49.169489 28582 leader_election.cc:304] T ae09672b790e468d882c6defc0191630 P 61cfd5c8840542b7beb083e3b8d8252d [CANDIDATE]: Term 2 election: Election decided. Result: candidate won. Election summary: received 2 responses out of 3 voters: 2 yes votes; 0 no votes. yes voters: 61cfd5c8840542b7beb083e3b8d8252d, 631fb17533124f0bb006ede7d2bb2077; no voters: 
I20260713 09:09:49.170697 28985 raft_consensus.cc:2804] T ae09672b790e468d882c6defc0191630 P 61cfd5c8840542b7beb083e3b8d8252d [term 2 FOLLOWER]: Leader election won for term 2
I20260713 09:09:49.171180 28985 raft_consensus.cc:697] T ae09672b790e468d882c6defc0191630 P 61cfd5c8840542b7beb083e3b8d8252d [term 2 LEADER]: Becoming Leader. State: Replica: 61cfd5c8840542b7beb083e3b8d8252d, State: Running, Role: LEADER
I20260713 09:09:49.172029 28985 consensus_queue.cc:237] T ae09672b790e468d882c6defc0191630 P 61cfd5c8840542b7beb083e3b8d8252d [LEADER]: Queue going to LEADER mode. State: All replicated index: 0, Majority replicated index: 4, Committed index: 4, Last appended: 1.4, Last appended by leader: 4, Current term: 2, Majority size: 2, State: 0, Mode: LEADER, active raft config: opid_index: 4 OBSOLETE_local: false peers { permanent_uuid: "631fb17533124f0bb006ede7d2bb2077" member_type: VOTER last_known_addr { host: "127.26.113.1" port: 43779 } } peers { permanent_uuid: "8ff777b9f4c14f978b87d8d1724d8e99" member_type: VOTER last_known_addr { host: "127.26.113.2" port: 43965 } } peers { permanent_uuid: "61cfd5c8840542b7beb083e3b8d8252d" member_type: VOTER last_known_addr { host: "127.26.113.4" port: 36617 } attrs { promote: false } }
I20260713 09:09:49.172426 28267 raft_consensus.cc:2468] T ae09672b790e468d882c6defc0191630 P 8ff777b9f4c14f978b87d8d1724d8e99 [term 2 FOLLOWER]: Leader election vote request: Granting yes vote for candidate 61cfd5c8840542b7beb083e3b8d8252d in term 2.
I20260713 09:09:49.179145 28086 catalog_manager.cc:5697] T ae09672b790e468d882c6defc0191630 P 61cfd5c8840542b7beb083e3b8d8252d reported cstate change: term changed from 1 to 2, leader changed from 8ff777b9f4c14f978b87d8d1724d8e99 (127.26.113.2) to 61cfd5c8840542b7beb083e3b8d8252d (127.26.113.4). New cstate: current_term: 2 leader_uuid: "61cfd5c8840542b7beb083e3b8d8252d" committed_config { opid_index: 4 OBSOLETE_local: false peers { permanent_uuid: "631fb17533124f0bb006ede7d2bb2077" member_type: VOTER last_known_addr { host: "127.26.113.1" port: 43779 } health_report { overall_health: UNKNOWN } } peers { permanent_uuid: "8ff777b9f4c14f978b87d8d1724d8e99" member_type: VOTER last_known_addr { host: "127.26.113.2" port: 43965 } health_report { overall_health: UNKNOWN } } peers { permanent_uuid: "61cfd5c8840542b7beb083e3b8d8252d" member_type: VOTER last_known_addr { host: "127.26.113.4" port: 36617 } attrs { promote: false } health_report { overall_health: HEALTHY } } }
I20260713 09:09:49.214766 28975 raft_consensus.cc:993] T 1b759e5f5a7f47afbcd3946241240752 P 631fb17533124f0bb006ede7d2bb2077: : Instructing follower 61cfd5c8840542b7beb083e3b8d8252d to start an election
I20260713 09:09:49.215322 28993 raft_consensus.cc:1081] T 1b759e5f5a7f47afbcd3946241240752 P 631fb17533124f0bb006ede7d2bb2077 [term 1 LEADER]: Signalling peer 61cfd5c8840542b7beb083e3b8d8252d to start an election
I20260713 09:09:49.216696 28617 tablet_service.cc:2044] Received Run Leader Election RPC: tablet_id: "1b759e5f5a7f47afbcd3946241240752"
dest_uuid: "61cfd5c8840542b7beb083e3b8d8252d"
 from {username='slave'} at 127.0.0.1:57016
I20260713 09:09:49.217126 28617 raft_consensus.cc:493] T 1b759e5f5a7f47afbcd3946241240752 P 61cfd5c8840542b7beb083e3b8d8252d [term 1 FOLLOWER]: Starting forced leader election (received explicit request)
I20260713 09:09:49.217425 28617 raft_consensus.cc:3060] T 1b759e5f5a7f47afbcd3946241240752 P 61cfd5c8840542b7beb083e3b8d8252d [term 1 FOLLOWER]: Advancing to term 2
I20260713 09:09:49.222947 28617 raft_consensus.cc:515] T 1b759e5f5a7f47afbcd3946241240752 P 61cfd5c8840542b7beb083e3b8d8252d [term 2 FOLLOWER]: Starting forced leader election with config: opid_index: 4 OBSOLETE_local: false peers { permanent_uuid: "631fb17533124f0bb006ede7d2bb2077" member_type: VOTER last_known_addr { host: "127.26.113.1" port: 43779 } } peers { permanent_uuid: "8ff777b9f4c14f978b87d8d1724d8e99" member_type: VOTER last_known_addr { host: "127.26.113.2" port: 43965 } } peers { permanent_uuid: "61cfd5c8840542b7beb083e3b8d8252d" member_type: VOTER last_known_addr { host: "127.26.113.4" port: 36617 } attrs { promote: false } }
I20260713 09:09:49.224346 28617 leader_election.cc:290] T 1b759e5f5a7f47afbcd3946241240752 P 61cfd5c8840542b7beb083e3b8d8252d [CANDIDATE]: Term 2 election: Requested vote from peers 631fb17533124f0bb006ede7d2bb2077 (127.26.113.1:43779), 8ff777b9f4c14f978b87d8d1724d8e99 (127.26.113.2:43965)
I20260713 09:09:49.225087 28192 tablet_service.cc:1917] Received RequestConsensusVote() RPC: tablet_id: "1b759e5f5a7f47afbcd3946241240752" candidate_uuid: "61cfd5c8840542b7beb083e3b8d8252d" candidate_term: 2 candidate_status { last_received { term: 1 index: 4 } } ignore_live_leader: true dest_uuid: "631fb17533124f0bb006ede7d2bb2077"
I20260713 09:09:49.225534 28267 tablet_service.cc:1917] Received RequestConsensusVote() RPC: tablet_id: "1b759e5f5a7f47afbcd3946241240752" candidate_uuid: "61cfd5c8840542b7beb083e3b8d8252d" candidate_term: 2 candidate_status { last_received { term: 1 index: 4 } } ignore_live_leader: true dest_uuid: "8ff777b9f4c14f978b87d8d1724d8e99"
I20260713 09:09:49.225630 28192 raft_consensus.cc:3055] T 1b759e5f5a7f47afbcd3946241240752 P 631fb17533124f0bb006ede7d2bb2077 [term 1 LEADER]: Stepping down as leader of term 1
I20260713 09:09:49.225934 28192 raft_consensus.cc:740] T 1b759e5f5a7f47afbcd3946241240752 P 631fb17533124f0bb006ede7d2bb2077 [term 1 LEADER]: Becoming Follower/Learner. State: Replica: 631fb17533124f0bb006ede7d2bb2077, State: Running, Role: LEADER
I20260713 09:09:49.225991 28267 raft_consensus.cc:3060] T 1b759e5f5a7f47afbcd3946241240752 P 8ff777b9f4c14f978b87d8d1724d8e99 [term 1 FOLLOWER]: Advancing to term 2
I20260713 09:09:49.226547 28192 consensus_queue.cc:260] T 1b759e5f5a7f47afbcd3946241240752 P 631fb17533124f0bb006ede7d2bb2077 [NON_LEADER]: Queue going to NON_LEADER mode. State: All replicated index: 0, Majority replicated index: 4, Committed index: 4, Last appended: 1.4, Last appended by leader: 4, Current term: 1, Majority size: -1, State: 0, Mode: NON_LEADER, active raft config: opid_index: 4 OBSOLETE_local: false peers { permanent_uuid: "631fb17533124f0bb006ede7d2bb2077" member_type: VOTER last_known_addr { host: "127.26.113.1" port: 43779 } } peers { permanent_uuid: "8ff777b9f4c14f978b87d8d1724d8e99" member_type: VOTER last_known_addr { host: "127.26.113.2" port: 43965 } } peers { permanent_uuid: "61cfd5c8840542b7beb083e3b8d8252d" member_type: VOTER last_known_addr { host: "127.26.113.4" port: 36617 } attrs { promote: false } }
I20260713 09:09:49.227394 28192 raft_consensus.cc:3060] T 1b759e5f5a7f47afbcd3946241240752 P 631fb17533124f0bb006ede7d2bb2077 [term 1 FOLLOWER]: Advancing to term 2
I20260713 09:09:49.231196 28267 raft_consensus.cc:2468] T 1b759e5f5a7f47afbcd3946241240752 P 8ff777b9f4c14f978b87d8d1724d8e99 [term 2 FOLLOWER]: Leader election vote request: Granting yes vote for candidate 61cfd5c8840542b7beb083e3b8d8252d in term 2.
I20260713 09:09:49.231377 28192 raft_consensus.cc:2468] T 1b759e5f5a7f47afbcd3946241240752 P 631fb17533124f0bb006ede7d2bb2077 [term 2 FOLLOWER]: Leader election vote request: Granting yes vote for candidate 61cfd5c8840542b7beb083e3b8d8252d in term 2.
I20260713 09:09:49.232270 28582 leader_election.cc:304] T 1b759e5f5a7f47afbcd3946241240752 P 61cfd5c8840542b7beb083e3b8d8252d [CANDIDATE]: Term 2 election: Election decided. Result: candidate won. Election summary: received 2 responses out of 3 voters: 2 yes votes; 0 no votes. yes voters: 61cfd5c8840542b7beb083e3b8d8252d, 8ff777b9f4c14f978b87d8d1724d8e99; no voters: 
I20260713 09:09:49.233070 28985 raft_consensus.cc:2804] T 1b759e5f5a7f47afbcd3946241240752 P 61cfd5c8840542b7beb083e3b8d8252d [term 2 FOLLOWER]: Leader election won for term 2
I20260713 09:09:49.233476 28985 raft_consensus.cc:697] T 1b759e5f5a7f47afbcd3946241240752 P 61cfd5c8840542b7beb083e3b8d8252d [term 2 LEADER]: Becoming Leader. State: Replica: 61cfd5c8840542b7beb083e3b8d8252d, State: Running, Role: LEADER
I20260713 09:09:49.234215 28985 consensus_queue.cc:237] T 1b759e5f5a7f47afbcd3946241240752 P 61cfd5c8840542b7beb083e3b8d8252d [LEADER]: Queue going to LEADER mode. State: All replicated index: 0, Majority replicated index: 4, Committed index: 4, Last appended: 1.4, Last appended by leader: 4, Current term: 2, Majority size: 2, State: 0, Mode: LEADER, active raft config: opid_index: 4 OBSOLETE_local: false peers { permanent_uuid: "631fb17533124f0bb006ede7d2bb2077" member_type: VOTER last_known_addr { host: "127.26.113.1" port: 43779 } } peers { permanent_uuid: "8ff777b9f4c14f978b87d8d1724d8e99" member_type: VOTER last_known_addr { host: "127.26.113.2" port: 43965 } } peers { permanent_uuid: "61cfd5c8840542b7beb083e3b8d8252d" member_type: VOTER last_known_addr { host: "127.26.113.4" port: 36617 } attrs { promote: false } }
I20260713 09:09:49.241334 28086 catalog_manager.cc:5697] T 1b759e5f5a7f47afbcd3946241240752 P 61cfd5c8840542b7beb083e3b8d8252d reported cstate change: term changed from 1 to 2, leader changed from 631fb17533124f0bb006ede7d2bb2077 (127.26.113.1) to 61cfd5c8840542b7beb083e3b8d8252d (127.26.113.4). New cstate: current_term: 2 leader_uuid: "61cfd5c8840542b7beb083e3b8d8252d" committed_config { opid_index: 4 OBSOLETE_local: false peers { permanent_uuid: "631fb17533124f0bb006ede7d2bb2077" member_type: VOTER last_known_addr { host: "127.26.113.1" port: 43779 } health_report { overall_health: UNKNOWN } } peers { permanent_uuid: "8ff777b9f4c14f978b87d8d1724d8e99" member_type: VOTER last_known_addr { host: "127.26.113.2" port: 43965 } health_report { overall_health: UNKNOWN } } peers { permanent_uuid: "61cfd5c8840542b7beb083e3b8d8252d" member_type: VOTER last_known_addr { host: "127.26.113.4" port: 36617 } attrs { promote: false } health_report { overall_health: HEALTHY } } }
I20260713 09:09:49.277734 28977 raft_consensus.cc:993] T 1c9def2643b64b718cb2a685df945e43 P 8ff777b9f4c14f978b87d8d1724d8e99: : Instructing follower 61cfd5c8840542b7beb083e3b8d8252d to start an election
I20260713 09:09:49.278223 28977 raft_consensus.cc:1081] T 1c9def2643b64b718cb2a685df945e43 P 8ff777b9f4c14f978b87d8d1724d8e99 [term 1 LEADER]: Signalling peer 61cfd5c8840542b7beb083e3b8d8252d to start an election
I20260713 09:09:49.279706 28617 tablet_service.cc:2044] Received Run Leader Election RPC: tablet_id: "1c9def2643b64b718cb2a685df945e43"
dest_uuid: "61cfd5c8840542b7beb083e3b8d8252d"
 from {username='slave'} at 127.0.0.1:57028
I20260713 09:09:49.280165 28617 raft_consensus.cc:493] T 1c9def2643b64b718cb2a685df945e43 P 61cfd5c8840542b7beb083e3b8d8252d [term 1 FOLLOWER]: Starting forced leader election (received explicit request)
I20260713 09:09:49.280444 28617 raft_consensus.cc:3060] T 1c9def2643b64b718cb2a685df945e43 P 61cfd5c8840542b7beb083e3b8d8252d [term 1 FOLLOWER]: Advancing to term 2
I20260713 09:09:49.284621 28617 raft_consensus.cc:515] T 1c9def2643b64b718cb2a685df945e43 P 61cfd5c8840542b7beb083e3b8d8252d [term 2 FOLLOWER]: Starting forced leader election with config: opid_index: 4 OBSOLETE_local: false peers { permanent_uuid: "631fb17533124f0bb006ede7d2bb2077" member_type: VOTER last_known_addr { host: "127.26.113.1" port: 43779 } } peers { permanent_uuid: "8ff777b9f4c14f978b87d8d1724d8e99" member_type: VOTER last_known_addr { host: "127.26.113.2" port: 43965 } } peers { permanent_uuid: "61cfd5c8840542b7beb083e3b8d8252d" member_type: VOTER last_known_addr { host: "127.26.113.4" port: 36617 } attrs { promote: false } }
I20260713 09:09:49.285991 28617 leader_election.cc:290] T 1c9def2643b64b718cb2a685df945e43 P 61cfd5c8840542b7beb083e3b8d8252d [CANDIDATE]: Term 2 election: Requested vote from peers 631fb17533124f0bb006ede7d2bb2077 (127.26.113.1:43779), 8ff777b9f4c14f978b87d8d1724d8e99 (127.26.113.2:43965)
I20260713 09:09:49.286972 28267 tablet_service.cc:1917] Received RequestConsensusVote() RPC: tablet_id: "1c9def2643b64b718cb2a685df945e43" candidate_uuid: "61cfd5c8840542b7beb083e3b8d8252d" candidate_term: 2 candidate_status { last_received { term: 1 index: 4 } } ignore_live_leader: true dest_uuid: "8ff777b9f4c14f978b87d8d1724d8e99"
I20260713 09:09:49.287540 28267 raft_consensus.cc:3055] T 1c9def2643b64b718cb2a685df945e43 P 8ff777b9f4c14f978b87d8d1724d8e99 [term 1 LEADER]: Stepping down as leader of term 1
I20260713 09:09:49.287540 28192 tablet_service.cc:1917] Received RequestConsensusVote() RPC: tablet_id: "1c9def2643b64b718cb2a685df945e43" candidate_uuid: "61cfd5c8840542b7beb083e3b8d8252d" candidate_term: 2 candidate_status { last_received { term: 1 index: 4 } } ignore_live_leader: true dest_uuid: "631fb17533124f0bb006ede7d2bb2077"
I20260713 09:09:49.288110 28267 raft_consensus.cc:740] T 1c9def2643b64b718cb2a685df945e43 P 8ff777b9f4c14f978b87d8d1724d8e99 [term 1 LEADER]: Becoming Follower/Learner. State: Replica: 8ff777b9f4c14f978b87d8d1724d8e99, State: Running, Role: LEADER
I20260713 09:09:49.288312 28192 raft_consensus.cc:3060] T 1c9def2643b64b718cb2a685df945e43 P 631fb17533124f0bb006ede7d2bb2077 [term 1 FOLLOWER]: Advancing to term 2
I20260713 09:09:49.288918 28267 consensus_queue.cc:260] T 1c9def2643b64b718cb2a685df945e43 P 8ff777b9f4c14f978b87d8d1724d8e99 [NON_LEADER]: Queue going to NON_LEADER mode. State: All replicated index: 0, Majority replicated index: 4, Committed index: 4, Last appended: 1.4, Last appended by leader: 4, Current term: 1, Majority size: -1, State: 0, Mode: NON_LEADER, active raft config: opid_index: 4 OBSOLETE_local: false peers { permanent_uuid: "631fb17533124f0bb006ede7d2bb2077" member_type: VOTER last_known_addr { host: "127.26.113.1" port: 43779 } } peers { permanent_uuid: "8ff777b9f4c14f978b87d8d1724d8e99" member_type: VOTER last_known_addr { host: "127.26.113.2" port: 43965 } } peers { permanent_uuid: "61cfd5c8840542b7beb083e3b8d8252d" member_type: VOTER last_known_addr { host: "127.26.113.4" port: 36617 } attrs { promote: false } }
I20260713 09:09:49.290092 28267 raft_consensus.cc:3060] T 1c9def2643b64b718cb2a685df945e43 P 8ff777b9f4c14f978b87d8d1724d8e99 [term 1 FOLLOWER]: Advancing to term 2
I20260713 09:09:49.292955 28192 raft_consensus.cc:2468] T 1c9def2643b64b718cb2a685df945e43 P 631fb17533124f0bb006ede7d2bb2077 [term 2 FOLLOWER]: Leader election vote request: Granting yes vote for candidate 61cfd5c8840542b7beb083e3b8d8252d in term 2.
I20260713 09:09:49.293866 28582 leader_election.cc:304] T 1c9def2643b64b718cb2a685df945e43 P 61cfd5c8840542b7beb083e3b8d8252d [CANDIDATE]: Term 2 election: Election decided. Result: candidate won. Election summary: received 2 responses out of 3 voters: 2 yes votes; 0 no votes. yes voters: 61cfd5c8840542b7beb083e3b8d8252d, 631fb17533124f0bb006ede7d2bb2077; no voters: 
I20260713 09:09:49.294656 28985 raft_consensus.cc:2804] T 1c9def2643b64b718cb2a685df945e43 P 61cfd5c8840542b7beb083e3b8d8252d [term 2 FOLLOWER]: Leader election won for term 2
I20260713 09:09:49.294770 28267 raft_consensus.cc:2468] T 1c9def2643b64b718cb2a685df945e43 P 8ff777b9f4c14f978b87d8d1724d8e99 [term 2 FOLLOWER]: Leader election vote request: Granting yes vote for candidate 61cfd5c8840542b7beb083e3b8d8252d in term 2.
I20260713 09:09:49.295197 28985 raft_consensus.cc:697] T 1c9def2643b64b718cb2a685df945e43 P 61cfd5c8840542b7beb083e3b8d8252d [term 2 LEADER]: Becoming Leader. State: Replica: 61cfd5c8840542b7beb083e3b8d8252d, State: Running, Role: LEADER
I20260713 09:09:49.296051 28985 consensus_queue.cc:237] T 1c9def2643b64b718cb2a685df945e43 P 61cfd5c8840542b7beb083e3b8d8252d [LEADER]: Queue going to LEADER mode. State: All replicated index: 0, Majority replicated index: 4, Committed index: 4, Last appended: 1.4, Last appended by leader: 4, Current term: 2, Majority size: 2, State: 0, Mode: LEADER, active raft config: opid_index: 4 OBSOLETE_local: false peers { permanent_uuid: "631fb17533124f0bb006ede7d2bb2077" member_type: VOTER last_known_addr { host: "127.26.113.1" port: 43779 } } peers { permanent_uuid: "8ff777b9f4c14f978b87d8d1724d8e99" member_type: VOTER last_known_addr { host: "127.26.113.2" port: 43965 } } peers { permanent_uuid: "61cfd5c8840542b7beb083e3b8d8252d" member_type: VOTER last_known_addr { host: "127.26.113.4" port: 36617 } attrs { promote: false } }
I20260713 09:09:49.303238 28086 catalog_manager.cc:5697] T 1c9def2643b64b718cb2a685df945e43 P 61cfd5c8840542b7beb083e3b8d8252d reported cstate change: term changed from 1 to 2, leader changed from 8ff777b9f4c14f978b87d8d1724d8e99 (127.26.113.2) to 61cfd5c8840542b7beb083e3b8d8252d (127.26.113.4). New cstate: current_term: 2 leader_uuid: "61cfd5c8840542b7beb083e3b8d8252d" committed_config { opid_index: 4 OBSOLETE_local: false peers { permanent_uuid: "631fb17533124f0bb006ede7d2bb2077" member_type: VOTER last_known_addr { host: "127.26.113.1" port: 43779 } health_report { overall_health: UNKNOWN } } peers { permanent_uuid: "8ff777b9f4c14f978b87d8d1724d8e99" member_type: VOTER last_known_addr { host: "127.26.113.2" port: 43965 } health_report { overall_health: UNKNOWN } } peers { permanent_uuid: "61cfd5c8840542b7beb083e3b8d8252d" member_type: VOTER last_known_addr { host: "127.26.113.4" port: 36617 } attrs { promote: false } health_report { overall_health: HEALTHY } } }
I20260713 09:09:49.325310 28983 raft_consensus.cc:993] T 4f4e85e6971a4446a574127f9c6a8edd P 8ff777b9f4c14f978b87d8d1724d8e99: : Instructing follower 61cfd5c8840542b7beb083e3b8d8252d to start an election
I20260713 09:09:49.325850 28977 raft_consensus.cc:1081] T 4f4e85e6971a4446a574127f9c6a8edd P 8ff777b9f4c14f978b87d8d1724d8e99 [term 1 LEADER]: Signalling peer 61cfd5c8840542b7beb083e3b8d8252d to start an election
I20260713 09:09:49.327219 28617 tablet_service.cc:2044] Received Run Leader Election RPC: tablet_id: "4f4e85e6971a4446a574127f9c6a8edd"
dest_uuid: "61cfd5c8840542b7beb083e3b8d8252d"
 from {username='slave'} at 127.0.0.1:57028
I20260713 09:09:49.327670 28617 raft_consensus.cc:493] T 4f4e85e6971a4446a574127f9c6a8edd P 61cfd5c8840542b7beb083e3b8d8252d [term 1 FOLLOWER]: Starting forced leader election (received explicit request)
I20260713 09:09:49.327958 28617 raft_consensus.cc:3060] T 4f4e85e6971a4446a574127f9c6a8edd P 61cfd5c8840542b7beb083e3b8d8252d [term 1 FOLLOWER]: Advancing to term 2
I20260713 09:09:49.332170 28617 raft_consensus.cc:515] T 4f4e85e6971a4446a574127f9c6a8edd P 61cfd5c8840542b7beb083e3b8d8252d [term 2 FOLLOWER]: Starting forced leader election with config: opid_index: 4 OBSOLETE_local: false peers { permanent_uuid: "8ff777b9f4c14f978b87d8d1724d8e99" member_type: VOTER last_known_addr { host: "127.26.113.2" port: 43965 } } peers { permanent_uuid: "debf39b954f54264b538d7685a5d7c8e" member_type: VOTER last_known_addr { host: "127.26.113.3" port: 41219 } } peers { permanent_uuid: "61cfd5c8840542b7beb083e3b8d8252d" member_type: VOTER last_known_addr { host: "127.26.113.4" port: 36617 } attrs { promote: false } }
I20260713 09:09:49.333614 28617 leader_election.cc:290] T 4f4e85e6971a4446a574127f9c6a8edd P 61cfd5c8840542b7beb083e3b8d8252d [CANDIDATE]: Term 2 election: Requested vote from peers 8ff777b9f4c14f978b87d8d1724d8e99 (127.26.113.2:43965), debf39b954f54264b538d7685a5d7c8e (127.26.113.3:41219)
I20260713 09:09:49.334686 28267 tablet_service.cc:1917] Received RequestConsensusVote() RPC: tablet_id: "4f4e85e6971a4446a574127f9c6a8edd" candidate_uuid: "61cfd5c8840542b7beb083e3b8d8252d" candidate_term: 2 candidate_status { last_received { term: 1 index: 4 } } ignore_live_leader: true dest_uuid: "8ff777b9f4c14f978b87d8d1724d8e99"
I20260713 09:09:49.334686 28341 tablet_service.cc:1917] Received RequestConsensusVote() RPC: tablet_id: "4f4e85e6971a4446a574127f9c6a8edd" candidate_uuid: "61cfd5c8840542b7beb083e3b8d8252d" candidate_term: 2 candidate_status { last_received { term: 1 index: 4 } } ignore_live_leader: true dest_uuid: "debf39b954f54264b538d7685a5d7c8e"
I20260713 09:09:49.335469 28267 raft_consensus.cc:3055] T 4f4e85e6971a4446a574127f9c6a8edd P 8ff777b9f4c14f978b87d8d1724d8e99 [term 1 LEADER]: Stepping down as leader of term 1
I20260713 09:09:49.335481 28341 raft_consensus.cc:3060] T 4f4e85e6971a4446a574127f9c6a8edd P debf39b954f54264b538d7685a5d7c8e [term 1 FOLLOWER]: Advancing to term 2
I20260713 09:09:49.335978 28267 raft_consensus.cc:740] T 4f4e85e6971a4446a574127f9c6a8edd P 8ff777b9f4c14f978b87d8d1724d8e99 [term 1 LEADER]: Becoming Follower/Learner. State: Replica: 8ff777b9f4c14f978b87d8d1724d8e99, State: Running, Role: LEADER
I20260713 09:09:49.336742 28267 consensus_queue.cc:260] T 4f4e85e6971a4446a574127f9c6a8edd P 8ff777b9f4c14f978b87d8d1724d8e99 [NON_LEADER]: Queue going to NON_LEADER mode. State: All replicated index: 0, Majority replicated index: 4, Committed index: 4, Last appended: 1.4, Last appended by leader: 4, Current term: 1, Majority size: -1, State: 0, Mode: NON_LEADER, active raft config: opid_index: 4 OBSOLETE_local: false peers { permanent_uuid: "8ff777b9f4c14f978b87d8d1724d8e99" member_type: VOTER last_known_addr { host: "127.26.113.2" port: 43965 } } peers { permanent_uuid: "debf39b954f54264b538d7685a5d7c8e" member_type: VOTER last_known_addr { host: "127.26.113.3" port: 41219 } } peers { permanent_uuid: "61cfd5c8840542b7beb083e3b8d8252d" member_type: VOTER last_known_addr { host: "127.26.113.4" port: 36617 } attrs { promote: false } }
I20260713 09:09:49.337882 28267 raft_consensus.cc:3060] T 4f4e85e6971a4446a574127f9c6a8edd P 8ff777b9f4c14f978b87d8d1724d8e99 [term 1 FOLLOWER]: Advancing to term 2
I20260713 09:09:49.341727 28341 raft_consensus.cc:2468] T 4f4e85e6971a4446a574127f9c6a8edd P debf39b954f54264b538d7685a5d7c8e [term 2 FOLLOWER]: Leader election vote request: Granting yes vote for candidate 61cfd5c8840542b7beb083e3b8d8252d in term 2.
I20260713 09:09:49.342727 28582 leader_election.cc:304] T 4f4e85e6971a4446a574127f9c6a8edd P 61cfd5c8840542b7beb083e3b8d8252d [CANDIDATE]: Term 2 election: Election decided. Result: candidate won. Election summary: received 2 responses out of 3 voters: 2 yes votes; 0 no votes. yes voters: 61cfd5c8840542b7beb083e3b8d8252d, debf39b954f54264b538d7685a5d7c8e; no voters: 
I20260713 09:09:49.343379 28267 raft_consensus.cc:2468] T 4f4e85e6971a4446a574127f9c6a8edd P 8ff777b9f4c14f978b87d8d1724d8e99 [term 2 FOLLOWER]: Leader election vote request: Granting yes vote for candidate 61cfd5c8840542b7beb083e3b8d8252d in term 2.
I20260713 09:09:49.343809 28985 raft_consensus.cc:2804] T 4f4e85e6971a4446a574127f9c6a8edd P 61cfd5c8840542b7beb083e3b8d8252d [term 2 FOLLOWER]: Leader election won for term 2
I20260713 09:09:49.344340 28985 raft_consensus.cc:697] T 4f4e85e6971a4446a574127f9c6a8edd P 61cfd5c8840542b7beb083e3b8d8252d [term 2 LEADER]: Becoming Leader. State: Replica: 61cfd5c8840542b7beb083e3b8d8252d, State: Running, Role: LEADER
I20260713 09:09:49.345165 28985 consensus_queue.cc:237] T 4f4e85e6971a4446a574127f9c6a8edd P 61cfd5c8840542b7beb083e3b8d8252d [LEADER]: Queue going to LEADER mode. State: All replicated index: 0, Majority replicated index: 4, Committed index: 4, Last appended: 1.4, Last appended by leader: 4, Current term: 2, Majority size: 2, State: 0, Mode: LEADER, active raft config: opid_index: 4 OBSOLETE_local: false peers { permanent_uuid: "8ff777b9f4c14f978b87d8d1724d8e99" member_type: VOTER last_known_addr { host: "127.26.113.2" port: 43965 } } peers { permanent_uuid: "debf39b954f54264b538d7685a5d7c8e" member_type: VOTER last_known_addr { host: "127.26.113.3" port: 41219 } } peers { permanent_uuid: "61cfd5c8840542b7beb083e3b8d8252d" member_type: VOTER last_known_addr { host: "127.26.113.4" port: 36617 } attrs { promote: false } }
I20260713 09:09:49.353008 28086 catalog_manager.cc:5697] T 4f4e85e6971a4446a574127f9c6a8edd P 61cfd5c8840542b7beb083e3b8d8252d reported cstate change: term changed from 1 to 2, leader changed from 8ff777b9f4c14f978b87d8d1724d8e99 (127.26.113.2) to 61cfd5c8840542b7beb083e3b8d8252d (127.26.113.4). New cstate: current_term: 2 leader_uuid: "61cfd5c8840542b7beb083e3b8d8252d" committed_config { opid_index: 4 OBSOLETE_local: false peers { permanent_uuid: "8ff777b9f4c14f978b87d8d1724d8e99" member_type: VOTER last_known_addr { host: "127.26.113.2" port: 43965 } health_report { overall_health: UNKNOWN } } peers { permanent_uuid: "debf39b954f54264b538d7685a5d7c8e" member_type: VOTER last_known_addr { host: "127.26.113.3" port: 41219 } health_report { overall_health: UNKNOWN } } peers { permanent_uuid: "61cfd5c8840542b7beb083e3b8d8252d" member_type: VOTER last_known_addr { host: "127.26.113.4" port: 36617 } attrs { promote: false } health_report { overall_health: HEALTHY } } }
I20260713 09:09:49.587404 28267 raft_consensus.cc:1275] T 19ee2b50e68e48b599e227553da751d3 P 8ff777b9f4c14f978b87d8d1724d8e99 [term 2 FOLLOWER]: Refusing update from remote peer 61cfd5c8840542b7beb083e3b8d8252d: Log matching property violated. Preceding OpId in replica: term: 1 index: 4. Preceding OpId from leader: term: 2 index: 5. (index mismatch)
I20260713 09:09:49.588641 28985 consensus_queue.cc:1048] T 19ee2b50e68e48b599e227553da751d3 P 61cfd5c8840542b7beb083e3b8d8252d [LEADER]: Connected to new peer: Peer: permanent_uuid: "8ff777b9f4c14f978b87d8d1724d8e99" member_type: VOTER last_known_addr { host: "127.26.113.2" port: 43965 }, Status: LMP_MISMATCH, Last received: 0.0, Next index: 5, Last known committed idx: 4, Time since last communication: 0.000s
I20260713 09:09:49.600162 28341 raft_consensus.cc:1275] T 19ee2b50e68e48b599e227553da751d3 P debf39b954f54264b538d7685a5d7c8e [term 2 FOLLOWER]: Refusing update from remote peer 61cfd5c8840542b7beb083e3b8d8252d: Log matching property violated. Preceding OpId in replica: term: 1 index: 4. Preceding OpId from leader: term: 2 index: 5. (index mismatch)
I20260713 09:09:49.602561 28985 consensus_queue.cc:1048] T 19ee2b50e68e48b599e227553da751d3 P 61cfd5c8840542b7beb083e3b8d8252d [LEADER]: Connected to new peer: Peer: permanent_uuid: "debf39b954f54264b538d7685a5d7c8e" member_type: VOTER last_known_addr { host: "127.26.113.3" port: 41219 }, Status: LMP_MISMATCH, Last received: 0.0, Next index: 5, Last known committed idx: 4, Time since last communication: 0.000s
I20260713 09:09:49.623993 28267 raft_consensus.cc:1275] T ae09672b790e468d882c6defc0191630 P 8ff777b9f4c14f978b87d8d1724d8e99 [term 2 FOLLOWER]: Refusing update from remote peer 61cfd5c8840542b7beb083e3b8d8252d: Log matching property violated. Preceding OpId in replica: term: 1 index: 4. Preceding OpId from leader: term: 2 index: 5. (index mismatch)
I20260713 09:09:49.625499 28341 raft_consensus.cc:1275] T 6ea4ba26e9c24205a3f4c83db01891fc P debf39b954f54264b538d7685a5d7c8e [term 2 FOLLOWER]: Refusing update from remote peer 61cfd5c8840542b7beb083e3b8d8252d: Log matching property violated. Preceding OpId in replica: term: 1 index: 4. Preceding OpId from leader: term: 2 index: 5. (index mismatch)
I20260713 09:09:49.625526 28986 consensus_queue.cc:1048] T ae09672b790e468d882c6defc0191630 P 61cfd5c8840542b7beb083e3b8d8252d [LEADER]: Connected to new peer: Peer: permanent_uuid: "8ff777b9f4c14f978b87d8d1724d8e99" member_type: VOTER last_known_addr { host: "127.26.113.2" port: 43965 }, Status: LMP_MISMATCH, Last received: 0.0, Next index: 5, Last known committed idx: 4, Time since last communication: 0.001s
I20260713 09:09:49.626964 28985 consensus_queue.cc:1048] T 6ea4ba26e9c24205a3f4c83db01891fc P 61cfd5c8840542b7beb083e3b8d8252d [LEADER]: Connected to new peer: Peer: permanent_uuid: "debf39b954f54264b538d7685a5d7c8e" member_type: VOTER last_known_addr { host: "127.26.113.3" port: 41219 }, Status: LMP_MISMATCH, Last received: 0.0, Next index: 5, Last known committed idx: 4, Time since last communication: 0.000s
I20260713 09:09:49.666961 28192 raft_consensus.cc:1275] T ae09672b790e468d882c6defc0191630 P 631fb17533124f0bb006ede7d2bb2077 [term 2 FOLLOWER]: Refusing update from remote peer 61cfd5c8840542b7beb083e3b8d8252d: Log matching property violated. Preceding OpId in replica: term: 1 index: 4. Preceding OpId from leader: term: 2 index: 5. (index mismatch)
I20260713 09:09:49.667194 28267 raft_consensus.cc:1275] T 6ea4ba26e9c24205a3f4c83db01891fc P 8ff777b9f4c14f978b87d8d1724d8e99 [term 2 FOLLOWER]: Refusing update from remote peer 61cfd5c8840542b7beb083e3b8d8252d: Log matching property violated. Preceding OpId in replica: term: 1 index: 4. Preceding OpId from leader: term: 2 index: 5. (index mismatch)
I20260713 09:09:49.670354 28985 consensus_queue.cc:1048] T ae09672b790e468d882c6defc0191630 P 61cfd5c8840542b7beb083e3b8d8252d [LEADER]: Connected to new peer: Peer: permanent_uuid: "631fb17533124f0bb006ede7d2bb2077" member_type: VOTER last_known_addr { host: "127.26.113.1" port: 43779 }, Status: LMP_MISMATCH, Last received: 0.0, Next index: 5, Last known committed idx: 4, Time since last communication: 0.000s
I20260713 09:09:49.670212 29007 consensus_queue.cc:1048] T 6ea4ba26e9c24205a3f4c83db01891fc P 61cfd5c8840542b7beb083e3b8d8252d [LEADER]: Connected to new peer: Peer: permanent_uuid: "8ff777b9f4c14f978b87d8d1724d8e99" member_type: VOTER last_known_addr { host: "127.26.113.2" port: 43965 }, Status: LMP_MISMATCH, Last received: 0.0, Next index: 5, Last known committed idx: 4, Time since last communication: 0.002s
I20260713 09:09:49.673539 28267 raft_consensus.cc:1275] T 1b759e5f5a7f47afbcd3946241240752 P 8ff777b9f4c14f978b87d8d1724d8e99 [term 2 FOLLOWER]: Refusing update from remote peer 61cfd5c8840542b7beb083e3b8d8252d: Log matching property violated. Preceding OpId in replica: term: 1 index: 4. Preceding OpId from leader: term: 2 index: 5. (index mismatch)
I20260713 09:09:49.674793 29007 consensus_queue.cc:1048] T 1b759e5f5a7f47afbcd3946241240752 P 61cfd5c8840542b7beb083e3b8d8252d [LEADER]: Connected to new peer: Peer: permanent_uuid: "8ff777b9f4c14f978b87d8d1724d8e99" member_type: VOTER last_known_addr { host: "127.26.113.2" port: 43965 }, Status: LMP_MISMATCH, Last received: 0.0, Next index: 5, Last known committed idx: 4, Time since last communication: 0.000s
I20260713 09:09:49.695669 28191 raft_consensus.cc:1275] T 1b759e5f5a7f47afbcd3946241240752 P 631fb17533124f0bb006ede7d2bb2077 [term 2 FOLLOWER]: Refusing update from remote peer 61cfd5c8840542b7beb083e3b8d8252d: Log matching property violated. Preceding OpId in replica: term: 1 index: 4. Preceding OpId from leader: term: 2 index: 5. (index mismatch)
I20260713 09:09:49.702721 29008 consensus_queue.cc:1048] T 1b759e5f5a7f47afbcd3946241240752 P 61cfd5c8840542b7beb083e3b8d8252d [LEADER]: Connected to new peer: Peer: permanent_uuid: "631fb17533124f0bb006ede7d2bb2077" member_type: VOTER last_known_addr { host: "127.26.113.1" port: 43779 }, Status: LMP_MISMATCH, Last received: 0.0, Next index: 5, Last known committed idx: 4, Time since last communication: 0.001s
I20260713 09:09:49.751801 28263 raft_consensus.cc:1275] T 4f4e85e6971a4446a574127f9c6a8edd P 8ff777b9f4c14f978b87d8d1724d8e99 [term 2 FOLLOWER]: Refusing update from remote peer 61cfd5c8840542b7beb083e3b8d8252d: Log matching property violated. Preceding OpId in replica: term: 1 index: 4. Preceding OpId from leader: term: 2 index: 5. (index mismatch)
I20260713 09:09:49.753320 29008 consensus_queue.cc:1048] T 4f4e85e6971a4446a574127f9c6a8edd P 61cfd5c8840542b7beb083e3b8d8252d [LEADER]: Connected to new peer: Peer: permanent_uuid: "8ff777b9f4c14f978b87d8d1724d8e99" member_type: VOTER last_known_addr { host: "127.26.113.2" port: 43965 }, Status: LMP_MISMATCH, Last received: 0.0, Next index: 5, Last known committed idx: 4, Time since last communication: 0.000s
I20260713 09:09:49.761435 28341 raft_consensus.cc:1275] T 4f4e85e6971a4446a574127f9c6a8edd P debf39b954f54264b538d7685a5d7c8e [term 2 FOLLOWER]: Refusing update from remote peer 61cfd5c8840542b7beb083e3b8d8252d: Log matching property violated. Preceding OpId in replica: term: 1 index: 4. Preceding OpId from leader: term: 2 index: 5. (index mismatch)
I20260713 09:09:49.763622 29008 consensus_queue.cc:1048] T 4f4e85e6971a4446a574127f9c6a8edd P 61cfd5c8840542b7beb083e3b8d8252d [LEADER]: Connected to new peer: Peer: permanent_uuid: "debf39b954f54264b538d7685a5d7c8e" member_type: VOTER last_known_addr { host: "127.26.113.3" port: 41219 }, Status: LMP_MISMATCH, Last received: 0.0, Next index: 5, Last known committed idx: 4, Time since last communication: 0.001s
I20260713 09:09:49.765399 28263 raft_consensus.cc:1275] T 1c9def2643b64b718cb2a685df945e43 P 8ff777b9f4c14f978b87d8d1724d8e99 [term 2 FOLLOWER]: Refusing update from remote peer 61cfd5c8840542b7beb083e3b8d8252d: Log matching property violated. Preceding OpId in replica: term: 1 index: 4. Preceding OpId from leader: term: 2 index: 5. (index mismatch)
I20260713 09:09:49.767004 29008 consensus_queue.cc:1048] T 1c9def2643b64b718cb2a685df945e43 P 61cfd5c8840542b7beb083e3b8d8252d [LEADER]: Connected to new peer: Peer: permanent_uuid: "8ff777b9f4c14f978b87d8d1724d8e99" member_type: VOTER last_known_addr { host: "127.26.113.2" port: 43965 }, Status: LMP_MISMATCH, Last received: 0.0, Next index: 5, Last known committed idx: 4, Time since last communication: 0.000s
I20260713 09:09:49.777356 28192 raft_consensus.cc:1275] T 1c9def2643b64b718cb2a685df945e43 P 631fb17533124f0bb006ede7d2bb2077 [term 2 FOLLOWER]: Refusing update from remote peer 61cfd5c8840542b7beb083e3b8d8252d: Log matching property violated. Preceding OpId in replica: term: 1 index: 4. Preceding OpId from leader: term: 2 index: 5. (index mismatch)
I20260713 09:09:49.781275 29008 consensus_queue.cc:1048] T 1c9def2643b64b718cb2a685df945e43 P 61cfd5c8840542b7beb083e3b8d8252d [LEADER]: Connected to new peer: Peer: permanent_uuid: "631fb17533124f0bb006ede7d2bb2077" member_type: VOTER last_known_addr { host: "127.26.113.1" port: 43779 }, Status: LMP_MISMATCH, Last received: 0.0, Next index: 5, Last known committed idx: 4, Time since last communication: 0.000s
I20260713 09:09:50.014184 27076 auto_leader_rebalancer.cc:141] leader rebalance for table test-workload
I20260713 09:09:50.027716 27076 tablet_server.cc:179] TabletServer@127.26.113.1:0 shutting down...
W20260713 09:09:50.032196 28232 proxy.cc:239] Call had error, refreshing address and retrying: Remote error: Service unavailable: service kudu.consensus.ConsensusService not registered on TabletServer [suppressed 1 similar messages]
W20260713 09:09:50.036172 28232 consensus_peers.cc:597] T c095e8452fe8493e812e6887fd136a5e P 8ff777b9f4c14f978b87d8d1724d8e99 -> Peer 631fb17533124f0bb006ede7d2bb2077 (127.26.113.1:43779): Couldn't send request to peer 631fb17533124f0bb006ede7d2bb2077. Status: Remote error: Service unavailable: service kudu.consensus.ConsensusService not registered on TabletServer. This is attempt 1: this message will repeat every 5th retry.
I20260713 09:09:50.061911 27076 ts_tablet_manager.cc:1507] Shutting down tablet manager...
I20260713 09:09:50.062834 27076 tablet_replica.cc:333] T 9440119a5569409285b7ce13a2593658 P 631fb17533124f0bb006ede7d2bb2077: stopping tablet replica
I20260713 09:09:50.063721 27076 raft_consensus.cc:2243] T 9440119a5569409285b7ce13a2593658 P 631fb17533124f0bb006ede7d2bb2077 [term 1 FOLLOWER]: Raft consensus shutting down.
I20260713 09:09:50.064558 27076 raft_consensus.cc:2272] T 9440119a5569409285b7ce13a2593658 P 631fb17533124f0bb006ede7d2bb2077 [term 1 FOLLOWER]: Raft consensus is shut down!
I20260713 09:09:50.066556 27076 tablet_replica.cc:333] T 1b759e5f5a7f47afbcd3946241240752 P 631fb17533124f0bb006ede7d2bb2077: stopping tablet replica
I20260713 09:09:50.067121 27076 raft_consensus.cc:2243] T 1b759e5f5a7f47afbcd3946241240752 P 631fb17533124f0bb006ede7d2bb2077 [term 2 FOLLOWER]: Raft consensus shutting down.
I20260713 09:09:50.067508 27076 raft_consensus.cc:2272] T 1b759e5f5a7f47afbcd3946241240752 P 631fb17533124f0bb006ede7d2bb2077 [term 2 FOLLOWER]: Raft consensus is shut down!
I20260713 09:09:50.070904 27076 tablet_replica.cc:333] T 1c9def2643b64b718cb2a685df945e43 P 631fb17533124f0bb006ede7d2bb2077: stopping tablet replica
I20260713 09:09:50.071506 27076 raft_consensus.cc:2243] T 1c9def2643b64b718cb2a685df945e43 P 631fb17533124f0bb006ede7d2bb2077 [term 2 FOLLOWER]: Raft consensus shutting down.
I20260713 09:09:50.072048 27076 raft_consensus.cc:2272] T 1c9def2643b64b718cb2a685df945e43 P 631fb17533124f0bb006ede7d2bb2077 [term 2 FOLLOWER]: Raft consensus is shut down!
I20260713 09:09:50.074263 27076 tablet_replica.cc:333] T b7708936ee2349908470407efd71aa9f P 631fb17533124f0bb006ede7d2bb2077: stopping tablet replica
I20260713 09:09:50.074771 27076 raft_consensus.cc:2243] T b7708936ee2349908470407efd71aa9f P 631fb17533124f0bb006ede7d2bb2077 [term 1 FOLLOWER]: Raft consensus shutting down.
I20260713 09:09:50.075157 27076 raft_consensus.cc:2272] T b7708936ee2349908470407efd71aa9f P 631fb17533124f0bb006ede7d2bb2077 [term 1 FOLLOWER]: Raft consensus is shut down!
I20260713 09:09:50.076872 27076 tablet_replica.cc:333] T fd9cecaeea4c4c138865a067b2e9bd48 P 631fb17533124f0bb006ede7d2bb2077: stopping tablet replica
I20260713 09:09:50.077373 27076 raft_consensus.cc:2243] T fd9cecaeea4c4c138865a067b2e9bd48 P 631fb17533124f0bb006ede7d2bb2077 [term 1 FOLLOWER]: Raft consensus shutting down.
I20260713 09:09:50.077754 27076 raft_consensus.cc:2272] T fd9cecaeea4c4c138865a067b2e9bd48 P 631fb17533124f0bb006ede7d2bb2077 [term 1 FOLLOWER]: Raft consensus is shut down!
I20260713 09:09:50.079245 27076 tablet_replica.cc:333] T aad67530b5fc4f3a8d4686c36d616db0 P 631fb17533124f0bb006ede7d2bb2077: stopping tablet replica
I20260713 09:09:50.079725 27076 raft_consensus.cc:2243] T aad67530b5fc4f3a8d4686c36d616db0 P 631fb17533124f0bb006ede7d2bb2077 [term 1 FOLLOWER]: Raft consensus shutting down.
I20260713 09:09:50.080174 27076 raft_consensus.cc:2272] T aad67530b5fc4f3a8d4686c36d616db0 P 631fb17533124f0bb006ede7d2bb2077 [term 1 FOLLOWER]: Raft consensus is shut down!
I20260713 09:09:50.081907 27076 tablet_replica.cc:333] T 05385d7a8c7c463dab30a0330ebbaa54 P 631fb17533124f0bb006ede7d2bb2077: stopping tablet replica
I20260713 09:09:50.082389 27076 raft_consensus.cc:2243] T 05385d7a8c7c463dab30a0330ebbaa54 P 631fb17533124f0bb006ede7d2bb2077 [term 1 FOLLOWER]: Raft consensus shutting down.
I20260713 09:09:50.082764 27076 raft_consensus.cc:2272] T 05385d7a8c7c463dab30a0330ebbaa54 P 631fb17533124f0bb006ede7d2bb2077 [term 1 FOLLOWER]: Raft consensus is shut down!
I20260713 09:09:50.084695 27076 tablet_replica.cc:333] T d7fdb24bddde480c8252f60c9fa003cd P 631fb17533124f0bb006ede7d2bb2077: stopping tablet replica
I20260713 09:09:50.085160 27076 raft_consensus.cc:2243] T d7fdb24bddde480c8252f60c9fa003cd P 631fb17533124f0bb006ede7d2bb2077 [term 1 LEADER]: Raft consensus shutting down.
I20260713 09:09:50.086004 27076 raft_consensus.cc:2272] T d7fdb24bddde480c8252f60c9fa003cd P 631fb17533124f0bb006ede7d2bb2077 [term 1 FOLLOWER]: Raft consensus is shut down!
I20260713 09:09:50.087560 27076 tablet_replica.cc:333] T d3df4635e3ad4e4ebc24d881c6c749a0 P 631fb17533124f0bb006ede7d2bb2077: stopping tablet replica
I20260713 09:09:50.088076 27076 raft_consensus.cc:2243] T d3df4635e3ad4e4ebc24d881c6c749a0 P 631fb17533124f0bb006ede7d2bb2077 [term 1 FOLLOWER]: Raft consensus shutting down.
I20260713 09:09:50.088828 27076 raft_consensus.cc:2272] T d3df4635e3ad4e4ebc24d881c6c749a0 P 631fb17533124f0bb006ede7d2bb2077 [term 1 FOLLOWER]: Raft consensus is shut down!
I20260713 09:09:50.090966 27076 tablet_replica.cc:333] T 708508a649fc434182bc3c8ea74490be P 631fb17533124f0bb006ede7d2bb2077: stopping tablet replica
I20260713 09:09:50.091497 27076 raft_consensus.cc:2243] T 708508a649fc434182bc3c8ea74490be P 631fb17533124f0bb006ede7d2bb2077 [term 1 LEADER]: Raft consensus shutting down.
I20260713 09:09:50.092209 27076 raft_consensus.cc:2272] T 708508a649fc434182bc3c8ea74490be P 631fb17533124f0bb006ede7d2bb2077 [term 1 FOLLOWER]: Raft consensus is shut down!
I20260713 09:09:50.094014 27076 tablet_replica.cc:333] T 345a2d90b103460497df39735fc7f011 P 631fb17533124f0bb006ede7d2bb2077: stopping tablet replica
I20260713 09:09:50.094493 27076 raft_consensus.cc:2243] T 345a2d90b103460497df39735fc7f011 P 631fb17533124f0bb006ede7d2bb2077 [term 1 LEADER]: Raft consensus shutting down.
I20260713 09:09:50.095176 27076 raft_consensus.cc:2272] T 345a2d90b103460497df39735fc7f011 P 631fb17533124f0bb006ede7d2bb2077 [term 1 FOLLOWER]: Raft consensus is shut down!
I20260713 09:09:50.096860 27076 tablet_replica.cc:333] T 7e02342496b74bfe80a41436863bf93f P 631fb17533124f0bb006ede7d2bb2077: stopping tablet replica
I20260713 09:09:50.097363 27076 raft_consensus.cc:2243] T 7e02342496b74bfe80a41436863bf93f P 631fb17533124f0bb006ede7d2bb2077 [term 1 LEADER]: Raft consensus shutting down.
I20260713 09:09:50.098011 27076 raft_consensus.cc:2272] T 7e02342496b74bfe80a41436863bf93f P 631fb17533124f0bb006ede7d2bb2077 [term 1 FOLLOWER]: Raft consensus is shut down!
I20260713 09:09:50.099774 27076 tablet_replica.cc:333] T e8dc535ab48d464e950efa2de4e2095c P 631fb17533124f0bb006ede7d2bb2077: stopping tablet replica
I20260713 09:09:50.100244 27076 raft_consensus.cc:2243] T e8dc535ab48d464e950efa2de4e2095c P 631fb17533124f0bb006ede7d2bb2077 [term 1 FOLLOWER]: Raft consensus shutting down.
I20260713 09:09:50.100695 27076 raft_consensus.cc:2272] T e8dc535ab48d464e950efa2de4e2095c P 631fb17533124f0bb006ede7d2bb2077 [term 1 FOLLOWER]: Raft consensus is shut down!
I20260713 09:09:50.102316 27076 tablet_replica.cc:333] T dab3ea4070204b31847d1c07efec44fe P 631fb17533124f0bb006ede7d2bb2077: stopping tablet replica
I20260713 09:09:50.102780 27076 raft_consensus.cc:2243] T dab3ea4070204b31847d1c07efec44fe P 631fb17533124f0bb006ede7d2bb2077 [term 1 LEADER]: Raft consensus shutting down.
I20260713 09:09:50.103469 27076 raft_consensus.cc:2272] T dab3ea4070204b31847d1c07efec44fe P 631fb17533124f0bb006ede7d2bb2077 [term 1 FOLLOWER]: Raft consensus is shut down!
I20260713 09:09:50.105132 27076 tablet_replica.cc:333] T 6b0db36d36154a659a678aca60953923 P 631fb17533124f0bb006ede7d2bb2077: stopping tablet replica
I20260713 09:09:50.105590 27076 raft_consensus.cc:2243] T 6b0db36d36154a659a678aca60953923 P 631fb17533124f0bb006ede7d2bb2077 [term 1 FOLLOWER]: Raft consensus shutting down.
I20260713 09:09:50.106139 27076 raft_consensus.cc:2272] T 6b0db36d36154a659a678aca60953923 P 631fb17533124f0bb006ede7d2bb2077 [term 1 FOLLOWER]: Raft consensus is shut down!
I20260713 09:09:50.107728 27076 tablet_replica.cc:333] T 881deec627de4f21afdff0ce1bbe97c2 P 631fb17533124f0bb006ede7d2bb2077: stopping tablet replica
I20260713 09:09:50.108322 27076 raft_consensus.cc:2243] T 881deec627de4f21afdff0ce1bbe97c2 P 631fb17533124f0bb006ede7d2bb2077 [term 3 LEADER]: Raft consensus shutting down.
I20260713 09:09:50.109047 27076 raft_consensus.cc:2272] T 881deec627de4f21afdff0ce1bbe97c2 P 631fb17533124f0bb006ede7d2bb2077 [term 3 FOLLOWER]: Raft consensus is shut down!
I20260713 09:09:50.111080 27076 tablet_replica.cc:333] T ae09672b790e468d882c6defc0191630 P 631fb17533124f0bb006ede7d2bb2077: stopping tablet replica
