I20260713 09:09:25.881888 28288 consensus_queue.cc:260] T e8bbb54688b344b1badec44bc0a67f89 P 706e90932d5b4756bf8214710ed29057 [NON_LEADER]: Queue going to NON_LEADER mode. State: All replicated index: 0, Majority replicated index: 0, Committed index: 0, Last appended: 0.0, Last appended by leader: 0, Current term: 0, Majority size: -1, State: 0, Mode: NON_LEADER, active raft config: opid_index: -1 OBSOLETE_local: false peers { permanent_uuid: "706e90932d5b4756bf8214710ed29057" member_type: VOTER last_known_addr { host: "127.26.93.193" port: 46863 } } peers { permanent_uuid: "435e91210344405aab2b2fff0e6deca4" member_type: VOTER last_known_addr { host: "127.26.93.194" port: 42473 } } peers { permanent_uuid: "eb82313dd452495b822462f426876132" member_type: VOTER last_known_addr { host: "127.26.93.195" port: 40079 } }
I20260713 09:09:25.883821 28288 ts_tablet_manager.cc:1434] T e8bbb54688b344b1badec44bc0a67f89 P 706e90932d5b4756bf8214710ed29057: Time spent starting tablet: real 0.015s	user 0.006s	sys 0.001s
I20260713 09:09:25.884675 28289 raft_consensus.cc:359] T e018be4d85a84082be32b62b4afeae44 P 435e91210344405aab2b2fff0e6deca4 [term 0 FOLLOWER]: Replica starting. Triggering 0 pending ops. Active config: opid_index: -1 OBSOLETE_local: false peers { permanent_uuid: "706e90932d5b4756bf8214710ed29057" member_type: VOTER last_known_addr { host: "127.26.93.193" port: 46863 } } peers { permanent_uuid: "435e91210344405aab2b2fff0e6deca4" member_type: VOTER last_known_addr { host: "127.26.93.194" port: 42473 } } peers { permanent_uuid: "eb82313dd452495b822462f426876132" member_type: VOTER last_known_addr { host: "127.26.93.195" port: 40079 } }
I20260713 09:09:25.885468 28289 raft_consensus.cc:385] T e018be4d85a84082be32b62b4afeae44 P 435e91210344405aab2b2fff0e6deca4 [term 0 FOLLOWER]: Consensus starting up: Expiring failure detector timer to make a prompt election more likely
I20260713 09:09:25.885792 28289 raft_consensus.cc:740] T e018be4d85a84082be32b62b4afeae44 P 435e91210344405aab2b2fff0e6deca4 [term 0 FOLLOWER]: Becoming Follower/Learner. State: Replica: 435e91210344405aab2b2fff0e6deca4, State: Initialized, Role: FOLLOWER
I20260713 09:09:25.886565 28289 consensus_queue.cc:260] T e018be4d85a84082be32b62b4afeae44 P 435e91210344405aab2b2fff0e6deca4 [NON_LEADER]: Queue going to NON_LEADER mode. State: All replicated index: 0, Majority replicated index: 0, Committed index: 0, Last appended: 0.0, Last appended by leader: 0, Current term: 0, Majority size: -1, State: 0, Mode: NON_LEADER, active raft config: opid_index: -1 OBSOLETE_local: false peers { permanent_uuid: "706e90932d5b4756bf8214710ed29057" member_type: VOTER last_known_addr { host: "127.26.93.193" port: 46863 } } peers { permanent_uuid: "435e91210344405aab2b2fff0e6deca4" member_type: VOTER last_known_addr { host: "127.26.93.194" port: 42473 } } peers { permanent_uuid: "eb82313dd452495b822462f426876132" member_type: VOTER last_known_addr { host: "127.26.93.195" port: 40079 } }
I20260713 09:09:25.884673 28247 raft_consensus.cc:2468] T 595a7104fb8e41b1ac8c6e47069e1710 P eb82313dd452495b822462f426876132 [term 0 FOLLOWER]: Leader pre-election vote request: Granting yes vote for candidate 435e91210344405aab2b2fff0e6deca4 in term 0.
I20260713 09:09:25.888072 28294 consensus_queue.cc:1048] T e2a4bf36f9794f82a2364f36669451a5 P eb82313dd452495b822462f426876132 [LEADER]: Connected to new peer: Peer: permanent_uuid: "706e90932d5b4756bf8214710ed29057" member_type: VOTER last_known_addr { host: "127.26.93.193" port: 46863 }, Status: LMP_MISMATCH, Last received: 0.0, Next index: 1, Last known committed idx: 0, Time since last communication: 0.000s
I20260713 09:09:25.888420 28288 tablet_bootstrap.cc:492] T 595a7104fb8e41b1ac8c6e47069e1710 P 706e90932d5b4756bf8214710ed29057: Bootstrap starting.
I20260713 09:09:25.889197 28289 ts_tablet_manager.cc:1434] T e018be4d85a84082be32b62b4afeae44 P 435e91210344405aab2b2fff0e6deca4: Time spent starting tablet: real 0.007s	user 0.006s	sys 0.000s
I20260713 09:09:25.890134 28289 tablet_bootstrap.cc:492] T 19195436d15d4af58b5041bc41212538 P 435e91210344405aab2b2fff0e6deca4: Bootstrap starting.
I20260713 09:09:25.890645 28382 raft_consensus.cc:493] T ca9b25dde3484f4ba5d80fbcc0757b35 P 706e90932d5b4756bf8214710ed29057 [term 0 FOLLOWER]: Starting pre-election (no leader contacted us within the election timeout)
I20260713 09:09:25.891079 28382 raft_consensus.cc:515] T ca9b25dde3484f4ba5d80fbcc0757b35 P 706e90932d5b4756bf8214710ed29057 [term 0 FOLLOWER]: Starting pre-election with config: opid_index: -1 OBSOLETE_local: false peers { permanent_uuid: "706e90932d5b4756bf8214710ed29057" member_type: VOTER last_known_addr { host: "127.26.93.193" port: 46863 } } peers { permanent_uuid: "435e91210344405aab2b2fff0e6deca4" member_type: VOTER last_known_addr { host: "127.26.93.194" port: 42473 } } peers { permanent_uuid: "eb82313dd452495b822462f426876132" member_type: VOTER last_known_addr { host: "127.26.93.195" port: 40079 } }
I20260713 09:09:25.892719 28382 leader_election.cc:290] T ca9b25dde3484f4ba5d80fbcc0757b35 P 706e90932d5b4756bf8214710ed29057 [CANDIDATE]: Term 1 pre-election: Requested pre-vote from peers 435e91210344405aab2b2fff0e6deca4 (127.26.93.194:42473), eb82313dd452495b822462f426876132 (127.26.93.195:40079)
I20260713 09:09:25.893342 28172 tablet_service.cc:1917] Received RequestConsensusVote() RPC: tablet_id: "ca9b25dde3484f4ba5d80fbcc0757b35" candidate_uuid: "706e90932d5b4756bf8214710ed29057" candidate_term: 1 candidate_status { last_received { term: 0 index: 0 } } ignore_live_leader: false dest_uuid: "435e91210344405aab2b2fff0e6deca4" is_pre_election: true
I20260713 09:09:25.894073 28172 raft_consensus.cc:2393] T ca9b25dde3484f4ba5d80fbcc0757b35 P 435e91210344405aab2b2fff0e6deca4 [term 1 FOLLOWER]: Leader pre-election vote request: Denying vote to candidate 706e90932d5b4756bf8214710ed29057 in current term 1: Already voted for candidate eb82313dd452495b822462f426876132 in this term.
I20260713 09:09:25.893903 28136 leader_election.cc:304] T 595a7104fb8e41b1ac8c6e47069e1710 P 435e91210344405aab2b2fff0e6deca4 [CANDIDATE]: Term 1 pre-election: Election decided. Result: candidate won. Election summary: received 3 responses out of 3 voters: 2 yes votes; 1 no votes. yes voters: 435e91210344405aab2b2fff0e6deca4, eb82313dd452495b822462f426876132; no voters: 706e90932d5b4756bf8214710ed29057
I20260713 09:09:25.895124 28357 raft_consensus.cc:2804] T 595a7104fb8e41b1ac8c6e47069e1710 P 435e91210344405aab2b2fff0e6deca4 [term 0 FOLLOWER]: Leader pre-election won for term 1
I20260713 09:09:25.895486 28357 raft_consensus.cc:493] T 595a7104fb8e41b1ac8c6e47069e1710 P 435e91210344405aab2b2fff0e6deca4 [term 0 FOLLOWER]: Starting leader election (no leader contacted us within the election timeout)
I20260713 09:09:25.895809 28357 raft_consensus.cc:3060] T 595a7104fb8e41b1ac8c6e47069e1710 P 435e91210344405aab2b2fff0e6deca4 [term 0 FOLLOWER]: Advancing to term 1
I20260713 09:09:25.897329 28288 tablet_bootstrap.cc:654] T 595a7104fb8e41b1ac8c6e47069e1710 P 706e90932d5b4756bf8214710ed29057: Neither blocks nor log segments found. Creating new log.
I20260713 09:09:25.874917 28287 tablet_bootstrap.cc:492] T 19195436d15d4af58b5041bc41212538 P eb82313dd452495b822462f426876132: No bootstrap required, opened a new log
I20260713 09:09:25.876121 28061 leader_election.cc:304] T e018be4d85a84082be32b62b4afeae44 P 706e90932d5b4756bf8214710ed29057 [CANDIDATE]: Term 1 pre-election: Election decided. Result: candidate won. Election summary: received 3 responses out of 3 voters: 2 yes votes; 1 no votes. yes voters: 706e90932d5b4756bf8214710ed29057, eb82313dd452495b822462f426876132; no voters: 435e91210344405aab2b2fff0e6deca4
I20260713 09:09:25.878736 28343 consensus_queue.cc:1048] T ca9b25dde3484f4ba5d80fbcc0757b35 P eb82313dd452495b822462f426876132 [LEADER]: Connected to new peer: Peer: permanent_uuid: "435e91210344405aab2b2fff0e6deca4" member_type: VOTER last_known_addr { host: "127.26.93.194" port: 42473 }, Status: LMP_MISMATCH, Last received: 0.0, Next index: 1, Last known committed idx: 0, Time since last communication: 0.000s
I20260713 09:09:25.899999 28382 raft_consensus.cc:2804] T e018be4d85a84082be32b62b4afeae44 P 706e90932d5b4756bf8214710ed29057 [term 0 FOLLOWER]: Leader pre-election won for term 1
I20260713 09:09:25.900346 28382 raft_consensus.cc:493] T e018be4d85a84082be32b62b4afeae44 P 706e90932d5b4756bf8214710ed29057 [term 0 FOLLOWER]: Starting leader election (no leader contacted us within the election timeout)
I20260713 09:09:25.900669 28382 raft_consensus.cc:3060] T e018be4d85a84082be32b62b4afeae44 P 706e90932d5b4756bf8214710ed29057 [term 0 FOLLOWER]: Advancing to term 1
I20260713 09:09:25.902849 28357 raft_consensus.cc:515] T 595a7104fb8e41b1ac8c6e47069e1710 P 435e91210344405aab2b2fff0e6deca4 [term 1 FOLLOWER]: Starting leader election with config: opid_index: -1 OBSOLETE_local: false peers { permanent_uuid: "706e90932d5b4756bf8214710ed29057" member_type: VOTER last_known_addr { host: "127.26.93.193" port: 46863 } } peers { permanent_uuid: "435e91210344405aab2b2fff0e6deca4" member_type: VOTER last_known_addr { host: "127.26.93.194" port: 42473 } } peers { permanent_uuid: "eb82313dd452495b822462f426876132" member_type: VOTER last_known_addr { host: "127.26.93.195" port: 40079 } }
I20260713 09:09:25.905463 28244 tablet_service.cc:1917] Received RequestConsensusVote() RPC: tablet_id: "ca9b25dde3484f4ba5d80fbcc0757b35" candidate_uuid: "706e90932d5b4756bf8214710ed29057" candidate_term: 1 candidate_status { last_received { term: 0 index: 0 } } ignore_live_leader: false dest_uuid: "eb82313dd452495b822462f426876132" is_pre_election: true
I20260713 09:09:25.908177 28096 tablet_service.cc:1917] Received RequestConsensusVote() RPC: tablet_id: "595a7104fb8e41b1ac8c6e47069e1710" candidate_uuid: "435e91210344405aab2b2fff0e6deca4" candidate_term: 1 candidate_status { last_received { term: 0 index: 0 } } ignore_live_leader: false dest_uuid: "706e90932d5b4756bf8214710ed29057"
I20260713 09:09:25.908511 28343 raft_consensus.cc:493] T e4f7252bb4ab4bdb8ca6e56a40d56f07 P eb82313dd452495b822462f426876132 [term 0 FOLLOWER]: Starting pre-election (no leader contacted us within the election timeout)
W20260713 09:09:25.909685 28138 leader_election.cc:343] T 595a7104fb8e41b1ac8c6e47069e1710 P 435e91210344405aab2b2fff0e6deca4 [CANDIDATE]: Term 1 election: Tablet error from VoteRequest() call to peer 706e90932d5b4756bf8214710ed29057 (127.26.93.193:46863): Illegal state: must be running to vote when last-logged opid is not known
I20260713 09:09:25.910877 28061 leader_election.cc:304] T ca9b25dde3484f4ba5d80fbcc0757b35 P 706e90932d5b4756bf8214710ed29057 [CANDIDATE]: Term 1 pre-election: Election decided. Result: candidate lost. Election summary: received 3 responses out of 3 voters: 1 yes votes; 2 no votes. yes voters: 706e90932d5b4756bf8214710ed29057; no voters: 435e91210344405aab2b2fff0e6deca4, eb82313dd452495b822462f426876132
I20260713 09:09:25.911716 28295 raft_consensus.cc:3060] T ca9b25dde3484f4ba5d80fbcc0757b35 P 706e90932d5b4756bf8214710ed29057 [term 0 FOLLOWER]: Advancing to term 1
I20260713 09:09:25.911841 28287 ts_tablet_manager.cc:1403] T 19195436d15d4af58b5041bc41212538 P eb82313dd452495b822462f426876132: Time spent bootstrapping tablet: real 0.057s	user 0.011s	sys 0.000s
I20260713 09:09:25.909083 28343 raft_consensus.cc:515] T e4f7252bb4ab4bdb8ca6e56a40d56f07 P eb82313dd452495b822462f426876132 [term 0 FOLLOWER]: Starting pre-election with config: opid_index: -1 OBSOLETE_local: false peers { permanent_uuid: "706e90932d5b4756bf8214710ed29057" member_type: VOTER last_known_addr { host: "127.26.93.193" port: 46863 } } peers { permanent_uuid: "435e91210344405aab2b2fff0e6deca4" member_type: VOTER last_known_addr { host: "127.26.93.194" port: 42473 } } peers { permanent_uuid: "eb82313dd452495b822462f426876132" member_type: VOTER last_known_addr { host: "127.26.93.195" port: 40079 } }
I20260713 09:09:25.918223 28244 tablet_service.cc:1917] Received RequestConsensusVote() RPC: tablet_id: "595a7104fb8e41b1ac8c6e47069e1710" candidate_uuid: "435e91210344405aab2b2fff0e6deca4" candidate_term: 1 candidate_status { last_received { term: 0 index: 0 } } ignore_live_leader: false dest_uuid: "eb82313dd452495b822462f426876132"
I20260713 09:09:25.918782 28244 raft_consensus.cc:3060] T 595a7104fb8e41b1ac8c6e47069e1710 P eb82313dd452495b822462f426876132 [term 0 FOLLOWER]: Advancing to term 1
I20260713 09:09:25.919313 28343 leader_election.cc:290] T e4f7252bb4ab4bdb8ca6e56a40d56f07 P eb82313dd452495b822462f426876132 [CANDIDATE]: Term 1 pre-election: Requested pre-vote from peers 706e90932d5b4756bf8214710ed29057 (127.26.93.193:46863), 435e91210344405aab2b2fff0e6deca4 (127.26.93.194:42473)
I20260713 09:09:25.919216 28357 leader_election.cc:290] T 595a7104fb8e41b1ac8c6e47069e1710 P 435e91210344405aab2b2fff0e6deca4 [CANDIDATE]: Term 1 election: Requested vote from peers 706e90932d5b4756bf8214710ed29057 (127.26.93.193:46863), eb82313dd452495b822462f426876132 (127.26.93.195:40079)
I20260713 09:09:25.920683 28287 raft_consensus.cc:359] T 19195436d15d4af58b5041bc41212538 P eb82313dd452495b822462f426876132 [term 0 FOLLOWER]: Replica starting. Triggering 0 pending ops. Active config: opid_index: -1 OBSOLETE_local: false peers { permanent_uuid: "706e90932d5b4756bf8214710ed29057" member_type: VOTER last_known_addr { host: "127.26.93.193" port: 46863 } } peers { permanent_uuid: "435e91210344405aab2b2fff0e6deca4" member_type: VOTER last_known_addr { host: "127.26.93.194" port: 42473 } } peers { permanent_uuid: "eb82313dd452495b822462f426876132" member_type: VOTER last_known_addr { host: "127.26.93.195" port: 40079 } }
I20260713 09:09:25.921531 28173 tablet_service.cc:1917] Received RequestConsensusVote() RPC: tablet_id: "e4f7252bb4ab4bdb8ca6e56a40d56f07" candidate_uuid: "eb82313dd452495b822462f426876132" candidate_term: 1 candidate_status { last_received { term: 0 index: 0 } } ignore_live_leader: false dest_uuid: "435e91210344405aab2b2fff0e6deca4" is_pre_election: true
I20260713 09:09:25.923220 28289 tablet_bootstrap.cc:654] T 19195436d15d4af58b5041bc41212538 P 435e91210344405aab2b2fff0e6deca4: Neither blocks nor log segments found. Creating new log.
I20260713 09:09:25.923066 28096 tablet_service.cc:1917] Received RequestConsensusVote() RPC: tablet_id: "e4f7252bb4ab4bdb8ca6e56a40d56f07" candidate_uuid: "eb82313dd452495b822462f426876132" candidate_term: 1 candidate_status { last_received { term: 0 index: 0 } } ignore_live_leader: false dest_uuid: "706e90932d5b4756bf8214710ed29057" is_pre_election: true
I20260713 09:09:25.924383 28287 raft_consensus.cc:385] T 19195436d15d4af58b5041bc41212538 P eb82313dd452495b822462f426876132 [term 0 FOLLOWER]: Consensus starting up: Expiring failure detector timer to make a prompt election more likely
W20260713 09:09:25.924558 28213 leader_election.cc:343] T e4f7252bb4ab4bdb8ca6e56a40d56f07 P eb82313dd452495b822462f426876132 [CANDIDATE]: Term 1 pre-election: Tablet error from VoteRequest() call to peer 435e91210344405aab2b2fff0e6deca4 (127.26.93.194:42473): Illegal state: must be running to vote when last-logged opid is not known
I20260713 09:09:25.925493 28287 raft_consensus.cc:740] T 19195436d15d4af58b5041bc41212538 P eb82313dd452495b822462f426876132 [term 0 FOLLOWER]: Becoming Follower/Learner. State: Replica: eb82313dd452495b822462f426876132, State: Initialized, Role: FOLLOWER
W20260713 09:09:25.925614 28212 leader_election.cc:343] T e4f7252bb4ab4bdb8ca6e56a40d56f07 P eb82313dd452495b822462f426876132 [CANDIDATE]: Term 1 pre-election: Tablet error from VoteRequest() call to peer 706e90932d5b4756bf8214710ed29057 (127.26.93.193:46863): Illegal state: must be running to vote when last-logged opid is not known
I20260713 09:09:25.926751 28212 leader_election.cc:304] T e4f7252bb4ab4bdb8ca6e56a40d56f07 P eb82313dd452495b822462f426876132 [CANDIDATE]: Term 1 pre-election: Election decided. Result: candidate lost. Election summary: received 3 responses out of 3 voters: 1 yes votes; 2 no votes. yes voters: eb82313dd452495b822462f426876132; no voters: 435e91210344405aab2b2fff0e6deca4, 706e90932d5b4756bf8214710ed29057
I20260713 09:09:25.927457 28294 raft_consensus.cc:493] T c26c111e01e043ce9ecf5646a7eca658 P eb82313dd452495b822462f426876132 [term 0 FOLLOWER]: Starting pre-election (no leader contacted us within the election timeout)
I20260713 09:09:25.933910 28294 raft_consensus.cc:515] T c26c111e01e043ce9ecf5646a7eca658 P eb82313dd452495b822462f426876132 [term 0 FOLLOWER]: Starting pre-election with config: opid_index: -1 OBSOLETE_local: false peers { permanent_uuid: "706e90932d5b4756bf8214710ed29057" member_type: VOTER last_known_addr { host: "127.26.93.193" port: 46863 } } peers { permanent_uuid: "435e91210344405aab2b2fff0e6deca4" member_type: VOTER last_known_addr { host: "127.26.93.194" port: 42473 } } peers { permanent_uuid: "eb82313dd452495b822462f426876132" member_type: VOTER last_known_addr { host: "127.26.93.195" port: 40079 } }
I20260713 09:09:25.935048 28295 raft_consensus.cc:2749] T ca9b25dde3484f4ba5d80fbcc0757b35 P 706e90932d5b4756bf8214710ed29057 [term 1 FOLLOWER]: Leader pre-election lost for term 1. Reason: could not achieve majority
I20260713 09:09:25.927950 28343 raft_consensus.cc:2749] T e4f7252bb4ab4bdb8ca6e56a40d56f07 P eb82313dd452495b822462f426876132 [term 0 FOLLOWER]: Leader pre-election lost for term 1. Reason: could not achieve majority
I20260713 09:09:25.936317 28294 leader_election.cc:290] T c26c111e01e043ce9ecf5646a7eca658 P eb82313dd452495b822462f426876132 [CANDIDATE]: Term 1 pre-election: Requested pre-vote from peers 706e90932d5b4756bf8214710ed29057 (127.26.93.193:46863), 435e91210344405aab2b2fff0e6deca4 (127.26.93.194:42473)
I20260713 09:09:25.936985 28244 raft_consensus.cc:2468] T 595a7104fb8e41b1ac8c6e47069e1710 P eb82313dd452495b822462f426876132 [term 1 FOLLOWER]: Leader election vote request: Granting yes vote for candidate 435e91210344405aab2b2fff0e6deca4 in term 1.
I20260713 09:09:25.937954 28096 tablet_service.cc:1917] Received RequestConsensusVote() RPC: tablet_id: "c26c111e01e043ce9ecf5646a7eca658" candidate_uuid: "eb82313dd452495b822462f426876132" candidate_term: 1 candidate_status { last_received { term: 0 index: 0 } } ignore_live_leader: false dest_uuid: "706e90932d5b4756bf8214710ed29057" is_pre_election: true
I20260713 09:09:25.937841 28287 consensus_queue.cc:260] T 19195436d15d4af58b5041bc41212538 P eb82313dd452495b822462f426876132 [NON_LEADER]: Queue going to NON_LEADER mode. State: All replicated index: 0, Majority replicated index: 0, Committed index: 0, Last appended: 0.0, Last appended by leader: 0, Current term: 0, Majority size: -1, State: 0, Mode: NON_LEADER, active raft config: opid_index: -1 OBSOLETE_local: false peers { permanent_uuid: "706e90932d5b4756bf8214710ed29057" member_type: VOTER last_known_addr { host: "127.26.93.193" port: 46863 } } peers { permanent_uuid: "435e91210344405aab2b2fff0e6deca4" member_type: VOTER last_known_addr { host: "127.26.93.194" port: 42473 } } peers { permanent_uuid: "eb82313dd452495b822462f426876132" member_type: VOTER last_known_addr { host: "127.26.93.195" port: 40079 } }
I20260713 09:09:25.938328 28136 leader_election.cc:304] T 595a7104fb8e41b1ac8c6e47069e1710 P 435e91210344405aab2b2fff0e6deca4 [CANDIDATE]: Term 1 election: Election decided. Result: candidate won. Election summary: received 3 responses out of 3 voters: 2 yes votes; 1 no votes. yes voters: 435e91210344405aab2b2fff0e6deca4, eb82313dd452495b822462f426876132; no voters: 706e90932d5b4756bf8214710ed29057
I20260713 09:09:25.941336 28378 consensus_queue.cc:1048] T e1190ac8a3254d4199cbee0e18e7ba7a P 706e90932d5b4756bf8214710ed29057 [LEADER]: Connected to new peer: Peer: permanent_uuid: "435e91210344405aab2b2fff0e6deca4" member_type: VOTER last_known_addr { host: "127.26.93.194" port: 42473 }, Status: LMP_MISMATCH, Last received: 0.0, Next index: 1, Last known committed idx: 0, Time since last communication: 0.001s
I20260713 09:09:25.943883 28096 raft_consensus.cc:2393] T c26c111e01e043ce9ecf5646a7eca658 P 706e90932d5b4756bf8214710ed29057 [term 1 FOLLOWER]: Leader pre-election vote request: Denying vote to candidate eb82313dd452495b822462f426876132 in current term 1: Already voted for candidate 435e91210344405aab2b2fff0e6deca4 in this term.
I20260713 09:09:25.945063 28173 tablet_service.cc:1917] Received RequestConsensusVote() RPC: tablet_id: "c26c111e01e043ce9ecf5646a7eca658" candidate_uuid: "eb82313dd452495b822462f426876132" candidate_term: 1 candidate_status { last_received { term: 0 index: 0 } } ignore_live_leader: false dest_uuid: "435e91210344405aab2b2fff0e6deca4" is_pre_election: true
I20260713 09:09:25.945653 28312 raft_consensus.cc:2804] T 595a7104fb8e41b1ac8c6e47069e1710 P 435e91210344405aab2b2fff0e6deca4 [term 1 FOLLOWER]: Leader election won for term 1
I20260713 09:09:25.946148 28312 raft_consensus.cc:697] T 595a7104fb8e41b1ac8c6e47069e1710 P 435e91210344405aab2b2fff0e6deca4 [term 1 LEADER]: Becoming Leader. State: Replica: 435e91210344405aab2b2fff0e6deca4, State: Running, Role: LEADER
I20260713 09:09:25.946260 28287 ts_tablet_manager.cc:1434] T 19195436d15d4af58b5041bc41212538 P eb82313dd452495b822462f426876132: Time spent starting tablet: real 0.033s	user 0.006s	sys 0.000s
I20260713 09:09:25.946933 28312 consensus_queue.cc:237] T 595a7104fb8e41b1ac8c6e47069e1710 P 435e91210344405aab2b2fff0e6deca4 [LEADER]: Queue going to LEADER mode. State: All replicated index: 0, Majority replicated index: 0, Committed index: 0, Last appended: 0.0, Last appended by leader: 0, Current term: 1, Majority size: 2, State: 0, Mode: LEADER, active raft config: opid_index: -1 OBSOLETE_local: false peers { permanent_uuid: "706e90932d5b4756bf8214710ed29057" member_type: VOTER last_known_addr { host: "127.26.93.193" port: 46863 } } peers { permanent_uuid: "435e91210344405aab2b2fff0e6deca4" member_type: VOTER last_known_addr { host: "127.26.93.194" port: 42473 } } peers { permanent_uuid: "eb82313dd452495b822462f426876132" member_type: VOTER last_known_addr { host: "127.26.93.195" port: 40079 } }
I20260713 09:09:25.947127 28382 raft_consensus.cc:515] T e018be4d85a84082be32b62b4afeae44 P 706e90932d5b4756bf8214710ed29057 [term 1 FOLLOWER]: Starting leader election with config: opid_index: -1 OBSOLETE_local: false peers { permanent_uuid: "706e90932d5b4756bf8214710ed29057" member_type: VOTER last_known_addr { host: "127.26.93.193" port: 46863 } } peers { permanent_uuid: "435e91210344405aab2b2fff0e6deca4" member_type: VOTER last_known_addr { host: "127.26.93.194" port: 42473 } } peers { permanent_uuid: "eb82313dd452495b822462f426876132" member_type: VOTER last_known_addr { host: "127.26.93.195" port: 40079 } }
I20260713 09:09:25.947238 28287 tablet_bootstrap.cc:492] T d7f930a6e8524d13bd493850ab3ef648 P eb82313dd452495b822462f426876132: Bootstrap starting.
I20260713 09:09:25.970937 28378 consensus_queue.cc:1048] T e1190ac8a3254d4199cbee0e18e7ba7a P 706e90932d5b4756bf8214710ed29057 [LEADER]: Connected to new peer: Peer: permanent_uuid: "eb82313dd452495b822462f426876132" member_type: VOTER last_known_addr { host: "127.26.93.195" port: 40079 }, Status: LMP_MISMATCH, Last received: 0.0, Next index: 1, Last known committed idx: 0, Time since last communication: 0.001s
I20260713 09:09:25.982930 28213 leader_election.cc:304] T c26c111e01e043ce9ecf5646a7eca658 P eb82313dd452495b822462f426876132 [CANDIDATE]: Term 1 pre-election: Election decided. Result: candidate lost. Election summary: received 3 responses out of 3 voters: 1 yes votes; 2 no votes. yes voters: eb82313dd452495b822462f426876132; no voters: 435e91210344405aab2b2fff0e6deca4, 706e90932d5b4756bf8214710ed29057
I20260713 09:09:25.987847 28294 raft_consensus.cc:3060] T c26c111e01e043ce9ecf5646a7eca658 P eb82313dd452495b822462f426876132 [term 0 FOLLOWER]: Advancing to term 1
I20260713 09:09:26.004992 28343 raft_consensus.cc:493] T 19195436d15d4af58b5041bc41212538 P eb82313dd452495b822462f426876132 [term 0 FOLLOWER]: Starting pre-election (no leader contacted us within the election timeout)
I20260713 09:09:26.012499 28343 raft_consensus.cc:515] T 19195436d15d4af58b5041bc41212538 P eb82313dd452495b822462f426876132 [term 0 FOLLOWER]: Starting pre-election with config: opid_index: -1 OBSOLETE_local: false peers { permanent_uuid: "706e90932d5b4756bf8214710ed29057" member_type: VOTER last_known_addr { host: "127.26.93.193" port: 46863 } } peers { permanent_uuid: "435e91210344405aab2b2fff0e6deca4" member_type: VOTER last_known_addr { host: "127.26.93.194" port: 42473 } } peers { permanent_uuid: "eb82313dd452495b822462f426876132" member_type: VOTER last_known_addr { host: "127.26.93.195" port: 40079 } }
I20260713 09:09:26.009289 28293 raft_consensus.cc:493] T e018be4d85a84082be32b62b4afeae44 P 435e91210344405aab2b2fff0e6deca4 [term 0 FOLLOWER]: Starting pre-election (no leader contacted us within the election timeout)
I20260713 09:09:26.013983 28293 raft_consensus.cc:515] T e018be4d85a84082be32b62b4afeae44 P 435e91210344405aab2b2fff0e6deca4 [term 0 FOLLOWER]: Starting pre-election with config: opid_index: -1 OBSOLETE_local: false peers { permanent_uuid: "706e90932d5b4756bf8214710ed29057" member_type: VOTER last_known_addr { host: "127.26.93.193" port: 46863 } } peers { permanent_uuid: "435e91210344405aab2b2fff0e6deca4" member_type: VOTER last_known_addr { host: "127.26.93.194" port: 42473 } } peers { permanent_uuid: "eb82313dd452495b822462f426876132" member_type: VOTER last_known_addr { host: "127.26.93.195" port: 40079 } }
I20260713 09:09:26.015015 28171 tablet_service.cc:1917] Received RequestConsensusVote() RPC: tablet_id: "e018be4d85a84082be32b62b4afeae44" candidate_uuid: "706e90932d5b4756bf8214710ed29057" candidate_term: 1 candidate_status { last_received { term: 0 index: 0 } } ignore_live_leader: false dest_uuid: "435e91210344405aab2b2fff0e6deca4"
I20260713 09:09:26.015782 28096 tablet_service.cc:1917] Received RequestConsensusVote() RPC: tablet_id: "19195436d15d4af58b5041bc41212538" candidate_uuid: "eb82313dd452495b822462f426876132" candidate_term: 1 candidate_status { last_received { term: 0 index: 0 } } ignore_live_leader: false dest_uuid: "706e90932d5b4756bf8214710ed29057" is_pre_election: true
I20260713 09:09:26.017055 28244 tablet_service.cc:1917] Received RequestConsensusVote() RPC: tablet_id: "e018be4d85a84082be32b62b4afeae44" candidate_uuid: "435e91210344405aab2b2fff0e6deca4" candidate_term: 1 candidate_status { last_received { term: 0 index: 0 } } ignore_live_leader: false dest_uuid: "eb82313dd452495b822462f426876132" is_pre_election: true
I20260713 09:09:26.017181 28096 raft_consensus.cc:2468] T 19195436d15d4af58b5041bc41212538 P 706e90932d5b4756bf8214710ed29057 [term 0 FOLLOWER]: Leader pre-election vote request: Granting yes vote for candidate eb82313dd452495b822462f426876132 in term 0.
I20260713 09:09:26.017694 28244 raft_consensus.cc:2468] T e018be4d85a84082be32b62b4afeae44 P eb82313dd452495b822462f426876132 [term 0 FOLLOWER]: Leader pre-election vote request: Granting yes vote for candidate 435e91210344405aab2b2fff0e6deca4 in term 0.
I20260713 09:09:26.018589 28171 raft_consensus.cc:3060] T e018be4d85a84082be32b62b4afeae44 P 435e91210344405aab2b2fff0e6deca4 [term 0 FOLLOWER]: Advancing to term 1
I20260713 09:09:26.019279 28212 leader_election.cc:304] T 19195436d15d4af58b5041bc41212538 P eb82313dd452495b822462f426876132 [CANDIDATE]: Term 1 pre-election: Election decided. Result: candidate won. Election summary: received 2 responses out of 3 voters: 2 yes votes; 0 no votes. yes voters: 706e90932d5b4756bf8214710ed29057, eb82313dd452495b822462f426876132; no voters: 
I20260713 09:09:26.019682 28294 raft_consensus.cc:2749] T c26c111e01e043ce9ecf5646a7eca658 P eb82313dd452495b822462f426876132 [term 1 FOLLOWER]: Leader pre-election lost for term 1. Reason: could not achieve majority
I20260713 09:09:26.020166 28340 raft_consensus.cc:2804] T 19195436d15d4af58b5041bc41212538 P eb82313dd452495b822462f426876132 [term 0 FOLLOWER]: Leader pre-election won for term 1
I20260713 09:09:26.016001 28293 leader_election.cc:290] T e018be4d85a84082be32b62b4afeae44 P 435e91210344405aab2b2fff0e6deca4 [CANDIDATE]: Term 1 pre-election: Requested pre-vote from peers 706e90932d5b4756bf8214710ed29057 (127.26.93.193:46863), eb82313dd452495b822462f426876132 (127.26.93.195:40079)
I20260713 09:09:26.015100 28343 leader_election.cc:290] T 19195436d15d4af58b5041bc41212538 P eb82313dd452495b822462f426876132 [CANDIDATE]: Term 1 pre-election: Requested pre-vote from peers 706e90932d5b4756bf8214710ed29057 (127.26.93.193:46863), 435e91210344405aab2b2fff0e6deca4 (127.26.93.194:42473)
I20260713 09:09:26.018628 28097 tablet_service.cc:1917] Received RequestConsensusVote() RPC: tablet_id: "e018be4d85a84082be32b62b4afeae44" candidate_uuid: "435e91210344405aab2b2fff0e6deca4" candidate_term: 1 candidate_status { last_received { term: 0 index: 0 } } ignore_live_leader: false dest_uuid: "706e90932d5b4756bf8214710ed29057" is_pre_election: true
I20260713 09:09:26.020861 28340 raft_consensus.cc:493] T 19195436d15d4af58b5041bc41212538 P eb82313dd452495b822462f426876132 [term 0 FOLLOWER]: Starting leader election (no leader contacted us within the election timeout)
I20260713 09:09:26.021701 28136 leader_election.cc:304] T e018be4d85a84082be32b62b4afeae44 P 435e91210344405aab2b2fff0e6deca4 [CANDIDATE]: Term 1 pre-election: Election decided. Result: candidate won. Election summary: received 2 responses out of 3 voters: 2 yes votes; 0 no votes. yes voters: 435e91210344405aab2b2fff0e6deca4, eb82313dd452495b822462f426876132; no voters: 
I20260713 09:09:26.025254 28340 raft_consensus.cc:3060] T 19195436d15d4af58b5041bc41212538 P eb82313dd452495b822462f426876132 [term 0 FOLLOWER]: Advancing to term 1
I20260713 09:09:26.020890 28382 leader_election.cc:290] T e018be4d85a84082be32b62b4afeae44 P 706e90932d5b4756bf8214710ed29057 [CANDIDATE]: Term 1 election: Requested vote from peers 435e91210344405aab2b2fff0e6deca4 (127.26.93.194:42473), eb82313dd452495b822462f426876132 (127.26.93.195:40079)
I20260713 09:09:26.023826 28097 raft_consensus.cc:2393] T e018be4d85a84082be32b62b4afeae44 P 706e90932d5b4756bf8214710ed29057 [term 1 FOLLOWER]: Leader pre-election vote request: Denying vote to candidate 435e91210344405aab2b2fff0e6deca4 in current term 1: Already voted for candidate 706e90932d5b4756bf8214710ed29057 in this term.
I20260713 09:09:26.036940 28247 tablet_service.cc:1917] Received RequestConsensusVote() RPC: tablet_id: "e018be4d85a84082be32b62b4afeae44" candidate_uuid: "706e90932d5b4756bf8214710ed29057" candidate_term: 1 candidate_status { last_received { term: 0 index: 0 } } ignore_live_leader: false dest_uuid: "eb82313dd452495b822462f426876132"
I20260713 09:09:26.037654 28247 raft_consensus.cc:3060] T e018be4d85a84082be32b62b4afeae44 P eb82313dd452495b822462f426876132 [term 0 FOLLOWER]: Advancing to term 1
I20260713 09:09:26.037535 28173 tablet_service.cc:1917] Received RequestConsensusVote() RPC: tablet_id: "19195436d15d4af58b5041bc41212538" candidate_uuid: "eb82313dd452495b822462f426876132" candidate_term: 1 candidate_status { last_received { term: 0 index: 0 } } ignore_live_leader: false dest_uuid: "435e91210344405aab2b2fff0e6deca4" is_pre_election: true
I20260713 09:09:26.054299 28247 raft_consensus.cc:2468] T e018be4d85a84082be32b62b4afeae44 P eb82313dd452495b822462f426876132 [term 1 FOLLOWER]: Leader election vote request: Granting yes vote for candidate 706e90932d5b4756bf8214710ed29057 in term 1.
W20260713 09:09:26.060434 28213 leader_election.cc:343] T 19195436d15d4af58b5041bc41212538 P eb82313dd452495b822462f426876132 [CANDIDATE]: Term 1 pre-election: Tablet error from VoteRequest() call to peer 435e91210344405aab2b2fff0e6deca4 (127.26.93.194:42473): Illegal state: must be running to vote when last-logged opid is not known
I20260713 09:09:26.065183 28343 consensus_queue.cc:1048] T ca9b25dde3484f4ba5d80fbcc0757b35 P eb82313dd452495b822462f426876132 [LEADER]: Connected to new peer: Peer: permanent_uuid: "706e90932d5b4756bf8214710ed29057" member_type: VOTER last_known_addr { host: "127.26.93.193" port: 46863 }, Status: LMP_MISMATCH, Last received: 0.0, Next index: 1, Last known committed idx: 0, Time since last communication: 0.000s
I20260713 09:09:26.065717 28061 leader_election.cc:304] T e018be4d85a84082be32b62b4afeae44 P 706e90932d5b4756bf8214710ed29057 [CANDIDATE]: Term 1 election: Election decided. Result: candidate won. Election summary: received 2 responses out of 3 voters: 2 yes votes; 0 no votes. yes voters: 706e90932d5b4756bf8214710ed29057, eb82313dd452495b822462f426876132; no voters: 
I20260713 09:09:26.066792 28382 raft_consensus.cc:2804] T e018be4d85a84082be32b62b4afeae44 P 706e90932d5b4756bf8214710ed29057 [term 1 FOLLOWER]: Leader election won for term 1
I20260713 09:09:26.067410 28343 raft_consensus.cc:493] T 74f904fc604c4341a6e8faae1a9dd236 P eb82313dd452495b822462f426876132 [term 0 FOLLOWER]: Starting pre-election (no leader contacted us within the election timeout)
I20260713 09:09:26.067801 28382 raft_consensus.cc:697] T e018be4d85a84082be32b62b4afeae44 P 706e90932d5b4756bf8214710ed29057 [term 1 LEADER]: Becoming Leader. State: Replica: 706e90932d5b4756bf8214710ed29057, State: Running, Role: LEADER
I20260713 09:09:26.067921 28343 raft_consensus.cc:515] T 74f904fc604c4341a6e8faae1a9dd236 P eb82313dd452495b822462f426876132 [term 0 FOLLOWER]: Starting pre-election with config: opid_index: -1 OBSOLETE_local: false peers { permanent_uuid: "706e90932d5b4756bf8214710ed29057" member_type: VOTER last_known_addr { host: "127.26.93.193" port: 46863 } } peers { permanent_uuid: "435e91210344405aab2b2fff0e6deca4" member_type: VOTER last_known_addr { host: "127.26.93.194" port: 42473 } } peers { permanent_uuid: "eb82313dd452495b822462f426876132" member_type: VOTER last_known_addr { host: "127.26.93.195" port: 40079 } }
I20260713 09:09:26.068804 28382 consensus_queue.cc:237] T e018be4d85a84082be32b62b4afeae44 P 706e90932d5b4756bf8214710ed29057 [LEADER]: Queue going to LEADER mode. State: All replicated index: 0, Majority replicated index: 0, Committed index: 0, Last appended: 0.0, Last appended by leader: 0, Current term: 1, Majority size: 2, State: 0, Mode: LEADER, active raft config: opid_index: -1 OBSOLETE_local: false peers { permanent_uuid: "706e90932d5b4756bf8214710ed29057" member_type: VOTER last_known_addr { host: "127.26.93.193" port: 46863 } } peers { permanent_uuid: "435e91210344405aab2b2fff0e6deca4" member_type: VOTER last_known_addr { host: "127.26.93.194" port: 42473 } } peers { permanent_uuid: "eb82313dd452495b822462f426876132" member_type: VOTER last_known_addr { host: "127.26.93.195" port: 40079 } }
I20260713 09:09:26.070591 28343 leader_election.cc:290] T 74f904fc604c4341a6e8faae1a9dd236 P eb82313dd452495b822462f426876132 [CANDIDATE]: Term 1 pre-election: Requested pre-vote from peers 706e90932d5b4756bf8214710ed29057 (127.26.93.193:46863), 435e91210344405aab2b2fff0e6deca4 (127.26.93.194:42473)
I20260713 09:09:26.098337 28287 tablet_bootstrap.cc:654] T d7f930a6e8524d13bd493850ab3ef648 P eb82313dd452495b822462f426876132: Neither blocks nor log segments found. Creating new log.
I20260713 09:09:26.100788 28340 raft_consensus.cc:515] T 19195436d15d4af58b5041bc41212538 P eb82313dd452495b822462f426876132 [term 1 FOLLOWER]: Starting leader election with config: opid_index: -1 OBSOLETE_local: false peers { permanent_uuid: "706e90932d5b4756bf8214710ed29057" member_type: VOTER last_known_addr { host: "127.26.93.193" port: 46863 } } peers { permanent_uuid: "435e91210344405aab2b2fff0e6deca4" member_type: VOTER last_known_addr { host: "127.26.93.194" port: 42473 } } peers { permanent_uuid: "eb82313dd452495b822462f426876132" member_type: VOTER last_known_addr { host: "127.26.93.195" port: 40079 } }
I20260713 09:09:26.103101 28340 leader_election.cc:290] T 19195436d15d4af58b5041bc41212538 P eb82313dd452495b822462f426876132 [CANDIDATE]: Term 1 election: Requested vote from peers 706e90932d5b4756bf8214710ed29057 (127.26.93.193:46863), 435e91210344405aab2b2fff0e6deca4 (127.26.93.194:42473)
I20260713 09:09:26.105562 28357 raft_consensus.cc:493] T e8bbb54688b344b1badec44bc0a67f89 P 435e91210344405aab2b2fff0e6deca4 [term 0 FOLLOWER]: Starting pre-election (no leader contacted us within the election timeout)
I20260713 09:09:26.100925 27996 catalog_manager.cc:5697] T 595a7104fb8e41b1ac8c6e47069e1710 P 435e91210344405aab2b2fff0e6deca4 reported cstate change: term changed from 0 to 1, leader changed from <none> to 435e91210344405aab2b2fff0e6deca4 (127.26.93.194). New cstate: current_term: 1 leader_uuid: "435e91210344405aab2b2fff0e6deca4" committed_config { opid_index: -1 OBSOLETE_local: false peers { permanent_uuid: "706e90932d5b4756bf8214710ed29057" member_type: VOTER last_known_addr { host: "127.26.93.193" port: 46863 } health_report { overall_health: UNKNOWN } } peers { permanent_uuid: "435e91210344405aab2b2fff0e6deca4" member_type: VOTER last_known_addr { host: "127.26.93.194" port: 42473 } health_report { overall_health: HEALTHY } } peers { permanent_uuid: "eb82313dd452495b822462f426876132" member_type: VOTER last_known_addr { host: "127.26.93.195" port: 40079 } health_report { overall_health: UNKNOWN } } }
I20260713 09:09:26.126078 28095 tablet_service.cc:1917] Received RequestConsensusVote() RPC: tablet_id: "74f904fc604c4341a6e8faae1a9dd236" candidate_uuid: "eb82313dd452495b822462f426876132" candidate_term: 1 candidate_status { last_received { term: 0 index: 0 } } ignore_live_leader: false dest_uuid: "706e90932d5b4756bf8214710ed29057" is_pre_election: true
I20260713 09:09:26.126842 28095 raft_consensus.cc:2468] T 74f904fc604c4341a6e8faae1a9dd236 P 706e90932d5b4756bf8214710ed29057 [term 0 FOLLOWER]: Leader pre-election vote request: Granting yes vote for candidate eb82313dd452495b822462f426876132 in term 0.
I20260713 09:09:26.115042 28312 raft_consensus.cc:493] T 74f904fc604c4341a6e8faae1a9dd236 P 435e91210344405aab2b2fff0e6deca4 [term 0 FOLLOWER]: Starting pre-election (no leader contacted us within the election timeout)
I20260713 09:09:26.110845 28357 raft_consensus.cc:515] T e8bbb54688b344b1badec44bc0a67f89 P 435e91210344405aab2b2fff0e6deca4 [term 0 FOLLOWER]: Starting pre-election with config: opid_index: -1 OBSOLETE_local: false peers { permanent_uuid: "706e90932d5b4756bf8214710ed29057" member_type: VOTER last_known_addr { host: "127.26.93.193" port: 46863 } } peers { permanent_uuid: "435e91210344405aab2b2fff0e6deca4" member_type: VOTER last_known_addr { host: "127.26.93.194" port: 42473 } } peers { permanent_uuid: "eb82313dd452495b822462f426876132" member_type: VOTER last_known_addr { host: "127.26.93.195" port: 40079 } }
I20260713 09:09:26.130645 28170 tablet_service.cc:1917] Received RequestConsensusVote() RPC: tablet_id: "74f904fc604c4341a6e8faae1a9dd236" candidate_uuid: "eb82313dd452495b822462f426876132" candidate_term: 1 candidate_status { last_received { term: 0 index: 0 } } ignore_live_leader: false dest_uuid: "435e91210344405aab2b2fff0e6deca4" is_pre_election: true
I20260713 09:09:26.134037 28168 tablet_service.cc:1917] Received RequestConsensusVote() RPC: tablet_id: "19195436d15d4af58b5041bc41212538" candidate_uuid: "eb82313dd452495b822462f426876132" candidate_term: 1 candidate_status { last_received { term: 0 index: 0 } } ignore_live_leader: false dest_uuid: "435e91210344405aab2b2fff0e6deca4"
I20260713 09:09:26.136721 28357 leader_election.cc:290] T e8bbb54688b344b1badec44bc0a67f89 P 435e91210344405aab2b2fff0e6deca4 [CANDIDATE]: Term 1 pre-election: Requested pre-vote from peers 706e90932d5b4756bf8214710ed29057 (127.26.93.193:46863), eb82313dd452495b822462f426876132 (127.26.93.195:40079)
I20260713 09:09:26.137437 28095 tablet_service.cc:1917] Received RequestConsensusVote() RPC: tablet_id: "e8bbb54688b344b1badec44bc0a67f89" candidate_uuid: "435e91210344405aab2b2fff0e6deca4" candidate_term: 1 candidate_status { last_received { term: 0 index: 0 } } ignore_live_leader: false dest_uuid: "706e90932d5b4756bf8214710ed29057" is_pre_election: true
I20260713 09:09:26.138051 28095 raft_consensus.cc:2468] T e8bbb54688b344b1badec44bc0a67f89 P 706e90932d5b4756bf8214710ed29057 [term 0 FOLLOWER]: Leader pre-election vote request: Granting yes vote for candidate 435e91210344405aab2b2fff0e6deca4 in term 0.
I20260713 09:09:26.141805 28095 tablet_service.cc:1917] Received RequestConsensusVote() RPC: tablet_id: "19195436d15d4af58b5041bc41212538" candidate_uuid: "eb82313dd452495b822462f426876132" candidate_term: 1 candidate_status { last_received { term: 0 index: 0 } } ignore_live_leader: false dest_uuid: "706e90932d5b4756bf8214710ed29057"
I20260713 09:09:26.142328 28095 raft_consensus.cc:3060] T 19195436d15d4af58b5041bc41212538 P 706e90932d5b4756bf8214710ed29057 [term 0 FOLLOWER]: Advancing to term 1
I20260713 09:09:26.143460 28247 tablet_service.cc:1917] Received RequestConsensusVote() RPC: tablet_id: "e8bbb54688b344b1badec44bc0a67f89" candidate_uuid: "435e91210344405aab2b2fff0e6deca4" candidate_term: 1 candidate_status { last_received { term: 0 index: 0 } } ignore_live_leader: false dest_uuid: "eb82313dd452495b822462f426876132" is_pre_election: true
I20260713 09:09:26.145334 28247 raft_consensus.cc:2468] T e8bbb54688b344b1badec44bc0a67f89 P eb82313dd452495b822462f426876132 [term 0 FOLLOWER]: Leader pre-election vote request: Granting yes vote for candidate 435e91210344405aab2b2fff0e6deca4 in term 0.
W20260713 09:09:26.146005 28213 leader_election.cc:343] T 19195436d15d4af58b5041bc41212538 P eb82313dd452495b822462f426876132 [CANDIDATE]: Term 1 election: Tablet error from VoteRequest() call to peer 435e91210344405aab2b2fff0e6deca4 (127.26.93.194:42473): Illegal state: must be running to vote when last-logged opid is not known
I20260713 09:09:26.141674 28171 raft_consensus.cc:2468] T e018be4d85a84082be32b62b4afeae44 P 435e91210344405aab2b2fff0e6deca4 [term 1 FOLLOWER]: Leader election vote request: Granting yes vote for candidate 706e90932d5b4756bf8214710ed29057 in term 1.
I20260713 09:09:26.147017 28293 raft_consensus.cc:2764] T e018be4d85a84082be32b62b4afeae44 P 435e91210344405aab2b2fff0e6deca4 [term 1 FOLLOWER]: Leader pre-election decision vote started in defunct term 0: won
I20260713 09:09:26.147145 28373 consensus_queue.cc:1048] T 76bf3c263f2b4f5bb43fa5742e445e82 P 706e90932d5b4756bf8214710ed29057 [LEADER]: Connected to new peer: Peer: permanent_uuid: "eb82313dd452495b822462f426876132" member_type: VOTER last_known_addr { host: "127.26.93.195" port: 40079 }, Status: LMP_MISMATCH, Last received: 0.0, Next index: 1, Last known committed idx: 0, Time since last communication: 0.000s
I20260713 09:09:26.148452 28136 leader_election.cc:304] T e8bbb54688b344b1badec44bc0a67f89 P 435e91210344405aab2b2fff0e6deca4 [CANDIDATE]: Term 1 pre-election: Election decided. Result: candidate won. Election summary: received 2 responses out of 3 voters: 2 yes votes; 0 no votes. yes voters: 435e91210344405aab2b2fff0e6deca4, eb82313dd452495b822462f426876132; no voters: 
I20260713 09:09:26.152001 28212 leader_election.cc:304] T 74f904fc604c4341a6e8faae1a9dd236 P eb82313dd452495b822462f426876132 [CANDIDATE]: Term 1 pre-election: Election decided. Result: candidate won. Election summary: received 2 responses out of 3 voters: 2 yes votes; 0 no votes. yes voters: 706e90932d5b4756bf8214710ed29057, eb82313dd452495b822462f426876132; no voters: 
I20260713 09:09:26.152769 28288 tablet_bootstrap.cc:492] T 595a7104fb8e41b1ac8c6e47069e1710 P 706e90932d5b4756bf8214710ed29057: No bootstrap required, opened a new log
I20260713 09:09:26.152981 28311 raft_consensus.cc:2804] T 74f904fc604c4341a6e8faae1a9dd236 P eb82313dd452495b822462f426876132 [term 0 FOLLOWER]: Leader pre-election won for term 1
I20260713 09:09:26.153275 28288 ts_tablet_manager.cc:1403] T 595a7104fb8e41b1ac8c6e47069e1710 P 706e90932d5b4756bf8214710ed29057: Time spent bootstrapping tablet: real 0.265s	user 0.059s	sys 0.043s
I20260713 09:09:26.153386 28311 raft_consensus.cc:493] T 74f904fc604c4341a6e8faae1a9dd236 P eb82313dd452495b822462f426876132 [term 0 FOLLOWER]: Starting leader election (no leader contacted us within the election timeout)
I20260713 09:09:26.154937 28311 raft_consensus.cc:3060] T 74f904fc604c4341a6e8faae1a9dd236 P eb82313dd452495b822462f426876132 [term 0 FOLLOWER]: Advancing to term 1
I20260713 09:09:26.149423 28293 raft_consensus.cc:2804] T e8bbb54688b344b1badec44bc0a67f89 P 435e91210344405aab2b2fff0e6deca4 [term 0 FOLLOWER]: Leader pre-election won for term 1
I20260713 09:09:26.158164 28289 tablet_bootstrap.cc:492] T 19195436d15d4af58b5041bc41212538 P 435e91210344405aab2b2fff0e6deca4: No bootstrap required, opened a new log
I20260713 09:09:26.158608 28289 ts_tablet_manager.cc:1403] T 19195436d15d4af58b5041bc41212538 P 435e91210344405aab2b2fff0e6deca4: Time spent bootstrapping tablet: real 0.269s	user 0.017s	sys 0.011s
I20260713 09:09:26.161060 28289 raft_consensus.cc:359] T 19195436d15d4af58b5041bc41212538 P 435e91210344405aab2b2fff0e6deca4 [term 0 FOLLOWER]: Replica starting. Triggering 0 pending ops. Active config: opid_index: -1 OBSOLETE_local: false peers { permanent_uuid: "706e90932d5b4756bf8214710ed29057" member_type: VOTER last_known_addr { host: "127.26.93.193" port: 46863 } } peers { permanent_uuid: "435e91210344405aab2b2fff0e6deca4" member_type: VOTER last_known_addr { host: "127.26.93.194" port: 42473 } } peers { permanent_uuid: "eb82313dd452495b822462f426876132" member_type: VOTER last_known_addr { host: "127.26.93.195" port: 40079 } }
I20260713 09:09:26.161815 28289 raft_consensus.cc:385] T 19195436d15d4af58b5041bc41212538 P 435e91210344405aab2b2fff0e6deca4 [term 0 FOLLOWER]: Consensus starting up: Expiring failure detector timer to make a prompt election more likely
I20260713 09:09:26.162161 28289 raft_consensus.cc:740] T 19195436d15d4af58b5041bc41212538 P 435e91210344405aab2b2fff0e6deca4 [term 0 FOLLOWER]: Becoming Follower/Learner. State: Replica: 435e91210344405aab2b2fff0e6deca4, State: Initialized, Role: FOLLOWER
I20260713 09:09:26.162643 28293 raft_consensus.cc:493] T e8bbb54688b344b1badec44bc0a67f89 P 435e91210344405aab2b2fff0e6deca4 [term 0 FOLLOWER]: Starting leader election (no leader contacted us within the election timeout)
I20260713 09:09:26.161484 28288 raft_consensus.cc:359] T 595a7104fb8e41b1ac8c6e47069e1710 P 706e90932d5b4756bf8214710ed29057 [term 0 FOLLOWER]: Replica starting. Triggering 0 pending ops. Active config: opid_index: -1 OBSOLETE_local: false peers { permanent_uuid: "706e90932d5b4756bf8214710ed29057" member_type: VOTER last_known_addr { host: "127.26.93.193" port: 46863 } } peers { permanent_uuid: "435e91210344405aab2b2fff0e6deca4" member_type: VOTER last_known_addr { host: "127.26.93.194" port: 42473 } } peers { permanent_uuid: "eb82313dd452495b822462f426876132" member_type: VOTER last_known_addr { host: "127.26.93.195" port: 40079 } }
I20260713 09:09:26.163609 28288 raft_consensus.cc:385] T 595a7104fb8e41b1ac8c6e47069e1710 P 706e90932d5b4756bf8214710ed29057 [term 0 FOLLOWER]: Consensus starting up: Expiring failure detector timer to make a prompt election more likely
I20260713 09:09:26.162849 28311 raft_consensus.cc:515] T 74f904fc604c4341a6e8faae1a9dd236 P eb82313dd452495b822462f426876132 [term 1 FOLLOWER]: Starting leader election with config: opid_index: -1 OBSOLETE_local: false peers { permanent_uuid: "706e90932d5b4756bf8214710ed29057" member_type: VOTER last_known_addr { host: "127.26.93.193" port: 46863 } } peers { permanent_uuid: "435e91210344405aab2b2fff0e6deca4" member_type: VOTER last_known_addr { host: "127.26.93.194" port: 42473 } } peers { permanent_uuid: "eb82313dd452495b822462f426876132" member_type: VOTER last_known_addr { host: "127.26.93.195" port: 40079 } }
I20260713 09:09:26.163615 28293 raft_consensus.cc:3060] T e8bbb54688b344b1badec44bc0a67f89 P 435e91210344405aab2b2fff0e6deca4 [term 0 FOLLOWER]: Advancing to term 1
I20260713 09:09:26.163888 28288 raft_consensus.cc:740] T 595a7104fb8e41b1ac8c6e47069e1710 P 706e90932d5b4756bf8214710ed29057 [term 0 FOLLOWER]: Becoming Follower/Learner. State: Replica: 706e90932d5b4756bf8214710ed29057, State: Initialized, Role: FOLLOWER
I20260713 09:09:26.132674 28312 raft_consensus.cc:515] T 74f904fc604c4341a6e8faae1a9dd236 P 435e91210344405aab2b2fff0e6deca4 [term 0 FOLLOWER]: Starting pre-election with config: opid_index: -1 OBSOLETE_local: false peers { permanent_uuid: "706e90932d5b4756bf8214710ed29057" member_type: VOTER last_known_addr { host: "127.26.93.193" port: 46863 } } peers { permanent_uuid: "435e91210344405aab2b2fff0e6deca4" member_type: VOTER last_known_addr { host: "127.26.93.194" port: 42473 } } peers { permanent_uuid: "eb82313dd452495b822462f426876132" member_type: VOTER last_known_addr { host: "127.26.93.195" port: 40079 } }
I20260713 09:09:26.165874 28289 consensus_queue.cc:260] T 19195436d15d4af58b5041bc41212538 P 435e91210344405aab2b2fff0e6deca4 [NON_LEADER]: Queue going to NON_LEADER mode. State: All replicated index: 0, Majority replicated index: 0, Committed index: 0, Last appended: 0.0, Last appended by leader: 0, Current term: 0, Majority size: -1, State: 0, Mode: NON_LEADER, active raft config: opid_index: -1 OBSOLETE_local: false peers { permanent_uuid: "706e90932d5b4756bf8214710ed29057" member_type: VOTER last_known_addr { host: "127.26.93.193" port: 46863 } } peers { permanent_uuid: "435e91210344405aab2b2fff0e6deca4" member_type: VOTER last_known_addr { host: "127.26.93.194" port: 42473 } } peers { permanent_uuid: "eb82313dd452495b822462f426876132" member_type: VOTER last_known_addr { host: "127.26.93.195" port: 40079 } }
I20260713 09:09:26.171383 28289 ts_tablet_manager.cc:1434] T 19195436d15d4af58b5041bc41212538 P 435e91210344405aab2b2fff0e6deca4: Time spent starting tablet: real 0.013s	user 0.005s	sys 0.000s
I20260713 09:09:26.172250 28289 tablet_bootstrap.cc:492] T e4f7252bb4ab4bdb8ca6e56a40d56f07 P 435e91210344405aab2b2fff0e6deca4: Bootstrap starting.
