I20260713 09:09:10.373762 28065 consensus_queue.cc:237] T f7280a7465b747c4b2b424f851b06160 P 86472ea20d9348a8a5b113138b48fdde [LEADER]: Queue going to LEADER mode. State: All replicated index: 0, Majority replicated index: 0, Committed index: 0, Last appended: 0.0, Last appended by leader: 0, Current term: 1, Majority size: 2, State: 0, Mode: LEADER, active raft config: opid_index: -1 OBSOLETE_local: false peers { permanent_uuid: "86472ea20d9348a8a5b113138b48fdde" member_type: VOTER last_known_addr { host: "127.26.151.129" port: 33325 } } peers { permanent_uuid: "0ccf3848830f4bb9b532dfe8e5974d18" member_type: VOTER last_known_addr { host: "127.26.151.130" port: 35605 } } peers { permanent_uuid: "90a8975b4b5345b8892dbb3ef97e5ae0" member_type: VOTER last_known_addr { host: "127.26.151.131" port: 33197 } }
I20260713 09:09:10.375073 28060 leader_election.cc:290] T 97fa694aaf1046eeb0f51653ab74d561 P 90a8975b4b5345b8892dbb3ef97e5ae0 [CANDIDATE]: Term 1 election: Requested vote from peers 86472ea20d9348a8a5b113138b48fdde (127.26.151.129:33325), 0ccf3848830f4bb9b532dfe8e5974d18 (127.26.151.130:35605)
I20260713 09:09:10.377153 28014 tablet_service.cc:1917] Received RequestConsensusVote() RPC: tablet_id: "0e964773fe154ddd947186eed329644d" candidate_uuid: "0ccf3848830f4bb9b532dfe8e5974d18" candidate_term: 1 candidate_status { last_received { term: 0 index: 0 } } ignore_live_leader: false dest_uuid: "90a8975b4b5345b8892dbb3ef97e5ae0" is_pre_election: true
I20260713 09:09:10.378391 28060 raft_consensus.cc:493] T 3414b98fd83d48c7b975d936c238752e P 90a8975b4b5345b8892dbb3ef97e5ae0 [term 0 FOLLOWER]: Starting pre-election (no leader contacted us within the election timeout)
I20260713 09:09:10.378858 28060 raft_consensus.cc:515] T 3414b98fd83d48c7b975d936c238752e P 90a8975b4b5345b8892dbb3ef97e5ae0 [term 0 FOLLOWER]: Starting pre-election with config: opid_index: -1 OBSOLETE_local: false peers { permanent_uuid: "86472ea20d9348a8a5b113138b48fdde" member_type: VOTER last_known_addr { host: "127.26.151.129" port: 33325 } } peers { permanent_uuid: "0ccf3848830f4bb9b532dfe8e5974d18" member_type: VOTER last_known_addr { host: "127.26.151.130" port: 35605 } } peers { permanent_uuid: "90a8975b4b5345b8892dbb3ef97e5ae0" member_type: VOTER last_known_addr { host: "127.26.151.131" port: 33197 } }
I20260713 09:09:10.379076 28057 tablet_bootstrap.cc:492] T 7dbf34f081674e1dbcc1f4713a733fd9 P 0ccf3848830f4bb9b532dfe8e5974d18: No bootstrap required, opened a new log
W20260713 09:09:10.378980 27904 leader_election.cc:343] T 0e964773fe154ddd947186eed329644d P 0ccf3848830f4bb9b532dfe8e5974d18 [CANDIDATE]: Term 1 pre-election: Tablet error from VoteRequest() call to peer 90a8975b4b5345b8892dbb3ef97e5ae0 (127.26.151.131:33197): Illegal state: must be running to vote when last-logged opid is not known
I20260713 09:09:10.379730 28057 ts_tablet_manager.cc:1403] T 7dbf34f081674e1dbcc1f4713a733fd9 P 0ccf3848830f4bb9b532dfe8e5974d18: Time spent bootstrapping tablet: real 0.020s	user 0.011s	sys 0.001s
I20260713 09:09:10.379704 27904 leader_election.cc:304] T 0e964773fe154ddd947186eed329644d P 0ccf3848830f4bb9b532dfe8e5974d18 [CANDIDATE]: Term 1 pre-election: Election decided. Result: candidate lost. Election summary: received 3 responses out of 3 voters: 1 yes votes; 2 no votes. yes voters: 0ccf3848830f4bb9b532dfe8e5974d18; no voters: 86472ea20d9348a8a5b113138b48fdde, 90a8975b4b5345b8892dbb3ef97e5ae0
I20260713 09:09:10.380787 28060 leader_election.cc:290] T 3414b98fd83d48c7b975d936c238752e P 90a8975b4b5345b8892dbb3ef97e5ae0 [CANDIDATE]: Term 1 pre-election: Requested pre-vote from peers 86472ea20d9348a8a5b113138b48fdde (127.26.151.129:33325), 0ccf3848830f4bb9b532dfe8e5974d18 (127.26.151.130:35605)
I20260713 09:09:10.381253 28061 raft_consensus.cc:2749] T 0e964773fe154ddd947186eed329644d P 0ccf3848830f4bb9b532dfe8e5974d18 [term 0 FOLLOWER]: Leader pre-election lost for term 1. Reason: could not achieve majority
I20260713 09:09:10.382592 28057 raft_consensus.cc:359] T 7dbf34f081674e1dbcc1f4713a733fd9 P 0ccf3848830f4bb9b532dfe8e5974d18 [term 0 FOLLOWER]: Replica starting. Triggering 0 pending ops. Active config: opid_index: -1 OBSOLETE_local: false peers { permanent_uuid: "86472ea20d9348a8a5b113138b48fdde" member_type: VOTER last_known_addr { host: "127.26.151.129" port: 33325 } } peers { permanent_uuid: "0ccf3848830f4bb9b532dfe8e5974d18" member_type: VOTER last_known_addr { host: "127.26.151.130" port: 35605 } } peers { permanent_uuid: "90a8975b4b5345b8892dbb3ef97e5ae0" member_type: VOTER last_known_addr { host: "127.26.151.131" port: 33197 } }
I20260713 09:09:10.383340 28057 raft_consensus.cc:385] T 7dbf34f081674e1dbcc1f4713a733fd9 P 0ccf3848830f4bb9b532dfe8e5974d18 [term 0 FOLLOWER]: Consensus starting up: Expiring failure detector timer to make a prompt election more likely
I20260713 09:09:10.383172 27940 tablet_service.cc:1917] Received RequestConsensusVote() RPC: tablet_id: "97fa694aaf1046eeb0f51653ab74d561" candidate_uuid: "90a8975b4b5345b8892dbb3ef97e5ae0" candidate_term: 1 candidate_status { last_received { term: 0 index: 0 } } ignore_live_leader: false dest_uuid: "0ccf3848830f4bb9b532dfe8e5974d18"
I20260713 09:09:10.383644 28057 raft_consensus.cc:740] T 7dbf34f081674e1dbcc1f4713a733fd9 P 0ccf3848830f4bb9b532dfe8e5974d18 [term 0 FOLLOWER]: Becoming Follower/Learner. State: Replica: 0ccf3848830f4bb9b532dfe8e5974d18, State: Initialized, Role: FOLLOWER
I20260713 09:09:10.383870 27940 raft_consensus.cc:3060] T 97fa694aaf1046eeb0f51653ab74d561 P 0ccf3848830f4bb9b532dfe8e5974d18 [term 0 FOLLOWER]: Advancing to term 1
I20260713 09:09:10.384078 27941 tablet_service.cc:1917] Received RequestConsensusVote() RPC: tablet_id: "3414b98fd83d48c7b975d936c238752e" candidate_uuid: "90a8975b4b5345b8892dbb3ef97e5ae0" candidate_term: 1 candidate_status { last_received { term: 0 index: 0 } } ignore_live_leader: false dest_uuid: "0ccf3848830f4bb9b532dfe8e5974d18" is_pre_election: true
I20260713 09:09:10.384670 27941 raft_consensus.cc:2468] T 3414b98fd83d48c7b975d936c238752e P 0ccf3848830f4bb9b532dfe8e5974d18 [term 0 FOLLOWER]: Leader pre-election vote request: Granting yes vote for candidate 90a8975b4b5345b8892dbb3ef97e5ae0 in term 0.
I20260713 09:09:10.384377 28057 consensus_queue.cc:260] T 7dbf34f081674e1dbcc1f4713a733fd9 P 0ccf3848830f4bb9b532dfe8e5974d18 [NON_LEADER]: Queue going to NON_LEADER mode. State: All replicated index: 0, Majority replicated index: 0, Committed index: 0, Last appended: 0.0, Last appended by leader: 0, Current term: 0, Majority size: -1, State: 0, Mode: NON_LEADER, active raft config: opid_index: -1 OBSOLETE_local: false peers { permanent_uuid: "86472ea20d9348a8a5b113138b48fdde" member_type: VOTER last_known_addr { host: "127.26.151.129" port: 33325 } } peers { permanent_uuid: "0ccf3848830f4bb9b532dfe8e5974d18" member_type: VOTER last_known_addr { host: "127.26.151.130" port: 35605 } } peers { permanent_uuid: "90a8975b4b5345b8892dbb3ef97e5ae0" member_type: VOTER last_known_addr { host: "127.26.151.131" port: 33197 } }
I20260713 09:09:10.386649 28057 ts_tablet_manager.cc:1434] T 7dbf34f081674e1dbcc1f4713a733fd9 P 0ccf3848830f4bb9b532dfe8e5974d18: Time spent starting tablet: real 0.006s	user 0.006s	sys 0.000s
I20260713 09:09:10.387603 28057 tablet_bootstrap.cc:492] T fbfff2b40fc742b6ad96c82d7fb545b4 P 0ccf3848830f4bb9b532dfe8e5974d18: Bootstrap starting.
I20260713 09:09:10.387728 27981 leader_election.cc:304] T 3414b98fd83d48c7b975d936c238752e P 90a8975b4b5345b8892dbb3ef97e5ae0 [CANDIDATE]: Term 1 pre-election: Election decided. Result: candidate won. Election summary: received 2 responses out of 3 voters: 2 yes votes; 0 no votes. yes voters: 0ccf3848830f4bb9b532dfe8e5974d18, 90a8975b4b5345b8892dbb3ef97e5ae0; no voters: 
I20260713 09:09:10.388597 28060 raft_consensus.cc:2804] T 3414b98fd83d48c7b975d936c238752e P 90a8975b4b5345b8892dbb3ef97e5ae0 [term 0 FOLLOWER]: Leader pre-election won for term 1
I20260713 09:09:10.388949 28060 raft_consensus.cc:493] T 3414b98fd83d48c7b975d936c238752e P 90a8975b4b5345b8892dbb3ef97e5ae0 [term 0 FOLLOWER]: Starting leader election (no leader contacted us within the election timeout)
I20260713 09:09:10.389263 28060 raft_consensus.cc:3060] T 3414b98fd83d48c7b975d936c238752e P 90a8975b4b5345b8892dbb3ef97e5ae0 [term 0 FOLLOWER]: Advancing to term 1
W20260713 09:09:10.391296 27832 outbound_call.cc:321] RPC callback for RPC call kudu.consensus.ConsensusService.RequestConsensusVote -> {remote=127.26.151.130:35605, user_credentials={real_user=slave}} blocked reactor thread for 69775.3us
I20260713 09:09:10.391489 27940 raft_consensus.cc:2468] T 97fa694aaf1046eeb0f51653ab74d561 P 0ccf3848830f4bb9b532dfe8e5974d18 [term 1 FOLLOWER]: Leader election vote request: Granting yes vote for candidate 90a8975b4b5345b8892dbb3ef97e5ae0 in term 1.
I20260713 09:09:10.392457 27981 leader_election.cc:304] T 7dbf34f081674e1dbcc1f4713a733fd9 P 90a8975b4b5345b8892dbb3ef97e5ae0 [CANDIDATE]: Term 1 pre-election: Election decided. Result: candidate won. Election summary: received 3 responses out of 3 voters: 2 yes votes; 1 no votes. yes voters: 86472ea20d9348a8a5b113138b48fdde, 90a8975b4b5345b8892dbb3ef97e5ae0; no voters: 0ccf3848830f4bb9b532dfe8e5974d18
I20260713 09:09:10.394061 27981 leader_election.cc:304] T 97fa694aaf1046eeb0f51653ab74d561 P 90a8975b4b5345b8892dbb3ef97e5ae0 [CANDIDATE]: Term 1 election: Election decided. Result: candidate won. Election summary: received 2 responses out of 3 voters: 2 yes votes; 0 no votes. yes voters: 0ccf3848830f4bb9b532dfe8e5974d18, 90a8975b4b5345b8892dbb3ef97e5ae0; no voters: 
I20260713 09:09:10.394652 28057 tablet_bootstrap.cc:654] T fbfff2b40fc742b6ad96c82d7fb545b4 P 0ccf3848830f4bb9b532dfe8e5974d18: Neither blocks nor log segments found. Creating new log.
I20260713 09:09:10.396795 28058 tablet_bootstrap.cc:492] T 72d200769eb2470d93c599d6b02e480b P 86472ea20d9348a8a5b113138b48fdde: No bootstrap required, opened a new log
I20260713 09:09:10.397300 28058 ts_tablet_manager.cc:1403] T 72d200769eb2470d93c599d6b02e480b P 86472ea20d9348a8a5b113138b48fdde: Time spent bootstrapping tablet: real 0.044s	user 0.012s	sys 0.000s
I20260713 09:09:10.397197 27940 tablet_service.cc:1917] Received RequestConsensusVote() RPC: tablet_id: "f7280a7465b747c4b2b424f851b06160" candidate_uuid: "86472ea20d9348a8a5b113138b48fdde" candidate_term: 1 candidate_status { last_received { term: 0 index: 0 } } ignore_live_leader: false dest_uuid: "0ccf3848830f4bb9b532dfe8e5974d18"
I20260713 09:09:10.399348 28086 raft_consensus.cc:2804] T 7dbf34f081674e1dbcc1f4713a733fd9 P 90a8975b4b5345b8892dbb3ef97e5ae0 [term 0 FOLLOWER]: Leader pre-election won for term 1
I20260713 09:09:10.400708 28086 raft_consensus.cc:493] T 7dbf34f081674e1dbcc1f4713a733fd9 P 90a8975b4b5345b8892dbb3ef97e5ae0 [term 0 FOLLOWER]: Starting leader election (no leader contacted us within the election timeout)
I20260713 09:09:10.400389 28058 raft_consensus.cc:359] T 72d200769eb2470d93c599d6b02e480b P 86472ea20d9348a8a5b113138b48fdde [term 0 FOLLOWER]: Replica starting. Triggering 0 pending ops. Active config: opid_index: -1 OBSOLETE_local: false peers { permanent_uuid: "86472ea20d9348a8a5b113138b48fdde" member_type: VOTER last_known_addr { host: "127.26.151.129" port: 33325 } } peers { permanent_uuid: "0ccf3848830f4bb9b532dfe8e5974d18" member_type: VOTER last_known_addr { host: "127.26.151.130" port: 35605 } } peers { permanent_uuid: "90a8975b4b5345b8892dbb3ef97e5ae0" member_type: VOTER last_known_addr { host: "127.26.151.131" port: 33197 } }
I20260713 09:09:10.401616 28058 raft_consensus.cc:385] T 72d200769eb2470d93c599d6b02e480b P 86472ea20d9348a8a5b113138b48fdde [term 0 FOLLOWER]: Consensus starting up: Expiring failure detector timer to make a prompt election more likely
I20260713 09:09:10.401751 28086 raft_consensus.cc:3060] T 7dbf34f081674e1dbcc1f4713a733fd9 P 90a8975b4b5345b8892dbb3ef97e5ae0 [term 0 FOLLOWER]: Advancing to term 1
I20260713 09:09:10.402187 28058 raft_consensus.cc:740] T 72d200769eb2470d93c599d6b02e480b P 86472ea20d9348a8a5b113138b48fdde [term 0 FOLLOWER]: Becoming Follower/Learner. State: Replica: 86472ea20d9348a8a5b113138b48fdde, State: Initialized, Role: FOLLOWER
I20260713 09:09:10.403554 27865 tablet_service.cc:1917] Received RequestConsensusVote() RPC: tablet_id: "97fa694aaf1046eeb0f51653ab74d561" candidate_uuid: "90a8975b4b5345b8892dbb3ef97e5ae0" candidate_term: 1 candidate_status { last_received { term: 0 index: 0 } } ignore_live_leader: false dest_uuid: "86472ea20d9348a8a5b113138b48fdde"
I20260713 09:09:10.403894 28060 raft_consensus.cc:515] T 3414b98fd83d48c7b975d936c238752e P 90a8975b4b5345b8892dbb3ef97e5ae0 [term 1 FOLLOWER]: Starting leader election with config: opid_index: -1 OBSOLETE_local: false peers { permanent_uuid: "86472ea20d9348a8a5b113138b48fdde" member_type: VOTER last_known_addr { host: "127.26.151.129" port: 33325 } } peers { permanent_uuid: "0ccf3848830f4bb9b532dfe8e5974d18" member_type: VOTER last_known_addr { host: "127.26.151.130" port: 35605 } } peers { permanent_uuid: "90a8975b4b5345b8892dbb3ef97e5ae0" member_type: VOTER last_known_addr { host: "127.26.151.131" port: 33197 } }
I20260713 09:09:10.401855 27866 tablet_service.cc:1917] Received RequestConsensusVote() RPC: tablet_id: "97fa694aaf1046eeb0f51653ab74d561" candidate_uuid: "90a8975b4b5345b8892dbb3ef97e5ae0" candidate_term: 1 candidate_status { last_received { term: 0 index: 0 } } ignore_live_leader: false dest_uuid: "86472ea20d9348a8a5b113138b48fdde" is_pre_election: true
I20260713 09:09:10.405203 27865 tablet_service.cc:1917] Received RequestConsensusVote() RPC: tablet_id: "3414b98fd83d48c7b975d936c238752e" candidate_uuid: "90a8975b4b5345b8892dbb3ef97e5ae0" candidate_term: 1 candidate_status { last_received { term: 0 index: 0 } } ignore_live_leader: false dest_uuid: "86472ea20d9348a8a5b113138b48fdde" is_pre_election: true
I20260713 09:09:10.403687 28058 consensus_queue.cc:260] T 72d200769eb2470d93c599d6b02e480b P 86472ea20d9348a8a5b113138b48fdde [NON_LEADER]: Queue going to NON_LEADER mode. State: All replicated index: 0, Majority replicated index: 0, Committed index: 0, Last appended: 0.0, Last appended by leader: 0, Current term: 0, Majority size: -1, State: 0, Mode: NON_LEADER, active raft config: opid_index: -1 OBSOLETE_local: false peers { permanent_uuid: "86472ea20d9348a8a5b113138b48fdde" member_type: VOTER last_known_addr { host: "127.26.151.129" port: 33325 } } peers { permanent_uuid: "0ccf3848830f4bb9b532dfe8e5974d18" member_type: VOTER last_known_addr { host: "127.26.151.130" port: 35605 } } peers { permanent_uuid: "90a8975b4b5345b8892dbb3ef97e5ae0" member_type: VOTER last_known_addr { host: "127.26.151.131" port: 33197 } }
W20260713 09:09:10.406714 27832 leader_election.cc:343] T f7280a7465b747c4b2b424f851b06160 P 86472ea20d9348a8a5b113138b48fdde [CANDIDATE]: Term 1 pre-election: Tablet error from VoteRequest() call to peer 0ccf3848830f4bb9b532dfe8e5974d18 (127.26.151.130:35605): Illegal state: must be running to vote when last-logged opid is not known
I20260713 09:09:10.407635 28058 ts_tablet_manager.cc:1434] T 72d200769eb2470d93c599d6b02e480b P 86472ea20d9348a8a5b113138b48fdde: Time spent starting tablet: real 0.010s	user 0.001s	sys 0.005s
I20260713 09:09:10.407768 28060 leader_election.cc:290] T 3414b98fd83d48c7b975d936c238752e P 90a8975b4b5345b8892dbb3ef97e5ae0 [CANDIDATE]: Term 1 election: Requested vote from peers 86472ea20d9348a8a5b113138b48fdde (127.26.151.129:33325), 0ccf3848830f4bb9b532dfe8e5974d18 (127.26.151.130:35605)
I20260713 09:09:10.408275 28060 raft_consensus.cc:2804] T 97fa694aaf1046eeb0f51653ab74d561 P 90a8975b4b5345b8892dbb3ef97e5ae0 [term 1 FOLLOWER]: Leader election won for term 1
I20260713 09:09:10.408615 28058 tablet_bootstrap.cc:492] T 3414b98fd83d48c7b975d936c238752e P 86472ea20d9348a8a5b113138b48fdde: Bootstrap starting.
I20260713 09:09:10.408682 28060 raft_consensus.cc:697] T 97fa694aaf1046eeb0f51653ab74d561 P 90a8975b4b5345b8892dbb3ef97e5ae0 [term 1 LEADER]: Becoming Leader. State: Replica: 90a8975b4b5345b8892dbb3ef97e5ae0, State: Running, Role: LEADER
I20260713 09:09:10.408816 27940 tablet_service.cc:1917] Received RequestConsensusVote() RPC: tablet_id: "3414b98fd83d48c7b975d936c238752e" candidate_uuid: "90a8975b4b5345b8892dbb3ef97e5ae0" candidate_term: 1 candidate_status { last_received { term: 0 index: 0 } } ignore_live_leader: false dest_uuid: "0ccf3848830f4bb9b532dfe8e5974d18"
W20260713 09:09:10.408985 27832 leader_election.cc:343] T f7280a7465b747c4b2b424f851b06160 P 86472ea20d9348a8a5b113138b48fdde [CANDIDATE]: Term 1 election: Tablet error from VoteRequest() call to peer 0ccf3848830f4bb9b532dfe8e5974d18 (127.26.151.130:35605): Illegal state: must be running to vote when last-logged opid is not known
I20260713 09:09:10.409396 27940 raft_consensus.cc:3060] T 3414b98fd83d48c7b975d936c238752e P 0ccf3848830f4bb9b532dfe8e5974d18 [term 0 FOLLOWER]: Advancing to term 1
W20260713 09:09:10.410044 27981 leader_election.cc:343] T 97fa694aaf1046eeb0f51653ab74d561 P 90a8975b4b5345b8892dbb3ef97e5ae0 [CANDIDATE]: Term 1 election: Tablet error from VoteRequest() call to peer 86472ea20d9348a8a5b113138b48fdde (127.26.151.129:33325): Illegal state: must be running to vote when last-logged opid is not known
I20260713 09:09:10.409566 28060 consensus_queue.cc:237] T 97fa694aaf1046eeb0f51653ab74d561 P 90a8975b4b5345b8892dbb3ef97e5ae0 [LEADER]: Queue going to LEADER mode. State: All replicated index: 0, Majority replicated index: 0, Committed index: 0, Last appended: 0.0, Last appended by leader: 0, Current term: 1, Majority size: 2, State: 0, Mode: LEADER, active raft config: opid_index: -1 OBSOLETE_local: false peers { permanent_uuid: "86472ea20d9348a8a5b113138b48fdde" member_type: VOTER last_known_addr { host: "127.26.151.129" port: 33325 } } peers { permanent_uuid: "0ccf3848830f4bb9b532dfe8e5974d18" member_type: VOTER last_known_addr { host: "127.26.151.130" port: 35605 } } peers { permanent_uuid: "90a8975b4b5345b8892dbb3ef97e5ae0" member_type: VOTER last_known_addr { host: "127.26.151.131" port: 33197 } }
W20260713 09:09:10.411283 27981 leader_election.cc:343] T 97fa694aaf1046eeb0f51653ab74d561 P 90a8975b4b5345b8892dbb3ef97e5ae0 [CANDIDATE]: Term 1 pre-election: Tablet error from VoteRequest() call to peer 86472ea20d9348a8a5b113138b48fdde (127.26.151.129:33325): Illegal state: must be running to vote when last-logged opid is not known
W20260713 09:09:10.412460 27981 leader_election.cc:343] T 3414b98fd83d48c7b975d936c238752e P 90a8975b4b5345b8892dbb3ef97e5ae0 [CANDIDATE]: Term 1 pre-election: Tablet error from VoteRequest() call to peer 86472ea20d9348a8a5b113138b48fdde (127.26.151.129:33325): Illegal state: must be running to vote when last-logged opid is not known
I20260713 09:09:10.416553 27940 raft_consensus.cc:2468] T 3414b98fd83d48c7b975d936c238752e P 0ccf3848830f4bb9b532dfe8e5974d18 [term 1 FOLLOWER]: Leader election vote request: Granting yes vote for candidate 90a8975b4b5345b8892dbb3ef97e5ae0 in term 1.
I20260713 09:09:10.417707 27981 leader_election.cc:304] T 3414b98fd83d48c7b975d936c238752e P 90a8975b4b5345b8892dbb3ef97e5ae0 [CANDIDATE]: Term 1 election: Election decided. Result: candidate won. Election summary: received 2 responses out of 3 voters: 2 yes votes; 0 no votes. yes voters: 0ccf3848830f4bb9b532dfe8e5974d18, 90a8975b4b5345b8892dbb3ef97e5ae0; no voters: 
I20260713 09:09:10.419515 28058 tablet_bootstrap.cc:654] T 3414b98fd83d48c7b975d936c238752e P 86472ea20d9348a8a5b113138b48fdde: Neither blocks nor log segments found. Creating new log.
I20260713 09:09:10.420586 27865 tablet_service.cc:1917] Received RequestConsensusVote() RPC: tablet_id: "3414b98fd83d48c7b975d936c238752e" candidate_uuid: "90a8975b4b5345b8892dbb3ef97e5ae0" candidate_term: 1 candidate_status { last_received { term: 0 index: 0 } } ignore_live_leader: false dest_uuid: "86472ea20d9348a8a5b113138b48fdde"
I20260713 09:09:10.421450 28055 ts_tablet_manager.cc:1434] T 3414b98fd83d48c7b975d936c238752e P 90a8975b4b5345b8892dbb3ef97e5ae0: Time spent starting tablet: real 0.071s	user 0.008s	sys 0.017s
I20260713 09:09:10.425032 28086 raft_consensus.cc:515] T 7dbf34f081674e1dbcc1f4713a733fd9 P 90a8975b4b5345b8892dbb3ef97e5ae0 [term 1 FOLLOWER]: Starting leader election with config: opid_index: -1 OBSOLETE_local: false peers { permanent_uuid: "86472ea20d9348a8a5b113138b48fdde" member_type: VOTER last_known_addr { host: "127.26.151.129" port: 33325 } } peers { permanent_uuid: "0ccf3848830f4bb9b532dfe8e5974d18" member_type: VOTER last_known_addr { host: "127.26.151.130" port: 35605 } } peers { permanent_uuid: "90a8975b4b5345b8892dbb3ef97e5ae0" member_type: VOTER last_known_addr { host: "127.26.151.131" port: 33197 } }
I20260713 09:09:10.425467 28057 tablet_bootstrap.cc:492] T fbfff2b40fc742b6ad96c82d7fb545b4 P 0ccf3848830f4bb9b532dfe8e5974d18: No bootstrap required, opened a new log
I20260713 09:09:10.426268 28057 ts_tablet_manager.cc:1403] T fbfff2b40fc742b6ad96c82d7fb545b4 P 0ccf3848830f4bb9b532dfe8e5974d18: Time spent bootstrapping tablet: real 0.039s	user 0.014s	sys 0.000s
I20260713 09:09:10.425741 27764 catalog_manager.cc:5697] T f7280a7465b747c4b2b424f851b06160 P 86472ea20d9348a8a5b113138b48fdde reported cstate change: term changed from 0 to 1, leader changed from <none> to 86472ea20d9348a8a5b113138b48fdde (127.26.151.129). New cstate: current_term: 1 leader_uuid: "86472ea20d9348a8a5b113138b48fdde" committed_config { opid_index: -1 OBSOLETE_local: false peers { permanent_uuid: "86472ea20d9348a8a5b113138b48fdde" member_type: VOTER last_known_addr { host: "127.26.151.129" port: 33325 } health_report { overall_health: HEALTHY } } peers { permanent_uuid: "0ccf3848830f4bb9b532dfe8e5974d18" member_type: VOTER last_known_addr { host: "127.26.151.130" port: 35605 } health_report { overall_health: UNKNOWN } } peers { permanent_uuid: "90a8975b4b5345b8892dbb3ef97e5ae0" member_type: VOTER last_known_addr { host: "127.26.151.131" port: 33197 } health_report { overall_health: UNKNOWN } } }
I20260713 09:09:10.428536 28055 tablet_bootstrap.cc:492] T a7a7c056bcd4420b99e9a86e7546724a P 90a8975b4b5345b8892dbb3ef97e5ae0: Bootstrap starting.
I20260713 09:09:10.429800 28082 raft_consensus.cc:2804] T 3414b98fd83d48c7b975d936c238752e P 90a8975b4b5345b8892dbb3ef97e5ae0 [term 1 FOLLOWER]: Leader election won for term 1
I20260713 09:09:10.430375 28082 raft_consensus.cc:697] T 3414b98fd83d48c7b975d936c238752e P 90a8975b4b5345b8892dbb3ef97e5ae0 [term 1 LEADER]: Becoming Leader. State: Replica: 90a8975b4b5345b8892dbb3ef97e5ae0, State: Running, Role: LEADER
I20260713 09:09:10.430714 28057 raft_consensus.cc:359] T fbfff2b40fc742b6ad96c82d7fb545b4 P 0ccf3848830f4bb9b532dfe8e5974d18 [term 0 FOLLOWER]: Replica starting. Triggering 0 pending ops. Active config: opid_index: -1 OBSOLETE_local: false peers { permanent_uuid: "86472ea20d9348a8a5b113138b48fdde" member_type: VOTER last_known_addr { host: "127.26.151.129" port: 33325 } } peers { permanent_uuid: "0ccf3848830f4bb9b532dfe8e5974d18" member_type: VOTER last_known_addr { host: "127.26.151.130" port: 35605 } } peers { permanent_uuid: "90a8975b4b5345b8892dbb3ef97e5ae0" member_type: VOTER last_known_addr { host: "127.26.151.131" port: 33197 } }
I20260713 09:09:10.431480 28057 raft_consensus.cc:385] T fbfff2b40fc742b6ad96c82d7fb545b4 P 0ccf3848830f4bb9b532dfe8e5974d18 [term 0 FOLLOWER]: Consensus starting up: Expiring failure detector timer to make a prompt election more likely
I20260713 09:09:10.431198 28082 consensus_queue.cc:237] T 3414b98fd83d48c7b975d936c238752e P 90a8975b4b5345b8892dbb3ef97e5ae0 [LEADER]: Queue going to LEADER mode. State: All replicated index: 0, Majority replicated index: 0, Committed index: 0, Last appended: 0.0, Last appended by leader: 0, Current term: 1, Majority size: 2, State: 0, Mode: LEADER, active raft config: opid_index: -1 OBSOLETE_local: false peers { permanent_uuid: "86472ea20d9348a8a5b113138b48fdde" member_type: VOTER last_known_addr { host: "127.26.151.129" port: 33325 } } peers { permanent_uuid: "0ccf3848830f4bb9b532dfe8e5974d18" member_type: VOTER last_known_addr { host: "127.26.151.130" port: 35605 } } peers { permanent_uuid: "90a8975b4b5345b8892dbb3ef97e5ae0" member_type: VOTER last_known_addr { host: "127.26.151.131" port: 33197 } }
I20260713 09:09:10.431846 28057 raft_consensus.cc:740] T fbfff2b40fc742b6ad96c82d7fb545b4 P 0ccf3848830f4bb9b532dfe8e5974d18 [term 0 FOLLOWER]: Becoming Follower/Learner. State: Replica: 0ccf3848830f4bb9b532dfe8e5974d18, State: Initialized, Role: FOLLOWER
I20260713 09:09:10.432667 28057 consensus_queue.cc:260] T fbfff2b40fc742b6ad96c82d7fb545b4 P 0ccf3848830f4bb9b532dfe8e5974d18 [NON_LEADER]: Queue going to NON_LEADER mode. State: All replicated index: 0, Majority replicated index: 0, Committed index: 0, Last appended: 0.0, Last appended by leader: 0, Current term: 0, Majority size: -1, State: 0, Mode: NON_LEADER, active raft config: opid_index: -1 OBSOLETE_local: false peers { permanent_uuid: "86472ea20d9348a8a5b113138b48fdde" member_type: VOTER last_known_addr { host: "127.26.151.129" port: 33325 } } peers { permanent_uuid: "0ccf3848830f4bb9b532dfe8e5974d18" member_type: VOTER last_known_addr { host: "127.26.151.130" port: 35605 } } peers { permanent_uuid: "90a8975b4b5345b8892dbb3ef97e5ae0" member_type: VOTER last_known_addr { host: "127.26.151.131" port: 33197 } }
I20260713 09:09:10.434935 28057 ts_tablet_manager.cc:1434] T fbfff2b40fc742b6ad96c82d7fb545b4 P 0ccf3848830f4bb9b532dfe8e5974d18: Time spent starting tablet: real 0.008s	user 0.007s	sys 0.000s
I20260713 09:09:10.436674 28058 tablet_bootstrap.cc:492] T 3414b98fd83d48c7b975d936c238752e P 86472ea20d9348a8a5b113138b48fdde: No bootstrap required, opened a new log
I20260713 09:09:10.435752 28086 leader_election.cc:290] T 7dbf34f081674e1dbcc1f4713a733fd9 P 90a8975b4b5345b8892dbb3ef97e5ae0 [CANDIDATE]: Term 1 election: Requested vote from peers 86472ea20d9348a8a5b113138b48fdde (127.26.151.129:33325), 0ccf3848830f4bb9b532dfe8e5974d18 (127.26.151.130:35605)
I20260713 09:09:10.436721 28057 tablet_bootstrap.cc:492] T a7a7c056bcd4420b99e9a86e7546724a P 0ccf3848830f4bb9b532dfe8e5974d18: Bootstrap starting.
I20260713 09:09:10.437253 28055 tablet_bootstrap.cc:654] T a7a7c056bcd4420b99e9a86e7546724a P 90a8975b4b5345b8892dbb3ef97e5ae0: Neither blocks nor log segments found. Creating new log.
I20260713 09:09:10.444072 28057 tablet_bootstrap.cc:654] T a7a7c056bcd4420b99e9a86e7546724a P 0ccf3848830f4bb9b532dfe8e5974d18: Neither blocks nor log segments found. Creating new log.
I20260713 09:09:10.437266 28058 ts_tablet_manager.cc:1403] T 3414b98fd83d48c7b975d936c238752e P 86472ea20d9348a8a5b113138b48fdde: Time spent bootstrapping tablet: real 0.029s	user 0.012s	sys 0.000s
I20260713 09:09:10.449545 28058 raft_consensus.cc:359] T 3414b98fd83d48c7b975d936c238752e P 86472ea20d9348a8a5b113138b48fdde [term 0 FOLLOWER]: Replica starting. Triggering 0 pending ops. Active config: opid_index: -1 OBSOLETE_local: false peers { permanent_uuid: "86472ea20d9348a8a5b113138b48fdde" member_type: VOTER last_known_addr { host: "127.26.151.129" port: 33325 } } peers { permanent_uuid: "0ccf3848830f4bb9b532dfe8e5974d18" member_type: VOTER last_known_addr { host: "127.26.151.130" port: 35605 } } peers { permanent_uuid: "90a8975b4b5345b8892dbb3ef97e5ae0" member_type: VOTER last_known_addr { host: "127.26.151.131" port: 33197 } }
I20260713 09:09:10.450632 28058 raft_consensus.cc:385] T 3414b98fd83d48c7b975d936c238752e P 86472ea20d9348a8a5b113138b48fdde [term 0 FOLLOWER]: Consensus starting up: Expiring failure detector timer to make a prompt election more likely
I20260713 09:09:10.451020 28058 raft_consensus.cc:740] T 3414b98fd83d48c7b975d936c238752e P 86472ea20d9348a8a5b113138b48fdde [term 0 FOLLOWER]: Becoming Follower/Learner. State: Replica: 86472ea20d9348a8a5b113138b48fdde, State: Initialized, Role: FOLLOWER
I20260713 09:09:10.453918 28058 consensus_queue.cc:260] T 3414b98fd83d48c7b975d936c238752e P 86472ea20d9348a8a5b113138b48fdde [NON_LEADER]: Queue going to NON_LEADER mode. State: All replicated index: 0, Majority replicated index: 0, Committed index: 0, Last appended: 0.0, Last appended by leader: 0, Current term: 0, Majority size: -1, State: 0, Mode: NON_LEADER, active raft config: opid_index: -1 OBSOLETE_local: false peers { permanent_uuid: "86472ea20d9348a8a5b113138b48fdde" member_type: VOTER last_known_addr { host: "127.26.151.129" port: 33325 } } peers { permanent_uuid: "0ccf3848830f4bb9b532dfe8e5974d18" member_type: VOTER last_known_addr { host: "127.26.151.130" port: 35605 } } peers { permanent_uuid: "90a8975b4b5345b8892dbb3ef97e5ae0" member_type: VOTER last_known_addr { host: "127.26.151.131" port: 33197 } }
I20260713 09:09:10.455515 27940 tablet_service.cc:1917] Received RequestConsensusVote() RPC: tablet_id: "7dbf34f081674e1dbcc1f4713a733fd9" candidate_uuid: "90a8975b4b5345b8892dbb3ef97e5ae0" candidate_term: 1 candidate_status { last_received { term: 0 index: 0 } } ignore_live_leader: false dest_uuid: "0ccf3848830f4bb9b532dfe8e5974d18"
I20260713 09:09:10.456143 27940 raft_consensus.cc:3060] T 7dbf34f081674e1dbcc1f4713a733fd9 P 0ccf3848830f4bb9b532dfe8e5974d18 [term 0 FOLLOWER]: Advancing to term 1
I20260713 09:09:10.456459 28079 raft_consensus.cc:493] T 3414b98fd83d48c7b975d936c238752e P 86472ea20d9348a8a5b113138b48fdde [term 0 FOLLOWER]: Starting pre-election (no leader contacted us within the election timeout)
I20260713 09:09:10.456894 28079 raft_consensus.cc:515] T 3414b98fd83d48c7b975d936c238752e P 86472ea20d9348a8a5b113138b48fdde [term 0 FOLLOWER]: Starting pre-election with config: opid_index: -1 OBSOLETE_local: false peers { permanent_uuid: "86472ea20d9348a8a5b113138b48fdde" member_type: VOTER last_known_addr { host: "127.26.151.129" port: 33325 } } peers { permanent_uuid: "0ccf3848830f4bb9b532dfe8e5974d18" member_type: VOTER last_known_addr { host: "127.26.151.130" port: 35605 } } peers { permanent_uuid: "90a8975b4b5345b8892dbb3ef97e5ae0" member_type: VOTER last_known_addr { host: "127.26.151.131" port: 33197 } }
I20260713 09:09:10.461328 28058 ts_tablet_manager.cc:1434] T 3414b98fd83d48c7b975d936c238752e P 86472ea20d9348a8a5b113138b48fdde: Time spent starting tablet: real 0.016s	user 0.008s	sys 0.000s
I20260713 09:09:10.461450 27865 tablet_service.cc:1917] Received RequestConsensusVote() RPC: tablet_id: "7dbf34f081674e1dbcc1f4713a733fd9" candidate_uuid: "90a8975b4b5345b8892dbb3ef97e5ae0" candidate_term: 1 candidate_status { last_received { term: 0 index: 0 } } ignore_live_leader: false dest_uuid: "86472ea20d9348a8a5b113138b48fdde"
I20260713 09:09:10.463267 27865 raft_consensus.cc:3060] T 7dbf34f081674e1dbcc1f4713a733fd9 P 86472ea20d9348a8a5b113138b48fdde [term 0 FOLLOWER]: Advancing to term 1
W20260713 09:09:10.462189 27981 leader_election.cc:343] T 3414b98fd83d48c7b975d936c238752e P 90a8975b4b5345b8892dbb3ef97e5ae0 [CANDIDATE]: Term 1 election: Tablet error from VoteRequest() call to peer 86472ea20d9348a8a5b113138b48fdde (127.26.151.129:33325): Illegal state: must be running to vote when last-logged opid is not known
I20260713 09:09:10.463999 27941 tablet_service.cc:1917] Received RequestConsensusVote() RPC: tablet_id: "3414b98fd83d48c7b975d936c238752e" candidate_uuid: "86472ea20d9348a8a5b113138b48fdde" candidate_term: 1 candidate_status { last_received { term: 0 index: 0 } } ignore_live_leader: false dest_uuid: "0ccf3848830f4bb9b532dfe8e5974d18" is_pre_election: true
I20260713 09:09:10.464475 28079 leader_election.cc:290] T 3414b98fd83d48c7b975d936c238752e P 86472ea20d9348a8a5b113138b48fdde [CANDIDATE]: Term 1 pre-election: Requested pre-vote from peers 0ccf3848830f4bb9b532dfe8e5974d18 (127.26.151.130:35605), 90a8975b4b5345b8892dbb3ef97e5ae0 (127.26.151.131:33197)
I20260713 09:09:10.464787 27941 raft_consensus.cc:2393] T 3414b98fd83d48c7b975d936c238752e P 0ccf3848830f4bb9b532dfe8e5974d18 [term 1 FOLLOWER]: Leader pre-election vote request: Denying vote to candidate 86472ea20d9348a8a5b113138b48fdde in current term 1: Already voted for candidate 90a8975b4b5345b8892dbb3ef97e5ae0 in this term.
I20260713 09:09:10.465090 28015 tablet_service.cc:1917] Received RequestConsensusVote() RPC: tablet_id: "3414b98fd83d48c7b975d936c238752e" candidate_uuid: "86472ea20d9348a8a5b113138b48fdde" candidate_term: 1 candidate_status { last_received { term: 0 index: 0 } } ignore_live_leader: false dest_uuid: "90a8975b4b5345b8892dbb3ef97e5ae0" is_pre_election: true
I20260713 09:09:10.465945 28058 tablet_bootstrap.cc:492] T fbfff2b40fc742b6ad96c82d7fb545b4 P 86472ea20d9348a8a5b113138b48fdde: Bootstrap starting.
I20260713 09:09:10.466853 27829 leader_election.cc:304] T 3414b98fd83d48c7b975d936c238752e P 86472ea20d9348a8a5b113138b48fdde [CANDIDATE]: Term 1 pre-election: Election decided. Result: candidate lost. Election summary: received 3 responses out of 3 voters: 1 yes votes; 2 no votes. yes voters: 86472ea20d9348a8a5b113138b48fdde; no voters: 0ccf3848830f4bb9b532dfe8e5974d18, 90a8975b4b5345b8892dbb3ef97e5ae0
I20260713 09:09:10.467311 27940 raft_consensus.cc:2468] T 7dbf34f081674e1dbcc1f4713a733fd9 P 0ccf3848830f4bb9b532dfe8e5974d18 [term 1 FOLLOWER]: Leader election vote request: Granting yes vote for candidate 90a8975b4b5345b8892dbb3ef97e5ae0 in term 1.
I20260713 09:09:10.458525 27761 catalog_manager.cc:5697] T 97fa694aaf1046eeb0f51653ab74d561 P 90a8975b4b5345b8892dbb3ef97e5ae0 reported cstate change: term changed from 0 to 1, leader changed from <none> to 90a8975b4b5345b8892dbb3ef97e5ae0 (127.26.151.131). New cstate: current_term: 1 leader_uuid: "90a8975b4b5345b8892dbb3ef97e5ae0" committed_config { opid_index: -1 OBSOLETE_local: false peers { permanent_uuid: "86472ea20d9348a8a5b113138b48fdde" member_type: VOTER last_known_addr { host: "127.26.151.129" port: 33325 } health_report { overall_health: UNKNOWN } } peers { permanent_uuid: "0ccf3848830f4bb9b532dfe8e5974d18" member_type: VOTER last_known_addr { host: "127.26.151.130" port: 35605 } health_report { overall_health: UNKNOWN } } peers { permanent_uuid: "90a8975b4b5345b8892dbb3ef97e5ae0" member_type: VOTER last_known_addr { host: "127.26.151.131" port: 33197 } health_report { overall_health: HEALTHY } } }
I20260713 09:09:10.468271 28079 raft_consensus.cc:3060] T 3414b98fd83d48c7b975d936c238752e P 86472ea20d9348a8a5b113138b48fdde [term 0 FOLLOWER]: Advancing to term 1
I20260713 09:09:10.473728 28057 tablet_bootstrap.cc:492] T a7a7c056bcd4420b99e9a86e7546724a P 0ccf3848830f4bb9b532dfe8e5974d18: No bootstrap required, opened a new log
I20260713 09:09:10.474267 28057 ts_tablet_manager.cc:1403] T a7a7c056bcd4420b99e9a86e7546724a P 0ccf3848830f4bb9b532dfe8e5974d18: Time spent bootstrapping tablet: real 0.038s	user 0.021s	sys 0.004s
I20260713 09:09:10.475308 27865 raft_consensus.cc:2468] T 7dbf34f081674e1dbcc1f4713a733fd9 P 86472ea20d9348a8a5b113138b48fdde [term 1 FOLLOWER]: Leader election vote request: Granting yes vote for candidate 90a8975b4b5345b8892dbb3ef97e5ae0 in term 1.
I20260713 09:09:10.477808 27981 leader_election.cc:304] T 7dbf34f081674e1dbcc1f4713a733fd9 P 90a8975b4b5345b8892dbb3ef97e5ae0 [CANDIDATE]: Term 1 election: Election decided. Result: candidate won. Election summary: received 2 responses out of 3 voters: 2 yes votes; 0 no votes. yes voters: 0ccf3848830f4bb9b532dfe8e5974d18, 90a8975b4b5345b8892dbb3ef97e5ae0; no voters: 
I20260713 09:09:10.479509 28089 raft_consensus.cc:2804] T 7dbf34f081674e1dbcc1f4713a733fd9 P 90a8975b4b5345b8892dbb3ef97e5ae0 [term 1 FOLLOWER]: Leader election won for term 1
I20260713 09:09:10.480146 28089 raft_consensus.cc:697] T 7dbf34f081674e1dbcc1f4713a733fd9 P 90a8975b4b5345b8892dbb3ef97e5ae0 [term 1 LEADER]: Becoming Leader. State: Replica: 90a8975b4b5345b8892dbb3ef97e5ae0, State: Running, Role: LEADER
I20260713 09:09:10.481848 28058 tablet_bootstrap.cc:654] T fbfff2b40fc742b6ad96c82d7fb545b4 P 86472ea20d9348a8a5b113138b48fdde: Neither blocks nor log segments found. Creating new log.
I20260713 09:09:10.481046 28089 consensus_queue.cc:237] T 7dbf34f081674e1dbcc1f4713a733fd9 P 90a8975b4b5345b8892dbb3ef97e5ae0 [LEADER]: Queue going to LEADER mode. State: All replicated index: 0, Majority replicated index: 0, Committed index: 0, Last appended: 0.0, Last appended by leader: 0, Current term: 1, Majority size: 2, State: 0, Mode: LEADER, active raft config: opid_index: -1 OBSOLETE_local: false peers { permanent_uuid: "86472ea20d9348a8a5b113138b48fdde" member_type: VOTER last_known_addr { host: "127.26.151.129" port: 33325 } } peers { permanent_uuid: "0ccf3848830f4bb9b532dfe8e5974d18" member_type: VOTER last_known_addr { host: "127.26.151.130" port: 35605 } } peers { permanent_uuid: "90a8975b4b5345b8892dbb3ef97e5ae0" member_type: VOTER last_known_addr { host: "127.26.151.131" port: 33197 } }
I20260713 09:09:10.481171 28079 raft_consensus.cc:2749] T 3414b98fd83d48c7b975d936c238752e P 86472ea20d9348a8a5b113138b48fdde [term 1 FOLLOWER]: Leader pre-election lost for term 1. Reason: could not achieve majority
I20260713 09:09:10.485891 28055 tablet_bootstrap.cc:492] T a7a7c056bcd4420b99e9a86e7546724a P 90a8975b4b5345b8892dbb3ef97e5ae0: No bootstrap required, opened a new log
I20260713 09:09:10.486505 28055 ts_tablet_manager.cc:1403] T a7a7c056bcd4420b99e9a86e7546724a P 90a8975b4b5345b8892dbb3ef97e5ae0: Time spent bootstrapping tablet: real 0.058s	user 0.010s	sys 0.005s
I20260713 09:09:10.485850 28057 raft_consensus.cc:359] T a7a7c056bcd4420b99e9a86e7546724a P 0ccf3848830f4bb9b532dfe8e5974d18 [term 0 FOLLOWER]: Replica starting. Triggering 0 pending ops. Active config: opid_index: -1 OBSOLETE_local: false peers { permanent_uuid: "86472ea20d9348a8a5b113138b48fdde" member_type: VOTER last_known_addr { host: "127.26.151.129" port: 33325 } } peers { permanent_uuid: "0ccf3848830f4bb9b532dfe8e5974d18" member_type: VOTER last_known_addr { host: "127.26.151.130" port: 35605 } } peers { permanent_uuid: "90a8975b4b5345b8892dbb3ef97e5ae0" member_type: VOTER last_known_addr { host: "127.26.151.131" port: 33197 } }
I20260713 09:09:10.488889 28057 raft_consensus.cc:385] T a7a7c056bcd4420b99e9a86e7546724a P 0ccf3848830f4bb9b532dfe8e5974d18 [term 0 FOLLOWER]: Consensus starting up: Expiring failure detector timer to make a prompt election more likely
I20260713 09:09:10.489289 28057 raft_consensus.cc:740] T a7a7c056bcd4420b99e9a86e7546724a P 0ccf3848830f4bb9b532dfe8e5974d18 [term 0 FOLLOWER]: Becoming Follower/Learner. State: Replica: 0ccf3848830f4bb9b532dfe8e5974d18, State: Initialized, Role: FOLLOWER
I20260713 09:09:10.490363 28079 raft_consensus.cc:493] T de9c5d9fa3354267b772035c25fd117d P 86472ea20d9348a8a5b113138b48fdde [term 0 FOLLOWER]: Starting pre-election (no leader contacted us within the election timeout)
I20260713 09:09:10.490681 28055 raft_consensus.cc:359] T a7a7c056bcd4420b99e9a86e7546724a P 90a8975b4b5345b8892dbb3ef97e5ae0 [term 0 FOLLOWER]: Replica starting. Triggering 0 pending ops. Active config: opid_index: -1 OBSOLETE_local: false peers { permanent_uuid: "86472ea20d9348a8a5b113138b48fdde" member_type: VOTER last_known_addr { host: "127.26.151.129" port: 33325 } } peers { permanent_uuid: "0ccf3848830f4bb9b532dfe8e5974d18" member_type: VOTER last_known_addr { host: "127.26.151.130" port: 35605 } } peers { permanent_uuid: "90a8975b4b5345b8892dbb3ef97e5ae0" member_type: VOTER last_known_addr { host: "127.26.151.131" port: 33197 } }
I20260713 09:09:10.490960 28079 raft_consensus.cc:515] T de9c5d9fa3354267b772035c25fd117d P 86472ea20d9348a8a5b113138b48fdde [term 0 FOLLOWER]: Starting pre-election with config: opid_index: -1 OBSOLETE_local: false peers { permanent_uuid: "86472ea20d9348a8a5b113138b48fdde" member_type: VOTER last_known_addr { host: "127.26.151.129" port: 33325 } } peers { permanent_uuid: "0ccf3848830f4bb9b532dfe8e5974d18" member_type: VOTER last_known_addr { host: "127.26.151.130" port: 35605 } } peers { permanent_uuid: "90a8975b4b5345b8892dbb3ef97e5ae0" member_type: VOTER last_known_addr { host: "127.26.151.131" port: 33197 } }
I20260713 09:09:10.491739 28055 raft_consensus.cc:385] T a7a7c056bcd4420b99e9a86e7546724a P 90a8975b4b5345b8892dbb3ef97e5ae0 [term 0 FOLLOWER]: Consensus starting up: Expiring failure detector timer to make a prompt election more likely
I20260713 09:09:10.492169 28055 raft_consensus.cc:740] T a7a7c056bcd4420b99e9a86e7546724a P 90a8975b4b5345b8892dbb3ef97e5ae0 [term 0 FOLLOWER]: Becoming Follower/Learner. State: Replica: 90a8975b4b5345b8892dbb3ef97e5ae0, State: Initialized, Role: FOLLOWER
I20260713 09:09:10.494752 27940 tablet_service.cc:1917] Received RequestConsensusVote() RPC: tablet_id: "de9c5d9fa3354267b772035c25fd117d" candidate_uuid: "86472ea20d9348a8a5b113138b48fdde" candidate_term: 1 candidate_status { last_received { term: 0 index: 0 } } ignore_live_leader: false dest_uuid: "0ccf3848830f4bb9b532dfe8e5974d18" is_pre_election: true
I20260713 09:09:10.495074 28015 tablet_service.cc:1917] Received RequestConsensusVote() RPC: tablet_id: "de9c5d9fa3354267b772035c25fd117d" candidate_uuid: "86472ea20d9348a8a5b113138b48fdde" candidate_term: 1 candidate_status { last_received { term: 0 index: 0 } } ignore_live_leader: false dest_uuid: "90a8975b4b5345b8892dbb3ef97e5ae0" is_pre_election: true
W20260713 09:09:10.496487 27829 leader_election.cc:343] T de9c5d9fa3354267b772035c25fd117d P 86472ea20d9348a8a5b113138b48fdde [CANDIDATE]: Term 1 pre-election: Tablet error from VoteRequest() call to peer 90a8975b4b5345b8892dbb3ef97e5ae0 (127.26.151.131:33197): Illegal state: must be running to vote when last-logged opid is not known
W20260713 09:09:10.497017 27832 leader_election.cc:343] T de9c5d9fa3354267b772035c25fd117d P 86472ea20d9348a8a5b113138b48fdde [CANDIDATE]: Term 1 pre-election: Tablet error from VoteRequest() call to peer 0ccf3848830f4bb9b532dfe8e5974d18 (127.26.151.130:35605): Illegal state: must be running to vote when last-logged opid is not known
I20260713 09:09:10.497334 28057 consensus_queue.cc:260] T a7a7c056bcd4420b99e9a86e7546724a P 0ccf3848830f4bb9b532dfe8e5974d18 [NON_LEADER]: Queue going to NON_LEADER mode. State: All replicated index: 0, Majority replicated index: 0, Committed index: 0, Last appended: 0.0, Last appended by leader: 0, Current term: 0, Majority size: -1, State: 0, Mode: NON_LEADER, active raft config: opid_index: -1 OBSOLETE_local: false peers { permanent_uuid: "86472ea20d9348a8a5b113138b48fdde" member_type: VOTER last_known_addr { host: "127.26.151.129" port: 33325 } } peers { permanent_uuid: "0ccf3848830f4bb9b532dfe8e5974d18" member_type: VOTER last_known_addr { host: "127.26.151.130" port: 35605 } } peers { permanent_uuid: "90a8975b4b5345b8892dbb3ef97e5ae0" member_type: VOTER last_known_addr { host: "127.26.151.131" port: 33197 } }
I20260713 09:09:10.497673 27832 leader_election.cc:304] T de9c5d9fa3354267b772035c25fd117d P 86472ea20d9348a8a5b113138b48fdde [CANDIDATE]: Term 1 pre-election: Election decided. Result: candidate lost. Election summary: received 3 responses out of 3 voters: 1 yes votes; 2 no votes. yes voters: 86472ea20d9348a8a5b113138b48fdde; no voters: 0ccf3848830f4bb9b532dfe8e5974d18, 90a8975b4b5345b8892dbb3ef97e5ae0
I20260713 09:09:10.498762 28065 raft_consensus.cc:2749] T de9c5d9fa3354267b772035c25fd117d P 86472ea20d9348a8a5b113138b48fdde [term 0 FOLLOWER]: Leader pre-election lost for term 1. Reason: could not achieve majority
I20260713 09:09:10.499720 28055 consensus_queue.cc:260] T a7a7c056bcd4420b99e9a86e7546724a P 90a8975b4b5345b8892dbb3ef97e5ae0 [NON_LEADER]: Queue going to NON_LEADER mode. State: All replicated index: 0, Majority replicated index: 0, Committed index: 0, Last appended: 0.0, Last appended by leader: 0, Current term: 0, Majority size: -1, State: 0, Mode: NON_LEADER, active raft config: opid_index: -1 OBSOLETE_local: false peers { permanent_uuid: "86472ea20d9348a8a5b113138b48fdde" member_type: VOTER last_known_addr { host: "127.26.151.129" port: 33325 } } peers { permanent_uuid: "0ccf3848830f4bb9b532dfe8e5974d18" member_type: VOTER last_known_addr { host: "127.26.151.130" port: 35605 } } peers { permanent_uuid: "90a8975b4b5345b8892dbb3ef97e5ae0" member_type: VOTER last_known_addr { host: "127.26.151.131" port: 33197 } }
I20260713 09:09:10.502876 28057 ts_tablet_manager.cc:1434] T a7a7c056bcd4420b99e9a86e7546724a P 0ccf3848830f4bb9b532dfe8e5974d18: Time spent starting tablet: real 0.028s	user 0.008s	sys 0.000s
I20260713 09:09:10.503842 28055 ts_tablet_manager.cc:1434] T a7a7c056bcd4420b99e9a86e7546724a P 90a8975b4b5345b8892dbb3ef97e5ae0: Time spent starting tablet: real 0.017s	user 0.008s	sys 0.001s
I20260713 09:09:10.504068 28057 tablet_bootstrap.cc:492] T de9c5d9fa3354267b772035c25fd117d P 0ccf3848830f4bb9b532dfe8e5974d18: Bootstrap starting.
I20260713 09:09:10.505028 28055 tablet_bootstrap.cc:492] T bb1358f4374d45bc928bc6707377d116 P 90a8975b4b5345b8892dbb3ef97e5ae0: Bootstrap starting.
I20260713 09:09:10.510251 28079 leader_election.cc:290] T de9c5d9fa3354267b772035c25fd117d P 86472ea20d9348a8a5b113138b48fdde [CANDIDATE]: Term 1 pre-election: Requested pre-vote from peers 0ccf3848830f4bb9b532dfe8e5974d18 (127.26.151.130:35605), 90a8975b4b5345b8892dbb3ef97e5ae0 (127.26.151.131:33197)
I20260713 09:09:10.512902 28057 tablet_bootstrap.cc:654] T de9c5d9fa3354267b772035c25fd117d P 0ccf3848830f4bb9b532dfe8e5974d18: Neither blocks nor log segments found. Creating new log.
I20260713 09:09:10.518724 28058 tablet_bootstrap.cc:492] T fbfff2b40fc742b6ad96c82d7fb545b4 P 86472ea20d9348a8a5b113138b48fdde: No bootstrap required, opened a new log
I20260713 09:09:10.519233 28058 ts_tablet_manager.cc:1403] T fbfff2b40fc742b6ad96c82d7fb545b4 P 86472ea20d9348a8a5b113138b48fdde: Time spent bootstrapping tablet: real 0.053s	user 0.022s	sys 0.018s
I20260713 09:09:10.522593 28055 tablet_bootstrap.cc:654] T bb1358f4374d45bc928bc6707377d116 P 90a8975b4b5345b8892dbb3ef97e5ae0: Neither blocks nor log segments found. Creating new log.
I20260713 09:09:10.523132 28057 tablet_bootstrap.cc:492] T de9c5d9fa3354267b772035c25fd117d P 0ccf3848830f4bb9b532dfe8e5974d18: No bootstrap required, opened a new log
I20260713 09:09:10.522644 28058 raft_consensus.cc:359] T fbfff2b40fc742b6ad96c82d7fb545b4 P 86472ea20d9348a8a5b113138b48fdde [term 0 FOLLOWER]: Replica starting. Triggering 0 pending ops. Active config: opid_index: -1 OBSOLETE_local: false peers { permanent_uuid: "86472ea20d9348a8a5b113138b48fdde" member_type: VOTER last_known_addr { host: "127.26.151.129" port: 33325 } } peers { permanent_uuid: "0ccf3848830f4bb9b532dfe8e5974d18" member_type: VOTER last_known_addr { host: "127.26.151.130" port: 35605 } } peers { permanent_uuid: "90a8975b4b5345b8892dbb3ef97e5ae0" member_type: VOTER last_known_addr { host: "127.26.151.131" port: 33197 } }
I20260713 09:09:10.523512 28058 raft_consensus.cc:385] T fbfff2b40fc742b6ad96c82d7fb545b4 P 86472ea20d9348a8a5b113138b48fdde [term 0 FOLLOWER]: Consensus starting up: Expiring failure detector timer to make a prompt election more likely
I20260713 09:09:10.523661 28057 ts_tablet_manager.cc:1403] T de9c5d9fa3354267b772035c25fd117d P 0ccf3848830f4bb9b532dfe8e5974d18: Time spent bootstrapping tablet: real 0.020s	user 0.015s	sys 0.001s
I20260713 09:09:10.523819 28058 raft_consensus.cc:740] T fbfff2b40fc742b6ad96c82d7fb545b4 P 86472ea20d9348a8a5b113138b48fdde [term 0 FOLLOWER]: Becoming Follower/Learner. State: Replica: 86472ea20d9348a8a5b113138b48fdde, State: Initialized, Role: FOLLOWER
I20260713 09:09:10.524755 28058 consensus_queue.cc:260] T fbfff2b40fc742b6ad96c82d7fb545b4 P 86472ea20d9348a8a5b113138b48fdde [NON_LEADER]: Queue going to NON_LEADER mode. State: All replicated index: 0, Majority replicated index: 0, Committed index: 0, Last appended: 0.0, Last appended by leader: 0, Current term: 0, Majority size: -1, State: 0, Mode: NON_LEADER, active raft config: opid_index: -1 OBSOLETE_local: false peers { permanent_uuid: "86472ea20d9348a8a5b113138b48fdde" member_type: VOTER last_known_addr { host: "127.26.151.129" port: 33325 } } peers { permanent_uuid: "0ccf3848830f4bb9b532dfe8e5974d18" member_type: VOTER last_known_addr { host: "127.26.151.130" port: 35605 } } peers { permanent_uuid: "90a8975b4b5345b8892dbb3ef97e5ae0" member_type: VOTER last_known_addr { host: "127.26.151.131" port: 33197 } }
I20260713 09:09:10.526525 28057 raft_consensus.cc:359] T de9c5d9fa3354267b772035c25fd117d P 0ccf3848830f4bb9b532dfe8e5974d18 [term 0 FOLLOWER]: Replica starting. Triggering 0 pending ops. Active config: opid_index: -1 OBSOLETE_local: false peers { permanent_uuid: "86472ea20d9348a8a5b113138b48fdde" member_type: VOTER last_known_addr { host: "127.26.151.129" port: 33325 } } peers { permanent_uuid: "0ccf3848830f4bb9b532dfe8e5974d18" member_type: VOTER last_known_addr { host: "127.26.151.130" port: 35605 } } peers { permanent_uuid: "90a8975b4b5345b8892dbb3ef97e5ae0" member_type: VOTER last_known_addr { host: "127.26.151.131" port: 33197 } }
I20260713 09:09:10.527257 28058 ts_tablet_manager.cc:1434] T fbfff2b40fc742b6ad96c82d7fb545b4 P 86472ea20d9348a8a5b113138b48fdde: Time spent starting tablet: real 0.008s	user 0.005s	sys 0.004s
I20260713 09:09:10.528162 28058 tablet_bootstrap.cc:492] T 97fa694aaf1046eeb0f51653ab74d561 P 86472ea20d9348a8a5b113138b48fdde: Bootstrap starting.
I20260713 09:09:10.527241 28057 raft_consensus.cc:385] T de9c5d9fa3354267b772035c25fd117d P 0ccf3848830f4bb9b532dfe8e5974d18 [term 0 FOLLOWER]: Consensus starting up: Expiring failure detector timer to make a prompt election more likely
I20260713 09:09:10.529870 28057 raft_consensus.cc:740] T de9c5d9fa3354267b772035c25fd117d P 0ccf3848830f4bb9b532dfe8e5974d18 [term 0 FOLLOWER]: Becoming Follower/Learner. State: Replica: 0ccf3848830f4bb9b532dfe8e5974d18, State: Initialized, Role: FOLLOWER
