I20260713 09:09:44.539569 22853 raft_consensus.cc:606] T 6f0228ca95294589be9c65ad3aceeeea P 15442214a69743aca1c3d5323430c0e3 [term 1 LEADER]: Received request to transfer leadership to TS 547a791a1a234ba0887cc5879f6e5611
I20260713 09:09:44.550948 22931 tablet_service.cc:2072] Received LeaderStepDown RPC: tablet_id: "722112e848ff46be8a5f2417696abe88"
dest_uuid: "4ef13779cc654efdbfd722267569e532"
mode: GRACEFUL
new_leader_uuid: "547a791a1a234ba0887cc5879f6e5611"
 from {username='slave'} at 127.0.0.1:53468
I20260713 09:09:44.551589 22931 raft_consensus.cc:606] T 722112e848ff46be8a5f2417696abe88 P 4ef13779cc654efdbfd722267569e532 [term 1 LEADER]: Received request to transfer leadership to TS 547a791a1a234ba0887cc5879f6e5611
I20260713 09:09:44.554613 22853 tablet_service.cc:2072] Received LeaderStepDown RPC: tablet_id: "e5dd823b936c410a89cd73433c550766"
dest_uuid: "15442214a69743aca1c3d5323430c0e3"
mode: GRACEFUL
new_leader_uuid: "547a791a1a234ba0887cc5879f6e5611"
 from {username='slave'} at 127.0.0.1:43954
I20260713 09:09:44.555310 22853 raft_consensus.cc:606] T e5dd823b936c410a89cd73433c550766 P 15442214a69743aca1c3d5323430c0e3 [term 1 LEADER]: Received request to transfer leadership to TS 547a791a1a234ba0887cc5879f6e5611
I20260713 09:09:44.556351 21685 auto_leader_rebalancer.cc:479] table: test-workload, leader rebalance finish, leader transfer count: 5
I20260713 09:09:44.557205 21685 auto_leader_rebalancer.cc:554] All tables' leader rebalancing finished this round
I20260713 09:09:44.620334 23578 raft_consensus.cc:993] T 49bf55b7afae45f9b937998e0ff8bdd0 P 15442214a69743aca1c3d5323430c0e3: : Instructing follower 547a791a1a234ba0887cc5879f6e5611 to start an election
I20260713 09:09:44.620862 23583 raft_consensus.cc:1081] T 49bf55b7afae45f9b937998e0ff8bdd0 P 15442214a69743aca1c3d5323430c0e3 [term 1 LEADER]: Signalling peer 547a791a1a234ba0887cc5879f6e5611 to start an election
I20260713 09:09:44.622270 23207 tablet_service.cc:2044] Received Run Leader Election RPC: tablet_id: "49bf55b7afae45f9b937998e0ff8bdd0"
dest_uuid: "547a791a1a234ba0887cc5879f6e5611"
 from {username='slave'} at 127.0.0.1:51224
I20260713 09:09:44.622843 23207 raft_consensus.cc:493] T 49bf55b7afae45f9b937998e0ff8bdd0 P 547a791a1a234ba0887cc5879f6e5611 [term 1 FOLLOWER]: Starting forced leader election (received explicit request)
I20260713 09:09:44.623251 23207 raft_consensus.cc:3060] T 49bf55b7afae45f9b937998e0ff8bdd0 P 547a791a1a234ba0887cc5879f6e5611 [term 1 FOLLOWER]: Advancing to term 2
I20260713 09:09:44.628327 23207 raft_consensus.cc:515] T 49bf55b7afae45f9b937998e0ff8bdd0 P 547a791a1a234ba0887cc5879f6e5611 [term 2 FOLLOWER]: Starting forced leader election with config: opid_index: 4 OBSOLETE_local: false peers { permanent_uuid: "3e4f02ae20684b1baa35ab50c45a15d3" member_type: VOTER last_known_addr { host: "127.21.45.65" port: 36035 } } peers { permanent_uuid: "15442214a69743aca1c3d5323430c0e3" member_type: VOTER last_known_addr { host: "127.21.45.66" port: 45881 } } peers { permanent_uuid: "547a791a1a234ba0887cc5879f6e5611" member_type: VOTER last_known_addr { host: "127.21.45.68" port: 37421 } attrs { promote: false } }
I20260713 09:09:44.630635 23207 leader_election.cc:290] T 49bf55b7afae45f9b937998e0ff8bdd0 P 547a791a1a234ba0887cc5879f6e5611 [CANDIDATE]: Term 2 election: Requested vote from peers 3e4f02ae20684b1baa35ab50c45a15d3 (127.21.45.65:36035), 15442214a69743aca1c3d5323430c0e3 (127.21.45.66:45881)
I20260713 09:09:44.631238 22782 tablet_service.cc:1917] Received RequestConsensusVote() RPC: tablet_id: "49bf55b7afae45f9b937998e0ff8bdd0" candidate_uuid: "547a791a1a234ba0887cc5879f6e5611" candidate_term: 2 candidate_status { last_received { term: 1 index: 4 } } ignore_live_leader: true dest_uuid: "3e4f02ae20684b1baa35ab50c45a15d3"
I20260713 09:09:44.631732 22853 tablet_service.cc:1917] Received RequestConsensusVote() RPC: tablet_id: "49bf55b7afae45f9b937998e0ff8bdd0" candidate_uuid: "547a791a1a234ba0887cc5879f6e5611" candidate_term: 2 candidate_status { last_received { term: 1 index: 4 } } ignore_live_leader: true dest_uuid: "15442214a69743aca1c3d5323430c0e3"
I20260713 09:09:44.631963 22782 raft_consensus.cc:3060] T 49bf55b7afae45f9b937998e0ff8bdd0 P 3e4f02ae20684b1baa35ab50c45a15d3 [term 1 FOLLOWER]: Advancing to term 2
I20260713 09:09:44.632292 22853 raft_consensus.cc:3055] T 49bf55b7afae45f9b937998e0ff8bdd0 P 15442214a69743aca1c3d5323430c0e3 [term 1 LEADER]: Stepping down as leader of term 1
I20260713 09:09:44.632592 22853 raft_consensus.cc:740] T 49bf55b7afae45f9b937998e0ff8bdd0 P 15442214a69743aca1c3d5323430c0e3 [term 1 LEADER]: Becoming Follower/Learner. State: Replica: 15442214a69743aca1c3d5323430c0e3, State: Running, Role: LEADER
I20260713 09:09:44.633181 22853 consensus_queue.cc:260] T 49bf55b7afae45f9b937998e0ff8bdd0 P 15442214a69743aca1c3d5323430c0e3 [NON_LEADER]: Queue going to NON_LEADER mode. State: All replicated index: 0, Majority replicated index: 4, Committed index: 4, Last appended: 1.4, Last appended by leader: 4, Current term: 1, Majority size: -1, State: 0, Mode: NON_LEADER, active raft config: opid_index: 4 OBSOLETE_local: false peers { permanent_uuid: "3e4f02ae20684b1baa35ab50c45a15d3" member_type: VOTER last_known_addr { host: "127.21.45.65" port: 36035 } } peers { permanent_uuid: "15442214a69743aca1c3d5323430c0e3" member_type: VOTER last_known_addr { host: "127.21.45.66" port: 45881 } } peers { permanent_uuid: "547a791a1a234ba0887cc5879f6e5611" member_type: VOTER last_known_addr { host: "127.21.45.68" port: 37421 } attrs { promote: false } }
I20260713 09:09:44.634064 22853 raft_consensus.cc:3060] T 49bf55b7afae45f9b937998e0ff8bdd0 P 15442214a69743aca1c3d5323430c0e3 [term 1 FOLLOWER]: Advancing to term 2
I20260713 09:09:44.636844 22782 raft_consensus.cc:2468] T 49bf55b7afae45f9b937998e0ff8bdd0 P 3e4f02ae20684b1baa35ab50c45a15d3 [term 2 FOLLOWER]: Leader election vote request: Granting yes vote for candidate 547a791a1a234ba0887cc5879f6e5611 in term 2.
I20260713 09:09:44.638110 23176 leader_election.cc:304] T 49bf55b7afae45f9b937998e0ff8bdd0 P 547a791a1a234ba0887cc5879f6e5611 [CANDIDATE]: Term 2 election: Election decided. Result: candidate won. Election summary: received 2 responses out of 3 voters: 2 yes votes; 0 no votes. yes voters: 3e4f02ae20684b1baa35ab50c45a15d3, 547a791a1a234ba0887cc5879f6e5611; no voters: 
I20260713 09:09:44.638665 22853 raft_consensus.cc:2468] T 49bf55b7afae45f9b937998e0ff8bdd0 P 15442214a69743aca1c3d5323430c0e3 [term 2 FOLLOWER]: Leader election vote request: Granting yes vote for candidate 547a791a1a234ba0887cc5879f6e5611 in term 2.
I20260713 09:09:44.639956 23584 raft_consensus.cc:2804] T 49bf55b7afae45f9b937998e0ff8bdd0 P 547a791a1a234ba0887cc5879f6e5611 [term 2 FOLLOWER]: Leader election won for term 2
I20260713 09:09:44.641274 23584 raft_consensus.cc:697] T 49bf55b7afae45f9b937998e0ff8bdd0 P 547a791a1a234ba0887cc5879f6e5611 [term 2 LEADER]: Becoming Leader. State: Replica: 547a791a1a234ba0887cc5879f6e5611, State: Running, Role: LEADER
I20260713 09:09:44.642128 23584 consensus_queue.cc:237] T 49bf55b7afae45f9b937998e0ff8bdd0 P 547a791a1a234ba0887cc5879f6e5611 [LEADER]: Queue going to LEADER mode. State: All replicated index: 0, Majority replicated index: 4, Committed index: 4, Last appended: 1.4, Last appended by leader: 4, Current term: 2, Majority size: 2, State: 0, Mode: LEADER, active raft config: opid_index: 4 OBSOLETE_local: false peers { permanent_uuid: "3e4f02ae20684b1baa35ab50c45a15d3" member_type: VOTER last_known_addr { host: "127.21.45.65" port: 36035 } } peers { permanent_uuid: "15442214a69743aca1c3d5323430c0e3" member_type: VOTER last_known_addr { host: "127.21.45.66" port: 45881 } } peers { permanent_uuid: "547a791a1a234ba0887cc5879f6e5611" member_type: VOTER last_known_addr { host: "127.21.45.68" port: 37421 } attrs { promote: false } }
I20260713 09:09:44.651440 22680 catalog_manager.cc:5697] T 49bf55b7afae45f9b937998e0ff8bdd0 P 547a791a1a234ba0887cc5879f6e5611 reported cstate change: term changed from 1 to 2, leader changed from 15442214a69743aca1c3d5323430c0e3 (127.21.45.66) to 547a791a1a234ba0887cc5879f6e5611 (127.21.45.68). New cstate: current_term: 2 leader_uuid: "547a791a1a234ba0887cc5879f6e5611" committed_config { opid_index: 4 OBSOLETE_local: false peers { permanent_uuid: "3e4f02ae20684b1baa35ab50c45a15d3" member_type: VOTER last_known_addr { host: "127.21.45.65" port: 36035 } health_report { overall_health: UNKNOWN } } peers { permanent_uuid: "15442214a69743aca1c3d5323430c0e3" member_type: VOTER last_known_addr { host: "127.21.45.66" port: 45881 } health_report { overall_health: UNKNOWN } } peers { permanent_uuid: "547a791a1a234ba0887cc5879f6e5611" member_type: VOTER last_known_addr { host: "127.21.45.68" port: 37421 } attrs { promote: false } health_report { overall_health: HEALTHY } } }
I20260713 09:09:44.739625 23578 raft_consensus.cc:993] T 47a339f6315d4bfe91c94cdd24fca8fe P 15442214a69743aca1c3d5323430c0e3: : Instructing follower 3e4f02ae20684b1baa35ab50c45a15d3 to start an election
I20260713 09:09:44.740110 23578 raft_consensus.cc:1081] T 47a339f6315d4bfe91c94cdd24fca8fe P 15442214a69743aca1c3d5323430c0e3 [term 1 LEADER]: Signalling peer 3e4f02ae20684b1baa35ab50c45a15d3 to start an election
I20260713 09:09:44.741910 22779 tablet_service.cc:2044] Received Run Leader Election RPC: tablet_id: "47a339f6315d4bfe91c94cdd24fca8fe"
dest_uuid: "3e4f02ae20684b1baa35ab50c45a15d3"
 from {username='slave'} at 127.0.0.1:58552
I20260713 09:09:44.742421 22779 raft_consensus.cc:493] T 47a339f6315d4bfe91c94cdd24fca8fe P 3e4f02ae20684b1baa35ab50c45a15d3 [term 1 FOLLOWER]: Starting forced leader election (received explicit request)
I20260713 09:09:44.742797 22779 raft_consensus.cc:3060] T 47a339f6315d4bfe91c94cdd24fca8fe P 3e4f02ae20684b1baa35ab50c45a15d3 [term 1 FOLLOWER]: Advancing to term 2
I20260713 09:09:44.749908 22779 raft_consensus.cc:515] T 47a339f6315d4bfe91c94cdd24fca8fe P 3e4f02ae20684b1baa35ab50c45a15d3 [term 2 FOLLOWER]: Starting forced leader election with config: opid_index: -1 OBSOLETE_local: false peers { permanent_uuid: "3e4f02ae20684b1baa35ab50c45a15d3" member_type: VOTER last_known_addr { host: "127.21.45.65" port: 36035 } } peers { permanent_uuid: "15442214a69743aca1c3d5323430c0e3" member_type: VOTER last_known_addr { host: "127.21.45.66" port: 45881 } } peers { permanent_uuid: "4ef13779cc654efdbfd722267569e532" member_type: VOTER last_known_addr { host: "127.21.45.67" port: 44967 } }
I20260713 09:09:44.752187 22779 leader_election.cc:290] T 47a339f6315d4bfe91c94cdd24fca8fe P 3e4f02ae20684b1baa35ab50c45a15d3 [CANDIDATE]: Term 2 election: Requested vote from peers 15442214a69743aca1c3d5323430c0e3 (127.21.45.66:45881), 4ef13779cc654efdbfd722267569e532 (127.21.45.67:44967)
I20260713 09:09:44.752898 22853 tablet_service.cc:1917] Received RequestConsensusVote() RPC: tablet_id: "47a339f6315d4bfe91c94cdd24fca8fe" candidate_uuid: "3e4f02ae20684b1baa35ab50c45a15d3" candidate_term: 2 candidate_status { last_received { term: 1 index: 1 } } ignore_live_leader: true dest_uuid: "15442214a69743aca1c3d5323430c0e3"
I20260713 09:09:44.753008 22931 tablet_service.cc:1917] Received RequestConsensusVote() RPC: tablet_id: "47a339f6315d4bfe91c94cdd24fca8fe" candidate_uuid: "3e4f02ae20684b1baa35ab50c45a15d3" candidate_term: 2 candidate_status { last_received { term: 1 index: 1 } } ignore_live_leader: true dest_uuid: "4ef13779cc654efdbfd722267569e532"
I20260713 09:09:44.753568 22853 raft_consensus.cc:3055] T 47a339f6315d4bfe91c94cdd24fca8fe P 15442214a69743aca1c3d5323430c0e3 [term 1 LEADER]: Stepping down as leader of term 1
I20260713 09:09:44.754081 22853 raft_consensus.cc:740] T 47a339f6315d4bfe91c94cdd24fca8fe P 15442214a69743aca1c3d5323430c0e3 [term 1 LEADER]: Becoming Follower/Learner. State: Replica: 15442214a69743aca1c3d5323430c0e3, State: Running, Role: LEADER
I20260713 09:09:44.753638 22931 raft_consensus.cc:3060] T 47a339f6315d4bfe91c94cdd24fca8fe P 4ef13779cc654efdbfd722267569e532 [term 1 FOLLOWER]: Advancing to term 2
I20260713 09:09:44.755167 22853 consensus_queue.cc:260] T 47a339f6315d4bfe91c94cdd24fca8fe P 15442214a69743aca1c3d5323430c0e3 [NON_LEADER]: Queue going to NON_LEADER mode. State: All replicated index: 0, Majority replicated index: 1, Committed index: 1, Last appended: 1.1, Last appended by leader: 1, Current term: 1, Majority size: -1, State: 0, Mode: NON_LEADER, active raft config: opid_index: -1 OBSOLETE_local: false peers { permanent_uuid: "3e4f02ae20684b1baa35ab50c45a15d3" member_type: VOTER last_known_addr { host: "127.21.45.65" port: 36035 } } peers { permanent_uuid: "15442214a69743aca1c3d5323430c0e3" member_type: VOTER last_known_addr { host: "127.21.45.66" port: 45881 } } peers { permanent_uuid: "4ef13779cc654efdbfd722267569e532" member_type: VOTER last_known_addr { host: "127.21.45.67" port: 44967 } }
I20260713 09:09:44.756106 22853 raft_consensus.cc:3060] T 47a339f6315d4bfe91c94cdd24fca8fe P 15442214a69743aca1c3d5323430c0e3 [term 1 FOLLOWER]: Advancing to term 2
I20260713 09:09:44.759200 22931 raft_consensus.cc:2468] T 47a339f6315d4bfe91c94cdd24fca8fe P 4ef13779cc654efdbfd722267569e532 [term 2 FOLLOWER]: Leader election vote request: Granting yes vote for candidate 3e4f02ae20684b1baa35ab50c45a15d3 in term 2.
I20260713 09:09:44.760663 22853 raft_consensus.cc:2468] T 47a339f6315d4bfe91c94cdd24fca8fe P 15442214a69743aca1c3d5323430c0e3 [term 2 FOLLOWER]: Leader election vote request: Granting yes vote for candidate 3e4f02ae20684b1baa35ab50c45a15d3 in term 2.
I20260713 09:09:44.761147 22748 leader_election.cc:304] T 47a339f6315d4bfe91c94cdd24fca8fe P 3e4f02ae20684b1baa35ab50c45a15d3 [CANDIDATE]: Term 2 election: Election decided. Result: candidate won. Election summary: received 2 responses out of 3 voters: 2 yes votes; 0 no votes. yes voters: 3e4f02ae20684b1baa35ab50c45a15d3, 4ef13779cc654efdbfd722267569e532; no voters: 
I20260713 09:09:44.761884 23524 raft_consensus.cc:2804] T 47a339f6315d4bfe91c94cdd24fca8fe P 3e4f02ae20684b1baa35ab50c45a15d3 [term 2 FOLLOWER]: Leader election won for term 2
I20260713 09:09:44.763897 23524 raft_consensus.cc:697] T 47a339f6315d4bfe91c94cdd24fca8fe P 3e4f02ae20684b1baa35ab50c45a15d3 [term 2 LEADER]: Becoming Leader. State: Replica: 3e4f02ae20684b1baa35ab50c45a15d3, State: Running, Role: LEADER
I20260713 09:09:44.764741 23524 consensus_queue.cc:237] T 47a339f6315d4bfe91c94cdd24fca8fe P 3e4f02ae20684b1baa35ab50c45a15d3 [LEADER]: Queue going to LEADER mode. State: All replicated index: 0, Majority replicated index: 1, Committed index: 1, Last appended: 1.1, Last appended by leader: 1, Current term: 2, Majority size: 2, State: 0, Mode: LEADER, active raft config: opid_index: -1 OBSOLETE_local: false peers { permanent_uuid: "3e4f02ae20684b1baa35ab50c45a15d3" member_type: VOTER last_known_addr { host: "127.21.45.65" port: 36035 } } peers { permanent_uuid: "15442214a69743aca1c3d5323430c0e3" member_type: VOTER last_known_addr { host: "127.21.45.66" port: 45881 } } peers { permanent_uuid: "4ef13779cc654efdbfd722267569e532" member_type: VOTER last_known_addr { host: "127.21.45.67" port: 44967 } }
I20260713 09:09:44.772657 22680 catalog_manager.cc:5697] T 47a339f6315d4bfe91c94cdd24fca8fe P 3e4f02ae20684b1baa35ab50c45a15d3 reported cstate change: term changed from 1 to 2, leader changed from 15442214a69743aca1c3d5323430c0e3 (127.21.45.66) to 3e4f02ae20684b1baa35ab50c45a15d3 (127.21.45.65). New cstate: current_term: 2 leader_uuid: "3e4f02ae20684b1baa35ab50c45a15d3" committed_config { opid_index: -1 OBSOLETE_local: false peers { permanent_uuid: "3e4f02ae20684b1baa35ab50c45a15d3" member_type: VOTER last_known_addr { host: "127.21.45.65" port: 36035 } health_report { overall_health: HEALTHY } } peers { permanent_uuid: "15442214a69743aca1c3d5323430c0e3" member_type: VOTER last_known_addr { host: "127.21.45.66" port: 45881 } health_report { overall_health: UNKNOWN } } peers { permanent_uuid: "4ef13779cc654efdbfd722267569e532" member_type: VOTER last_known_addr { host: "127.21.45.67" port: 44967 } health_report { overall_health: UNKNOWN } } }
I20260713 09:09:44.859656 23579 raft_consensus.cc:993] T 722112e848ff46be8a5f2417696abe88 P 4ef13779cc654efdbfd722267569e532: : Instructing follower 547a791a1a234ba0887cc5879f6e5611 to start an election
I20260713 09:09:44.860212 23570 raft_consensus.cc:1081] T 722112e848ff46be8a5f2417696abe88 P 4ef13779cc654efdbfd722267569e532 [term 1 LEADER]: Signalling peer 547a791a1a234ba0887cc5879f6e5611 to start an election
I20260713 09:09:44.862066 23207 tablet_service.cc:2044] Received Run Leader Election RPC: tablet_id: "722112e848ff46be8a5f2417696abe88"
dest_uuid: "547a791a1a234ba0887cc5879f6e5611"
 from {username='slave'} at 127.0.0.1:51238
I20260713 09:09:44.862504 23207 raft_consensus.cc:493] T 722112e848ff46be8a5f2417696abe88 P 547a791a1a234ba0887cc5879f6e5611 [term 1 FOLLOWER]: Starting forced leader election (received explicit request)
I20260713 09:09:44.862753 23207 raft_consensus.cc:3060] T 722112e848ff46be8a5f2417696abe88 P 547a791a1a234ba0887cc5879f6e5611 [term 1 FOLLOWER]: Advancing to term 2
I20260713 09:09:44.867575 23207 raft_consensus.cc:515] T 722112e848ff46be8a5f2417696abe88 P 547a791a1a234ba0887cc5879f6e5611 [term 2 FOLLOWER]: Starting forced leader election with config: opid_index: 4 OBSOLETE_local: false peers { permanent_uuid: "15442214a69743aca1c3d5323430c0e3" member_type: VOTER last_known_addr { host: "127.21.45.66" port: 45881 } } peers { permanent_uuid: "4ef13779cc654efdbfd722267569e532" member_type: VOTER last_known_addr { host: "127.21.45.67" port: 44967 } } peers { permanent_uuid: "547a791a1a234ba0887cc5879f6e5611" member_type: VOTER last_known_addr { host: "127.21.45.68" port: 37421 } attrs { promote: false } }
I20260713 09:09:44.869858 23207 leader_election.cc:290] T 722112e848ff46be8a5f2417696abe88 P 547a791a1a234ba0887cc5879f6e5611 [CANDIDATE]: Term 2 election: Requested vote from peers 15442214a69743aca1c3d5323430c0e3 (127.21.45.66:45881), 4ef13779cc654efdbfd722267569e532 (127.21.45.67:44967)
I20260713 09:09:44.870698 22853 tablet_service.cc:1917] Received RequestConsensusVote() RPC: tablet_id: "722112e848ff46be8a5f2417696abe88" candidate_uuid: "547a791a1a234ba0887cc5879f6e5611" candidate_term: 2 candidate_status { last_received { term: 1 index: 4 } } ignore_live_leader: true dest_uuid: "15442214a69743aca1c3d5323430c0e3"
I20260713 09:09:44.871065 22931 tablet_service.cc:1917] Received RequestConsensusVote() RPC: tablet_id: "722112e848ff46be8a5f2417696abe88" candidate_uuid: "547a791a1a234ba0887cc5879f6e5611" candidate_term: 2 candidate_status { last_received { term: 1 index: 4 } } ignore_live_leader: true dest_uuid: "4ef13779cc654efdbfd722267569e532"
I20260713 09:09:44.871364 22853 raft_consensus.cc:3060] T 722112e848ff46be8a5f2417696abe88 P 15442214a69743aca1c3d5323430c0e3 [term 1 FOLLOWER]: Advancing to term 2
I20260713 09:09:44.871673 22931 raft_consensus.cc:3055] T 722112e848ff46be8a5f2417696abe88 P 4ef13779cc654efdbfd722267569e532 [term 1 LEADER]: Stepping down as leader of term 1
I20260713 09:09:44.872031 22931 raft_consensus.cc:740] T 722112e848ff46be8a5f2417696abe88 P 4ef13779cc654efdbfd722267569e532 [term 1 LEADER]: Becoming Follower/Learner. State: Replica: 4ef13779cc654efdbfd722267569e532, State: Running, Role: LEADER
I20260713 09:09:44.872792 22931 consensus_queue.cc:260] T 722112e848ff46be8a5f2417696abe88 P 4ef13779cc654efdbfd722267569e532 [NON_LEADER]: Queue going to NON_LEADER mode. State: All replicated index: 0, Majority replicated index: 4, Committed index: 4, Last appended: 1.4, Last appended by leader: 4, Current term: 1, Majority size: -1, State: 0, Mode: NON_LEADER, active raft config: opid_index: 4 OBSOLETE_local: false peers { permanent_uuid: "15442214a69743aca1c3d5323430c0e3" member_type: VOTER last_known_addr { host: "127.21.45.66" port: 45881 } } peers { permanent_uuid: "4ef13779cc654efdbfd722267569e532" member_type: VOTER last_known_addr { host: "127.21.45.67" port: 44967 } } peers { permanent_uuid: "547a791a1a234ba0887cc5879f6e5611" member_type: VOTER last_known_addr { host: "127.21.45.68" port: 37421 } attrs { promote: false } }
I20260713 09:09:44.873936 22931 raft_consensus.cc:3060] T 722112e848ff46be8a5f2417696abe88 P 4ef13779cc654efdbfd722267569e532 [term 1 FOLLOWER]: Advancing to term 2
I20260713 09:09:44.876250 22853 raft_consensus.cc:2468] T 722112e848ff46be8a5f2417696abe88 P 15442214a69743aca1c3d5323430c0e3 [term 2 FOLLOWER]: Leader election vote request: Granting yes vote for candidate 547a791a1a234ba0887cc5879f6e5611 in term 2.
I20260713 09:09:44.877344 23170 leader_election.cc:304] T 722112e848ff46be8a5f2417696abe88 P 547a791a1a234ba0887cc5879f6e5611 [CANDIDATE]: Term 2 election: Election decided. Result: candidate won. Election summary: received 2 responses out of 3 voters: 2 yes votes; 0 no votes. yes voters: 15442214a69743aca1c3d5323430c0e3, 547a791a1a234ba0887cc5879f6e5611; no voters: 
I20260713 09:09:44.878036 23584 raft_consensus.cc:2804] T 722112e848ff46be8a5f2417696abe88 P 547a791a1a234ba0887cc5879f6e5611 [term 2 FOLLOWER]: Leader election won for term 2
I20260713 09:09:44.878398 22931 raft_consensus.cc:2468] T 722112e848ff46be8a5f2417696abe88 P 4ef13779cc654efdbfd722267569e532 [term 2 FOLLOWER]: Leader election vote request: Granting yes vote for candidate 547a791a1a234ba0887cc5879f6e5611 in term 2.
I20260713 09:09:44.878527 23584 raft_consensus.cc:697] T 722112e848ff46be8a5f2417696abe88 P 547a791a1a234ba0887cc5879f6e5611 [term 2 LEADER]: Becoming Leader. State: Replica: 547a791a1a234ba0887cc5879f6e5611, State: Running, Role: LEADER
I20260713 09:09:44.879864 23584 consensus_queue.cc:237] T 722112e848ff46be8a5f2417696abe88 P 547a791a1a234ba0887cc5879f6e5611 [LEADER]: Queue going to LEADER mode. State: All replicated index: 0, Majority replicated index: 4, Committed index: 4, Last appended: 1.4, Last appended by leader: 4, Current term: 2, Majority size: 2, State: 0, Mode: LEADER, active raft config: opid_index: 4 OBSOLETE_local: false peers { permanent_uuid: "15442214a69743aca1c3d5323430c0e3" member_type: VOTER last_known_addr { host: "127.21.45.66" port: 45881 } } peers { permanent_uuid: "4ef13779cc654efdbfd722267569e532" member_type: VOTER last_known_addr { host: "127.21.45.67" port: 44967 } } peers { permanent_uuid: "547a791a1a234ba0887cc5879f6e5611" member_type: VOTER last_known_addr { host: "127.21.45.68" port: 37421 } attrs { promote: false } }
I20260713 09:09:44.889679 22680 catalog_manager.cc:5697] T 722112e848ff46be8a5f2417696abe88 P 547a791a1a234ba0887cc5879f6e5611 reported cstate change: term changed from 1 to 2, leader changed from 4ef13779cc654efdbfd722267569e532 (127.21.45.67) to 547a791a1a234ba0887cc5879f6e5611 (127.21.45.68). New cstate: current_term: 2 leader_uuid: "547a791a1a234ba0887cc5879f6e5611" committed_config { opid_index: 4 OBSOLETE_local: false peers { permanent_uuid: "15442214a69743aca1c3d5323430c0e3" member_type: VOTER last_known_addr { host: "127.21.45.66" port: 45881 } health_report { overall_health: UNKNOWN } } peers { permanent_uuid: "4ef13779cc654efdbfd722267569e532" member_type: VOTER last_known_addr { host: "127.21.45.67" port: 44967 } health_report { overall_health: UNKNOWN } } peers { permanent_uuid: "547a791a1a234ba0887cc5879f6e5611" member_type: VOTER last_known_addr { host: "127.21.45.68" port: 37421 } attrs { promote: false } health_report { overall_health: HEALTHY } } }
I20260713 09:09:44.926651 23583 raft_consensus.cc:993] T 6f0228ca95294589be9c65ad3aceeeea P 15442214a69743aca1c3d5323430c0e3: : Instructing follower 547a791a1a234ba0887cc5879f6e5611 to start an election
I20260713 09:09:44.927196 23578 raft_consensus.cc:1081] T 6f0228ca95294589be9c65ad3aceeeea P 15442214a69743aca1c3d5323430c0e3 [term 1 LEADER]: Signalling peer 547a791a1a234ba0887cc5879f6e5611 to start an election
I20260713 09:09:44.928727 23206 tablet_service.cc:2044] Received Run Leader Election RPC: tablet_id: "6f0228ca95294589be9c65ad3aceeeea"
dest_uuid: "547a791a1a234ba0887cc5879f6e5611"
 from {username='slave'} at 127.0.0.1:51224
I20260713 09:09:44.929230 23206 raft_consensus.cc:493] T 6f0228ca95294589be9c65ad3aceeeea P 547a791a1a234ba0887cc5879f6e5611 [term 1 FOLLOWER]: Starting forced leader election (received explicit request)
I20260713 09:09:44.929535 23206 raft_consensus.cc:3060] T 6f0228ca95294589be9c65ad3aceeeea P 547a791a1a234ba0887cc5879f6e5611 [term 1 FOLLOWER]: Advancing to term 2
I20260713 09:09:44.934434 23206 raft_consensus.cc:515] T 6f0228ca95294589be9c65ad3aceeeea P 547a791a1a234ba0887cc5879f6e5611 [term 2 FOLLOWER]: Starting forced leader election with config: opid_index: 4 OBSOLETE_local: false peers { permanent_uuid: "3e4f02ae20684b1baa35ab50c45a15d3" member_type: VOTER last_known_addr { host: "127.21.45.65" port: 36035 } } peers { permanent_uuid: "15442214a69743aca1c3d5323430c0e3" member_type: VOTER last_known_addr { host: "127.21.45.66" port: 45881 } } peers { permanent_uuid: "547a791a1a234ba0887cc5879f6e5611" member_type: VOTER last_known_addr { host: "127.21.45.68" port: 37421 } attrs { promote: false } }
I20260713 09:09:44.936539 23206 leader_election.cc:290] T 6f0228ca95294589be9c65ad3aceeeea P 547a791a1a234ba0887cc5879f6e5611 [CANDIDATE]: Term 2 election: Requested vote from peers 3e4f02ae20684b1baa35ab50c45a15d3 (127.21.45.65:36035), 15442214a69743aca1c3d5323430c0e3 (127.21.45.66:45881)
I20260713 09:09:44.937294 22779 tablet_service.cc:1917] Received RequestConsensusVote() RPC: tablet_id: "6f0228ca95294589be9c65ad3aceeeea" candidate_uuid: "547a791a1a234ba0887cc5879f6e5611" candidate_term: 2 candidate_status { last_received { term: 1 index: 4 } } ignore_live_leader: true dest_uuid: "3e4f02ae20684b1baa35ab50c45a15d3"
I20260713 09:09:44.937458 22853 tablet_service.cc:1917] Received RequestConsensusVote() RPC: tablet_id: "6f0228ca95294589be9c65ad3aceeeea" candidate_uuid: "547a791a1a234ba0887cc5879f6e5611" candidate_term: 2 candidate_status { last_received { term: 1 index: 4 } } ignore_live_leader: true dest_uuid: "15442214a69743aca1c3d5323430c0e3"
I20260713 09:09:44.937916 22779 raft_consensus.cc:3060] T 6f0228ca95294589be9c65ad3aceeeea P 3e4f02ae20684b1baa35ab50c45a15d3 [term 1 FOLLOWER]: Advancing to term 2
I20260713 09:09:44.937992 22853 raft_consensus.cc:3055] T 6f0228ca95294589be9c65ad3aceeeea P 15442214a69743aca1c3d5323430c0e3 [term 1 LEADER]: Stepping down as leader of term 1
I20260713 09:09:44.938354 22853 raft_consensus.cc:740] T 6f0228ca95294589be9c65ad3aceeeea P 15442214a69743aca1c3d5323430c0e3 [term 1 LEADER]: Becoming Follower/Learner. State: Replica: 15442214a69743aca1c3d5323430c0e3, State: Running, Role: LEADER
I20260713 09:09:44.939028 22853 consensus_queue.cc:260] T 6f0228ca95294589be9c65ad3aceeeea P 15442214a69743aca1c3d5323430c0e3 [NON_LEADER]: Queue going to NON_LEADER mode. State: All replicated index: 0, Majority replicated index: 4, Committed index: 4, Last appended: 1.4, Last appended by leader: 4, Current term: 1, Majority size: -1, State: 0, Mode: NON_LEADER, active raft config: opid_index: 4 OBSOLETE_local: false peers { permanent_uuid: "3e4f02ae20684b1baa35ab50c45a15d3" member_type: VOTER last_known_addr { host: "127.21.45.65" port: 36035 } } peers { permanent_uuid: "15442214a69743aca1c3d5323430c0e3" member_type: VOTER last_known_addr { host: "127.21.45.66" port: 45881 } } peers { permanent_uuid: "547a791a1a234ba0887cc5879f6e5611" member_type: VOTER last_known_addr { host: "127.21.45.68" port: 37421 } attrs { promote: false } }
I20260713 09:09:44.939971 22853 raft_consensus.cc:3060] T 6f0228ca95294589be9c65ad3aceeeea P 15442214a69743aca1c3d5323430c0e3 [term 1 FOLLOWER]: Advancing to term 2
I20260713 09:09:44.943480 22779 raft_consensus.cc:2468] T 6f0228ca95294589be9c65ad3aceeeea P 3e4f02ae20684b1baa35ab50c45a15d3 [term 2 FOLLOWER]: Leader election vote request: Granting yes vote for candidate 547a791a1a234ba0887cc5879f6e5611 in term 2.
I20260713 09:09:44.944491 23176 leader_election.cc:304] T 6f0228ca95294589be9c65ad3aceeeea P 547a791a1a234ba0887cc5879f6e5611 [CANDIDATE]: Term 2 election: Election decided. Result: candidate won. Election summary: received 2 responses out of 3 voters: 2 yes votes; 0 no votes. yes voters: 3e4f02ae20684b1baa35ab50c45a15d3, 547a791a1a234ba0887cc5879f6e5611; no voters: 
I20260713 09:09:44.944849 22853 raft_consensus.cc:2468] T 6f0228ca95294589be9c65ad3aceeeea P 15442214a69743aca1c3d5323430c0e3 [term 2 FOLLOWER]: Leader election vote request: Granting yes vote for candidate 547a791a1a234ba0887cc5879f6e5611 in term 2.
I20260713 09:09:44.945182 23584 raft_consensus.cc:2804] T 6f0228ca95294589be9c65ad3aceeeea P 547a791a1a234ba0887cc5879f6e5611 [term 2 FOLLOWER]: Leader election won for term 2
I20260713 09:09:44.945644 23584 raft_consensus.cc:697] T 6f0228ca95294589be9c65ad3aceeeea P 547a791a1a234ba0887cc5879f6e5611 [term 2 LEADER]: Becoming Leader. State: Replica: 547a791a1a234ba0887cc5879f6e5611, State: Running, Role: LEADER
I20260713 09:09:44.946389 23584 consensus_queue.cc:237] T 6f0228ca95294589be9c65ad3aceeeea P 547a791a1a234ba0887cc5879f6e5611 [LEADER]: Queue going to LEADER mode. State: All replicated index: 0, Majority replicated index: 4, Committed index: 4, Last appended: 1.4, Last appended by leader: 4, Current term: 2, Majority size: 2, State: 0, Mode: LEADER, active raft config: opid_index: 4 OBSOLETE_local: false peers { permanent_uuid: "3e4f02ae20684b1baa35ab50c45a15d3" member_type: VOTER last_known_addr { host: "127.21.45.65" port: 36035 } } peers { permanent_uuid: "15442214a69743aca1c3d5323430c0e3" member_type: VOTER last_known_addr { host: "127.21.45.66" port: 45881 } } peers { permanent_uuid: "547a791a1a234ba0887cc5879f6e5611" member_type: VOTER last_known_addr { host: "127.21.45.68" port: 37421 } attrs { promote: false } }
I20260713 09:09:44.953699 22680 catalog_manager.cc:5697] T 6f0228ca95294589be9c65ad3aceeeea P 547a791a1a234ba0887cc5879f6e5611 reported cstate change: term changed from 1 to 2, leader changed from 15442214a69743aca1c3d5323430c0e3 (127.21.45.66) to 547a791a1a234ba0887cc5879f6e5611 (127.21.45.68). New cstate: current_term: 2 leader_uuid: "547a791a1a234ba0887cc5879f6e5611" committed_config { opid_index: 4 OBSOLETE_local: false peers { permanent_uuid: "3e4f02ae20684b1baa35ab50c45a15d3" member_type: VOTER last_known_addr { host: "127.21.45.65" port: 36035 } health_report { overall_health: UNKNOWN } } peers { permanent_uuid: "15442214a69743aca1c3d5323430c0e3" member_type: VOTER last_known_addr { host: "127.21.45.66" port: 45881 } health_report { overall_health: UNKNOWN } } peers { permanent_uuid: "547a791a1a234ba0887cc5879f6e5611" member_type: VOTER last_known_addr { host: "127.21.45.68" port: 37421 } attrs { promote: false } health_report { overall_health: HEALTHY } } }
I20260713 09:09:44.972378 23583 raft_consensus.cc:993] T e5dd823b936c410a89cd73433c550766 P 15442214a69743aca1c3d5323430c0e3: : Instructing follower 547a791a1a234ba0887cc5879f6e5611 to start an election
I20260713 09:09:44.972846 23578 raft_consensus.cc:1081] T e5dd823b936c410a89cd73433c550766 P 15442214a69743aca1c3d5323430c0e3 [term 1 LEADER]: Signalling peer 547a791a1a234ba0887cc5879f6e5611 to start an election
I20260713 09:09:44.974332 23206 tablet_service.cc:2044] Received Run Leader Election RPC: tablet_id: "e5dd823b936c410a89cd73433c550766"
dest_uuid: "547a791a1a234ba0887cc5879f6e5611"
 from {username='slave'} at 127.0.0.1:51224
I20260713 09:09:44.974835 23206 raft_consensus.cc:493] T e5dd823b936c410a89cd73433c550766 P 547a791a1a234ba0887cc5879f6e5611 [term 1 FOLLOWER]: Starting forced leader election (received explicit request)
I20260713 09:09:44.975313 23206 raft_consensus.cc:3060] T e5dd823b936c410a89cd73433c550766 P 547a791a1a234ba0887cc5879f6e5611 [term 1 FOLLOWER]: Advancing to term 2
I20260713 09:09:44.980077 23206 raft_consensus.cc:515] T e5dd823b936c410a89cd73433c550766 P 547a791a1a234ba0887cc5879f6e5611 [term 2 FOLLOWER]: Starting forced leader election with config: opid_index: 4 OBSOLETE_local: false peers { permanent_uuid: "15442214a69743aca1c3d5323430c0e3" member_type: VOTER last_known_addr { host: "127.21.45.66" port: 45881 } } peers { permanent_uuid: "4ef13779cc654efdbfd722267569e532" member_type: VOTER last_known_addr { host: "127.21.45.67" port: 44967 } } peers { permanent_uuid: "547a791a1a234ba0887cc5879f6e5611" member_type: VOTER last_known_addr { host: "127.21.45.68" port: 37421 } attrs { promote: false } }
I20260713 09:09:44.981799 23206 leader_election.cc:290] T e5dd823b936c410a89cd73433c550766 P 547a791a1a234ba0887cc5879f6e5611 [CANDIDATE]: Term 2 election: Requested vote from peers 15442214a69743aca1c3d5323430c0e3 (127.21.45.66:45881), 4ef13779cc654efdbfd722267569e532 (127.21.45.67:44967)
I20260713 09:09:44.982579 22853 tablet_service.cc:1917] Received RequestConsensusVote() RPC: tablet_id: "e5dd823b936c410a89cd73433c550766" candidate_uuid: "547a791a1a234ba0887cc5879f6e5611" candidate_term: 2 candidate_status { last_received { term: 1 index: 4 } } ignore_live_leader: true dest_uuid: "15442214a69743aca1c3d5323430c0e3"
I20260713 09:09:44.982786 22931 tablet_service.cc:1917] Received RequestConsensusVote() RPC: tablet_id: "e5dd823b936c410a89cd73433c550766" candidate_uuid: "547a791a1a234ba0887cc5879f6e5611" candidate_term: 2 candidate_status { last_received { term: 1 index: 4 } } ignore_live_leader: true dest_uuid: "4ef13779cc654efdbfd722267569e532"
I20260713 09:09:44.983103 22853 raft_consensus.cc:3055] T e5dd823b936c410a89cd73433c550766 P 15442214a69743aca1c3d5323430c0e3 [term 1 LEADER]: Stepping down as leader of term 1
I20260713 09:09:44.983423 22853 raft_consensus.cc:740] T e5dd823b936c410a89cd73433c550766 P 15442214a69743aca1c3d5323430c0e3 [term 1 LEADER]: Becoming Follower/Learner. State: Replica: 15442214a69743aca1c3d5323430c0e3, State: Running, Role: LEADER
I20260713 09:09:44.983425 22931 raft_consensus.cc:3060] T e5dd823b936c410a89cd73433c550766 P 4ef13779cc654efdbfd722267569e532 [term 1 FOLLOWER]: Advancing to term 2
I20260713 09:09:44.984193 22853 consensus_queue.cc:260] T e5dd823b936c410a89cd73433c550766 P 15442214a69743aca1c3d5323430c0e3 [NON_LEADER]: Queue going to NON_LEADER mode. State: All replicated index: 0, Majority replicated index: 4, Committed index: 4, Last appended: 1.4, Last appended by leader: 4, Current term: 1, Majority size: -1, State: 0, Mode: NON_LEADER, active raft config: opid_index: 4 OBSOLETE_local: false peers { permanent_uuid: "15442214a69743aca1c3d5323430c0e3" member_type: VOTER last_known_addr { host: "127.21.45.66" port: 45881 } } peers { permanent_uuid: "4ef13779cc654efdbfd722267569e532" member_type: VOTER last_known_addr { host: "127.21.45.67" port: 44967 } } peers { permanent_uuid: "547a791a1a234ba0887cc5879f6e5611" member_type: VOTER last_known_addr { host: "127.21.45.68" port: 37421 } attrs { promote: false } }
I20260713 09:09:44.985061 22853 raft_consensus.cc:3060] T e5dd823b936c410a89cd73433c550766 P 15442214a69743aca1c3d5323430c0e3 [term 1 FOLLOWER]: Advancing to term 2
I20260713 09:09:44.987895 22931 raft_consensus.cc:2468] T e5dd823b936c410a89cd73433c550766 P 4ef13779cc654efdbfd722267569e532 [term 2 FOLLOWER]: Leader election vote request: Granting yes vote for candidate 547a791a1a234ba0887cc5879f6e5611 in term 2.
I20260713 09:09:44.988889 23176 leader_election.cc:304] T e5dd823b936c410a89cd73433c550766 P 547a791a1a234ba0887cc5879f6e5611 [CANDIDATE]: Term 2 election: Election decided. Result: candidate won. Election summary: received 2 responses out of 3 voters: 2 yes votes; 0 no votes. yes voters: 4ef13779cc654efdbfd722267569e532, 547a791a1a234ba0887cc5879f6e5611; no voters: 
I20260713 09:09:44.989255 22853 raft_consensus.cc:2468] T e5dd823b936c410a89cd73433c550766 P 15442214a69743aca1c3d5323430c0e3 [term 2 FOLLOWER]: Leader election vote request: Granting yes vote for candidate 547a791a1a234ba0887cc5879f6e5611 in term 2.
I20260713 09:09:44.989563 23584 raft_consensus.cc:2804] T e5dd823b936c410a89cd73433c550766 P 547a791a1a234ba0887cc5879f6e5611 [term 2 FOLLOWER]: Leader election won for term 2
I20260713 09:09:44.990098 23584 raft_consensus.cc:697] T e5dd823b936c410a89cd73433c550766 P 547a791a1a234ba0887cc5879f6e5611 [term 2 LEADER]: Becoming Leader. State: Replica: 547a791a1a234ba0887cc5879f6e5611, State: Running, Role: LEADER
I20260713 09:09:44.991039 23584 consensus_queue.cc:237] T e5dd823b936c410a89cd73433c550766 P 547a791a1a234ba0887cc5879f6e5611 [LEADER]: Queue going to LEADER mode. State: All replicated index: 0, Majority replicated index: 4, Committed index: 4, Last appended: 1.4, Last appended by leader: 4, Current term: 2, Majority size: 2, State: 0, Mode: LEADER, active raft config: opid_index: 4 OBSOLETE_local: false peers { permanent_uuid: "15442214a69743aca1c3d5323430c0e3" member_type: VOTER last_known_addr { host: "127.21.45.66" port: 45881 } } peers { permanent_uuid: "4ef13779cc654efdbfd722267569e532" member_type: VOTER last_known_addr { host: "127.21.45.67" port: 44967 } } peers { permanent_uuid: "547a791a1a234ba0887cc5879f6e5611" member_type: VOTER last_known_addr { host: "127.21.45.68" port: 37421 } attrs { promote: false } }
I20260713 09:09:44.997704 22680 catalog_manager.cc:5697] T e5dd823b936c410a89cd73433c550766 P 547a791a1a234ba0887cc5879f6e5611 reported cstate change: term changed from 1 to 2, leader changed from 15442214a69743aca1c3d5323430c0e3 (127.21.45.66) to 547a791a1a234ba0887cc5879f6e5611 (127.21.45.68). New cstate: current_term: 2 leader_uuid: "547a791a1a234ba0887cc5879f6e5611" committed_config { opid_index: 4 OBSOLETE_local: false peers { permanent_uuid: "15442214a69743aca1c3d5323430c0e3" member_type: VOTER last_known_addr { host: "127.21.45.66" port: 45881 } health_report { overall_health: UNKNOWN } } peers { permanent_uuid: "4ef13779cc654efdbfd722267569e532" member_type: VOTER last_known_addr { host: "127.21.45.67" port: 44967 } health_report { overall_health: UNKNOWN } } peers { permanent_uuid: "547a791a1a234ba0887cc5879f6e5611" member_type: VOTER last_known_addr { host: "127.21.45.68" port: 37421 } attrs { promote: false } health_report { overall_health: HEALTHY } } }
I20260713 09:09:45.095749 22779 raft_consensus.cc:1275] T 49bf55b7afae45f9b937998e0ff8bdd0 P 3e4f02ae20684b1baa35ab50c45a15d3 [term 2 FOLLOWER]: Refusing update from remote peer 547a791a1a234ba0887cc5879f6e5611: Log matching property violated. Preceding OpId in replica: term: 1 index: 4. Preceding OpId from leader: term: 2 index: 5. (index mismatch)
I20260713 09:09:45.097098 23584 consensus_queue.cc:1048] T 49bf55b7afae45f9b937998e0ff8bdd0 P 547a791a1a234ba0887cc5879f6e5611 [LEADER]: Connected to new peer: Peer: permanent_uuid: "3e4f02ae20684b1baa35ab50c45a15d3" member_type: VOTER last_known_addr { host: "127.21.45.65" port: 36035 }, Status: LMP_MISMATCH, Last received: 0.0, Next index: 5, Last known committed idx: 4, Time since last communication: 0.000s
I20260713 09:09:45.107980 22853 raft_consensus.cc:1275] T 49bf55b7afae45f9b937998e0ff8bdd0 P 15442214a69743aca1c3d5323430c0e3 [term 2 FOLLOWER]: Refusing update from remote peer 547a791a1a234ba0887cc5879f6e5611: Log matching property violated. Preceding OpId in replica: term: 1 index: 4. Preceding OpId from leader: term: 2 index: 5. (index mismatch)
I20260713 09:09:45.109558 23584 consensus_queue.cc:1048] T 49bf55b7afae45f9b937998e0ff8bdd0 P 547a791a1a234ba0887cc5879f6e5611 [LEADER]: Connected to new peer: Peer: permanent_uuid: "15442214a69743aca1c3d5323430c0e3" member_type: VOTER last_known_addr { host: "127.21.45.66" port: 45881 }, Status: LMP_MISMATCH, Last received: 0.0, Next index: 5, Last known committed idx: 4, Time since last communication: 0.000s
I20260713 09:09:45.200704 22854 raft_consensus.cc:1275] T 47a339f6315d4bfe91c94cdd24fca8fe P 15442214a69743aca1c3d5323430c0e3 [term 2 FOLLOWER]: Refusing update from remote peer 3e4f02ae20684b1baa35ab50c45a15d3: Log matching property violated. Preceding OpId in replica: term: 1 index: 1. Preceding OpId from leader: term: 2 index: 2. (index mismatch)
I20260713 09:09:45.202075 23592 consensus_queue.cc:1048] T 47a339f6315d4bfe91c94cdd24fca8fe P 3e4f02ae20684b1baa35ab50c45a15d3 [LEADER]: Connected to new peer: Peer: permanent_uuid: "15442214a69743aca1c3d5323430c0e3" member_type: VOTER last_known_addr { host: "127.21.45.66" port: 45881 }, Status: LMP_MISMATCH, Last received: 0.0, Next index: 2, Last known committed idx: 1, Time since last communication: 0.000s
I20260713 09:09:45.210954 22931 raft_consensus.cc:1275] T 47a339f6315d4bfe91c94cdd24fca8fe P 4ef13779cc654efdbfd722267569e532 [term 2 FOLLOWER]: Refusing update from remote peer 3e4f02ae20684b1baa35ab50c45a15d3: Log matching property violated. Preceding OpId in replica: term: 1 index: 1. Preceding OpId from leader: term: 2 index: 2. (index mismatch)
I20260713 09:09:45.212431 23592 consensus_queue.cc:1048] T 47a339f6315d4bfe91c94cdd24fca8fe P 3e4f02ae20684b1baa35ab50c45a15d3 [LEADER]: Connected to new peer: Peer: permanent_uuid: "4ef13779cc654efdbfd722267569e532" member_type: VOTER last_known_addr { host: "127.21.45.67" port: 44967 }, Status: LMP_MISMATCH, Last received: 0.0, Next index: 2, Last known committed idx: 1, Time since last communication: 0.000s
I20260713 09:09:45.398661 22931 raft_consensus.cc:1275] T 722112e848ff46be8a5f2417696abe88 P 4ef13779cc654efdbfd722267569e532 [term 2 FOLLOWER]: Refusing update from remote peer 547a791a1a234ba0887cc5879f6e5611: Log matching property violated. Preceding OpId in replica: term: 1 index: 4. Preceding OpId from leader: term: 2 index: 5. (index mismatch)
I20260713 09:09:45.399830 23584 consensus_queue.cc:1048] T 722112e848ff46be8a5f2417696abe88 P 547a791a1a234ba0887cc5879f6e5611 [LEADER]: Connected to new peer: Peer: permanent_uuid: "4ef13779cc654efdbfd722267569e532" member_type: VOTER last_known_addr { host: "127.21.45.67" port: 44967 }, Status: LMP_MISMATCH, Last received: 0.0, Next index: 5, Last known committed idx: 4, Time since last communication: 0.000s
I20260713 09:09:45.409186 22854 raft_consensus.cc:1275] T 722112e848ff46be8a5f2417696abe88 P 15442214a69743aca1c3d5323430c0e3 [term 2 FOLLOWER]: Refusing update from remote peer 547a791a1a234ba0887cc5879f6e5611: Log matching property violated. Preceding OpId in replica: term: 1 index: 4. Preceding OpId from leader: term: 2 index: 5. (index mismatch)
I20260713 09:09:45.411563 23585 consensus_queue.cc:1048] T 722112e848ff46be8a5f2417696abe88 P 547a791a1a234ba0887cc5879f6e5611 [LEADER]: Connected to new peer: Peer: permanent_uuid: "15442214a69743aca1c3d5323430c0e3" member_type: VOTER last_known_addr { host: "127.21.45.66" port: 45881 }, Status: LMP_MISMATCH, Last received: 0.0, Next index: 5, Last known committed idx: 4, Time since last communication: 0.001s
I20260713 09:09:45.426980 22931 raft_consensus.cc:1275] T e5dd823b936c410a89cd73433c550766 P 4ef13779cc654efdbfd722267569e532 [term 2 FOLLOWER]: Refusing update from remote peer 547a791a1a234ba0887cc5879f6e5611: Log matching property violated. Preceding OpId in replica: term: 1 index: 4. Preceding OpId from leader: term: 2 index: 5. (index mismatch)
I20260713 09:09:45.428318 23599 consensus_queue.cc:1048] T e5dd823b936c410a89cd73433c550766 P 547a791a1a234ba0887cc5879f6e5611 [LEADER]: Connected to new peer: Peer: permanent_uuid: "4ef13779cc654efdbfd722267569e532" member_type: VOTER last_known_addr { host: "127.21.45.67" port: 44967 }, Status: LMP_MISMATCH, Last received: 0.0, Next index: 5, Last known committed idx: 4, Time since last communication: 0.000s
I20260713 09:09:45.439692 22854 raft_consensus.cc:1275] T e5dd823b936c410a89cd73433c550766 P 15442214a69743aca1c3d5323430c0e3 [term 2 FOLLOWER]: Refusing update from remote peer 547a791a1a234ba0887cc5879f6e5611: Log matching property violated. Preceding OpId in replica: term: 1 index: 4. Preceding OpId from leader: term: 2 index: 5. (index mismatch)
I20260713 09:09:45.441273 23610 consensus_queue.cc:1048] T e5dd823b936c410a89cd73433c550766 P 547a791a1a234ba0887cc5879f6e5611 [LEADER]: Connected to new peer: Peer: permanent_uuid: "15442214a69743aca1c3d5323430c0e3" member_type: VOTER last_known_addr { host: "127.21.45.66" port: 45881 }, Status: LMP_MISMATCH, Last received: 0.0, Next index: 5, Last known committed idx: 4, Time since last communication: 0.001s
I20260713 09:09:45.480752 22779 raft_consensus.cc:1275] T 6f0228ca95294589be9c65ad3aceeeea P 3e4f02ae20684b1baa35ab50c45a15d3 [term 2 FOLLOWER]: Refusing update from remote peer 547a791a1a234ba0887cc5879f6e5611: Log matching property violated. Preceding OpId in replica: term: 1 index: 4. Preceding OpId from leader: term: 2 index: 5. (index mismatch)
I20260713 09:09:45.481901 23610 consensus_queue.cc:1048] T 6f0228ca95294589be9c65ad3aceeeea P 547a791a1a234ba0887cc5879f6e5611 [LEADER]: Connected to new peer: Peer: permanent_uuid: "3e4f02ae20684b1baa35ab50c45a15d3" member_type: VOTER last_known_addr { host: "127.21.45.65" port: 36035 }, Status: LMP_MISMATCH, Last received: 0.0, Next index: 5, Last known committed idx: 4, Time since last communication: 0.000s
I20260713 09:09:45.490370 22854 raft_consensus.cc:1275] T 6f0228ca95294589be9c65ad3aceeeea P 15442214a69743aca1c3d5323430c0e3 [term 2 FOLLOWER]: Refusing update from remote peer 547a791a1a234ba0887cc5879f6e5611: Log matching property violated. Preceding OpId in replica: term: 1 index: 4. Preceding OpId from leader: term: 2 index: 5. (index mismatch)
I20260713 09:09:45.491783 23584 consensus_queue.cc:1048] T 6f0228ca95294589be9c65ad3aceeeea P 547a791a1a234ba0887cc5879f6e5611 [LEADER]: Connected to new peer: Peer: permanent_uuid: "15442214a69743aca1c3d5323430c0e3" member_type: VOTER last_known_addr { host: "127.21.45.66" port: 45881 }, Status: LMP_MISMATCH, Last received: 0.0, Next index: 5, Last known committed idx: 4, Time since last communication: 0.000s
I20260713 09:09:45.558167 21685 auto_leader_rebalancer.cc:141] leader rebalance for table test-workload
I20260713 09:09:45.572594 21685 auto_leader_rebalancer.cc:141] leader rebalance for table test-workload
I20260713 09:09:45.588559 22931 tablet_service.cc:2072] Received LeaderStepDown RPC: tablet_id: "077eeea5c4d04698b3172976c2b2fc37"
dest_uuid: "4ef13779cc654efdbfd722267569e532"
mode: GRACEFUL
new_leader_uuid: "547a791a1a234ba0887cc5879f6e5611"
 from {username='slave'} at 127.0.0.1:53468
I20260713 09:09:45.589112 22931 raft_consensus.cc:606] T 077eeea5c4d04698b3172976c2b2fc37 P 4ef13779cc654efdbfd722267569e532 [term 1 LEADER]: Received request to transfer leadership to TS 547a791a1a234ba0887cc5879f6e5611
I20260713 09:09:45.600016 22779 tablet_service.cc:2072] Received LeaderStepDown RPC: tablet_id: "eebe4147437f41208945d7b9da5a0b68"
dest_uuid: "3e4f02ae20684b1baa35ab50c45a15d3"
mode: GRACEFUL
new_leader_uuid: "547a791a1a234ba0887cc5879f6e5611"
 from {username='slave'} at 127.0.0.1:40022
I20260713 09:09:45.600529 22779 raft_consensus.cc:606] T eebe4147437f41208945d7b9da5a0b68 P 3e4f02ae20684b1baa35ab50c45a15d3 [term 1 LEADER]: Received request to transfer leadership to TS 547a791a1a234ba0887cc5879f6e5611
I20260713 09:09:45.601593 21685 auto_leader_rebalancer.cc:479] table: test-workload, leader rebalance finish, leader transfer count: 2
I20260713 09:09:45.602291 21685 auto_leader_rebalancer.cc:554] All tables' leader rebalancing finished this round
I20260713 09:09:45.773911 23618 raft_consensus.cc:993] T eebe4147437f41208945d7b9da5a0b68 P 3e4f02ae20684b1baa35ab50c45a15d3: : Instructing follower 547a791a1a234ba0887cc5879f6e5611 to start an election
I20260713 09:09:45.774428 23592 raft_consensus.cc:1081] T eebe4147437f41208945d7b9da5a0b68 P 3e4f02ae20684b1baa35ab50c45a15d3 [term 1 LEADER]: Signalling peer 547a791a1a234ba0887cc5879f6e5611 to start an election
I20260713 09:09:45.775885 23206 tablet_service.cc:2044] Received Run Leader Election RPC: tablet_id: "eebe4147437f41208945d7b9da5a0b68"
dest_uuid: "547a791a1a234ba0887cc5879f6e5611"
 from {username='slave'} at 127.0.0.1:51244
I20260713 09:09:45.776342 23206 raft_consensus.cc:493] T eebe4147437f41208945d7b9da5a0b68 P 547a791a1a234ba0887cc5879f6e5611 [term 1 FOLLOWER]: Starting forced leader election (received explicit request)
I20260713 09:09:45.776639 23206 raft_consensus.cc:3060] T eebe4147437f41208945d7b9da5a0b68 P 547a791a1a234ba0887cc5879f6e5611 [term 1 FOLLOWER]: Advancing to term 2
I20260713 09:09:45.781428 23206 raft_consensus.cc:515] T eebe4147437f41208945d7b9da5a0b68 P 547a791a1a234ba0887cc5879f6e5611 [term 2 FOLLOWER]: Starting forced leader election with config: opid_index: 4 OBSOLETE_local: false peers { permanent_uuid: "3e4f02ae20684b1baa35ab50c45a15d3" member_type: VOTER last_known_addr { host: "127.21.45.65" port: 36035 } } peers { permanent_uuid: "15442214a69743aca1c3d5323430c0e3" member_type: VOTER last_known_addr { host: "127.21.45.66" port: 45881 } } peers { permanent_uuid: "547a791a1a234ba0887cc5879f6e5611" member_type: VOTER last_known_addr { host: "127.21.45.68" port: 37421 } attrs { promote: false } }
I20260713 09:09:45.783185 23206 leader_election.cc:290] T eebe4147437f41208945d7b9da5a0b68 P 547a791a1a234ba0887cc5879f6e5611 [CANDIDATE]: Term 2 election: Requested vote from peers 3e4f02ae20684b1baa35ab50c45a15d3 (127.21.45.65:36035), 15442214a69743aca1c3d5323430c0e3 (127.21.45.66:45881)
I20260713 09:09:45.783847 22782 tablet_service.cc:1917] Received RequestConsensusVote() RPC: tablet_id: "eebe4147437f41208945d7b9da5a0b68" candidate_uuid: "547a791a1a234ba0887cc5879f6e5611" candidate_term: 2 candidate_status { last_received { term: 1 index: 4 } } ignore_live_leader: true dest_uuid: "3e4f02ae20684b1baa35ab50c45a15d3"
I20260713 09:09:45.784166 22853 tablet_service.cc:1917] Received RequestConsensusVote() RPC: tablet_id: "eebe4147437f41208945d7b9da5a0b68" candidate_uuid: "547a791a1a234ba0887cc5879f6e5611" candidate_term: 2 candidate_status { last_received { term: 1 index: 4 } } ignore_live_leader: true dest_uuid: "15442214a69743aca1c3d5323430c0e3"
I20260713 09:09:45.784432 22782 raft_consensus.cc:3055] T eebe4147437f41208945d7b9da5a0b68 P 3e4f02ae20684b1baa35ab50c45a15d3 [term 1 LEADER]: Stepping down as leader of term 1
