I20260713 09:09:15.181115 28229 tablet_service.cc:1917] Received RequestConsensusVote() RPC: tablet_id: "895b1b2886d442c2ab0e5163fef28a16" candidate_uuid: "f1b7a9eb185643fd8b22ea07a1288b1f" candidate_term: 3 candidate_status { last_received { term: 2 index: 2 } } ignore_live_leader: true dest_uuid: "bc337a6ee6b34aeeb0ba6b69a570ba08"
I20260713 09:09:15.181628 28157 raft_consensus.cc:740] T 895b1b2886d442c2ab0e5163fef28a16 P 15b67934c025414d90091bc3d73a7ab6 [term 2 LEADER]: Becoming Follower/Learner. State: Replica: 15b67934c025414d90091bc3d73a7ab6, State: Running, Role: LEADER
I20260713 09:09:15.181905 28229 raft_consensus.cc:3060] T 895b1b2886d442c2ab0e5163fef28a16 P bc337a6ee6b34aeeb0ba6b69a570ba08 [term 2 FOLLOWER]: Advancing to term 3
I20260713 09:09:15.182611 28157 consensus_queue.cc:260] T 895b1b2886d442c2ab0e5163fef28a16 P 15b67934c025414d90091bc3d73a7ab6 [NON_LEADER]: Queue going to NON_LEADER mode. State: All replicated index: 0, Majority replicated index: 2, Committed index: 2, Last appended: 2.2, Last appended by leader: 2, Current term: 2, Majority size: -1, State: 0, Mode: NON_LEADER, active raft config: opid_index: -1 OBSOLETE_local: false peers { permanent_uuid: "f1b7a9eb185643fd8b22ea07a1288b1f" member_type: VOTER last_known_addr { host: "127.26.205.193" port: 42809 } } peers { permanent_uuid: "15b67934c025414d90091bc3d73a7ab6" member_type: VOTER last_known_addr { host: "127.26.205.194" port: 38099 } } peers { permanent_uuid: "bc337a6ee6b34aeeb0ba6b69a570ba08" member_type: VOTER last_known_addr { host: "127.26.205.195" port: 33817 } }
I20260713 09:09:15.183035 27980 catalog_manager.cc:5697] T d2182af7a4bf4a97ad9e22240e1fe7da P f1b7a9eb185643fd8b22ea07a1288b1f reported cstate change: term changed from 1 to 2, leader changed from 15b67934c025414d90091bc3d73a7ab6 (127.26.205.194) to f1b7a9eb185643fd8b22ea07a1288b1f (127.26.205.193). New cstate: current_term: 2 leader_uuid: "f1b7a9eb185643fd8b22ea07a1288b1f" committed_config { opid_index: -1 OBSOLETE_local: false peers { permanent_uuid: "f1b7a9eb185643fd8b22ea07a1288b1f" member_type: VOTER last_known_addr { host: "127.26.205.193" port: 42809 } health_report { overall_health: HEALTHY } } peers { permanent_uuid: "15b67934c025414d90091bc3d73a7ab6" member_type: VOTER last_known_addr { host: "127.26.205.194" port: 38099 } health_report { overall_health: UNKNOWN } } peers { permanent_uuid: "bc337a6ee6b34aeeb0ba6b69a570ba08" member_type: VOTER last_known_addr { host: "127.26.205.195" port: 33817 } health_report { overall_health: UNKNOWN } } }
I20260713 09:09:15.183795 28157 raft_consensus.cc:3060] T 895b1b2886d442c2ab0e5163fef28a16 P 15b67934c025414d90091bc3d73a7ab6 [term 2 FOLLOWER]: Advancing to term 3
I20260713 09:09:15.188535 28229 raft_consensus.cc:2468] T 895b1b2886d442c2ab0e5163fef28a16 P bc337a6ee6b34aeeb0ba6b69a570ba08 [term 3 FOLLOWER]: Leader election vote request: Granting yes vote for candidate f1b7a9eb185643fd8b22ea07a1288b1f in term 3.
I20260713 09:09:15.189651 28045 leader_election.cc:304] T 895b1b2886d442c2ab0e5163fef28a16 P f1b7a9eb185643fd8b22ea07a1288b1f [CANDIDATE]: Term 3 election: Election decided. Result: candidate won. Election summary: received 2 responses out of 3 voters: 2 yes votes; 0 no votes. yes voters: bc337a6ee6b34aeeb0ba6b69a570ba08, f1b7a9eb185643fd8b22ea07a1288b1f; no voters: 
I20260713 09:09:15.190500 28377 raft_consensus.cc:2804] T 895b1b2886d442c2ab0e5163fef28a16 P f1b7a9eb185643fd8b22ea07a1288b1f [term 3 FOLLOWER]: Leader election won for term 3
I20260713 09:09:15.190984 28377 raft_consensus.cc:697] T 895b1b2886d442c2ab0e5163fef28a16 P f1b7a9eb185643fd8b22ea07a1288b1f [term 3 LEADER]: Becoming Leader. State: Replica: f1b7a9eb185643fd8b22ea07a1288b1f, State: Running, Role: LEADER
I20260713 09:09:15.190980 28157 raft_consensus.cc:2468] T 895b1b2886d442c2ab0e5163fef28a16 P 15b67934c025414d90091bc3d73a7ab6 [term 3 FOLLOWER]: Leader election vote request: Granting yes vote for candidate f1b7a9eb185643fd8b22ea07a1288b1f in term 3.
I20260713 09:09:15.192456 28377 consensus_queue.cc:237] T 895b1b2886d442c2ab0e5163fef28a16 P f1b7a9eb185643fd8b22ea07a1288b1f [LEADER]: Queue going to LEADER mode. State: All replicated index: 0, Majority replicated index: 2, Committed index: 2, Last appended: 2.2, Last appended by leader: 2, Current term: 3, Majority size: 2, State: 0, Mode: LEADER, active raft config: opid_index: -1 OBSOLETE_local: false peers { permanent_uuid: "f1b7a9eb185643fd8b22ea07a1288b1f" member_type: VOTER last_known_addr { host: "127.26.205.193" port: 42809 } } peers { permanent_uuid: "15b67934c025414d90091bc3d73a7ab6" member_type: VOTER last_known_addr { host: "127.26.205.194" port: 38099 } } peers { permanent_uuid: "bc337a6ee6b34aeeb0ba6b69a570ba08" member_type: VOTER last_known_addr { host: "127.26.205.195" port: 33817 } }
I20260713 09:09:15.200122 27980 catalog_manager.cc:5697] T 895b1b2886d442c2ab0e5163fef28a16 P f1b7a9eb185643fd8b22ea07a1288b1f reported cstate change: term changed from 2 to 3, leader changed from 15b67934c025414d90091bc3d73a7ab6 (127.26.205.194) to f1b7a9eb185643fd8b22ea07a1288b1f (127.26.205.193). New cstate: current_term: 3 leader_uuid: "f1b7a9eb185643fd8b22ea07a1288b1f" committed_config { opid_index: -1 OBSOLETE_local: false peers { permanent_uuid: "f1b7a9eb185643fd8b22ea07a1288b1f" member_type: VOTER last_known_addr { host: "127.26.205.193" port: 42809 } health_report { overall_health: HEALTHY } } peers { permanent_uuid: "15b67934c025414d90091bc3d73a7ab6" member_type: VOTER last_known_addr { host: "127.26.205.194" port: 38099 } health_report { overall_health: UNKNOWN } } peers { permanent_uuid: "bc337a6ee6b34aeeb0ba6b69a570ba08" member_type: VOTER last_known_addr { host: "127.26.205.195" port: 33817 } health_report { overall_health: UNKNOWN } } }
I20260713 09:09:15.298171 28229 raft_consensus.cc:1275] T 2ad50cd9804647a6852b9da0b6f534c6 P bc337a6ee6b34aeeb0ba6b69a570ba08 [term 4 FOLLOWER]: Refusing update from remote peer f1b7a9eb185643fd8b22ea07a1288b1f: Log matching property violated. Preceding OpId in replica: term: 3 index: 3. Preceding OpId from leader: term: 4 index: 4. (index mismatch)
I20260713 09:09:15.299692 28377 consensus_queue.cc:1048] T 2ad50cd9804647a6852b9da0b6f534c6 P f1b7a9eb185643fd8b22ea07a1288b1f [LEADER]: Connected to new peer: Peer: permanent_uuid: "bc337a6ee6b34aeeb0ba6b69a570ba08" member_type: VOTER last_known_addr { host: "127.26.205.195" port: 33817 }, Status: LMP_MISMATCH, Last received: 0.0, Next index: 4, Last known committed idx: 3, Time since last communication: 0.000s
I20260713 09:09:15.309693 28157 raft_consensus.cc:1275] T 2ad50cd9804647a6852b9da0b6f534c6 P 15b67934c025414d90091bc3d73a7ab6 [term 4 FOLLOWER]: Refusing update from remote peer f1b7a9eb185643fd8b22ea07a1288b1f: Log matching property violated. Preceding OpId in replica: term: 3 index: 3. Preceding OpId from leader: term: 4 index: 4. (index mismatch)
I20260713 09:09:15.310966 28405 consensus_queue.cc:1048] T 2ad50cd9804647a6852b9da0b6f534c6 P f1b7a9eb185643fd8b22ea07a1288b1f [LEADER]: Connected to new peer: Peer: permanent_uuid: "15b67934c025414d90091bc3d73a7ab6" member_type: VOTER last_known_addr { host: "127.26.205.194" port: 38099 }, Status: LMP_MISMATCH, Last received: 0.0, Next index: 4, Last known committed idx: 3, Time since last communication: 0.000s
I20260713 09:09:15.355098 28229 raft_consensus.cc:1275] T 4c843f92ed1949cc825d616321c6205d P bc337a6ee6b34aeeb0ba6b69a570ba08 [term 3 FOLLOWER]: Refusing update from remote peer f1b7a9eb185643fd8b22ea07a1288b1f: Log matching property violated. Preceding OpId in replica: term: 2 index: 2. Preceding OpId from leader: term: 3 index: 3. (index mismatch)
I20260713 09:09:15.356274 28405 consensus_queue.cc:1048] T 4c843f92ed1949cc825d616321c6205d P f1b7a9eb185643fd8b22ea07a1288b1f [LEADER]: Connected to new peer: Peer: permanent_uuid: "bc337a6ee6b34aeeb0ba6b69a570ba08" member_type: VOTER last_known_addr { host: "127.26.205.195" port: 33817 }, Status: LMP_MISMATCH, Last received: 0.0, Next index: 3, Last known committed idx: 2, Time since last communication: 0.000s
I20260713 09:09:15.366227 28157 raft_consensus.cc:1275] T 4c843f92ed1949cc825d616321c6205d P 15b67934c025414d90091bc3d73a7ab6 [term 3 FOLLOWER]: Refusing update from remote peer f1b7a9eb185643fd8b22ea07a1288b1f: Log matching property violated. Preceding OpId in replica: term: 2 index: 2. Preceding OpId from leader: term: 3 index: 3. (index mismatch)
I20260713 09:09:15.367637 28377 consensus_queue.cc:1048] T 4c843f92ed1949cc825d616321c6205d P f1b7a9eb185643fd8b22ea07a1288b1f [LEADER]: Connected to new peer: Peer: permanent_uuid: "15b67934c025414d90091bc3d73a7ab6" member_type: VOTER last_known_addr { host: "127.26.205.194" port: 38099 }, Status: LMP_MISMATCH, Last received: 0.0, Next index: 3, Last known committed idx: 2, Time since last communication: 0.000s
I20260713 09:09:15.439590 28229 raft_consensus.cc:1275] T 5a5dcfe9f46547a294673271acf5eece P bc337a6ee6b34aeeb0ba6b69a570ba08 [term 4 FOLLOWER]: Refusing update from remote peer f1b7a9eb185643fd8b22ea07a1288b1f: Log matching property violated. Preceding OpId in replica: term: 3 index: 3. Preceding OpId from leader: term: 4 index: 4. (index mismatch)
I20260713 09:09:15.439585 28157 raft_consensus.cc:1275] T 5a5dcfe9f46547a294673271acf5eece P 15b67934c025414d90091bc3d73a7ab6 [term 4 FOLLOWER]: Refusing update from remote peer f1b7a9eb185643fd8b22ea07a1288b1f: Log matching property violated. Preceding OpId in replica: term: 3 index: 3. Preceding OpId from leader: term: 4 index: 4. (index mismatch)
I20260713 09:09:15.440971 28395 consensus_queue.cc:1048] T 5a5dcfe9f46547a294673271acf5eece P f1b7a9eb185643fd8b22ea07a1288b1f [LEADER]: Connected to new peer: Peer: permanent_uuid: "bc337a6ee6b34aeeb0ba6b69a570ba08" member_type: VOTER last_known_addr { host: "127.26.205.195" port: 33817 }, Status: LMP_MISMATCH, Last received: 0.0, Next index: 4, Last known committed idx: 3, Time since last communication: 0.000s
I20260713 09:09:15.441627 28377 consensus_queue.cc:1048] T 5a5dcfe9f46547a294673271acf5eece P f1b7a9eb185643fd8b22ea07a1288b1f [LEADER]: Connected to new peer: Peer: permanent_uuid: "15b67934c025414d90091bc3d73a7ab6" member_type: VOTER last_known_addr { host: "127.26.205.194" port: 38099 }, Status: LMP_MISMATCH, Last received: 0.0, Next index: 4, Last known committed idx: 3, Time since last communication: 0.000s
I20260713 09:09:15.591229 28229 raft_consensus.cc:1275] T d2182af7a4bf4a97ad9e22240e1fe7da P bc337a6ee6b34aeeb0ba6b69a570ba08 [term 2 FOLLOWER]: Refusing update from remote peer f1b7a9eb185643fd8b22ea07a1288b1f: Log matching property violated. Preceding OpId in replica: term: 1 index: 1. Preceding OpId from leader: term: 2 index: 2. (index mismatch)
I20260713 09:09:15.591200 28157 raft_consensus.cc:1275] T d2182af7a4bf4a97ad9e22240e1fe7da P 15b67934c025414d90091bc3d73a7ab6 [term 2 FOLLOWER]: Refusing update from remote peer f1b7a9eb185643fd8b22ea07a1288b1f: Log matching property violated. Preceding OpId in replica: term: 1 index: 1. Preceding OpId from leader: term: 2 index: 2. (index mismatch)
I20260713 09:09:15.594529 28377 consensus_queue.cc:1048] T d2182af7a4bf4a97ad9e22240e1fe7da P f1b7a9eb185643fd8b22ea07a1288b1f [LEADER]: Connected to new peer: Peer: permanent_uuid: "bc337a6ee6b34aeeb0ba6b69a570ba08" member_type: VOTER last_known_addr { host: "127.26.205.195" port: 33817 }, Status: LMP_MISMATCH, Last received: 0.0, Next index: 2, Last known committed idx: 1, Time since last communication: 0.001s
I20260713 09:09:15.595510 28405 consensus_queue.cc:1048] T d2182af7a4bf4a97ad9e22240e1fe7da P f1b7a9eb185643fd8b22ea07a1288b1f [LEADER]: Connected to new peer: Peer: permanent_uuid: "15b67934c025414d90091bc3d73a7ab6" member_type: VOTER last_known_addr { host: "127.26.205.194" port: 38099 }, Status: LMP_MISMATCH, Last received: 0.0, Next index: 2, Last known committed idx: 1, Time since last communication: 0.000s
I20260713 09:09:15.678651 28229 raft_consensus.cc:1275] T 895b1b2886d442c2ab0e5163fef28a16 P bc337a6ee6b34aeeb0ba6b69a570ba08 [term 3 FOLLOWER]: Refusing update from remote peer f1b7a9eb185643fd8b22ea07a1288b1f: Log matching property violated. Preceding OpId in replica: term: 2 index: 2. Preceding OpId from leader: term: 3 index: 3. (index mismatch)
I20260713 09:09:15.680739 28377 consensus_queue.cc:1048] T 895b1b2886d442c2ab0e5163fef28a16 P f1b7a9eb185643fd8b22ea07a1288b1f [LEADER]: Connected to new peer: Peer: permanent_uuid: "bc337a6ee6b34aeeb0ba6b69a570ba08" member_type: VOTER last_known_addr { host: "127.26.205.195" port: 33817 }, Status: LMP_MISMATCH, Last received: 0.0, Next index: 3, Last known committed idx: 2, Time since last communication: 0.000s
I20260713 09:09:15.692386 28157 raft_consensus.cc:1275] T 895b1b2886d442c2ab0e5163fef28a16 P 15b67934c025414d90091bc3d73a7ab6 [term 3 FOLLOWER]: Refusing update from remote peer f1b7a9eb185643fd8b22ea07a1288b1f: Log matching property violated. Preceding OpId in replica: term: 2 index: 2. Preceding OpId from leader: term: 3 index: 3. (index mismatch)
I20260713 09:09:15.695034 28395 consensus_queue.cc:1048] T 895b1b2886d442c2ab0e5163fef28a16 P f1b7a9eb185643fd8b22ea07a1288b1f [LEADER]: Connected to new peer: Peer: permanent_uuid: "15b67934c025414d90091bc3d73a7ab6" member_type: VOTER last_known_addr { host: "127.26.205.194" port: 38099 }, Status: LMP_MISMATCH, Last received: 0.0, Next index: 3, Last known committed idx: 2, Time since last communication: 0.001s
I20260713 09:09:17.741287 27447 auto_leader_rebalancer.cc:141] leader rebalance for table test-workload
I20260713 09:09:17.748868 28082 tablet_service.cc:2072] Received LeaderStepDown RPC: tablet_id: "2ad50cd9804647a6852b9da0b6f534c6"
dest_uuid: "f1b7a9eb185643fd8b22ea07a1288b1f"
mode: GRACEFUL
new_leader_uuid: "15b67934c025414d90091bc3d73a7ab6"
 from {username='slave'} at 127.0.0.1:37678
I20260713 09:09:17.749445 28082 raft_consensus.cc:606] T 2ad50cd9804647a6852b9da0b6f534c6 P f1b7a9eb185643fd8b22ea07a1288b1f [term 4 LEADER]: Received request to transfer leadership to TS 15b67934c025414d90091bc3d73a7ab6
I20260713 09:09:17.752017 28082 tablet_service.cc:2072] Received LeaderStepDown RPC: tablet_id: "4c843f92ed1949cc825d616321c6205d"
dest_uuid: "f1b7a9eb185643fd8b22ea07a1288b1f"
mode: GRACEFUL
new_leader_uuid: "15b67934c025414d90091bc3d73a7ab6"
 from {username='slave'} at 127.0.0.1:37678
I20260713 09:09:17.752553 28082 raft_consensus.cc:606] T 4c843f92ed1949cc825d616321c6205d P f1b7a9eb185643fd8b22ea07a1288b1f [term 3 LEADER]: Received request to transfer leadership to TS 15b67934c025414d90091bc3d73a7ab6
I20260713 09:09:17.754774 28082 tablet_service.cc:2072] Received LeaderStepDown RPC: tablet_id: "7bcc62e1483543ffa6cfc03237c8824f"
dest_uuid: "f1b7a9eb185643fd8b22ea07a1288b1f"
mode: GRACEFUL
new_leader_uuid: "bc337a6ee6b34aeeb0ba6b69a570ba08"
 from {username='slave'} at 127.0.0.1:37678
I20260713 09:09:17.755227 28082 raft_consensus.cc:606] T 7bcc62e1483543ffa6cfc03237c8824f P f1b7a9eb185643fd8b22ea07a1288b1f [term 2 LEADER]: Received request to transfer leadership to TS bc337a6ee6b34aeeb0ba6b69a570ba08
I20260713 09:09:17.757546 28082 tablet_service.cc:2072] Received LeaderStepDown RPC: tablet_id: "d2182af7a4bf4a97ad9e22240e1fe7da"
dest_uuid: "f1b7a9eb185643fd8b22ea07a1288b1f"
mode: GRACEFUL
new_leader_uuid: "bc337a6ee6b34aeeb0ba6b69a570ba08"
 from {username='slave'} at 127.0.0.1:37678
I20260713 09:09:17.758000 28082 raft_consensus.cc:606] T d2182af7a4bf4a97ad9e22240e1fe7da P f1b7a9eb185643fd8b22ea07a1288b1f [term 2 LEADER]: Received request to transfer leadership to TS bc337a6ee6b34aeeb0ba6b69a570ba08
I20260713 09:09:17.759045 27447 auto_leader_rebalancer.cc:479] table: test-workload, leader rebalance finish, leader transfer count: 4
I20260713 09:09:17.759521 27447 auto_leader_rebalancer.cc:554] All tables' leader rebalancing finished this round
I20260713 09:09:17.765820 28377 raft_consensus.cc:993] T 7bcc62e1483543ffa6cfc03237c8824f P f1b7a9eb185643fd8b22ea07a1288b1f: : Instructing follower bc337a6ee6b34aeeb0ba6b69a570ba08 to start an election
I20260713 09:09:17.766255 28417 raft_consensus.cc:1081] T 7bcc62e1483543ffa6cfc03237c8824f P f1b7a9eb185643fd8b22ea07a1288b1f [term 2 LEADER]: Signalling peer bc337a6ee6b34aeeb0ba6b69a570ba08 to start an election
I20260713 09:09:17.767669 28229 tablet_service.cc:2044] Received Run Leader Election RPC: tablet_id: "7bcc62e1483543ffa6cfc03237c8824f"
dest_uuid: "bc337a6ee6b34aeeb0ba6b69a570ba08"
 from {username='slave'} at 127.0.0.1:56426
I20260713 09:09:17.768136 28229 raft_consensus.cc:493] T 7bcc62e1483543ffa6cfc03237c8824f P bc337a6ee6b34aeeb0ba6b69a570ba08 [term 2 FOLLOWER]: Starting forced leader election (received explicit request)
I20260713 09:09:17.768405 28229 raft_consensus.cc:3060] T 7bcc62e1483543ffa6cfc03237c8824f P bc337a6ee6b34aeeb0ba6b69a570ba08 [term 2 FOLLOWER]: Advancing to term 3
I20260713 09:09:17.774434 28229 raft_consensus.cc:515] T 7bcc62e1483543ffa6cfc03237c8824f P bc337a6ee6b34aeeb0ba6b69a570ba08 [term 3 FOLLOWER]: Starting forced leader election with config: opid_index: -1 OBSOLETE_local: false peers { permanent_uuid: "f1b7a9eb185643fd8b22ea07a1288b1f" member_type: VOTER last_known_addr { host: "127.26.205.193" port: 42809 } } peers { permanent_uuid: "15b67934c025414d90091bc3d73a7ab6" member_type: VOTER last_known_addr { host: "127.26.205.194" port: 38099 } } peers { permanent_uuid: "bc337a6ee6b34aeeb0ba6b69a570ba08" member_type: VOTER last_known_addr { host: "127.26.205.195" port: 33817 } }
I20260713 09:09:17.775892 28229 leader_election.cc:290] T 7bcc62e1483543ffa6cfc03237c8824f P bc337a6ee6b34aeeb0ba6b69a570ba08 [CANDIDATE]: Term 3 election: Requested vote from peers f1b7a9eb185643fd8b22ea07a1288b1f (127.26.205.193:42809), 15b67934c025414d90091bc3d73a7ab6 (127.26.205.194:38099)
I20260713 09:09:17.776777 28082 tablet_service.cc:1917] Received RequestConsensusVote() RPC: tablet_id: "7bcc62e1483543ffa6cfc03237c8824f" candidate_uuid: "bc337a6ee6b34aeeb0ba6b69a570ba08" candidate_term: 3 candidate_status { last_received { term: 2 index: 2 } } ignore_live_leader: true dest_uuid: "f1b7a9eb185643fd8b22ea07a1288b1f"
I20260713 09:09:17.777129 28157 tablet_service.cc:1917] Received RequestConsensusVote() RPC: tablet_id: "7bcc62e1483543ffa6cfc03237c8824f" candidate_uuid: "bc337a6ee6b34aeeb0ba6b69a570ba08" candidate_term: 3 candidate_status { last_received { term: 2 index: 2 } } ignore_live_leader: true dest_uuid: "15b67934c025414d90091bc3d73a7ab6"
I20260713 09:09:17.777478 28082 raft_consensus.cc:3055] T 7bcc62e1483543ffa6cfc03237c8824f P f1b7a9eb185643fd8b22ea07a1288b1f [term 2 LEADER]: Stepping down as leader of term 2
I20260713 09:09:17.777592 28157 raft_consensus.cc:3060] T 7bcc62e1483543ffa6cfc03237c8824f P 15b67934c025414d90091bc3d73a7ab6 [term 2 FOLLOWER]: Advancing to term 3
I20260713 09:09:17.777850 28082 raft_consensus.cc:740] T 7bcc62e1483543ffa6cfc03237c8824f P f1b7a9eb185643fd8b22ea07a1288b1f [term 2 LEADER]: Becoming Follower/Learner. State: Replica: f1b7a9eb185643fd8b22ea07a1288b1f, State: Running, Role: LEADER
I20260713 09:09:17.778745 28082 consensus_queue.cc:260] T 7bcc62e1483543ffa6cfc03237c8824f P f1b7a9eb185643fd8b22ea07a1288b1f [NON_LEADER]: Queue going to NON_LEADER mode. State: All replicated index: 0, Majority replicated index: 2, Committed index: 2, Last appended: 2.2, Last appended by leader: 2, Current term: 2, Majority size: -1, State: 0, Mode: NON_LEADER, active raft config: opid_index: -1 OBSOLETE_local: false peers { permanent_uuid: "f1b7a9eb185643fd8b22ea07a1288b1f" member_type: VOTER last_known_addr { host: "127.26.205.193" port: 42809 } } peers { permanent_uuid: "15b67934c025414d90091bc3d73a7ab6" member_type: VOTER last_known_addr { host: "127.26.205.194" port: 38099 } } peers { permanent_uuid: "bc337a6ee6b34aeeb0ba6b69a570ba08" member_type: VOTER last_known_addr { host: "127.26.205.195" port: 33817 } }
I20260713 09:09:17.780062 28082 raft_consensus.cc:3060] T 7bcc62e1483543ffa6cfc03237c8824f P f1b7a9eb185643fd8b22ea07a1288b1f [term 2 FOLLOWER]: Advancing to term 3
I20260713 09:09:17.784389 28157 raft_consensus.cc:2468] T 7bcc62e1483543ffa6cfc03237c8824f P 15b67934c025414d90091bc3d73a7ab6 [term 3 FOLLOWER]: Leader election vote request: Granting yes vote for candidate bc337a6ee6b34aeeb0ba6b69a570ba08 in term 3.
I20260713 09:09:17.785729 28197 leader_election.cc:304] T 7bcc62e1483543ffa6cfc03237c8824f P bc337a6ee6b34aeeb0ba6b69a570ba08 [CANDIDATE]: Term 3 election: Election decided. Result: candidate won. Election summary: received 2 responses out of 3 voters: 2 yes votes; 0 no votes. yes voters: 15b67934c025414d90091bc3d73a7ab6, bc337a6ee6b34aeeb0ba6b69a570ba08; no voters: 
I20260713 09:09:17.786379 28082 raft_consensus.cc:2468] T 7bcc62e1483543ffa6cfc03237c8824f P f1b7a9eb185643fd8b22ea07a1288b1f [term 3 FOLLOWER]: Leader election vote request: Granting yes vote for candidate bc337a6ee6b34aeeb0ba6b69a570ba08 in term 3.
I20260713 09:09:17.786702 28389 raft_consensus.cc:2804] T 7bcc62e1483543ffa6cfc03237c8824f P bc337a6ee6b34aeeb0ba6b69a570ba08 [term 3 FOLLOWER]: Leader election won for term 3
I20260713 09:09:17.787695 28389 raft_consensus.cc:697] T 7bcc62e1483543ffa6cfc03237c8824f P bc337a6ee6b34aeeb0ba6b69a570ba08 [term 3 LEADER]: Becoming Leader. State: Replica: bc337a6ee6b34aeeb0ba6b69a570ba08, State: Running, Role: LEADER
I20260713 09:09:17.788702 28389 consensus_queue.cc:237] T 7bcc62e1483543ffa6cfc03237c8824f P bc337a6ee6b34aeeb0ba6b69a570ba08 [LEADER]: Queue going to LEADER mode. State: All replicated index: 0, Majority replicated index: 2, Committed index: 2, Last appended: 2.2, Last appended by leader: 2, Current term: 3, Majority size: 2, State: 0, Mode: LEADER, active raft config: opid_index: -1 OBSOLETE_local: false peers { permanent_uuid: "f1b7a9eb185643fd8b22ea07a1288b1f" member_type: VOTER last_known_addr { host: "127.26.205.193" port: 42809 } } peers { permanent_uuid: "15b67934c025414d90091bc3d73a7ab6" member_type: VOTER last_known_addr { host: "127.26.205.194" port: 38099 } } peers { permanent_uuid: "bc337a6ee6b34aeeb0ba6b69a570ba08" member_type: VOTER last_known_addr { host: "127.26.205.195" port: 33817 } }
I20260713 09:09:17.795835 27980 catalog_manager.cc:5697] T 7bcc62e1483543ffa6cfc03237c8824f P bc337a6ee6b34aeeb0ba6b69a570ba08 reported cstate change: term changed from 2 to 3, leader changed from f1b7a9eb185643fd8b22ea07a1288b1f (127.26.205.193) to bc337a6ee6b34aeeb0ba6b69a570ba08 (127.26.205.195). New cstate: current_term: 3 leader_uuid: "bc337a6ee6b34aeeb0ba6b69a570ba08" committed_config { opid_index: -1 OBSOLETE_local: false peers { permanent_uuid: "f1b7a9eb185643fd8b22ea07a1288b1f" member_type: VOTER last_known_addr { host: "127.26.205.193" port: 42809 } health_report { overall_health: UNKNOWN } } peers { permanent_uuid: "15b67934c025414d90091bc3d73a7ab6" member_type: VOTER last_known_addr { host: "127.26.205.194" port: 38099 } health_report { overall_health: UNKNOWN } } peers { permanent_uuid: "bc337a6ee6b34aeeb0ba6b69a570ba08" member_type: VOTER last_known_addr { host: "127.26.205.195" port: 33817 } health_report { overall_health: HEALTHY } } }
I20260713 09:09:17.880240 28417 raft_consensus.cc:993] T 2ad50cd9804647a6852b9da0b6f534c6 P f1b7a9eb185643fd8b22ea07a1288b1f: : Instructing follower 15b67934c025414d90091bc3d73a7ab6 to start an election
I20260713 09:09:17.880949 28424 raft_consensus.cc:1081] T 2ad50cd9804647a6852b9da0b6f534c6 P f1b7a9eb185643fd8b22ea07a1288b1f [term 4 LEADER]: Signalling peer 15b67934c025414d90091bc3d73a7ab6 to start an election
I20260713 09:09:17.882849 28157 tablet_service.cc:2044] Received Run Leader Election RPC: tablet_id: "2ad50cd9804647a6852b9da0b6f534c6"
dest_uuid: "15b67934c025414d90091bc3d73a7ab6"
 from {username='slave'} at 127.0.0.1:44144
I20260713 09:09:17.883368 28157 raft_consensus.cc:493] T 2ad50cd9804647a6852b9da0b6f534c6 P 15b67934c025414d90091bc3d73a7ab6 [term 4 FOLLOWER]: Starting forced leader election (received explicit request)
I20260713 09:09:17.883697 28157 raft_consensus.cc:3060] T 2ad50cd9804647a6852b9da0b6f534c6 P 15b67934c025414d90091bc3d73a7ab6 [term 4 FOLLOWER]: Advancing to term 5
I20260713 09:09:17.887986 28157 raft_consensus.cc:515] T 2ad50cd9804647a6852b9da0b6f534c6 P 15b67934c025414d90091bc3d73a7ab6 [term 5 FOLLOWER]: Starting forced leader election with config: opid_index: -1 OBSOLETE_local: false peers { permanent_uuid: "15b67934c025414d90091bc3d73a7ab6" member_type: VOTER last_known_addr { host: "127.26.205.194" port: 38099 } } peers { permanent_uuid: "f1b7a9eb185643fd8b22ea07a1288b1f" member_type: VOTER last_known_addr { host: "127.26.205.193" port: 42809 } } peers { permanent_uuid: "bc337a6ee6b34aeeb0ba6b69a570ba08" member_type: VOTER last_known_addr { host: "127.26.205.195" port: 33817 } }
I20260713 09:09:17.889401 28157 leader_election.cc:290] T 2ad50cd9804647a6852b9da0b6f534c6 P 15b67934c025414d90091bc3d73a7ab6 [CANDIDATE]: Term 5 election: Requested vote from peers f1b7a9eb185643fd8b22ea07a1288b1f (127.26.205.193:42809), bc337a6ee6b34aeeb0ba6b69a570ba08 (127.26.205.195:33817)
I20260713 09:09:17.890331 28082 tablet_service.cc:1917] Received RequestConsensusVote() RPC: tablet_id: "2ad50cd9804647a6852b9da0b6f534c6" candidate_uuid: "15b67934c025414d90091bc3d73a7ab6" candidate_term: 5 candidate_status { last_received { term: 4 index: 4 } } ignore_live_leader: true dest_uuid: "f1b7a9eb185643fd8b22ea07a1288b1f"
I20260713 09:09:17.890470 28229 tablet_service.cc:1917] Received RequestConsensusVote() RPC: tablet_id: "2ad50cd9804647a6852b9da0b6f534c6" candidate_uuid: "15b67934c025414d90091bc3d73a7ab6" candidate_term: 5 candidate_status { last_received { term: 4 index: 4 } } ignore_live_leader: true dest_uuid: "bc337a6ee6b34aeeb0ba6b69a570ba08"
I20260713 09:09:17.890812 28082 raft_consensus.cc:3055] T 2ad50cd9804647a6852b9da0b6f534c6 P f1b7a9eb185643fd8b22ea07a1288b1f [term 4 LEADER]: Stepping down as leader of term 4
I20260713 09:09:17.890965 28229 raft_consensus.cc:3060] T 2ad50cd9804647a6852b9da0b6f534c6 P bc337a6ee6b34aeeb0ba6b69a570ba08 [term 4 FOLLOWER]: Advancing to term 5
I20260713 09:09:17.891119 28082 raft_consensus.cc:740] T 2ad50cd9804647a6852b9da0b6f534c6 P f1b7a9eb185643fd8b22ea07a1288b1f [term 4 LEADER]: Becoming Follower/Learner. State: Replica: f1b7a9eb185643fd8b22ea07a1288b1f, State: Running, Role: LEADER
I20260713 09:09:17.892241 28082 consensus_queue.cc:260] T 2ad50cd9804647a6852b9da0b6f534c6 P f1b7a9eb185643fd8b22ea07a1288b1f [NON_LEADER]: Queue going to NON_LEADER mode. State: All replicated index: 0, Majority replicated index: 4, Committed index: 4, Last appended: 4.4, Last appended by leader: 4, Current term: 4, Majority size: -1, State: 0, Mode: NON_LEADER, active raft config: opid_index: -1 OBSOLETE_local: false peers { permanent_uuid: "15b67934c025414d90091bc3d73a7ab6" member_type: VOTER last_known_addr { host: "127.26.205.194" port: 38099 } } peers { permanent_uuid: "f1b7a9eb185643fd8b22ea07a1288b1f" member_type: VOTER last_known_addr { host: "127.26.205.193" port: 42809 } } peers { permanent_uuid: "bc337a6ee6b34aeeb0ba6b69a570ba08" member_type: VOTER last_known_addr { host: "127.26.205.195" port: 33817 } }
I20260713 09:09:17.893167 28082 raft_consensus.cc:3060] T 2ad50cd9804647a6852b9da0b6f534c6 P f1b7a9eb185643fd8b22ea07a1288b1f [term 4 FOLLOWER]: Advancing to term 5
I20260713 09:09:17.895762 28229 raft_consensus.cc:2468] T 2ad50cd9804647a6852b9da0b6f534c6 P bc337a6ee6b34aeeb0ba6b69a570ba08 [term 5 FOLLOWER]: Leader election vote request: Granting yes vote for candidate 15b67934c025414d90091bc3d73a7ab6 in term 5.
I20260713 09:09:17.896873 28120 leader_election.cc:304] T 2ad50cd9804647a6852b9da0b6f534c6 P 15b67934c025414d90091bc3d73a7ab6 [CANDIDATE]: Term 5 election: Election decided. Result: candidate won. Election summary: received 2 responses out of 3 voters: 2 yes votes; 0 no votes. yes voters: 15b67934c025414d90091bc3d73a7ab6, bc337a6ee6b34aeeb0ba6b69a570ba08; no voters: 
I20260713 09:09:17.897681 28400 raft_consensus.cc:2804] T 2ad50cd9804647a6852b9da0b6f534c6 P 15b67934c025414d90091bc3d73a7ab6 [term 5 FOLLOWER]: Leader election won for term 5
I20260713 09:09:17.898986 28082 raft_consensus.cc:2468] T 2ad50cd9804647a6852b9da0b6f534c6 P f1b7a9eb185643fd8b22ea07a1288b1f [term 5 FOLLOWER]: Leader election vote request: Granting yes vote for candidate 15b67934c025414d90091bc3d73a7ab6 in term 5.
I20260713 09:09:17.899052 28400 raft_consensus.cc:697] T 2ad50cd9804647a6852b9da0b6f534c6 P 15b67934c025414d90091bc3d73a7ab6 [term 5 LEADER]: Becoming Leader. State: Replica: 15b67934c025414d90091bc3d73a7ab6, State: Running, Role: LEADER
I20260713 09:09:17.900414 28400 consensus_queue.cc:237] T 2ad50cd9804647a6852b9da0b6f534c6 P 15b67934c025414d90091bc3d73a7ab6 [LEADER]: Queue going to LEADER mode. State: All replicated index: 0, Majority replicated index: 4, Committed index: 4, Last appended: 4.4, Last appended by leader: 4, Current term: 5, Majority size: 2, State: 0, Mode: LEADER, active raft config: opid_index: -1 OBSOLETE_local: false peers { permanent_uuid: "15b67934c025414d90091bc3d73a7ab6" member_type: VOTER last_known_addr { host: "127.26.205.194" port: 38099 } } peers { permanent_uuid: "f1b7a9eb185643fd8b22ea07a1288b1f" member_type: VOTER last_known_addr { host: "127.26.205.193" port: 42809 } } peers { permanent_uuid: "bc337a6ee6b34aeeb0ba6b69a570ba08" member_type: VOTER last_known_addr { host: "127.26.205.195" port: 33817 } }
I20260713 09:09:17.907645 27980 catalog_manager.cc:5697] T 2ad50cd9804647a6852b9da0b6f534c6 P 15b67934c025414d90091bc3d73a7ab6 reported cstate change: term changed from 4 to 5, leader changed from f1b7a9eb185643fd8b22ea07a1288b1f (127.26.205.193) to 15b67934c025414d90091bc3d73a7ab6 (127.26.205.194). New cstate: current_term: 5 leader_uuid: "15b67934c025414d90091bc3d73a7ab6" committed_config { opid_index: -1 OBSOLETE_local: false peers { permanent_uuid: "15b67934c025414d90091bc3d73a7ab6" member_type: VOTER last_known_addr { host: "127.26.205.194" port: 38099 } health_report { overall_health: HEALTHY } } peers { permanent_uuid: "f1b7a9eb185643fd8b22ea07a1288b1f" member_type: VOTER last_known_addr { host: "127.26.205.193" port: 42809 } health_report { overall_health: UNKNOWN } } peers { permanent_uuid: "bc337a6ee6b34aeeb0ba6b69a570ba08" member_type: VOTER last_known_addr { host: "127.26.205.195" port: 33817 } health_report { overall_health: UNKNOWN } } }
I20260713 09:09:18.090312 28377 raft_consensus.cc:993] T d2182af7a4bf4a97ad9e22240e1fe7da P f1b7a9eb185643fd8b22ea07a1288b1f: : Instructing follower bc337a6ee6b34aeeb0ba6b69a570ba08 to start an election
I20260713 09:09:18.090996 28377 raft_consensus.cc:1081] T d2182af7a4bf4a97ad9e22240e1fe7da P f1b7a9eb185643fd8b22ea07a1288b1f [term 2 LEADER]: Signalling peer bc337a6ee6b34aeeb0ba6b69a570ba08 to start an election
I20260713 09:09:18.092643 28229 tablet_service.cc:2044] Received Run Leader Election RPC: tablet_id: "d2182af7a4bf4a97ad9e22240e1fe7da"
dest_uuid: "bc337a6ee6b34aeeb0ba6b69a570ba08"
 from {username='slave'} at 127.0.0.1:56426
I20260713 09:09:18.093143 28229 raft_consensus.cc:493] T d2182af7a4bf4a97ad9e22240e1fe7da P bc337a6ee6b34aeeb0ba6b69a570ba08 [term 2 FOLLOWER]: Starting forced leader election (received explicit request)
I20260713 09:09:18.093429 28229 raft_consensus.cc:3060] T d2182af7a4bf4a97ad9e22240e1fe7da P bc337a6ee6b34aeeb0ba6b69a570ba08 [term 2 FOLLOWER]: Advancing to term 3
I20260713 09:09:18.097846 28229 raft_consensus.cc:515] T d2182af7a4bf4a97ad9e22240e1fe7da P bc337a6ee6b34aeeb0ba6b69a570ba08 [term 3 FOLLOWER]: Starting forced leader election with config: opid_index: -1 OBSOLETE_local: false peers { permanent_uuid: "f1b7a9eb185643fd8b22ea07a1288b1f" member_type: VOTER last_known_addr { host: "127.26.205.193" port: 42809 } } peers { permanent_uuid: "15b67934c025414d90091bc3d73a7ab6" member_type: VOTER last_known_addr { host: "127.26.205.194" port: 38099 } } peers { permanent_uuid: "bc337a6ee6b34aeeb0ba6b69a570ba08" member_type: VOTER last_known_addr { host: "127.26.205.195" port: 33817 } }
I20260713 09:09:18.099381 28229 leader_election.cc:290] T d2182af7a4bf4a97ad9e22240e1fe7da P bc337a6ee6b34aeeb0ba6b69a570ba08 [CANDIDATE]: Term 3 election: Requested vote from peers f1b7a9eb185643fd8b22ea07a1288b1f (127.26.205.193:42809), 15b67934c025414d90091bc3d73a7ab6 (127.26.205.194:38099)
I20260713 09:09:18.100418 28157 tablet_service.cc:1917] Received RequestConsensusVote() RPC: tablet_id: "d2182af7a4bf4a97ad9e22240e1fe7da" candidate_uuid: "bc337a6ee6b34aeeb0ba6b69a570ba08" candidate_term: 3 candidate_status { last_received { term: 2 index: 2 } } ignore_live_leader: true dest_uuid: "15b67934c025414d90091bc3d73a7ab6"
I20260713 09:09:18.100349 28082 tablet_service.cc:1917] Received RequestConsensusVote() RPC: tablet_id: "d2182af7a4bf4a97ad9e22240e1fe7da" candidate_uuid: "bc337a6ee6b34aeeb0ba6b69a570ba08" candidate_term: 3 candidate_status { last_received { term: 2 index: 2 } } ignore_live_leader: true dest_uuid: "f1b7a9eb185643fd8b22ea07a1288b1f"
I20260713 09:09:18.100992 28157 raft_consensus.cc:3060] T d2182af7a4bf4a97ad9e22240e1fe7da P 15b67934c025414d90091bc3d73a7ab6 [term 2 FOLLOWER]: Advancing to term 3
I20260713 09:09:18.101020 28082 raft_consensus.cc:3055] T d2182af7a4bf4a97ad9e22240e1fe7da P f1b7a9eb185643fd8b22ea07a1288b1f [term 2 LEADER]: Stepping down as leader of term 2
I20260713 09:09:18.101567 28082 raft_consensus.cc:740] T d2182af7a4bf4a97ad9e22240e1fe7da P f1b7a9eb185643fd8b22ea07a1288b1f [term 2 LEADER]: Becoming Follower/Learner. State: Replica: f1b7a9eb185643fd8b22ea07a1288b1f, State: Running, Role: LEADER
I20260713 09:09:18.102306 28082 consensus_queue.cc:260] T d2182af7a4bf4a97ad9e22240e1fe7da P f1b7a9eb185643fd8b22ea07a1288b1f [NON_LEADER]: Queue going to NON_LEADER mode. State: All replicated index: 0, Majority replicated index: 2, Committed index: 2, Last appended: 2.2, Last appended by leader: 2, Current term: 2, Majority size: -1, State: 0, Mode: NON_LEADER, active raft config: opid_index: -1 OBSOLETE_local: false peers { permanent_uuid: "f1b7a9eb185643fd8b22ea07a1288b1f" member_type: VOTER last_known_addr { host: "127.26.205.193" port: 42809 } } peers { permanent_uuid: "15b67934c025414d90091bc3d73a7ab6" member_type: VOTER last_known_addr { host: "127.26.205.194" port: 38099 } } peers { permanent_uuid: "bc337a6ee6b34aeeb0ba6b69a570ba08" member_type: VOTER last_known_addr { host: "127.26.205.195" port: 33817 } }
I20260713 09:09:18.103365 28082 raft_consensus.cc:3060] T d2182af7a4bf4a97ad9e22240e1fe7da P f1b7a9eb185643fd8b22ea07a1288b1f [term 2 FOLLOWER]: Advancing to term 3
I20260713 09:09:18.107085 28157 raft_consensus.cc:2468] T d2182af7a4bf4a97ad9e22240e1fe7da P 15b67934c025414d90091bc3d73a7ab6 [term 3 FOLLOWER]: Leader election vote request: Granting yes vote for candidate bc337a6ee6b34aeeb0ba6b69a570ba08 in term 3.
I20260713 09:09:18.108120 28197 leader_election.cc:304] T d2182af7a4bf4a97ad9e22240e1fe7da P bc337a6ee6b34aeeb0ba6b69a570ba08 [CANDIDATE]: Term 3 election: Election decided. Result: candidate won. Election summary: received 2 responses out of 3 voters: 2 yes votes; 0 no votes. yes voters: 15b67934c025414d90091bc3d73a7ab6, bc337a6ee6b34aeeb0ba6b69a570ba08; no voters: 
I20260713 09:09:18.108793 28082 raft_consensus.cc:2468] T d2182af7a4bf4a97ad9e22240e1fe7da P f1b7a9eb185643fd8b22ea07a1288b1f [term 3 FOLLOWER]: Leader election vote request: Granting yes vote for candidate bc337a6ee6b34aeeb0ba6b69a570ba08 in term 3.
I20260713 09:09:18.108858 28389 raft_consensus.cc:2804] T d2182af7a4bf4a97ad9e22240e1fe7da P bc337a6ee6b34aeeb0ba6b69a570ba08 [term 3 FOLLOWER]: Leader election won for term 3
I20260713 09:09:18.109468 28389 raft_consensus.cc:697] T d2182af7a4bf4a97ad9e22240e1fe7da P bc337a6ee6b34aeeb0ba6b69a570ba08 [term 3 LEADER]: Becoming Leader. State: Replica: bc337a6ee6b34aeeb0ba6b69a570ba08, State: Running, Role: LEADER
I20260713 09:09:18.110368 28389 consensus_queue.cc:237] T d2182af7a4bf4a97ad9e22240e1fe7da P bc337a6ee6b34aeeb0ba6b69a570ba08 [LEADER]: Queue going to LEADER mode. State: All replicated index: 0, Majority replicated index: 2, Committed index: 2, Last appended: 2.2, Last appended by leader: 2, Current term: 3, Majority size: 2, State: 0, Mode: LEADER, active raft config: opid_index: -1 OBSOLETE_local: false peers { permanent_uuid: "f1b7a9eb185643fd8b22ea07a1288b1f" member_type: VOTER last_known_addr { host: "127.26.205.193" port: 42809 } } peers { permanent_uuid: "15b67934c025414d90091bc3d73a7ab6" member_type: VOTER last_known_addr { host: "127.26.205.194" port: 38099 } } peers { permanent_uuid: "bc337a6ee6b34aeeb0ba6b69a570ba08" member_type: VOTER last_known_addr { host: "127.26.205.195" port: 33817 } }
I20260713 09:09:18.117236 27980 catalog_manager.cc:5697] T d2182af7a4bf4a97ad9e22240e1fe7da P bc337a6ee6b34aeeb0ba6b69a570ba08 reported cstate change: term changed from 2 to 3, leader changed from f1b7a9eb185643fd8b22ea07a1288b1f (127.26.205.193) to bc337a6ee6b34aeeb0ba6b69a570ba08 (127.26.205.195). New cstate: current_term: 3 leader_uuid: "bc337a6ee6b34aeeb0ba6b69a570ba08" committed_config { opid_index: -1 OBSOLETE_local: false peers { permanent_uuid: "f1b7a9eb185643fd8b22ea07a1288b1f" member_type: VOTER last_known_addr { host: "127.26.205.193" port: 42809 } health_report { overall_health: UNKNOWN } } peers { permanent_uuid: "15b67934c025414d90091bc3d73a7ab6" member_type: VOTER last_known_addr { host: "127.26.205.194" port: 38099 } health_report { overall_health: UNKNOWN } } peers { permanent_uuid: "bc337a6ee6b34aeeb0ba6b69a570ba08" member_type: VOTER last_known_addr { host: "127.26.205.195" port: 33817 } health_report { overall_health: HEALTHY } } }
I20260713 09:09:18.179097 28424 raft_consensus.cc:993] T 4c843f92ed1949cc825d616321c6205d P f1b7a9eb185643fd8b22ea07a1288b1f: : Instructing follower 15b67934c025414d90091bc3d73a7ab6 to start an election
I20260713 09:09:18.179543 28377 raft_consensus.cc:1081] T 4c843f92ed1949cc825d616321c6205d P f1b7a9eb185643fd8b22ea07a1288b1f [term 3 LEADER]: Signalling peer 15b67934c025414d90091bc3d73a7ab6 to start an election
I20260713 09:09:18.180969 28157 tablet_service.cc:2044] Received Run Leader Election RPC: tablet_id: "4c843f92ed1949cc825d616321c6205d"
dest_uuid: "15b67934c025414d90091bc3d73a7ab6"
 from {username='slave'} at 127.0.0.1:44144
I20260713 09:09:18.181372 28157 raft_consensus.cc:493] T 4c843f92ed1949cc825d616321c6205d P 15b67934c025414d90091bc3d73a7ab6 [term 3 FOLLOWER]: Starting forced leader election (received explicit request)
I20260713 09:09:18.181639 28157 raft_consensus.cc:3060] T 4c843f92ed1949cc825d616321c6205d P 15b67934c025414d90091bc3d73a7ab6 [term 3 FOLLOWER]: Advancing to term 4
I20260713 09:09:18.185880 28157 raft_consensus.cc:515] T 4c843f92ed1949cc825d616321c6205d P 15b67934c025414d90091bc3d73a7ab6 [term 4 FOLLOWER]: Starting forced leader election with config: opid_index: -1 OBSOLETE_local: false peers { permanent_uuid: "f1b7a9eb185643fd8b22ea07a1288b1f" member_type: VOTER last_known_addr { host: "127.26.205.193" port: 42809 } } peers { permanent_uuid: "15b67934c025414d90091bc3d73a7ab6" member_type: VOTER last_known_addr { host: "127.26.205.194" port: 38099 } } peers { permanent_uuid: "bc337a6ee6b34aeeb0ba6b69a570ba08" member_type: VOTER last_known_addr { host: "127.26.205.195" port: 33817 } }
I20260713 09:09:18.187425 28157 leader_election.cc:290] T 4c843f92ed1949cc825d616321c6205d P 15b67934c025414d90091bc3d73a7ab6 [CANDIDATE]: Term 4 election: Requested vote from peers f1b7a9eb185643fd8b22ea07a1288b1f (127.26.205.193:42809), bc337a6ee6b34aeeb0ba6b69a570ba08 (127.26.205.195:33817)
I20260713 09:09:18.188234 28082 tablet_service.cc:1917] Received RequestConsensusVote() RPC: tablet_id: "4c843f92ed1949cc825d616321c6205d" candidate_uuid: "15b67934c025414d90091bc3d73a7ab6" candidate_term: 4 candidate_status { last_received { term: 3 index: 3 } } ignore_live_leader: true dest_uuid: "f1b7a9eb185643fd8b22ea07a1288b1f"
I20260713 09:09:18.188459 28229 tablet_service.cc:1917] Received RequestConsensusVote() RPC: tablet_id: "4c843f92ed1949cc825d616321c6205d" candidate_uuid: "15b67934c025414d90091bc3d73a7ab6" candidate_term: 4 candidate_status { last_received { term: 3 index: 3 } } ignore_live_leader: true dest_uuid: "bc337a6ee6b34aeeb0ba6b69a570ba08"
I20260713 09:09:18.188745 28082 raft_consensus.cc:3055] T 4c843f92ed1949cc825d616321c6205d P f1b7a9eb185643fd8b22ea07a1288b1f [term 3 LEADER]: Stepping down as leader of term 3
I20260713 09:09:18.188905 28229 raft_consensus.cc:3060] T 4c843f92ed1949cc825d616321c6205d P bc337a6ee6b34aeeb0ba6b69a570ba08 [term 3 FOLLOWER]: Advancing to term 4
I20260713 09:09:18.189067 28082 raft_consensus.cc:740] T 4c843f92ed1949cc825d616321c6205d P f1b7a9eb185643fd8b22ea07a1288b1f [term 3 LEADER]: Becoming Follower/Learner. State: Replica: f1b7a9eb185643fd8b22ea07a1288b1f, State: Running, Role: LEADER
I20260713 09:09:18.189817 28082 consensus_queue.cc:260] T 4c843f92ed1949cc825d616321c6205d P f1b7a9eb185643fd8b22ea07a1288b1f [NON_LEADER]: Queue going to NON_LEADER mode. State: All replicated index: 0, Majority replicated index: 3, Committed index: 3, Last appended: 3.3, Last appended by leader: 3, Current term: 3, Majority size: -1, State: 0, Mode: NON_LEADER, active raft config: opid_index: -1 OBSOLETE_local: false peers { permanent_uuid: "f1b7a9eb185643fd8b22ea07a1288b1f" member_type: VOTER last_known_addr { host: "127.26.205.193" port: 42809 } } peers { permanent_uuid: "15b67934c025414d90091bc3d73a7ab6" member_type: VOTER last_known_addr { host: "127.26.205.194" port: 38099 } } peers { permanent_uuid: "bc337a6ee6b34aeeb0ba6b69a570ba08" member_type: VOTER last_known_addr { host: "127.26.205.195" port: 33817 } }
I20260713 09:09:18.190863 28082 raft_consensus.cc:3060] T 4c843f92ed1949cc825d616321c6205d P f1b7a9eb185643fd8b22ea07a1288b1f [term 3 FOLLOWER]: Advancing to term 4
I20260713 09:09:18.195381 28229 raft_consensus.cc:2468] T 4c843f92ed1949cc825d616321c6205d P bc337a6ee6b34aeeb0ba6b69a570ba08 [term 4 FOLLOWER]: Leader election vote request: Granting yes vote for candidate 15b67934c025414d90091bc3d73a7ab6 in term 4.
I20260713 09:09:18.196352 28120 leader_election.cc:304] T 4c843f92ed1949cc825d616321c6205d P 15b67934c025414d90091bc3d73a7ab6 [CANDIDATE]: Term 4 election: Election decided. Result: candidate won. Election summary: received 2 responses out of 3 voters: 2 yes votes; 0 no votes. yes voters: 15b67934c025414d90091bc3d73a7ab6, bc337a6ee6b34aeeb0ba6b69a570ba08; no voters: 
I20260713 09:09:18.196892 28082 raft_consensus.cc:2468] T 4c843f92ed1949cc825d616321c6205d P f1b7a9eb185643fd8b22ea07a1288b1f [term 4 FOLLOWER]: Leader election vote request: Granting yes vote for candidate 15b67934c025414d90091bc3d73a7ab6 in term 4.
I20260713 09:09:18.197019 28400 raft_consensus.cc:2804] T 4c843f92ed1949cc825d616321c6205d P 15b67934c025414d90091bc3d73a7ab6 [term 4 FOLLOWER]: Leader election won for term 4
I20260713 09:09:18.197484 28400 raft_consensus.cc:697] T 4c843f92ed1949cc825d616321c6205d P 15b67934c025414d90091bc3d73a7ab6 [term 4 LEADER]: Becoming Leader. State: Replica: 15b67934c025414d90091bc3d73a7ab6, State: Running, Role: LEADER
I20260713 09:09:18.198375 28400 consensus_queue.cc:237] T 4c843f92ed1949cc825d616321c6205d P 15b67934c025414d90091bc3d73a7ab6 [LEADER]: Queue going to LEADER mode. State: All replicated index: 0, Majority replicated index: 3, Committed index: 3, Last appended: 3.3, Last appended by leader: 3, Current term: 4, Majority size: 2, State: 0, Mode: LEADER, active raft config: opid_index: -1 OBSOLETE_local: false peers { permanent_uuid: "f1b7a9eb185643fd8b22ea07a1288b1f" member_type: VOTER last_known_addr { host: "127.26.205.193" port: 42809 } } peers { permanent_uuid: "15b67934c025414d90091bc3d73a7ab6" member_type: VOTER last_known_addr { host: "127.26.205.194" port: 38099 } } peers { permanent_uuid: "bc337a6ee6b34aeeb0ba6b69a570ba08" member_type: VOTER last_known_addr { host: "127.26.205.195" port: 33817 } }
I20260713 09:09:18.204401 27980 catalog_manager.cc:5697] T 4c843f92ed1949cc825d616321c6205d P 15b67934c025414d90091bc3d73a7ab6 reported cstate change: term changed from 3 to 4, leader changed from f1b7a9eb185643fd8b22ea07a1288b1f (127.26.205.193) to 15b67934c025414d90091bc3d73a7ab6 (127.26.205.194). New cstate: current_term: 4 leader_uuid: "15b67934c025414d90091bc3d73a7ab6" committed_config { opid_index: -1 OBSOLETE_local: false peers { permanent_uuid: "f1b7a9eb185643fd8b22ea07a1288b1f" member_type: VOTER last_known_addr { host: "127.26.205.193" port: 42809 } health_report { overall_health: UNKNOWN } } peers { permanent_uuid: "15b67934c025414d90091bc3d73a7ab6" member_type: VOTER last_known_addr { host: "127.26.205.194" port: 38099 } health_report { overall_health: HEALTHY } } peers { permanent_uuid: "bc337a6ee6b34aeeb0ba6b69a570ba08" member_type: VOTER last_known_addr { host: "127.26.205.195" port: 33817 } health_report { overall_health: UNKNOWN } } }
I20260713 09:09:18.279047 28082 raft_consensus.cc:1275] T 7bcc62e1483543ffa6cfc03237c8824f P f1b7a9eb185643fd8b22ea07a1288b1f [term 3 FOLLOWER]: Refusing update from remote peer bc337a6ee6b34aeeb0ba6b69a570ba08: Log matching property violated. Preceding OpId in replica: term: 2 index: 2. Preceding OpId from leader: term: 3 index: 3. (index mismatch)
I20260713 09:09:18.280349 28389 consensus_queue.cc:1048] T 7bcc62e1483543ffa6cfc03237c8824f P bc337a6ee6b34aeeb0ba6b69a570ba08 [LEADER]: Connected to new peer: Peer: permanent_uuid: "f1b7a9eb185643fd8b22ea07a1288b1f" member_type: VOTER last_known_addr { host: "127.26.205.193" port: 42809 }, Status: LMP_MISMATCH, Last received: 0.0, Next index: 3, Last known committed idx: 2, Time since last communication: 0.000s
I20260713 09:09:18.290308 28157 raft_consensus.cc:1275] T 7bcc62e1483543ffa6cfc03237c8824f P 15b67934c025414d90091bc3d73a7ab6 [term 3 FOLLOWER]: Refusing update from remote peer bc337a6ee6b34aeeb0ba6b69a570ba08: Log matching property violated. Preceding OpId in replica: term: 2 index: 2. Preceding OpId from leader: term: 3 index: 3. (index mismatch)
I20260713 09:09:18.292472 28431 consensus_queue.cc:1048] T 7bcc62e1483543ffa6cfc03237c8824f P bc337a6ee6b34aeeb0ba6b69a570ba08 [LEADER]: Connected to new peer: Peer: permanent_uuid: "15b67934c025414d90091bc3d73a7ab6" member_type: VOTER last_known_addr { host: "127.26.205.194" port: 38099 }, Status: LMP_MISMATCH, Last received: 0.0, Next index: 3, Last known committed idx: 2, Time since last communication: 0.001s
I20260713 09:09:18.396768 28229 raft_consensus.cc:1275] T 2ad50cd9804647a6852b9da0b6f534c6 P bc337a6ee6b34aeeb0ba6b69a570ba08 [term 5 FOLLOWER]: Refusing update from remote peer 15b67934c025414d90091bc3d73a7ab6: Log matching property violated. Preceding OpId in replica: term: 4 index: 4. Preceding OpId from leader: term: 5 index: 5. (index mismatch)
I20260713 09:09:18.397975 28400 consensus_queue.cc:1048] T 2ad50cd9804647a6852b9da0b6f534c6 P 15b67934c025414d90091bc3d73a7ab6 [LEADER]: Connected to new peer: Peer: permanent_uuid: "bc337a6ee6b34aeeb0ba6b69a570ba08" member_type: VOTER last_known_addr { host: "127.26.205.195" port: 33817 }, Status: LMP_MISMATCH, Last received: 0.0, Next index: 5, Last known committed idx: 4, Time since last communication: 0.000s
I20260713 09:09:18.407853 28082 raft_consensus.cc:1275] T 2ad50cd9804647a6852b9da0b6f534c6 P f1b7a9eb185643fd8b22ea07a1288b1f [term 5 FOLLOWER]: Refusing update from remote peer 15b67934c025414d90091bc3d73a7ab6: Log matching property violated. Preceding OpId in replica: term: 4 index: 4. Preceding OpId from leader: term: 5 index: 5. (index mismatch)
I20260713 09:09:18.409420 28436 consensus_queue.cc:1048] T 2ad50cd9804647a6852b9da0b6f534c6 P 15b67934c025414d90091bc3d73a7ab6 [LEADER]: Connected to new peer: Peer: permanent_uuid: "f1b7a9eb185643fd8b22ea07a1288b1f" member_type: VOTER last_known_addr { host: "127.26.205.193" port: 42809 }, Status: LMP_MISMATCH, Last received: 0.0, Next index: 5, Last known committed idx: 4, Time since last communication: 0.001s
I20260713 09:09:18.577289 28082 raft_consensus.cc:1275] T d2182af7a4bf4a97ad9e22240e1fe7da P f1b7a9eb185643fd8b22ea07a1288b1f [term 3 FOLLOWER]: Refusing update from remote peer bc337a6ee6b34aeeb0ba6b69a570ba08: Log matching property violated. Preceding OpId in replica: term: 2 index: 2. Preceding OpId from leader: term: 3 index: 3. (index mismatch)
I20260713 09:09:18.578810 28157 raft_consensus.cc:1275] T d2182af7a4bf4a97ad9e22240e1fe7da P 15b67934c025414d90091bc3d73a7ab6 [term 3 FOLLOWER]: Refusing update from remote peer bc337a6ee6b34aeeb0ba6b69a570ba08: Log matching property violated. Preceding OpId in replica: term: 2 index: 2. Preceding OpId from leader: term: 3 index: 3. (index mismatch)
I20260713 09:09:18.579058 28389 consensus_queue.cc:1048] T d2182af7a4bf4a97ad9e22240e1fe7da P bc337a6ee6b34aeeb0ba6b69a570ba08 [LEADER]: Connected to new peer: Peer: permanent_uuid: "f1b7a9eb185643fd8b22ea07a1288b1f" member_type: VOTER last_known_addr { host: "127.26.205.193" port: 42809 }, Status: LMP_MISMATCH, Last received: 0.0, Next index: 3, Last known committed idx: 2, Time since last communication: 0.000s
I20260713 09:09:18.579977 28431 consensus_queue.cc:1048] T d2182af7a4bf4a97ad9e22240e1fe7da P bc337a6ee6b34aeeb0ba6b69a570ba08 [LEADER]: Connected to new peer: Peer: permanent_uuid: "15b67934c025414d90091bc3d73a7ab6" member_type: VOTER last_known_addr { host: "127.26.205.194" port: 38099 }, Status: LMP_MISMATCH, Last received: 0.0, Next index: 3, Last known committed idx: 2, Time since last communication: 0.000s
I20260713 09:09:18.614084 28082 raft_consensus.cc:1275] T 4c843f92ed1949cc825d616321c6205d P f1b7a9eb185643fd8b22ea07a1288b1f [term 4 FOLLOWER]: Refusing update from remote peer 15b67934c025414d90091bc3d73a7ab6: Log matching property violated. Preceding OpId in replica: term: 3 index: 3. Preceding OpId from leader: term: 4 index: 4. (index mismatch)
