I20260713 09:09:22.054049 23051 catalog_manager.cc:5697] T 0d8b180b2eed4a02824bd68e04844c19 P b2c4d3e2e8b14be4882d44fd057f3a8b reported cstate change: term changed from 0 to 1, leader changed from <none> to b2c4d3e2e8b14be4882d44fd057f3a8b (127.21.132.67). New cstate: current_term: 1 leader_uuid: "b2c4d3e2e8b14be4882d44fd057f3a8b" committed_config { opid_index: -1 OBSOLETE_local: false peers { permanent_uuid: "bd610b9a62c34c5191236b98332fecb9" member_type: VOTER last_known_addr { host: "127.21.132.65" port: 40239 } health_report { overall_health: UNKNOWN } } peers { permanent_uuid: "3fe589fcdbe84d9188fbf7a1c507c8d6" member_type: VOTER last_known_addr { host: "127.21.132.66" port: 43479 } health_report { overall_health: UNKNOWN } } peers { permanent_uuid: "b2c4d3e2e8b14be4882d44fd057f3a8b" member_type: VOTER last_known_addr { host: "127.21.132.67" port: 45823 } health_report { overall_health: HEALTHY } } }
I20260713 09:09:22.054144 23440 consensus_queue.cc:237] T 9366599afbc5487681442033f34043fb P b2c4d3e2e8b14be4882d44fd057f3a8b [LEADER]: Queue going to LEADER mode. State: All replicated index: 0, Majority replicated index: 0, Committed index: 0, Last appended: 0.0, Last appended by leader: 0, Current term: 1, Majority size: 2, State: 0, Mode: LEADER, active raft config: opid_index: -1 OBSOLETE_local: false peers { permanent_uuid: "bd610b9a62c34c5191236b98332fecb9" member_type: VOTER last_known_addr { host: "127.21.132.65" port: 40239 } } peers { permanent_uuid: "3fe589fcdbe84d9188fbf7a1c507c8d6" member_type: VOTER last_known_addr { host: "127.21.132.66" port: 43479 } } peers { permanent_uuid: "b2c4d3e2e8b14be4882d44fd057f3a8b" member_type: VOTER last_known_addr { host: "127.21.132.67" port: 45823 } }
I20260713 09:09:22.065521 23438 consensus_queue.cc:1048] T 567e971b133a46f8babb05fbd2237fa5 P b2c4d3e2e8b14be4882d44fd057f3a8b [LEADER]: Connected to new peer: Peer: permanent_uuid: "bd610b9a62c34c5191236b98332fecb9" member_type: VOTER last_known_addr { host: "127.21.132.65" port: 40239 }, Status: LMP_MISMATCH, Last received: 0.0, Next index: 1, Last known committed idx: 0, Time since last communication: 0.000s
I20260713 09:09:22.071759 23427 raft_consensus.cc:493] T fb713013d806418ea545595dfc22b584 P 3fe589fcdbe84d9188fbf7a1c507c8d6 [term 0 FOLLOWER]: Starting pre-election (no leader contacted us within the election timeout)
I20260713 09:09:22.072602 23427 raft_consensus.cc:515] T fb713013d806418ea545595dfc22b584 P 3fe589fcdbe84d9188fbf7a1c507c8d6 [term 0 FOLLOWER]: Starting pre-election with config: opid_index: -1 OBSOLETE_local: false peers { permanent_uuid: "bd610b9a62c34c5191236b98332fecb9" member_type: VOTER last_known_addr { host: "127.21.132.65" port: 40239 } } peers { permanent_uuid: "3fe589fcdbe84d9188fbf7a1c507c8d6" member_type: VOTER last_known_addr { host: "127.21.132.66" port: 43479 } } peers { permanent_uuid: "b2c4d3e2e8b14be4882d44fd057f3a8b" member_type: VOTER last_known_addr { host: "127.21.132.67" port: 45823 } }
I20260713 09:09:22.075484 23347 tablet_bootstrap.cc:492] T 9366599afbc5487681442033f34043fb P bd610b9a62c34c5191236b98332fecb9: No bootstrap required, opened a new log
I20260713 09:09:22.075687 23427 leader_election.cc:290] T fb713013d806418ea545595dfc22b584 P 3fe589fcdbe84d9188fbf7a1c507c8d6 [CANDIDATE]: Term 1 pre-election: Requested pre-vote from peers bd610b9a62c34c5191236b98332fecb9 (127.21.132.65:40239), b2c4d3e2e8b14be4882d44fd057f3a8b (127.21.132.67:45823)
I20260713 09:09:22.076102 23347 ts_tablet_manager.cc:1403] T 9366599afbc5487681442033f34043fb P bd610b9a62c34c5191236b98332fecb9: Time spent bootstrapping tablet: real 0.075s	user 0.043s	sys 0.031s
I20260713 09:09:22.076774 23301 tablet_service.cc:1917] Received RequestConsensusVote() RPC: tablet_id: "fb713013d806418ea545595dfc22b584" candidate_uuid: "3fe589fcdbe84d9188fbf7a1c507c8d6" candidate_term: 1 candidate_status { last_received { term: 0 index: 0 } } ignore_live_leader: false dest_uuid: "b2c4d3e2e8b14be4882d44fd057f3a8b" is_pre_election: true
I20260713 09:09:22.075702 23156 tablet_service.cc:1917] Received RequestConsensusVote() RPC: tablet_id: "fb713013d806418ea545595dfc22b584" candidate_uuid: "3fe589fcdbe84d9188fbf7a1c507c8d6" candidate_term: 1 candidate_status { last_received { term: 0 index: 0 } } ignore_live_leader: false dest_uuid: "bd610b9a62c34c5191236b98332fecb9" is_pre_election: true
I20260713 09:09:22.078022 23302 raft_consensus.cc:2468] T c3d2687f2b434affaa79c1fa340bdf6e P b2c4d3e2e8b14be4882d44fd057f3a8b [term 1 FOLLOWER]: Leader election vote request: Granting yes vote for candidate 3fe589fcdbe84d9188fbf7a1c507c8d6 in term 1.
I20260713 09:09:22.079226 23347 raft_consensus.cc:359] T 9366599afbc5487681442033f34043fb P bd610b9a62c34c5191236b98332fecb9 [term 0 FOLLOWER]: Replica starting. Triggering 0 pending ops. Active config: opid_index: -1 OBSOLETE_local: false peers { permanent_uuid: "bd610b9a62c34c5191236b98332fecb9" member_type: VOTER last_known_addr { host: "127.21.132.65" port: 40239 } } peers { permanent_uuid: "3fe589fcdbe84d9188fbf7a1c507c8d6" member_type: VOTER last_known_addr { host: "127.21.132.66" port: 43479 } } peers { permanent_uuid: "b2c4d3e2e8b14be4882d44fd057f3a8b" member_type: VOTER last_known_addr { host: "127.21.132.67" port: 45823 } }
I20260713 09:09:22.079988 23347 raft_consensus.cc:385] T 9366599afbc5487681442033f34043fb P bd610b9a62c34c5191236b98332fecb9 [term 0 FOLLOWER]: Consensus starting up: Expiring failure detector timer to make a prompt election more likely
I20260713 09:09:22.080307 23197 leader_election.cc:304] T c3d2687f2b434affaa79c1fa340bdf6e P 3fe589fcdbe84d9188fbf7a1c507c8d6 [CANDIDATE]: Term 1 election: Election decided. Result: candidate won. Election summary: received 2 responses out of 3 voters: 2 yes votes; 0 no votes. yes voters: 3fe589fcdbe84d9188fbf7a1c507c8d6, b2c4d3e2e8b14be4882d44fd057f3a8b; no voters: 
I20260713 09:09:22.080880 23155 raft_consensus.cc:2468] T c3d2687f2b434affaa79c1fa340bdf6e P bd610b9a62c34c5191236b98332fecb9 [term 1 FOLLOWER]: Leader election vote request: Granting yes vote for candidate 3fe589fcdbe84d9188fbf7a1c507c8d6 in term 1.
I20260713 09:09:22.081354 23382 raft_consensus.cc:2749] T c3d2687f2b434affaa79c1fa340bdf6e P bd610b9a62c34c5191236b98332fecb9 [term 1 FOLLOWER]: Leader pre-election lost for term 1. Reason: could not achieve majority
I20260713 09:09:22.080302 23347 raft_consensus.cc:740] T 9366599afbc5487681442033f34043fb P bd610b9a62c34c5191236b98332fecb9 [term 0 FOLLOWER]: Becoming Follower/Learner. State: Replica: bd610b9a62c34c5191236b98332fecb9, State: Initialized, Role: FOLLOWER
I20260713 09:09:22.081300 23195 leader_election.cc:304] T fb713013d806418ea545595dfc22b584 P 3fe589fcdbe84d9188fbf7a1c507c8d6 [CANDIDATE]: Term 1 pre-election: Election decided. Result: candidate lost. Election summary: received 3 responses out of 3 voters: 1 yes votes; 2 no votes. yes voters: 3fe589fcdbe84d9188fbf7a1c507c8d6; no voters: b2c4d3e2e8b14be4882d44fd057f3a8b, bd610b9a62c34c5191236b98332fecb9
I20260713 09:09:22.081393 23427 raft_consensus.cc:2804] T c3d2687f2b434affaa79c1fa340bdf6e P 3fe589fcdbe84d9188fbf7a1c507c8d6 [term 1 FOLLOWER]: Leader election won for term 1
I20260713 09:09:22.082370 23347 consensus_queue.cc:260] T 9366599afbc5487681442033f34043fb P bd610b9a62c34c5191236b98332fecb9 [NON_LEADER]: Queue going to NON_LEADER mode. State: All replicated index: 0, Majority replicated index: 0, Committed index: 0, Last appended: 0.0, Last appended by leader: 0, Current term: 0, Majority size: -1, State: 0, Mode: NON_LEADER, active raft config: opid_index: -1 OBSOLETE_local: false peers { permanent_uuid: "bd610b9a62c34c5191236b98332fecb9" member_type: VOTER last_known_addr { host: "127.21.132.65" port: 40239 } } peers { permanent_uuid: "3fe589fcdbe84d9188fbf7a1c507c8d6" member_type: VOTER last_known_addr { host: "127.21.132.66" port: 43479 } } peers { permanent_uuid: "b2c4d3e2e8b14be4882d44fd057f3a8b" member_type: VOTER last_known_addr { host: "127.21.132.67" port: 45823 } }
I20260713 09:09:22.084012 23380 raft_consensus.cc:2749] T fb713013d806418ea545595dfc22b584 P 3fe589fcdbe84d9188fbf7a1c507c8d6 [term 0 FOLLOWER]: Leader pre-election lost for term 1. Reason: could not achieve majority
I20260713 09:09:22.084695 23427 raft_consensus.cc:697] T c3d2687f2b434affaa79c1fa340bdf6e P 3fe589fcdbe84d9188fbf7a1c507c8d6 [term 1 LEADER]: Becoming Leader. State: Replica: 3fe589fcdbe84d9188fbf7a1c507c8d6, State: Running, Role: LEADER
I20260713 09:09:22.085161 23347 ts_tablet_manager.cc:1434] T 9366599afbc5487681442033f34043fb P bd610b9a62c34c5191236b98332fecb9: Time spent starting tablet: real 0.009s	user 0.006s	sys 0.000s
I20260713 09:09:22.085589 23427 consensus_queue.cc:237] T c3d2687f2b434affaa79c1fa340bdf6e P 3fe589fcdbe84d9188fbf7a1c507c8d6 [LEADER]: Queue going to LEADER mode. State: All replicated index: 0, Majority replicated index: 0, Committed index: 0, Last appended: 0.0, Last appended by leader: 0, Current term: 1, Majority size: 2, State: 0, Mode: LEADER, active raft config: opid_index: -1 OBSOLETE_local: false peers { permanent_uuid: "bd610b9a62c34c5191236b98332fecb9" member_type: VOTER last_known_addr { host: "127.21.132.65" port: 40239 } } peers { permanent_uuid: "3fe589fcdbe84d9188fbf7a1c507c8d6" member_type: VOTER last_known_addr { host: "127.21.132.66" port: 43479 } } peers { permanent_uuid: "b2c4d3e2e8b14be4882d44fd057f3a8b" member_type: VOTER last_known_addr { host: "127.21.132.67" port: 45823 } }
I20260713 09:09:22.086436 23347 tablet_bootstrap.cc:492] T 0d8b180b2eed4a02824bd68e04844c19 P bd610b9a62c34c5191236b98332fecb9: Bootstrap starting.
I20260713 09:09:22.096091 23051 catalog_manager.cc:5697] T 9366599afbc5487681442033f34043fb P b2c4d3e2e8b14be4882d44fd057f3a8b reported cstate change: term changed from 0 to 1, leader changed from <none> to b2c4d3e2e8b14be4882d44fd057f3a8b (127.21.132.67). New cstate: current_term: 1 leader_uuid: "b2c4d3e2e8b14be4882d44fd057f3a8b" committed_config { opid_index: -1 OBSOLETE_local: false peers { permanent_uuid: "bd610b9a62c34c5191236b98332fecb9" member_type: VOTER last_known_addr { host: "127.21.132.65" port: 40239 } health_report { overall_health: UNKNOWN } } peers { permanent_uuid: "3fe589fcdbe84d9188fbf7a1c507c8d6" member_type: VOTER last_known_addr { host: "127.21.132.66" port: 43479 } health_report { overall_health: UNKNOWN } } peers { permanent_uuid: "b2c4d3e2e8b14be4882d44fd057f3a8b" member_type: VOTER last_known_addr { host: "127.21.132.67" port: 45823 } health_report { overall_health: HEALTHY } } }
I20260713 09:09:22.099174 23382 consensus_queue.cc:1048] T 8348699f9652402091189325bfd4ac39 P bd610b9a62c34c5191236b98332fecb9 [LEADER]: Connected to new peer: Peer: permanent_uuid: "3fe589fcdbe84d9188fbf7a1c507c8d6" member_type: VOTER last_known_addr { host: "127.21.132.66" port: 43479 }, Status: LMP_MISMATCH, Last received: 0.0, Next index: 1, Last known committed idx: 0, Time since last communication: 0.000s
I20260713 09:09:22.103448 23347 tablet_bootstrap.cc:654] T 0d8b180b2eed4a02824bd68e04844c19 P bd610b9a62c34c5191236b98332fecb9: Neither blocks nor log segments found. Creating new log.
I20260713 09:09:22.115528 23438 consensus_queue.cc:1048] T 567e971b133a46f8babb05fbd2237fa5 P b2c4d3e2e8b14be4882d44fd057f3a8b [LEADER]: Connected to new peer: Peer: permanent_uuid: "3fe589fcdbe84d9188fbf7a1c507c8d6" member_type: VOTER last_known_addr { host: "127.21.132.66" port: 43479 }, Status: LMP_MISMATCH, Last received: 0.0, Next index: 1, Last known committed idx: 0, Time since last communication: 0.000s
I20260713 09:09:22.116919 23347 tablet_bootstrap.cc:492] T 0d8b180b2eed4a02824bd68e04844c19 P bd610b9a62c34c5191236b98332fecb9: No bootstrap required, opened a new log
I20260713 09:09:22.117479 23347 ts_tablet_manager.cc:1403] T 0d8b180b2eed4a02824bd68e04844c19 P bd610b9a62c34c5191236b98332fecb9: Time spent bootstrapping tablet: real 0.031s	user 0.009s	sys 0.007s
I20260713 09:09:22.121066 23347 raft_consensus.cc:359] T 0d8b180b2eed4a02824bd68e04844c19 P bd610b9a62c34c5191236b98332fecb9 [term 0 FOLLOWER]: Replica starting. Triggering 0 pending ops. Active config: opid_index: -1 OBSOLETE_local: false peers { permanent_uuid: "bd610b9a62c34c5191236b98332fecb9" member_type: VOTER last_known_addr { host: "127.21.132.65" port: 40239 } } peers { permanent_uuid: "3fe589fcdbe84d9188fbf7a1c507c8d6" member_type: VOTER last_known_addr { host: "127.21.132.66" port: 43479 } } peers { permanent_uuid: "b2c4d3e2e8b14be4882d44fd057f3a8b" member_type: VOTER last_known_addr { host: "127.21.132.67" port: 45823 } }
I20260713 09:09:22.121873 23347 raft_consensus.cc:385] T 0d8b180b2eed4a02824bd68e04844c19 P bd610b9a62c34c5191236b98332fecb9 [term 0 FOLLOWER]: Consensus starting up: Expiring failure detector timer to make a prompt election more likely
I20260713 09:09:22.122213 23347 raft_consensus.cc:740] T 0d8b180b2eed4a02824bd68e04844c19 P bd610b9a62c34c5191236b98332fecb9 [term 0 FOLLOWER]: Becoming Follower/Learner. State: Replica: bd610b9a62c34c5191236b98332fecb9, State: Initialized, Role: FOLLOWER
I20260713 09:09:22.123293 23347 consensus_queue.cc:260] T 0d8b180b2eed4a02824bd68e04844c19 P bd610b9a62c34c5191236b98332fecb9 [NON_LEADER]: Queue going to NON_LEADER mode. State: All replicated index: 0, Majority replicated index: 0, Committed index: 0, Last appended: 0.0, Last appended by leader: 0, Current term: 0, Majority size: -1, State: 0, Mode: NON_LEADER, active raft config: opid_index: -1 OBSOLETE_local: false peers { permanent_uuid: "bd610b9a62c34c5191236b98332fecb9" member_type: VOTER last_known_addr { host: "127.21.132.65" port: 40239 } } peers { permanent_uuid: "3fe589fcdbe84d9188fbf7a1c507c8d6" member_type: VOTER last_known_addr { host: "127.21.132.66" port: 43479 } } peers { permanent_uuid: "b2c4d3e2e8b14be4882d44fd057f3a8b" member_type: VOTER last_known_addr { host: "127.21.132.67" port: 45823 } }
I20260713 09:09:22.125586 23347 ts_tablet_manager.cc:1434] T 0d8b180b2eed4a02824bd68e04844c19 P bd610b9a62c34c5191236b98332fecb9: Time spent starting tablet: real 0.008s	user 0.005s	sys 0.000s
I20260713 09:09:22.126237 23054 catalog_manager.cc:5697] T c3d2687f2b434affaa79c1fa340bdf6e P 3fe589fcdbe84d9188fbf7a1c507c8d6 reported cstate change: term changed from 0 to 1, leader changed from <none> to 3fe589fcdbe84d9188fbf7a1c507c8d6 (127.21.132.66). New cstate: current_term: 1 leader_uuid: "3fe589fcdbe84d9188fbf7a1c507c8d6" committed_config { opid_index: -1 OBSOLETE_local: false peers { permanent_uuid: "bd610b9a62c34c5191236b98332fecb9" member_type: VOTER last_known_addr { host: "127.21.132.65" port: 40239 } health_report { overall_health: UNKNOWN } } peers { permanent_uuid: "3fe589fcdbe84d9188fbf7a1c507c8d6" member_type: VOTER last_known_addr { host: "127.21.132.66" port: 43479 } health_report { overall_health: HEALTHY } } peers { permanent_uuid: "b2c4d3e2e8b14be4882d44fd057f3a8b" member_type: VOTER last_known_addr { host: "127.21.132.67" port: 45823 } health_report { overall_health: UNKNOWN } } }
I20260713 09:09:22.159082 23230 raft_consensus.cc:3060] T fb713013d806418ea545595dfc22b584 P 3fe589fcdbe84d9188fbf7a1c507c8d6 [term 0 FOLLOWER]: Advancing to term 1
I20260713 09:09:22.281751 23382 raft_consensus.cc:493] T fa60ad994410450eb0d7aee1b4cfc6e0 P bd610b9a62c34c5191236b98332fecb9 [term 0 FOLLOWER]: Starting pre-election (no leader contacted us within the election timeout)
I20260713 09:09:22.282207 23382 raft_consensus.cc:515] T fa60ad994410450eb0d7aee1b4cfc6e0 P bd610b9a62c34c5191236b98332fecb9 [term 0 FOLLOWER]: Starting pre-election with config: opid_index: -1 OBSOLETE_local: false peers { permanent_uuid: "bd610b9a62c34c5191236b98332fecb9" member_type: VOTER last_known_addr { host: "127.21.132.65" port: 40239 } } peers { permanent_uuid: "3fe589fcdbe84d9188fbf7a1c507c8d6" member_type: VOTER last_known_addr { host: "127.21.132.66" port: 43479 } } peers { permanent_uuid: "b2c4d3e2e8b14be4882d44fd057f3a8b" member_type: VOTER last_known_addr { host: "127.21.132.67" port: 45823 } }
I20260713 09:09:22.283939 23382 leader_election.cc:290] T fa60ad994410450eb0d7aee1b4cfc6e0 P bd610b9a62c34c5191236b98332fecb9 [CANDIDATE]: Term 1 pre-election: Requested pre-vote from peers 3fe589fcdbe84d9188fbf7a1c507c8d6 (127.21.132.66:43479), b2c4d3e2e8b14be4882d44fd057f3a8b (127.21.132.67:45823)
I20260713 09:09:22.284657 23230 tablet_service.cc:1917] Received RequestConsensusVote() RPC: tablet_id: "fa60ad994410450eb0d7aee1b4cfc6e0" candidate_uuid: "bd610b9a62c34c5191236b98332fecb9" candidate_term: 1 candidate_status { last_received { term: 0 index: 0 } } ignore_live_leader: false dest_uuid: "3fe589fcdbe84d9188fbf7a1c507c8d6" is_pre_election: true
I20260713 09:09:22.284936 23303 tablet_service.cc:1917] Received RequestConsensusVote() RPC: tablet_id: "fa60ad994410450eb0d7aee1b4cfc6e0" candidate_uuid: "bd610b9a62c34c5191236b98332fecb9" candidate_term: 1 candidate_status { last_received { term: 0 index: 0 } } ignore_live_leader: false dest_uuid: "b2c4d3e2e8b14be4882d44fd057f3a8b" is_pre_election: true
I20260713 09:09:22.285317 23230 raft_consensus.cc:2393] T fa60ad994410450eb0d7aee1b4cfc6e0 P 3fe589fcdbe84d9188fbf7a1c507c8d6 [term 1 FOLLOWER]: Leader pre-election vote request: Denying vote to candidate bd610b9a62c34c5191236b98332fecb9 in current term 1: Already voted for candidate b2c4d3e2e8b14be4882d44fd057f3a8b in this term.
I20260713 09:09:22.286316 23119 leader_election.cc:304] T fa60ad994410450eb0d7aee1b4cfc6e0 P bd610b9a62c34c5191236b98332fecb9 [CANDIDATE]: Term 1 pre-election: Election decided. Result: candidate lost. Election summary: received 3 responses out of 3 voters: 1 yes votes; 2 no votes. yes voters: bd610b9a62c34c5191236b98332fecb9; no voters: 3fe589fcdbe84d9188fbf7a1c507c8d6, b2c4d3e2e8b14be4882d44fd057f3a8b
I20260713 09:09:22.286912 23382 raft_consensus.cc:3060] T fa60ad994410450eb0d7aee1b4cfc6e0 P bd610b9a62c34c5191236b98332fecb9 [term 0 FOLLOWER]: Advancing to term 1
I20260713 09:09:22.292407 23382 raft_consensus.cc:2749] T fa60ad994410450eb0d7aee1b4cfc6e0 P bd610b9a62c34c5191236b98332fecb9 [term 1 FOLLOWER]: Leader pre-election lost for term 1. Reason: could not achieve majority
I20260713 09:09:22.340328 23427 raft_consensus.cc:493] T eb808bf199d64f368480402c447976bb P 3fe589fcdbe84d9188fbf7a1c507c8d6 [term 0 FOLLOWER]: Starting pre-election (no leader contacted us within the election timeout)
I20260713 09:09:22.340915 23427 raft_consensus.cc:515] T eb808bf199d64f368480402c447976bb P 3fe589fcdbe84d9188fbf7a1c507c8d6 [term 0 FOLLOWER]: Starting pre-election with config: opid_index: -1 OBSOLETE_local: false peers { permanent_uuid: "bd610b9a62c34c5191236b98332fecb9" member_type: VOTER last_known_addr { host: "127.21.132.65" port: 40239 } } peers { permanent_uuid: "3fe589fcdbe84d9188fbf7a1c507c8d6" member_type: VOTER last_known_addr { host: "127.21.132.66" port: 43479 } } peers { permanent_uuid: "b2c4d3e2e8b14be4882d44fd057f3a8b" member_type: VOTER last_known_addr { host: "127.21.132.67" port: 45823 } }
I20260713 09:09:22.342795 23427 leader_election.cc:290] T eb808bf199d64f368480402c447976bb P 3fe589fcdbe84d9188fbf7a1c507c8d6 [CANDIDATE]: Term 1 pre-election: Requested pre-vote from peers bd610b9a62c34c5191236b98332fecb9 (127.21.132.65:40239), b2c4d3e2e8b14be4882d44fd057f3a8b (127.21.132.67:45823)
I20260713 09:09:22.343480 23154 tablet_service.cc:1917] Received RequestConsensusVote() RPC: tablet_id: "eb808bf199d64f368480402c447976bb" candidate_uuid: "3fe589fcdbe84d9188fbf7a1c507c8d6" candidate_term: 1 candidate_status { last_received { term: 0 index: 0 } } ignore_live_leader: false dest_uuid: "bd610b9a62c34c5191236b98332fecb9" is_pre_election: true
I20260713 09:09:22.344044 23154 raft_consensus.cc:2468] T eb808bf199d64f368480402c447976bb P bd610b9a62c34c5191236b98332fecb9 [term 0 FOLLOWER]: Leader pre-election vote request: Granting yes vote for candidate 3fe589fcdbe84d9188fbf7a1c507c8d6 in term 0.
I20260713 09:09:22.344596 23302 tablet_service.cc:1917] Received RequestConsensusVote() RPC: tablet_id: "eb808bf199d64f368480402c447976bb" candidate_uuid: "3fe589fcdbe84d9188fbf7a1c507c8d6" candidate_term: 1 candidate_status { last_received { term: 0 index: 0 } } ignore_live_leader: false dest_uuid: "b2c4d3e2e8b14be4882d44fd057f3a8b" is_pre_election: true
I20260713 09:09:22.345224 23302 raft_consensus.cc:2468] T eb808bf199d64f368480402c447976bb P b2c4d3e2e8b14be4882d44fd057f3a8b [term 0 FOLLOWER]: Leader pre-election vote request: Granting yes vote for candidate 3fe589fcdbe84d9188fbf7a1c507c8d6 in term 0.
I20260713 09:09:22.345160 23195 leader_election.cc:304] T eb808bf199d64f368480402c447976bb P 3fe589fcdbe84d9188fbf7a1c507c8d6 [CANDIDATE]: Term 1 pre-election: Election decided. Result: candidate won. Election summary: received 2 responses out of 3 voters: 2 yes votes; 0 no votes. yes voters: 3fe589fcdbe84d9188fbf7a1c507c8d6, bd610b9a62c34c5191236b98332fecb9; no voters: 
I20260713 09:09:22.346165 23427 raft_consensus.cc:2804] T eb808bf199d64f368480402c447976bb P 3fe589fcdbe84d9188fbf7a1c507c8d6 [term 0 FOLLOWER]: Leader pre-election won for term 1
I20260713 09:09:22.346539 23427 raft_consensus.cc:493] T eb808bf199d64f368480402c447976bb P 3fe589fcdbe84d9188fbf7a1c507c8d6 [term 0 FOLLOWER]: Starting leader election (no leader contacted us within the election timeout)
I20260713 09:09:22.346807 23427 raft_consensus.cc:3060] T eb808bf199d64f368480402c447976bb P 3fe589fcdbe84d9188fbf7a1c507c8d6 [term 0 FOLLOWER]: Advancing to term 1
I20260713 09:09:22.352088 23427 raft_consensus.cc:515] T eb808bf199d64f368480402c447976bb P 3fe589fcdbe84d9188fbf7a1c507c8d6 [term 1 FOLLOWER]: Starting leader election with config: opid_index: -1 OBSOLETE_local: false peers { permanent_uuid: "bd610b9a62c34c5191236b98332fecb9" member_type: VOTER last_known_addr { host: "127.21.132.65" port: 40239 } } peers { permanent_uuid: "3fe589fcdbe84d9188fbf7a1c507c8d6" member_type: VOTER last_known_addr { host: "127.21.132.66" port: 43479 } } peers { permanent_uuid: "b2c4d3e2e8b14be4882d44fd057f3a8b" member_type: VOTER last_known_addr { host: "127.21.132.67" port: 45823 } }
I20260713 09:09:22.354089 23427 leader_election.cc:290] T eb808bf199d64f368480402c447976bb P 3fe589fcdbe84d9188fbf7a1c507c8d6 [CANDIDATE]: Term 1 election: Requested vote from peers bd610b9a62c34c5191236b98332fecb9 (127.21.132.65:40239), b2c4d3e2e8b14be4882d44fd057f3a8b (127.21.132.67:45823)
I20260713 09:09:22.354802 23154 tablet_service.cc:1917] Received RequestConsensusVote() RPC: tablet_id: "eb808bf199d64f368480402c447976bb" candidate_uuid: "3fe589fcdbe84d9188fbf7a1c507c8d6" candidate_term: 1 candidate_status { last_received { term: 0 index: 0 } } ignore_live_leader: false dest_uuid: "bd610b9a62c34c5191236b98332fecb9"
I20260713 09:09:22.355067 23302 tablet_service.cc:1917] Received RequestConsensusVote() RPC: tablet_id: "eb808bf199d64f368480402c447976bb" candidate_uuid: "3fe589fcdbe84d9188fbf7a1c507c8d6" candidate_term: 1 candidate_status { last_received { term: 0 index: 0 } } ignore_live_leader: false dest_uuid: "b2c4d3e2e8b14be4882d44fd057f3a8b"
I20260713 09:09:22.355417 23154 raft_consensus.cc:3060] T eb808bf199d64f368480402c447976bb P bd610b9a62c34c5191236b98332fecb9 [term 0 FOLLOWER]: Advancing to term 1
I20260713 09:09:22.355621 23302 raft_consensus.cc:3060] T eb808bf199d64f368480402c447976bb P b2c4d3e2e8b14be4882d44fd057f3a8b [term 0 FOLLOWER]: Advancing to term 1
I20260713 09:09:22.360347 23302 raft_consensus.cc:2468] T eb808bf199d64f368480402c447976bb P b2c4d3e2e8b14be4882d44fd057f3a8b [term 1 FOLLOWER]: Leader election vote request: Granting yes vote for candidate 3fe589fcdbe84d9188fbf7a1c507c8d6 in term 1.
I20260713 09:09:22.361320 23197 leader_election.cc:304] T eb808bf199d64f368480402c447976bb P 3fe589fcdbe84d9188fbf7a1c507c8d6 [CANDIDATE]: Term 1 election: Election decided. Result: candidate won. Election summary: received 2 responses out of 3 voters: 2 yes votes; 0 no votes. yes voters: 3fe589fcdbe84d9188fbf7a1c507c8d6, b2c4d3e2e8b14be4882d44fd057f3a8b; no voters: 
I20260713 09:09:22.361974 23427 raft_consensus.cc:2804] T eb808bf199d64f368480402c447976bb P 3fe589fcdbe84d9188fbf7a1c507c8d6 [term 1 FOLLOWER]: Leader election won for term 1
I20260713 09:09:22.362071 23154 raft_consensus.cc:2468] T eb808bf199d64f368480402c447976bb P bd610b9a62c34c5191236b98332fecb9 [term 1 FOLLOWER]: Leader election vote request: Granting yes vote for candidate 3fe589fcdbe84d9188fbf7a1c507c8d6 in term 1.
I20260713 09:09:22.363103 23427 raft_consensus.cc:697] T eb808bf199d64f368480402c447976bb P 3fe589fcdbe84d9188fbf7a1c507c8d6 [term 1 LEADER]: Becoming Leader. State: Replica: 3fe589fcdbe84d9188fbf7a1c507c8d6, State: Running, Role: LEADER
I20260713 09:09:22.364014 23427 consensus_queue.cc:237] T eb808bf199d64f368480402c447976bb P 3fe589fcdbe84d9188fbf7a1c507c8d6 [LEADER]: Queue going to LEADER mode. State: All replicated index: 0, Majority replicated index: 0, Committed index: 0, Last appended: 0.0, Last appended by leader: 0, Current term: 1, Majority size: 2, State: 0, Mode: LEADER, active raft config: opid_index: -1 OBSOLETE_local: false peers { permanent_uuid: "bd610b9a62c34c5191236b98332fecb9" member_type: VOTER last_known_addr { host: "127.21.132.65" port: 40239 } } peers { permanent_uuid: "3fe589fcdbe84d9188fbf7a1c507c8d6" member_type: VOTER last_known_addr { host: "127.21.132.66" port: 43479 } } peers { permanent_uuid: "b2c4d3e2e8b14be4882d44fd057f3a8b" member_type: VOTER last_known_addr { host: "127.21.132.67" port: 45823 } }
I20260713 09:09:22.373205 23052 catalog_manager.cc:5697] T eb808bf199d64f368480402c447976bb P 3fe589fcdbe84d9188fbf7a1c507c8d6 reported cstate change: term changed from 0 to 1, leader changed from <none> to 3fe589fcdbe84d9188fbf7a1c507c8d6 (127.21.132.66). New cstate: current_term: 1 leader_uuid: "3fe589fcdbe84d9188fbf7a1c507c8d6" committed_config { opid_index: -1 OBSOLETE_local: false peers { permanent_uuid: "bd610b9a62c34c5191236b98332fecb9" member_type: VOTER last_known_addr { host: "127.21.132.65" port: 40239 } health_report { overall_health: UNKNOWN } } peers { permanent_uuid: "3fe589fcdbe84d9188fbf7a1c507c8d6" member_type: VOTER last_known_addr { host: "127.21.132.66" port: 43479 } health_report { overall_health: HEALTHY } } peers { permanent_uuid: "b2c4d3e2e8b14be4882d44fd057f3a8b" member_type: VOTER last_known_addr { host: "127.21.132.67" port: 45823 } health_report { overall_health: UNKNOWN } } }
I20260713 09:09:22.381474 23440 consensus_queue.cc:1048] T fcd90618f1a44c828a901ddd0fc0e1fa P b2c4d3e2e8b14be4882d44fd057f3a8b [LEADER]: Connected to new peer: Peer: permanent_uuid: "bd610b9a62c34c5191236b98332fecb9" member_type: VOTER last_known_addr { host: "127.21.132.65" port: 40239 }, Status: LMP_MISMATCH, Last received: 0.0, Next index: 1, Last known committed idx: 0, Time since last communication: 0.000s
I20260713 09:09:22.394057 23439 consensus_queue.cc:1048] T fcd90618f1a44c828a901ddd0fc0e1fa P b2c4d3e2e8b14be4882d44fd057f3a8b [LEADER]: Connected to new peer: Peer: permanent_uuid: "3fe589fcdbe84d9188fbf7a1c507c8d6" member_type: VOTER last_known_addr { host: "127.21.132.66" port: 43479 }, Status: LMP_MISMATCH, Last received: 0.0, Next index: 1, Last known committed idx: 0, Time since last communication: 0.000s
I20260713 09:09:22.410442 23440 consensus_queue.cc:1048] T fa60ad994410450eb0d7aee1b4cfc6e0 P b2c4d3e2e8b14be4882d44fd057f3a8b [LEADER]: Connected to new peer: Peer: permanent_uuid: "bd610b9a62c34c5191236b98332fecb9" member_type: VOTER last_known_addr { host: "127.21.132.65" port: 40239 }, Status: LMP_MISMATCH, Last received: 0.0, Next index: 1, Last known committed idx: 0, Time since last communication: 0.000s
I20260713 09:09:22.422248 23405 consensus_queue.cc:1048] T fa60ad994410450eb0d7aee1b4cfc6e0 P b2c4d3e2e8b14be4882d44fd057f3a8b [LEADER]: Connected to new peer: Peer: permanent_uuid: "3fe589fcdbe84d9188fbf7a1c507c8d6" member_type: VOTER last_known_addr { host: "127.21.132.66" port: 43479 }, Status: LMP_MISMATCH, Last received: 0.0, Next index: 1, Last known committed idx: 0, Time since last communication: 0.000s
I20260713 09:09:22.448923 23440 consensus_queue.cc:1048] T 0d8b180b2eed4a02824bd68e04844c19 P b2c4d3e2e8b14be4882d44fd057f3a8b [LEADER]: Connected to new peer: Peer: permanent_uuid: "3fe589fcdbe84d9188fbf7a1c507c8d6" member_type: VOTER last_known_addr { host: "127.21.132.66" port: 43479 }, Status: LMP_MISMATCH, Last received: 0.0, Next index: 1, Last known committed idx: 0, Time since last communication: 0.000s
I20260713 09:09:22.459513 23154 raft_consensus.cc:3060] T 0d8b180b2eed4a02824bd68e04844c19 P bd610b9a62c34c5191236b98332fecb9 [term 0 FOLLOWER]: Advancing to term 1
I20260713 09:09:22.467048 23439 consensus_queue.cc:1048] T 0d8b180b2eed4a02824bd68e04844c19 P b2c4d3e2e8b14be4882d44fd057f3a8b [LEADER]: Connected to new peer: Peer: permanent_uuid: "bd610b9a62c34c5191236b98332fecb9" member_type: VOTER last_known_addr { host: "127.21.132.65" port: 40239 }, Status: LMP_MISMATCH, Last received: 0.0, Next index: 1, Last known committed idx: 0, Time since last communication: 0.000s
I20260713 09:09:22.505048 23380 consensus_queue.cc:1048] T c3d2687f2b434affaa79c1fa340bdf6e P 3fe589fcdbe84d9188fbf7a1c507c8d6 [LEADER]: Connected to new peer: Peer: permanent_uuid: "bd610b9a62c34c5191236b98332fecb9" member_type: VOTER last_known_addr { host: "127.21.132.65" port: 40239 }, Status: LMP_MISMATCH, Last received: 0.0, Next index: 1, Last known committed idx: 0, Time since last communication: 0.000s
I20260713 09:09:22.516324 23380 consensus_queue.cc:1048] T c3d2687f2b434affaa79c1fa340bdf6e P 3fe589fcdbe84d9188fbf7a1c507c8d6 [LEADER]: Connected to new peer: Peer: permanent_uuid: "b2c4d3e2e8b14be4882d44fd057f3a8b" member_type: VOTER last_known_addr { host: "127.21.132.67" port: 45823 }, Status: LMP_MISMATCH, Last received: 0.0, Next index: 1, Last known committed idx: 0, Time since last communication: 0.000s
I20260713 09:09:22.566812 22033 file_cache.cc:504] Constructed file cache file cache with capacity 419430
I20260713 09:09:22.571237 23382 raft_consensus.cc:493] T 9366599afbc5487681442033f34043fb P bd610b9a62c34c5191236b98332fecb9 [term 0 FOLLOWER]: Starting pre-election (no leader contacted us within the election timeout)
I20260713 09:09:22.571839 23382 raft_consensus.cc:515] T 9366599afbc5487681442033f34043fb P bd610b9a62c34c5191236b98332fecb9 [term 0 FOLLOWER]: Starting pre-election with config: opid_index: -1 OBSOLETE_local: false peers { permanent_uuid: "bd610b9a62c34c5191236b98332fecb9" member_type: VOTER last_known_addr { host: "127.21.132.65" port: 40239 } } peers { permanent_uuid: "3fe589fcdbe84d9188fbf7a1c507c8d6" member_type: VOTER last_known_addr { host: "127.21.132.66" port: 43479 } } peers { permanent_uuid: "b2c4d3e2e8b14be4882d44fd057f3a8b" member_type: VOTER last_known_addr { host: "127.21.132.67" port: 45823 } }
I20260713 09:09:22.574555 23382 leader_election.cc:290] T 9366599afbc5487681442033f34043fb P bd610b9a62c34c5191236b98332fecb9 [CANDIDATE]: Term 1 pre-election: Requested pre-vote from peers 3fe589fcdbe84d9188fbf7a1c507c8d6 (127.21.132.66:43479), b2c4d3e2e8b14be4882d44fd057f3a8b (127.21.132.67:45823)
W20260713 09:09:22.573962 23526 instance_detector.cc:116] could not retrieve AWS instance metadata: Network error: curl error: HTTP response code said error: The requested URL returned error: 404
I20260713 09:09:22.576116 23302 tablet_service.cc:1917] Received RequestConsensusVote() RPC: tablet_id: "9366599afbc5487681442033f34043fb" candidate_uuid: "bd610b9a62c34c5191236b98332fecb9" candidate_term: 1 candidate_status { last_received { term: 0 index: 0 } } ignore_live_leader: false dest_uuid: "b2c4d3e2e8b14be4882d44fd057f3a8b" is_pre_election: true
I20260713 09:09:22.590646 23154 raft_consensus.cc:3060] T 9366599afbc5487681442033f34043fb P bd610b9a62c34c5191236b98332fecb9 [term 0 FOLLOWER]: Advancing to term 1
W20260713 09:09:22.573942 23527 instance_detector.cc:116] could not retrieve Azure instance metadata: Network error: curl error: HTTP response code said error: The requested URL returned error: 404
I20260713 09:09:22.575955 23230 tablet_service.cc:1917] Received RequestConsensusVote() RPC: tablet_id: "9366599afbc5487681442033f34043fb" candidate_uuid: "bd610b9a62c34c5191236b98332fecb9" candidate_term: 1 candidate_status { last_received { term: 0 index: 0 } } ignore_live_leader: false dest_uuid: "3fe589fcdbe84d9188fbf7a1c507c8d6" is_pre_election: true
I20260713 09:09:22.592048 23230 raft_consensus.cc:2393] T 9366599afbc5487681442033f34043fb P 3fe589fcdbe84d9188fbf7a1c507c8d6 [term 1 FOLLOWER]: Leader pre-election vote request: Denying vote to candidate bd610b9a62c34c5191236b98332fecb9 in current term 1: Already voted for candidate b2c4d3e2e8b14be4882d44fd057f3a8b in this term.
I20260713 09:09:22.592998 22033 server_base.cc:1061] running on GCE node
W20260713 09:09:22.593257 23529 instance_detector.cc:116] could not retrieve OpenStack instance metadata: Network error: curl error: HTTP response code said error: The requested URL returned error: 404
I20260713 09:09:22.594112 23119 leader_election.cc:304] T 9366599afbc5487681442033f34043fb P bd610b9a62c34c5191236b98332fecb9 [CANDIDATE]: Term 1 pre-election: Election decided. Result: candidate lost. Election summary: received 3 responses out of 3 voters: 1 yes votes; 2 no votes. yes voters: bd610b9a62c34c5191236b98332fecb9; no voters: 3fe589fcdbe84d9188fbf7a1c507c8d6, b2c4d3e2e8b14be4882d44fd057f3a8b
I20260713 09:09:22.596771 22033 hybrid_clock.cc:584] initializing the hybrid clock with 'system_unsync' time source
W20260713 09:09:22.597080 22033 system_unsync_time.cc:38] NTP support is disabled. Clock error bounds will not be accurate. This configuration is not suitable for distributed clusters.
I20260713 09:09:22.597318 22033 hybrid_clock.cc:648] HybridClock initialized: now 1783933762597277 us; error 0 us; skew 500 ppm
I20260713 09:09:22.598124 22033 server_base.cc:861] Flag tcmalloc_max_total_thread_cache_bytes is not working since tcmalloc is not enabled.
I20260713 09:09:22.598387 23382 raft_consensus.cc:2749] T 9366599afbc5487681442033f34043fb P bd610b9a62c34c5191236b98332fecb9 [term 1 FOLLOWER]: Leader pre-election lost for term 1. Reason: could not achieve majority
I20260713 09:09:22.599282 23405 consensus_queue.cc:1048] T 9366599afbc5487681442033f34043fb P b2c4d3e2e8b14be4882d44fd057f3a8b [LEADER]: Connected to new peer: Peer: permanent_uuid: "bd610b9a62c34c5191236b98332fecb9" member_type: VOTER last_known_addr { host: "127.21.132.65" port: 40239 }, Status: LMP_MISMATCH, Last received: 0.0, Next index: 1, Last known committed idx: 0, Time since last communication: 0.000s
I20260713 09:09:22.601301 22033 webserver.cc:533] Webserver started at http://127.21.132.68:43037/ using document root <none> and password file <none>
I20260713 09:09:22.601964 22033 fs_manager.cc:362] Metadata directory not provided
I20260713 09:09:22.602207 22033 fs_manager.cc:368] Using write-ahead log directory (fs_wal_dir) as metadata directory
I20260713 09:09:22.602560 22033 server_base.cc:909] This appears to be a new deployment of Kudu; creating new FS layout
I20260713 09:09:22.604166 22033 fs_manager.cc:1068] Generated new instance metadata in path /tmp/dist-test-tasknnvjDB/test-tmp/auto_leader_rebalancer-test.0.LeaderRebalancerTest.AddTserver.1783933734601661-22033-0/minicluster-data/ts-3-root/instance:
uuid: "bb771485f77545fc93696540418c447d"
format_stamp: "Formatted at 2026-07-13 09:09:22 on dist-test-slave-dg4l"
I20260713 09:09:22.610206 23440 consensus_queue.cc:1048] T 9366599afbc5487681442033f34043fb P b2c4d3e2e8b14be4882d44fd057f3a8b [LEADER]: Connected to new peer: Peer: permanent_uuid: "3fe589fcdbe84d9188fbf7a1c507c8d6" member_type: VOTER last_known_addr { host: "127.21.132.66" port: 43479 }, Status: LMP_MISMATCH, Last received: 0.0, Next index: 1, Last known committed idx: 0, Time since last communication: 0.000s
I20260713 09:09:22.618803 22033 fs_manager.cc:696] Time spent creating directory manager: real 0.014s	user 0.009s	sys 0.004s
I20260713 09:09:22.632555 23536 log_block_manager.cc:4127] Time spent loading block containers with low live blocks: real 0.000s	user 0.000s	sys 0.000s
I20260713 09:09:22.633606 22033 fs_manager.cc:730] Time spent opening block manager: real 0.012s	user 0.011s	sys 0.000s
I20260713 09:09:22.634006 22033 fs_manager.cc:647] Opened local filesystem: /tmp/dist-test-tasknnvjDB/test-tmp/auto_leader_rebalancer-test.0.LeaderRebalancerTest.AddTserver.1783933734601661-22033-0/minicluster-data/ts-3-root
uuid: "bb771485f77545fc93696540418c447d"
format_stamp: "Formatted at 2026-07-13 09:09:22 on dist-test-slave-dg4l"
I20260713 09:09:22.634385 22033 fs_report.cc:389] FS layout report
--------------------
wal directory: /tmp/dist-test-tasknnvjDB/test-tmp/auto_leader_rebalancer-test.0.LeaderRebalancerTest.AddTserver.1783933734601661-22033-0/minicluster-data/ts-3-root
metadata directory: /tmp/dist-test-tasknnvjDB/test-tmp/auto_leader_rebalancer-test.0.LeaderRebalancerTest.AddTserver.1783933734601661-22033-0/minicluster-data/ts-3-root
1 data directories: /tmp/dist-test-tasknnvjDB/test-tmp/auto_leader_rebalancer-test.0.LeaderRebalancerTest.AddTserver.1783933734601661-22033-0/minicluster-data/ts-3-root/data
Total live blocks: 0
Total live bytes: 0
Total live bytes (after alignment): 0
Total number of LBM containers: 0 (0 full)
Did not check for missing blocks
Did not check for orphaned blocks
Total full LBM containers with extra space: 0 (0 repaired)
Total full LBM container extra space in bytes: 0 (0 repaired)
Total incomplete LBM containers: 0 (0 repaired)
Total LBM partial records: 0 (0 repaired)
Total corrupted LBM metadata records in RocksDB: 0 (0 repaired)
I20260713 09:09:22.666292 22033 rpc_server.cc:225] running with OpenSSL 1.1.1  11 Sep 2018
I20260713 09:09:22.667634 22033 kserver.cc:163] Server-wide thread pool size limit: 3276
I20260713 09:09:22.668874 22033 txn_system_client.cc:432] TxnSystemClient initialization is disabled...
I20260713 09:09:22.671185 22033 ts_tablet_manager.cc:585] Loaded tablet metadata (0 total tablets, 0 live tablets)
I20260713 09:09:22.671428 22033 ts_tablet_manager.cc:531] Time spent load tablet metadata: real 0.000s	user 0.000s	sys 0.000s
I20260713 09:09:22.671665 22033 ts_tablet_manager.cc:616] Registered 0 tablets
I20260713 09:09:22.671835 22033 ts_tablet_manager.cc:595] Time spent register tablets: real 0.000s	user 0.000s	sys 0.000s
I20260713 09:09:22.751315 22033 rpc_server.cc:307] RPC server started. Bound to: 127.21.132.68:43413
I20260713 09:09:22.751398 23598 acceptor_pool.cc:272] collecting diagnostics on the listening RPC socket 127.21.132.68:43413 every 8 connection(s)
I20260713 09:09:22.756222 22033 auto_leader_rebalancer-test.cc:392] add a tserver: bb771485f77545fc93696540418c447d
I20260713 09:09:22.770083 23599 heartbeater.cc:344] Connected to a master server at 127.21.132.126:42435
I20260713 09:09:22.770524 23599 heartbeater.cc:461] Registering TS with master...
I20260713 09:09:22.771564 23599 heartbeater.cc:507] Master 127.21.132.126:42435 requested a full tablet report, sending...
I20260713 09:09:22.773716 23054 ts_manager.cc:194] Registered new tserver with Master: bb771485f77545fc93696540418c447d (127.21.132.68:43413)
I20260713 09:09:22.774938 23054 master_service.cc:502] Signed X509 certificate for tserver {username='slave'} at 127.0.0.1:49912
I20260713 09:09:22.801899 23380 consensus_queue.cc:1048] T eb808bf199d64f368480402c447976bb P 3fe589fcdbe84d9188fbf7a1c507c8d6 [LEADER]: Connected to new peer: Peer: permanent_uuid: "b2c4d3e2e8b14be4882d44fd057f3a8b" member_type: VOTER last_known_addr { host: "127.21.132.67" port: 45823 }, Status: LMP_MISMATCH, Last received: 0.0, Next index: 1, Last known committed idx: 0, Time since last communication: 0.000s
I20260713 09:09:22.816020 23427 consensus_queue.cc:1048] T eb808bf199d64f368480402c447976bb P 3fe589fcdbe84d9188fbf7a1c507c8d6 [LEADER]: Connected to new peer: Peer: permanent_uuid: "bd610b9a62c34c5191236b98332fecb9" member_type: VOTER last_known_addr { host: "127.21.132.65" port: 40239 }, Status: LMP_MISMATCH, Last received: 0.0, Next index: 1, Last known committed idx: 0, Time since last communication: 0.000s
I20260713 09:09:22.854525 23231 consensus_queue.cc:237] T c3d2687f2b434affaa79c1fa340bdf6e P 3fe589fcdbe84d9188fbf7a1c507c8d6 [LEADER]: Queue going to LEADER mode. State: All replicated index: 0, Majority replicated index: 1, Committed index: 1, Last appended: 1.1, Last appended by leader: 0, Current term: 1, Majority size: 2, State: 0, Mode: LEADER, active raft config: opid_index: 2 OBSOLETE_local: false peers { permanent_uuid: "bd610b9a62c34c5191236b98332fecb9" member_type: VOTER last_known_addr { host: "127.21.132.65" port: 40239 } attrs { replace: true } } peers { permanent_uuid: "3fe589fcdbe84d9188fbf7a1c507c8d6" member_type: VOTER last_known_addr { host: "127.21.132.66" port: 43479 } } peers { permanent_uuid: "b2c4d3e2e8b14be4882d44fd057f3a8b" member_type: VOTER last_known_addr { host: "127.21.132.67" port: 45823 } } peers { permanent_uuid: "bb771485f77545fc93696540418c447d" member_type: NON_VOTER last_known_addr { host: "127.21.132.68" port: 43413 } attrs { promote: true } }
I20260713 09:09:22.860909 23303 raft_consensus.cc:1275] T c3d2687f2b434affaa79c1fa340bdf6e P b2c4d3e2e8b14be4882d44fd057f3a8b [term 1 FOLLOWER]: Refusing update from remote peer 3fe589fcdbe84d9188fbf7a1c507c8d6: Log matching property violated. Preceding OpId in replica: term: 1 index: 1. Preceding OpId from leader: term: 1 index: 2. (index mismatch)
I20260713 09:09:22.862191 23411 consensus_queue.cc:1048] T c3d2687f2b434affaa79c1fa340bdf6e P 3fe589fcdbe84d9188fbf7a1c507c8d6 [LEADER]: Connected to new peer: Peer: permanent_uuid: "b2c4d3e2e8b14be4882d44fd057f3a8b" member_type: VOTER last_known_addr { host: "127.21.132.67" port: 45823 }, Status: LMP_MISMATCH, Last received: 0.0, Next index: 2, Last known committed idx: 1, Time since last communication: 0.000s
I20260713 09:09:22.864167 23154 raft_consensus.cc:1275] T c3d2687f2b434affaa79c1fa340bdf6e P bd610b9a62c34c5191236b98332fecb9 [term 1 FOLLOWER]: Refusing update from remote peer 3fe589fcdbe84d9188fbf7a1c507c8d6: Log matching property violated. Preceding OpId in replica: term: 1 index: 1. Preceding OpId from leader: term: 1 index: 2. (index mismatch)
I20260713 09:09:22.865782 23411 consensus_queue.cc:1048] T c3d2687f2b434affaa79c1fa340bdf6e P 3fe589fcdbe84d9188fbf7a1c507c8d6 [LEADER]: Connected to new peer: Peer: permanent_uuid: "bd610b9a62c34c5191236b98332fecb9" member_type: VOTER last_known_addr { host: "127.21.132.65" port: 40239 } attrs { replace: true }, Status: LMP_MISMATCH, Last received: 0.0, Next index: 2, Last known committed idx: 1, Time since last communication: 0.000s
I20260713 09:09:22.871305 23605 raft_consensus.cc:2955] T c3d2687f2b434affaa79c1fa340bdf6e P 3fe589fcdbe84d9188fbf7a1c507c8d6 [term 1 LEADER]: Committing config change with OpId 1.2: config changed from index -1 to 2, NON_VOTER bb771485f77545fc93696540418c447d (127.21.132.68) added. New config: { opid_index: 2 OBSOLETE_local: false peers { permanent_uuid: "bd610b9a62c34c5191236b98332fecb9" member_type: VOTER last_known_addr { host: "127.21.132.65" port: 40239 } attrs { replace: true } } peers { permanent_uuid: "3fe589fcdbe84d9188fbf7a1c507c8d6" member_type: VOTER last_known_addr { host: "127.21.132.66" port: 43479 } } peers { permanent_uuid: "b2c4d3e2e8b14be4882d44fd057f3a8b" member_type: VOTER last_known_addr { host: "127.21.132.67" port: 45823 } } peers { permanent_uuid: "bb771485f77545fc93696540418c447d" member_type: NON_VOTER last_known_addr { host: "127.21.132.68" port: 43413 } attrs { promote: true } } }
W20260713 09:09:22.879889 23194 consensus_peers.cc:597] T c3d2687f2b434affaa79c1fa340bdf6e P 3fe589fcdbe84d9188fbf7a1c507c8d6 -> Peer bb771485f77545fc93696540418c447d (127.21.132.68:43413): Couldn't send request to peer bb771485f77545fc93696540418c447d. Error code: TABLET_NOT_FOUND (6). Status: Not found: Tablet not found: c3d2687f2b434affaa79c1fa340bdf6e. This is attempt 1: this message will repeat every 5th retry.
I20260713 09:09:22.881516 23303 raft_consensus.cc:2955] T c3d2687f2b434affaa79c1fa340bdf6e P b2c4d3e2e8b14be4882d44fd057f3a8b [term 1 FOLLOWER]: Committing config change with OpId 1.2: config changed from index -1 to 2, NON_VOTER bb771485f77545fc93696540418c447d (127.21.132.68) added. New config: { opid_index: 2 OBSOLETE_local: false peers { permanent_uuid: "bd610b9a62c34c5191236b98332fecb9" member_type: VOTER last_known_addr { host: "127.21.132.65" port: 40239 } attrs { replace: true } } peers { permanent_uuid: "3fe589fcdbe84d9188fbf7a1c507c8d6" member_type: VOTER last_known_addr { host: "127.21.132.66" port: 43479 } } peers { permanent_uuid: "b2c4d3e2e8b14be4882d44fd057f3a8b" member_type: VOTER last_known_addr { host: "127.21.132.67" port: 45823 } } peers { permanent_uuid: "bb771485f77545fc93696540418c447d" member_type: NON_VOTER last_known_addr { host: "127.21.132.68" port: 43413 } attrs { promote: true } } }
I20260713 09:09:22.887626 23154 raft_consensus.cc:2955] T c3d2687f2b434affaa79c1fa340bdf6e P bd610b9a62c34c5191236b98332fecb9 [term 1 FOLLOWER]: Committing config change with OpId 1.2: config changed from index -1 to 2, NON_VOTER bb771485f77545fc93696540418c447d (127.21.132.68) added. New config: { opid_index: 2 OBSOLETE_local: false peers { permanent_uuid: "bd610b9a62c34c5191236b98332fecb9" member_type: VOTER last_known_addr { host: "127.21.132.65" port: 40239 } attrs { replace: true } } peers { permanent_uuid: "3fe589fcdbe84d9188fbf7a1c507c8d6" member_type: VOTER last_known_addr { host: "127.21.132.66" port: 43479 } } peers { permanent_uuid: "b2c4d3e2e8b14be4882d44fd057f3a8b" member_type: VOTER last_known_addr { host: "127.21.132.67" port: 45823 } } peers { permanent_uuid: "bb771485f77545fc93696540418c447d" member_type: NON_VOTER last_known_addr { host: "127.21.132.68" port: 43413 } attrs { promote: true } } }
I20260713 09:09:22.889408 23052 catalog_manager.cc:5697] T c3d2687f2b434affaa79c1fa340bdf6e P 3fe589fcdbe84d9188fbf7a1c507c8d6 reported cstate change: config changed from index -1 to 2, NON_VOTER bb771485f77545fc93696540418c447d (127.21.132.68) added. New cstate: current_term: 1 leader_uuid: "3fe589fcdbe84d9188fbf7a1c507c8d6" committed_config { opid_index: 2 OBSOLETE_local: false peers { permanent_uuid: "bd610b9a62c34c5191236b98332fecb9" member_type: VOTER last_known_addr { host: "127.21.132.65" port: 40239 } attrs { replace: true } health_report { overall_health: HEALTHY } } peers { permanent_uuid: "3fe589fcdbe84d9188fbf7a1c507c8d6" member_type: VOTER last_known_addr { host: "127.21.132.66" port: 43479 } health_report { overall_health: HEALTHY } } peers { permanent_uuid: "b2c4d3e2e8b14be4882d44fd057f3a8b" member_type: VOTER last_known_addr { host: "127.21.132.67" port: 45823 } health_report { overall_health: HEALTHY } } peers { permanent_uuid: "bb771485f77545fc93696540418c447d" member_type: NON_VOTER last_known_addr { host: "127.21.132.68" port: 43413 } attrs { promote: true } health_report { overall_health: UNKNOWN } } }
I20260713 09:09:22.909008 23154 consensus_queue.cc:237] T e582b8fc5161476fb2ce22836aa5044b P bd610b9a62c34c5191236b98332fecb9 [LEADER]: Queue going to LEADER mode. State: All replicated index: 0, Majority replicated index: 1, Committed index: 1, Last appended: 1.1, Last appended by leader: 0, Current term: 1, Majority size: 2, State: 0, Mode: LEADER, active raft config: opid_index: 2 OBSOLETE_local: false peers { permanent_uuid: "bd610b9a62c34c5191236b98332fecb9" member_type: VOTER last_known_addr { host: "127.21.132.65" port: 40239 } } peers { permanent_uuid: "3fe589fcdbe84d9188fbf7a1c507c8d6" member_type: VOTER last_known_addr { host: "127.21.132.66" port: 43479 } } peers { permanent_uuid: "b2c4d3e2e8b14be4882d44fd057f3a8b" member_type: VOTER last_known_addr { host: "127.21.132.67" port: 45823 } attrs { replace: true } } peers { permanent_uuid: "bb771485f77545fc93696540418c447d" member_type: NON_VOTER last_known_addr { host: "127.21.132.68" port: 43413 } attrs { promote: true } }
I20260713 09:09:22.917797 23303 raft_consensus.cc:1275] T e582b8fc5161476fb2ce22836aa5044b P b2c4d3e2e8b14be4882d44fd057f3a8b [term 1 FOLLOWER]: Refusing update from remote peer bd610b9a62c34c5191236b98332fecb9: Log matching property violated. Preceding OpId in replica: term: 1 index: 1. Preceding OpId from leader: term: 1 index: 2. (index mismatch)
I20260713 09:09:22.927870 23382 consensus_queue.cc:1048] T e582b8fc5161476fb2ce22836aa5044b P bd610b9a62c34c5191236b98332fecb9 [LEADER]: Connected to new peer: Peer: permanent_uuid: "b2c4d3e2e8b14be4882d44fd057f3a8b" member_type: VOTER last_known_addr { host: "127.21.132.67" port: 45823 } attrs { replace: true }, Status: LMP_MISMATCH, Last received: 0.0, Next index: 2, Last known committed idx: 1, Time since last communication: 0.001s
I20260713 09:09:22.931726 23230 raft_consensus.cc:1275] T e582b8fc5161476fb2ce22836aa5044b P 3fe589fcdbe84d9188fbf7a1c507c8d6 [term 1 FOLLOWER]: Refusing update from remote peer bd610b9a62c34c5191236b98332fecb9: Log matching property violated. Preceding OpId in replica: term: 1 index: 1. Preceding OpId from leader: term: 1 index: 2. (index mismatch)
I20260713 09:09:22.933759 23382 consensus_queue.cc:1048] T e582b8fc5161476fb2ce22836aa5044b P bd610b9a62c34c5191236b98332fecb9 [LEADER]: Connected to new peer: Peer: permanent_uuid: "3fe589fcdbe84d9188fbf7a1c507c8d6" member_type: VOTER last_known_addr { host: "127.21.132.66" port: 43479 }, Status: LMP_MISMATCH, Last received: 0.0, Next index: 2, Last known committed idx: 1, Time since last communication: 0.000s
