I20260713 09:09:11.837836 22532 raft_consensus.cc:1275] T 66d644be9e7a42e2a5492a93781aca74 P b306a7a4800447e491c445351aa45181 [term 2 FOLLOWER]: Refusing update from remote peer 58234506db334a0da7fa8fdd59c04b7c: Log matching property violated. Preceding OpId in replica: term: 1 index: 1. Preceding OpId from leader: term: 2 index: 2. (index mismatch)
I20260713 09:09:11.840034 22686 consensus_queue.cc:1048] T 66d644be9e7a42e2a5492a93781aca74 P 58234506db334a0da7fa8fdd59c04b7c [LEADER]: Connected to new peer: Peer: permanent_uuid: "b306a7a4800447e491c445351aa45181" member_type: VOTER last_known_addr { host: "127.21.80.66" port: 35949 }, Status: LMP_MISMATCH, Last received: 0.0, Next index: 2, Last known committed idx: 1, Time since last communication: 0.000s
I20260713 09:09:13.853264 21825 auto_leader_rebalancer.cc:141] leader rebalance for table test-workload
I20260713 09:09:13.861116 22457 tablet_service.cc:2072] Received LeaderStepDown RPC: tablet_id: "10d96578fbf34a739bdc76513716bac2"
dest_uuid: "58234506db334a0da7fa8fdd59c04b7c"
mode: GRACEFUL
new_leader_uuid: "b306a7a4800447e491c445351aa45181"
 from {username='slave'} at 127.0.0.1:36134
I20260713 09:09:13.861984 22457 raft_consensus.cc:606] T 10d96578fbf34a739bdc76513716bac2 P 58234506db334a0da7fa8fdd59c04b7c [term 2 LEADER]: Received request to transfer leadership to TS b306a7a4800447e491c445351aa45181
I20260713 09:09:13.864804 22457 tablet_service.cc:2072] Received LeaderStepDown RPC: tablet_id: "36a7fe86e9614f02bec90db9a32cdb2c"
dest_uuid: "58234506db334a0da7fa8fdd59c04b7c"
mode: GRACEFUL
new_leader_uuid: "c34ba42aa83d4f90a8539dc07c4ba759"
 from {username='slave'} at 127.0.0.1:36134
I20260713 09:09:13.865252 22457 raft_consensus.cc:606] T 36a7fe86e9614f02bec90db9a32cdb2c P 58234506db334a0da7fa8fdd59c04b7c [term 1 LEADER]: Received request to transfer leadership to TS c34ba42aa83d4f90a8539dc07c4ba759
I20260713 09:09:13.867254 22457 tablet_service.cc:2072] Received LeaderStepDown RPC: tablet_id: "4b151273f13f48418d67d6a0e6263bd0"
dest_uuid: "58234506db334a0da7fa8fdd59c04b7c"
mode: GRACEFUL
new_leader_uuid: "c34ba42aa83d4f90a8539dc07c4ba759"
 from {username='slave'} at 127.0.0.1:36134
I20260713 09:09:13.867761 22457 raft_consensus.cc:606] T 4b151273f13f48418d67d6a0e6263bd0 P 58234506db334a0da7fa8fdd59c04b7c [term 2 LEADER]: Received request to transfer leadership to TS c34ba42aa83d4f90a8539dc07c4ba759
I20260713 09:09:13.869894 22457 tablet_service.cc:2072] Received LeaderStepDown RPC: tablet_id: "e765d069e7504603ae4834717708dc64"
dest_uuid: "58234506db334a0da7fa8fdd59c04b7c"
mode: GRACEFUL
new_leader_uuid: "b306a7a4800447e491c445351aa45181"
 from {username='slave'} at 127.0.0.1:36134
I20260713 09:09:13.870451 22457 raft_consensus.cc:606] T e765d069e7504603ae4834717708dc64 P 58234506db334a0da7fa8fdd59c04b7c [term 4 LEADER]: Received request to transfer leadership to TS b306a7a4800447e491c445351aa45181
I20260713 09:09:13.871544 21825 auto_leader_rebalancer.cc:479] table: test-workload, leader rebalance finish, leader transfer count: 4
I20260713 09:09:13.871986 21825 auto_leader_rebalancer.cc:554] All tables' leader rebalancing finished this round
I20260713 09:09:13.960218 22787 raft_consensus.cc:993] T 10d96578fbf34a739bdc76513716bac2 P 58234506db334a0da7fa8fdd59c04b7c: : Instructing follower b306a7a4800447e491c445351aa45181 to start an election
I20260713 09:09:13.960758 22788 raft_consensus.cc:1081] T 10d96578fbf34a739bdc76513716bac2 P 58234506db334a0da7fa8fdd59c04b7c [term 2 LEADER]: Signalling peer b306a7a4800447e491c445351aa45181 to start an election
I20260713 09:09:13.962105 22531 tablet_service.cc:2044] Received Run Leader Election RPC: tablet_id: "10d96578fbf34a739bdc76513716bac2"
dest_uuid: "b306a7a4800447e491c445351aa45181"
 from {username='slave'} at 127.0.0.1:50668
I20260713 09:09:13.962571 22531 raft_consensus.cc:493] T 10d96578fbf34a739bdc76513716bac2 P b306a7a4800447e491c445351aa45181 [term 2 FOLLOWER]: Starting forced leader election (received explicit request)
I20260713 09:09:13.962889 22531 raft_consensus.cc:3060] T 10d96578fbf34a739bdc76513716bac2 P b306a7a4800447e491c445351aa45181 [term 2 FOLLOWER]: Advancing to term 3
I20260713 09:09:13.968065 22531 raft_consensus.cc:515] T 10d96578fbf34a739bdc76513716bac2 P b306a7a4800447e491c445351aa45181 [term 3 FOLLOWER]: Starting forced leader election with config: opid_index: -1 OBSOLETE_local: false peers { permanent_uuid: "58234506db334a0da7fa8fdd59c04b7c" member_type: VOTER last_known_addr { host: "127.21.80.65" port: 32819 } } peers { permanent_uuid: "b306a7a4800447e491c445351aa45181" member_type: VOTER last_known_addr { host: "127.21.80.66" port: 35949 } } peers { permanent_uuid: "c34ba42aa83d4f90a8539dc07c4ba759" member_type: VOTER last_known_addr { host: "127.21.80.67" port: 33405 } }
I20260713 09:09:13.969619 22531 leader_election.cc:290] T 10d96578fbf34a739bdc76513716bac2 P b306a7a4800447e491c445351aa45181 [CANDIDATE]: Term 3 election: Requested vote from peers 58234506db334a0da7fa8fdd59c04b7c (127.21.80.65:32819), c34ba42aa83d4f90a8539dc07c4ba759 (127.21.80.67:33405)
I20260713 09:09:13.970729 22457 tablet_service.cc:1917] Received RequestConsensusVote() RPC: tablet_id: "10d96578fbf34a739bdc76513716bac2" candidate_uuid: "b306a7a4800447e491c445351aa45181" candidate_term: 3 candidate_status { last_received { term: 2 index: 2 } } ignore_live_leader: true dest_uuid: "58234506db334a0da7fa8fdd59c04b7c"
I20260713 09:09:13.970854 22607 tablet_service.cc:1917] Received RequestConsensusVote() RPC: tablet_id: "10d96578fbf34a739bdc76513716bac2" candidate_uuid: "b306a7a4800447e491c445351aa45181" candidate_term: 3 candidate_status { last_received { term: 2 index: 2 } } ignore_live_leader: true dest_uuid: "c34ba42aa83d4f90a8539dc07c4ba759"
I20260713 09:09:13.971499 22607 raft_consensus.cc:3060] T 10d96578fbf34a739bdc76513716bac2 P c34ba42aa83d4f90a8539dc07c4ba759 [term 2 FOLLOWER]: Advancing to term 3
I20260713 09:09:13.971489 22457 raft_consensus.cc:3055] T 10d96578fbf34a739bdc76513716bac2 P 58234506db334a0da7fa8fdd59c04b7c [term 2 LEADER]: Stepping down as leader of term 2
I20260713 09:09:13.971980 22457 raft_consensus.cc:740] T 10d96578fbf34a739bdc76513716bac2 P 58234506db334a0da7fa8fdd59c04b7c [term 2 LEADER]: Becoming Follower/Learner. State: Replica: 58234506db334a0da7fa8fdd59c04b7c, State: Running, Role: LEADER
I20260713 09:09:13.973038 22457 consensus_queue.cc:260] T 10d96578fbf34a739bdc76513716bac2 P 58234506db334a0da7fa8fdd59c04b7c [NON_LEADER]: Queue going to NON_LEADER mode. State: All replicated index: 0, Majority replicated index: 2, Committed index: 2, Last appended: 2.2, Last appended by leader: 2, Current term: 2, Majority size: -1, State: 0, Mode: NON_LEADER, active raft config: opid_index: -1 OBSOLETE_local: false peers { permanent_uuid: "58234506db334a0da7fa8fdd59c04b7c" member_type: VOTER last_known_addr { host: "127.21.80.65" port: 32819 } } peers { permanent_uuid: "b306a7a4800447e491c445351aa45181" member_type: VOTER last_known_addr { host: "127.21.80.66" port: 35949 } } peers { permanent_uuid: "c34ba42aa83d4f90a8539dc07c4ba759" member_type: VOTER last_known_addr { host: "127.21.80.67" port: 33405 } }
I20260713 09:09:13.974298 22457 raft_consensus.cc:3060] T 10d96578fbf34a739bdc76513716bac2 P 58234506db334a0da7fa8fdd59c04b7c [term 2 FOLLOWER]: Advancing to term 3
I20260713 09:09:13.978365 22607 raft_consensus.cc:2468] T 10d96578fbf34a739bdc76513716bac2 P c34ba42aa83d4f90a8539dc07c4ba759 [term 3 FOLLOWER]: Leader election vote request: Granting yes vote for candidate b306a7a4800447e491c445351aa45181 in term 3.
I20260713 09:09:13.979651 22498 leader_election.cc:304] T 10d96578fbf34a739bdc76513716bac2 P b306a7a4800447e491c445351aa45181 [CANDIDATE]: Term 3 election: Election decided. Result: candidate won. Election summary: received 2 responses out of 3 voters: 2 yes votes; 0 no votes. yes voters: b306a7a4800447e491c445351aa45181, c34ba42aa83d4f90a8539dc07c4ba759; no voters: 
I20260713 09:09:13.980494 22769 raft_consensus.cc:2804] T 10d96578fbf34a739bdc76513716bac2 P b306a7a4800447e491c445351aa45181 [term 3 FOLLOWER]: Leader election won for term 3
I20260713 09:09:13.980494 22457 raft_consensus.cc:2468] T 10d96578fbf34a739bdc76513716bac2 P 58234506db334a0da7fa8fdd59c04b7c [term 3 FOLLOWER]: Leader election vote request: Granting yes vote for candidate b306a7a4800447e491c445351aa45181 in term 3.
I20260713 09:09:13.981580 22769 raft_consensus.cc:697] T 10d96578fbf34a739bdc76513716bac2 P b306a7a4800447e491c445351aa45181 [term 3 LEADER]: Becoming Leader. State: Replica: b306a7a4800447e491c445351aa45181, State: Running, Role: LEADER
I20260713 09:09:13.982491 22769 consensus_queue.cc:237] T 10d96578fbf34a739bdc76513716bac2 P b306a7a4800447e491c445351aa45181 [LEADER]: Queue going to LEADER mode. State: All replicated index: 0, Majority replicated index: 2, Committed index: 2, Last appended: 2.2, Last appended by leader: 2, Current term: 3, Majority size: 2, State: 0, Mode: LEADER, active raft config: opid_index: -1 OBSOLETE_local: false peers { permanent_uuid: "58234506db334a0da7fa8fdd59c04b7c" member_type: VOTER last_known_addr { host: "127.21.80.65" port: 32819 } } peers { permanent_uuid: "b306a7a4800447e491c445351aa45181" member_type: VOTER last_known_addr { host: "127.21.80.66" port: 35949 } } peers { permanent_uuid: "c34ba42aa83d4f90a8539dc07c4ba759" member_type: VOTER last_known_addr { host: "127.21.80.67" port: 33405 } }
I20260713 09:09:13.988637 22356 catalog_manager.cc:5697] T 10d96578fbf34a739bdc76513716bac2 P b306a7a4800447e491c445351aa45181 reported cstate change: term changed from 2 to 3, leader changed from 58234506db334a0da7fa8fdd59c04b7c (127.21.80.65) to b306a7a4800447e491c445351aa45181 (127.21.80.66). New cstate: current_term: 3 leader_uuid: "b306a7a4800447e491c445351aa45181" committed_config { opid_index: -1 OBSOLETE_local: false peers { permanent_uuid: "58234506db334a0da7fa8fdd59c04b7c" member_type: VOTER last_known_addr { host: "127.21.80.65" port: 32819 } health_report { overall_health: UNKNOWN } } peers { permanent_uuid: "b306a7a4800447e491c445351aa45181" member_type: VOTER last_known_addr { host: "127.21.80.66" port: 35949 } health_report { overall_health: HEALTHY } } peers { permanent_uuid: "c34ba42aa83d4f90a8539dc07c4ba759" member_type: VOTER last_known_addr { host: "127.21.80.67" port: 33405 } health_report { overall_health: UNKNOWN } } }
I20260713 09:09:14.002548 22787 raft_consensus.cc:993] T 36a7fe86e9614f02bec90db9a32cdb2c P 58234506db334a0da7fa8fdd59c04b7c: : Instructing follower c34ba42aa83d4f90a8539dc07c4ba759 to start an election
I20260713 09:09:14.003091 22788 raft_consensus.cc:1081] T 36a7fe86e9614f02bec90db9a32cdb2c P 58234506db334a0da7fa8fdd59c04b7c [term 1 LEADER]: Signalling peer c34ba42aa83d4f90a8539dc07c4ba759 to start an election
I20260713 09:09:14.004451 22607 tablet_service.cc:2044] Received Run Leader Election RPC: tablet_id: "36a7fe86e9614f02bec90db9a32cdb2c"
dest_uuid: "c34ba42aa83d4f90a8539dc07c4ba759"
 from {username='slave'} at 127.0.0.1:50334
I20260713 09:09:14.004865 22607 raft_consensus.cc:493] T 36a7fe86e9614f02bec90db9a32cdb2c P c34ba42aa83d4f90a8539dc07c4ba759 [term 1 FOLLOWER]: Starting forced leader election (received explicit request)
I20260713 09:09:14.005122 22607 raft_consensus.cc:3060] T 36a7fe86e9614f02bec90db9a32cdb2c P c34ba42aa83d4f90a8539dc07c4ba759 [term 1 FOLLOWER]: Advancing to term 2
I20260713 09:09:14.009227 22607 raft_consensus.cc:515] T 36a7fe86e9614f02bec90db9a32cdb2c P c34ba42aa83d4f90a8539dc07c4ba759 [term 2 FOLLOWER]: Starting forced leader election with config: opid_index: -1 OBSOLETE_local: false peers { permanent_uuid: "58234506db334a0da7fa8fdd59c04b7c" member_type: VOTER last_known_addr { host: "127.21.80.65" port: 32819 } } peers { permanent_uuid: "b306a7a4800447e491c445351aa45181" member_type: VOTER last_known_addr { host: "127.21.80.66" port: 35949 } } peers { permanent_uuid: "c34ba42aa83d4f90a8539dc07c4ba759" member_type: VOTER last_known_addr { host: "127.21.80.67" port: 33405 } }
I20260713 09:09:14.010720 22607 leader_election.cc:290] T 36a7fe86e9614f02bec90db9a32cdb2c P c34ba42aa83d4f90a8539dc07c4ba759 [CANDIDATE]: Term 2 election: Requested vote from peers 58234506db334a0da7fa8fdd59c04b7c (127.21.80.65:32819), b306a7a4800447e491c445351aa45181 (127.21.80.66:35949)
I20260713 09:09:14.011438 22457 tablet_service.cc:1917] Received RequestConsensusVote() RPC: tablet_id: "36a7fe86e9614f02bec90db9a32cdb2c" candidate_uuid: "c34ba42aa83d4f90a8539dc07c4ba759" candidate_term: 2 candidate_status { last_received { term: 1 index: 1 } } ignore_live_leader: true dest_uuid: "58234506db334a0da7fa8fdd59c04b7c"
I20260713 09:09:14.011770 22531 tablet_service.cc:1917] Received RequestConsensusVote() RPC: tablet_id: "36a7fe86e9614f02bec90db9a32cdb2c" candidate_uuid: "c34ba42aa83d4f90a8539dc07c4ba759" candidate_term: 2 candidate_status { last_received { term: 1 index: 1 } } ignore_live_leader: true dest_uuid: "b306a7a4800447e491c445351aa45181"
I20260713 09:09:14.011971 22457 raft_consensus.cc:3055] T 36a7fe86e9614f02bec90db9a32cdb2c P 58234506db334a0da7fa8fdd59c04b7c [term 1 LEADER]: Stepping down as leader of term 1
I20260713 09:09:14.012241 22457 raft_consensus.cc:740] T 36a7fe86e9614f02bec90db9a32cdb2c P 58234506db334a0da7fa8fdd59c04b7c [term 1 LEADER]: Becoming Follower/Learner. State: Replica: 58234506db334a0da7fa8fdd59c04b7c, State: Running, Role: LEADER
I20260713 09:09:14.012251 22531 raft_consensus.cc:3060] T 36a7fe86e9614f02bec90db9a32cdb2c P b306a7a4800447e491c445351aa45181 [term 1 FOLLOWER]: Advancing to term 2
I20260713 09:09:14.013092 22457 consensus_queue.cc:260] T 36a7fe86e9614f02bec90db9a32cdb2c P 58234506db334a0da7fa8fdd59c04b7c [NON_LEADER]: Queue going to NON_LEADER mode. State: All replicated index: 0, Majority replicated index: 1, Committed index: 1, Last appended: 1.1, Last appended by leader: 1, Current term: 1, Majority size: -1, State: 0, Mode: NON_LEADER, active raft config: opid_index: -1 OBSOLETE_local: false peers { permanent_uuid: "58234506db334a0da7fa8fdd59c04b7c" member_type: VOTER last_known_addr { host: "127.21.80.65" port: 32819 } } peers { permanent_uuid: "b306a7a4800447e491c445351aa45181" member_type: VOTER last_known_addr { host: "127.21.80.66" port: 35949 } } peers { permanent_uuid: "c34ba42aa83d4f90a8539dc07c4ba759" member_type: VOTER last_known_addr { host: "127.21.80.67" port: 33405 } }
I20260713 09:09:14.014129 22457 raft_consensus.cc:3060] T 36a7fe86e9614f02bec90db9a32cdb2c P 58234506db334a0da7fa8fdd59c04b7c [term 1 FOLLOWER]: Advancing to term 2
I20260713 09:09:14.018476 22531 raft_consensus.cc:2468] T 36a7fe86e9614f02bec90db9a32cdb2c P b306a7a4800447e491c445351aa45181 [term 2 FOLLOWER]: Leader election vote request: Granting yes vote for candidate c34ba42aa83d4f90a8539dc07c4ba759 in term 2.
I20260713 09:09:14.019680 22572 leader_election.cc:304] T 36a7fe86e9614f02bec90db9a32cdb2c P c34ba42aa83d4f90a8539dc07c4ba759 [CANDIDATE]: Term 2 election: Election decided. Result: candidate won. Election summary: received 2 responses out of 3 voters: 2 yes votes; 0 no votes. yes voters: b306a7a4800447e491c445351aa45181, c34ba42aa83d4f90a8539dc07c4ba759; no voters: 
I20260713 09:09:14.020073 22457 raft_consensus.cc:2468] T 36a7fe86e9614f02bec90db9a32cdb2c P 58234506db334a0da7fa8fdd59c04b7c [term 2 FOLLOWER]: Leader election vote request: Granting yes vote for candidate c34ba42aa83d4f90a8539dc07c4ba759 in term 2.
I20260713 09:09:14.020651 22782 raft_consensus.cc:2804] T 36a7fe86e9614f02bec90db9a32cdb2c P c34ba42aa83d4f90a8539dc07c4ba759 [term 2 FOLLOWER]: Leader election won for term 2
I20260713 09:09:14.021936 22782 raft_consensus.cc:697] T 36a7fe86e9614f02bec90db9a32cdb2c P c34ba42aa83d4f90a8539dc07c4ba759 [term 2 LEADER]: Becoming Leader. State: Replica: c34ba42aa83d4f90a8539dc07c4ba759, State: Running, Role: LEADER
I20260713 09:09:14.022830 22782 consensus_queue.cc:237] T 36a7fe86e9614f02bec90db9a32cdb2c P c34ba42aa83d4f90a8539dc07c4ba759 [LEADER]: Queue going to LEADER mode. State: All replicated index: 0, Majority replicated index: 1, Committed index: 1, Last appended: 1.1, Last appended by leader: 1, Current term: 2, Majority size: 2, State: 0, Mode: LEADER, active raft config: opid_index: -1 OBSOLETE_local: false peers { permanent_uuid: "58234506db334a0da7fa8fdd59c04b7c" member_type: VOTER last_known_addr { host: "127.21.80.65" port: 32819 } } peers { permanent_uuid: "b306a7a4800447e491c445351aa45181" member_type: VOTER last_known_addr { host: "127.21.80.66" port: 35949 } } peers { permanent_uuid: "c34ba42aa83d4f90a8539dc07c4ba759" member_type: VOTER last_known_addr { host: "127.21.80.67" port: 33405 } }
I20260713 09:09:14.030927 22356 catalog_manager.cc:5697] T 36a7fe86e9614f02bec90db9a32cdb2c P c34ba42aa83d4f90a8539dc07c4ba759 reported cstate change: term changed from 1 to 2, leader changed from 58234506db334a0da7fa8fdd59c04b7c (127.21.80.65) to c34ba42aa83d4f90a8539dc07c4ba759 (127.21.80.67). New cstate: current_term: 2 leader_uuid: "c34ba42aa83d4f90a8539dc07c4ba759" committed_config { opid_index: -1 OBSOLETE_local: false peers { permanent_uuid: "58234506db334a0da7fa8fdd59c04b7c" member_type: VOTER last_known_addr { host: "127.21.80.65" port: 32819 } health_report { overall_health: UNKNOWN } } peers { permanent_uuid: "b306a7a4800447e491c445351aa45181" member_type: VOTER last_known_addr { host: "127.21.80.66" port: 35949 } health_report { overall_health: UNKNOWN } } peers { permanent_uuid: "c34ba42aa83d4f90a8539dc07c4ba759" member_type: VOTER last_known_addr { host: "127.21.80.67" port: 33405 } health_report { overall_health: HEALTHY } } }
I20260713 09:09:14.219627 22788 raft_consensus.cc:993] T 4b151273f13f48418d67d6a0e6263bd0 P 58234506db334a0da7fa8fdd59c04b7c: : Instructing follower c34ba42aa83d4f90a8539dc07c4ba759 to start an election
I20260713 09:09:14.220062 22787 raft_consensus.cc:1081] T 4b151273f13f48418d67d6a0e6263bd0 P 58234506db334a0da7fa8fdd59c04b7c [term 2 LEADER]: Signalling peer c34ba42aa83d4f90a8539dc07c4ba759 to start an election
I20260713 09:09:14.221328 22607 tablet_service.cc:2044] Received Run Leader Election RPC: tablet_id: "4b151273f13f48418d67d6a0e6263bd0"
dest_uuid: "c34ba42aa83d4f90a8539dc07c4ba759"
 from {username='slave'} at 127.0.0.1:50334
I20260713 09:09:14.221716 22607 raft_consensus.cc:493] T 4b151273f13f48418d67d6a0e6263bd0 P c34ba42aa83d4f90a8539dc07c4ba759 [term 2 FOLLOWER]: Starting forced leader election (received explicit request)
I20260713 09:09:14.221943 22607 raft_consensus.cc:3060] T 4b151273f13f48418d67d6a0e6263bd0 P c34ba42aa83d4f90a8539dc07c4ba759 [term 2 FOLLOWER]: Advancing to term 3
I20260713 09:09:14.226095 22607 raft_consensus.cc:515] T 4b151273f13f48418d67d6a0e6263bd0 P c34ba42aa83d4f90a8539dc07c4ba759 [term 3 FOLLOWER]: Starting forced leader election with config: opid_index: -1 OBSOLETE_local: false peers { permanent_uuid: "58234506db334a0da7fa8fdd59c04b7c" member_type: VOTER last_known_addr { host: "127.21.80.65" port: 32819 } } peers { permanent_uuid: "b306a7a4800447e491c445351aa45181" member_type: VOTER last_known_addr { host: "127.21.80.66" port: 35949 } } peers { permanent_uuid: "c34ba42aa83d4f90a8539dc07c4ba759" member_type: VOTER last_known_addr { host: "127.21.80.67" port: 33405 } }
I20260713 09:09:14.227609 22607 leader_election.cc:290] T 4b151273f13f48418d67d6a0e6263bd0 P c34ba42aa83d4f90a8539dc07c4ba759 [CANDIDATE]: Term 3 election: Requested vote from peers 58234506db334a0da7fa8fdd59c04b7c (127.21.80.65:32819), b306a7a4800447e491c445351aa45181 (127.21.80.66:35949)
I20260713 09:09:14.228395 22457 tablet_service.cc:1917] Received RequestConsensusVote() RPC: tablet_id: "4b151273f13f48418d67d6a0e6263bd0" candidate_uuid: "c34ba42aa83d4f90a8539dc07c4ba759" candidate_term: 3 candidate_status { last_received { term: 2 index: 2 } } ignore_live_leader: true dest_uuid: "58234506db334a0da7fa8fdd59c04b7c"
I20260713 09:09:14.228716 22531 tablet_service.cc:1917] Received RequestConsensusVote() RPC: tablet_id: "4b151273f13f48418d67d6a0e6263bd0" candidate_uuid: "c34ba42aa83d4f90a8539dc07c4ba759" candidate_term: 3 candidate_status { last_received { term: 2 index: 2 } } ignore_live_leader: true dest_uuid: "b306a7a4800447e491c445351aa45181"
I20260713 09:09:14.228987 22457 raft_consensus.cc:3055] T 4b151273f13f48418d67d6a0e6263bd0 P 58234506db334a0da7fa8fdd59c04b7c [term 2 LEADER]: Stepping down as leader of term 2
I20260713 09:09:14.229213 22531 raft_consensus.cc:3060] T 4b151273f13f48418d67d6a0e6263bd0 P b306a7a4800447e491c445351aa45181 [term 2 FOLLOWER]: Advancing to term 3
I20260713 09:09:14.229295 22457 raft_consensus.cc:740] T 4b151273f13f48418d67d6a0e6263bd0 P 58234506db334a0da7fa8fdd59c04b7c [term 2 LEADER]: Becoming Follower/Learner. State: Replica: 58234506db334a0da7fa8fdd59c04b7c, State: Running, Role: LEADER
I20260713 09:09:14.230206 22457 consensus_queue.cc:260] T 4b151273f13f48418d67d6a0e6263bd0 P 58234506db334a0da7fa8fdd59c04b7c [NON_LEADER]: Queue going to NON_LEADER mode. State: All replicated index: 0, Majority replicated index: 2, Committed index: 2, Last appended: 2.2, Last appended by leader: 2, Current term: 2, Majority size: -1, State: 0, Mode: NON_LEADER, active raft config: opid_index: -1 OBSOLETE_local: false peers { permanent_uuid: "58234506db334a0da7fa8fdd59c04b7c" member_type: VOTER last_known_addr { host: "127.21.80.65" port: 32819 } } peers { permanent_uuid: "b306a7a4800447e491c445351aa45181" member_type: VOTER last_known_addr { host: "127.21.80.66" port: 35949 } } peers { permanent_uuid: "c34ba42aa83d4f90a8539dc07c4ba759" member_type: VOTER last_known_addr { host: "127.21.80.67" port: 33405 } }
I20260713 09:09:14.231359 22457 raft_consensus.cc:3060] T 4b151273f13f48418d67d6a0e6263bd0 P 58234506db334a0da7fa8fdd59c04b7c [term 2 FOLLOWER]: Advancing to term 3
I20260713 09:09:14.235036 22531 raft_consensus.cc:2468] T 4b151273f13f48418d67d6a0e6263bd0 P b306a7a4800447e491c445351aa45181 [term 3 FOLLOWER]: Leader election vote request: Granting yes vote for candidate c34ba42aa83d4f90a8539dc07c4ba759 in term 3.
I20260713 09:09:14.236009 22572 leader_election.cc:304] T 4b151273f13f48418d67d6a0e6263bd0 P c34ba42aa83d4f90a8539dc07c4ba759 [CANDIDATE]: Term 3 election: Election decided. Result: candidate won. Election summary: received 2 responses out of 3 voters: 2 yes votes; 0 no votes. yes voters: b306a7a4800447e491c445351aa45181, c34ba42aa83d4f90a8539dc07c4ba759; no voters: 
I20260713 09:09:14.236665 22782 raft_consensus.cc:2804] T 4b151273f13f48418d67d6a0e6263bd0 P c34ba42aa83d4f90a8539dc07c4ba759 [term 3 FOLLOWER]: Leader election won for term 3
I20260713 09:09:14.236985 22457 raft_consensus.cc:2468] T 4b151273f13f48418d67d6a0e6263bd0 P 58234506db334a0da7fa8fdd59c04b7c [term 3 FOLLOWER]: Leader election vote request: Granting yes vote for candidate c34ba42aa83d4f90a8539dc07c4ba759 in term 3.
I20260713 09:09:14.237139 22782 raft_consensus.cc:697] T 4b151273f13f48418d67d6a0e6263bd0 P c34ba42aa83d4f90a8539dc07c4ba759 [term 3 LEADER]: Becoming Leader. State: Replica: c34ba42aa83d4f90a8539dc07c4ba759, State: Running, Role: LEADER
I20260713 09:09:14.238170 22782 consensus_queue.cc:237] T 4b151273f13f48418d67d6a0e6263bd0 P c34ba42aa83d4f90a8539dc07c4ba759 [LEADER]: Queue going to LEADER mode. State: All replicated index: 0, Majority replicated index: 2, Committed index: 2, Last appended: 2.2, Last appended by leader: 2, Current term: 3, Majority size: 2, State: 0, Mode: LEADER, active raft config: opid_index: -1 OBSOLETE_local: false peers { permanent_uuid: "58234506db334a0da7fa8fdd59c04b7c" member_type: VOTER last_known_addr { host: "127.21.80.65" port: 32819 } } peers { permanent_uuid: "b306a7a4800447e491c445351aa45181" member_type: VOTER last_known_addr { host: "127.21.80.66" port: 35949 } } peers { permanent_uuid: "c34ba42aa83d4f90a8539dc07c4ba759" member_type: VOTER last_known_addr { host: "127.21.80.67" port: 33405 } }
I20260713 09:09:14.244988 22356 catalog_manager.cc:5697] T 4b151273f13f48418d67d6a0e6263bd0 P c34ba42aa83d4f90a8539dc07c4ba759 reported cstate change: term changed from 2 to 3, leader changed from 58234506db334a0da7fa8fdd59c04b7c (127.21.80.65) to c34ba42aa83d4f90a8539dc07c4ba759 (127.21.80.67). New cstate: current_term: 3 leader_uuid: "c34ba42aa83d4f90a8539dc07c4ba759" committed_config { opid_index: -1 OBSOLETE_local: false peers { permanent_uuid: "58234506db334a0da7fa8fdd59c04b7c" member_type: VOTER last_known_addr { host: "127.21.80.65" port: 32819 } health_report { overall_health: UNKNOWN } } peers { permanent_uuid: "b306a7a4800447e491c445351aa45181" member_type: VOTER last_known_addr { host: "127.21.80.66" port: 35949 } health_report { overall_health: UNKNOWN } } peers { permanent_uuid: "c34ba42aa83d4f90a8539dc07c4ba759" member_type: VOTER last_known_addr { host: "127.21.80.67" port: 33405 } health_report { overall_health: HEALTHY } } }
I20260713 09:09:14.295568 22788 raft_consensus.cc:993] T e765d069e7504603ae4834717708dc64 P 58234506db334a0da7fa8fdd59c04b7c: : Instructing follower b306a7a4800447e491c445351aa45181 to start an election
I20260713 09:09:14.296000 22787 raft_consensus.cc:1081] T e765d069e7504603ae4834717708dc64 P 58234506db334a0da7fa8fdd59c04b7c [term 4 LEADER]: Signalling peer b306a7a4800447e491c445351aa45181 to start an election
I20260713 09:09:14.297243 22531 tablet_service.cc:2044] Received Run Leader Election RPC: tablet_id: "e765d069e7504603ae4834717708dc64"
dest_uuid: "b306a7a4800447e491c445351aa45181"
 from {username='slave'} at 127.0.0.1:50668
I20260713 09:09:14.297680 22531 raft_consensus.cc:493] T e765d069e7504603ae4834717708dc64 P b306a7a4800447e491c445351aa45181 [term 4 FOLLOWER]: Starting forced leader election (received explicit request)
I20260713 09:09:14.297971 22531 raft_consensus.cc:3060] T e765d069e7504603ae4834717708dc64 P b306a7a4800447e491c445351aa45181 [term 4 FOLLOWER]: Advancing to term 5
I20260713 09:09:14.301909 22531 raft_consensus.cc:515] T e765d069e7504603ae4834717708dc64 P b306a7a4800447e491c445351aa45181 [term 5 FOLLOWER]: Starting forced leader election with config: opid_index: -1 OBSOLETE_local: false peers { permanent_uuid: "58234506db334a0da7fa8fdd59c04b7c" member_type: VOTER last_known_addr { host: "127.21.80.65" port: 32819 } } peers { permanent_uuid: "b306a7a4800447e491c445351aa45181" member_type: VOTER last_known_addr { host: "127.21.80.66" port: 35949 } } peers { permanent_uuid: "c34ba42aa83d4f90a8539dc07c4ba759" member_type: VOTER last_known_addr { host: "127.21.80.67" port: 33405 } }
I20260713 09:09:14.303391 22531 leader_election.cc:290] T e765d069e7504603ae4834717708dc64 P b306a7a4800447e491c445351aa45181 [CANDIDATE]: Term 5 election: Requested vote from peers 58234506db334a0da7fa8fdd59c04b7c (127.21.80.65:32819), c34ba42aa83d4f90a8539dc07c4ba759 (127.21.80.67:33405)
I20260713 09:09:14.304061 22457 tablet_service.cc:1917] Received RequestConsensusVote() RPC: tablet_id: "e765d069e7504603ae4834717708dc64" candidate_uuid: "b306a7a4800447e491c445351aa45181" candidate_term: 5 candidate_status { last_received { term: 4 index: 4 } } ignore_live_leader: true dest_uuid: "58234506db334a0da7fa8fdd59c04b7c"
I20260713 09:09:14.304615 22457 raft_consensus.cc:3055] T e765d069e7504603ae4834717708dc64 P 58234506db334a0da7fa8fdd59c04b7c [term 4 LEADER]: Stepping down as leader of term 4
I20260713 09:09:14.304546 22605 tablet_service.cc:1917] Received RequestConsensusVote() RPC: tablet_id: "e765d069e7504603ae4834717708dc64" candidate_uuid: "b306a7a4800447e491c445351aa45181" candidate_term: 5 candidate_status { last_received { term: 4 index: 4 } } ignore_live_leader: true dest_uuid: "c34ba42aa83d4f90a8539dc07c4ba759"
I20260713 09:09:14.304926 22457 raft_consensus.cc:740] T e765d069e7504603ae4834717708dc64 P 58234506db334a0da7fa8fdd59c04b7c [term 4 LEADER]: Becoming Follower/Learner. State: Replica: 58234506db334a0da7fa8fdd59c04b7c, State: Running, Role: LEADER
I20260713 09:09:14.305138 22605 raft_consensus.cc:3060] T e765d069e7504603ae4834717708dc64 P c34ba42aa83d4f90a8539dc07c4ba759 [term 4 FOLLOWER]: Advancing to term 5
I20260713 09:09:14.305701 22457 consensus_queue.cc:260] T e765d069e7504603ae4834717708dc64 P 58234506db334a0da7fa8fdd59c04b7c [NON_LEADER]: Queue going to NON_LEADER mode. State: All replicated index: 0, Majority replicated index: 4, Committed index: 4, Last appended: 4.4, Last appended by leader: 4, Current term: 4, Majority size: -1, State: 0, Mode: NON_LEADER, active raft config: opid_index: -1 OBSOLETE_local: false peers { permanent_uuid: "58234506db334a0da7fa8fdd59c04b7c" member_type: VOTER last_known_addr { host: "127.21.80.65" port: 32819 } } peers { permanent_uuid: "b306a7a4800447e491c445351aa45181" member_type: VOTER last_known_addr { host: "127.21.80.66" port: 35949 } } peers { permanent_uuid: "c34ba42aa83d4f90a8539dc07c4ba759" member_type: VOTER last_known_addr { host: "127.21.80.67" port: 33405 } }
I20260713 09:09:14.306583 22457 raft_consensus.cc:3060] T e765d069e7504603ae4834717708dc64 P 58234506db334a0da7fa8fdd59c04b7c [term 4 FOLLOWER]: Advancing to term 5
I20260713 09:09:14.310484 22605 raft_consensus.cc:2468] T e765d069e7504603ae4834717708dc64 P c34ba42aa83d4f90a8539dc07c4ba759 [term 5 FOLLOWER]: Leader election vote request: Granting yes vote for candidate b306a7a4800447e491c445351aa45181 in term 5.
I20260713 09:09:14.310640 22457 raft_consensus.cc:2468] T e765d069e7504603ae4834717708dc64 P 58234506db334a0da7fa8fdd59c04b7c [term 5 FOLLOWER]: Leader election vote request: Granting yes vote for candidate b306a7a4800447e491c445351aa45181 in term 5.
I20260713 09:09:14.311617 22498 leader_election.cc:304] T e765d069e7504603ae4834717708dc64 P b306a7a4800447e491c445351aa45181 [CANDIDATE]: Term 5 election: Election decided. Result: candidate won. Election summary: received 2 responses out of 3 voters: 2 yes votes; 0 no votes. yes voters: b306a7a4800447e491c445351aa45181, c34ba42aa83d4f90a8539dc07c4ba759; no voters: 
I20260713 09:09:14.312382 22769 raft_consensus.cc:2804] T e765d069e7504603ae4834717708dc64 P b306a7a4800447e491c445351aa45181 [term 5 FOLLOWER]: Leader election won for term 5
I20260713 09:09:14.312852 22769 raft_consensus.cc:697] T e765d069e7504603ae4834717708dc64 P b306a7a4800447e491c445351aa45181 [term 5 LEADER]: Becoming Leader. State: Replica: b306a7a4800447e491c445351aa45181, State: Running, Role: LEADER
I20260713 09:09:14.313702 22769 consensus_queue.cc:237] T e765d069e7504603ae4834717708dc64 P b306a7a4800447e491c445351aa45181 [LEADER]: Queue going to LEADER mode. State: All replicated index: 0, Majority replicated index: 4, Committed index: 4, Last appended: 4.4, Last appended by leader: 4, Current term: 5, Majority size: 2, State: 0, Mode: LEADER, active raft config: opid_index: -1 OBSOLETE_local: false peers { permanent_uuid: "58234506db334a0da7fa8fdd59c04b7c" member_type: VOTER last_known_addr { host: "127.21.80.65" port: 32819 } } peers { permanent_uuid: "b306a7a4800447e491c445351aa45181" member_type: VOTER last_known_addr { host: "127.21.80.66" port: 35949 } } peers { permanent_uuid: "c34ba42aa83d4f90a8539dc07c4ba759" member_type: VOTER last_known_addr { host: "127.21.80.67" port: 33405 } }
I20260713 09:09:14.321192 22356 catalog_manager.cc:5697] T e765d069e7504603ae4834717708dc64 P b306a7a4800447e491c445351aa45181 reported cstate change: term changed from 4 to 5, leader changed from 58234506db334a0da7fa8fdd59c04b7c (127.21.80.65) to b306a7a4800447e491c445351aa45181 (127.21.80.66). New cstate: current_term: 5 leader_uuid: "b306a7a4800447e491c445351aa45181" committed_config { opid_index: -1 OBSOLETE_local: false peers { permanent_uuid: "58234506db334a0da7fa8fdd59c04b7c" member_type: VOTER last_known_addr { host: "127.21.80.65" port: 32819 } health_report { overall_health: UNKNOWN } } peers { permanent_uuid: "b306a7a4800447e491c445351aa45181" member_type: VOTER last_known_addr { host: "127.21.80.66" port: 35949 } health_report { overall_health: HEALTHY } } peers { permanent_uuid: "c34ba42aa83d4f90a8539dc07c4ba759" member_type: VOTER last_known_addr { host: "127.21.80.67" port: 33405 } health_report { overall_health: UNKNOWN } } }
I20260713 09:09:14.493060 22457 raft_consensus.cc:1275] T 36a7fe86e9614f02bec90db9a32cdb2c P 58234506db334a0da7fa8fdd59c04b7c [term 2 FOLLOWER]: Refusing update from remote peer c34ba42aa83d4f90a8539dc07c4ba759: Log matching property violated. Preceding OpId in replica: term: 1 index: 1. Preceding OpId from leader: term: 2 index: 2. (index mismatch)
I20260713 09:09:14.494251 22782 consensus_queue.cc:1048] T 36a7fe86e9614f02bec90db9a32cdb2c P c34ba42aa83d4f90a8539dc07c4ba759 [LEADER]: Connected to new peer: Peer: permanent_uuid: "58234506db334a0da7fa8fdd59c04b7c" member_type: VOTER last_known_addr { host: "127.21.80.65" port: 32819 }, Status: LMP_MISMATCH, Last received: 0.0, Next index: 2, Last known committed idx: 1, Time since last communication: 0.000s
I20260713 09:09:14.504056 22531 raft_consensus.cc:1275] T 36a7fe86e9614f02bec90db9a32cdb2c P b306a7a4800447e491c445351aa45181 [term 2 FOLLOWER]: Refusing update from remote peer c34ba42aa83d4f90a8539dc07c4ba759: Log matching property violated. Preceding OpId in replica: term: 1 index: 1. Preceding OpId from leader: term: 2 index: 2. (index mismatch)
I20260713 09:09:14.505391 22782 consensus_queue.cc:1048] T 36a7fe86e9614f02bec90db9a32cdb2c P c34ba42aa83d4f90a8539dc07c4ba759 [LEADER]: Connected to new peer: Peer: permanent_uuid: "b306a7a4800447e491c445351aa45181" member_type: VOTER last_known_addr { host: "127.21.80.66" port: 35949 }, Status: LMP_MISMATCH, Last received: 0.0, Next index: 2, Last known committed idx: 1, Time since last communication: 0.000s
I20260713 09:09:14.516100 22605 raft_consensus.cc:1275] T 10d96578fbf34a739bdc76513716bac2 P c34ba42aa83d4f90a8539dc07c4ba759 [term 3 FOLLOWER]: Refusing update from remote peer b306a7a4800447e491c445351aa45181: Log matching property violated. Preceding OpId in replica: term: 2 index: 2. Preceding OpId from leader: term: 3 index: 3. (index mismatch)
I20260713 09:09:14.517448 22769 consensus_queue.cc:1048] T 10d96578fbf34a739bdc76513716bac2 P b306a7a4800447e491c445351aa45181 [LEADER]: Connected to new peer: Peer: permanent_uuid: "c34ba42aa83d4f90a8539dc07c4ba759" member_type: VOTER last_known_addr { host: "127.21.80.67" port: 33405 }, Status: LMP_MISMATCH, Last received: 0.0, Next index: 3, Last known committed idx: 2, Time since last communication: 0.000s
I20260713 09:09:14.533103 22457 raft_consensus.cc:1275] T 10d96578fbf34a739bdc76513716bac2 P 58234506db334a0da7fa8fdd59c04b7c [term 3 FOLLOWER]: Refusing update from remote peer b306a7a4800447e491c445351aa45181: Log matching property violated. Preceding OpId in replica: term: 2 index: 2. Preceding OpId from leader: term: 3 index: 3. (index mismatch)
I20260713 09:09:14.539804 22789 consensus_queue.cc:1048] T 10d96578fbf34a739bdc76513716bac2 P b306a7a4800447e491c445351aa45181 [LEADER]: Connected to new peer: Peer: permanent_uuid: "58234506db334a0da7fa8fdd59c04b7c" member_type: VOTER last_known_addr { host: "127.21.80.65" port: 32819 }, Status: LMP_MISMATCH, Last received: 0.0, Next index: 3, Last known committed idx: 2, Time since last communication: 0.001s
I20260713 09:09:14.680650 22531 raft_consensus.cc:1275] T 4b151273f13f48418d67d6a0e6263bd0 P b306a7a4800447e491c445351aa45181 [term 3 FOLLOWER]: Refusing update from remote peer c34ba42aa83d4f90a8539dc07c4ba759: Log matching property violated. Preceding OpId in replica: term: 2 index: 2. Preceding OpId from leader: term: 3 index: 3. (index mismatch)
I20260713 09:09:14.681883 22782 consensus_queue.cc:1048] T 4b151273f13f48418d67d6a0e6263bd0 P c34ba42aa83d4f90a8539dc07c4ba759 [LEADER]: Connected to new peer: Peer: permanent_uuid: "b306a7a4800447e491c445351aa45181" member_type: VOTER last_known_addr { host: "127.21.80.66" port: 35949 }, Status: LMP_MISMATCH, Last received: 0.0, Next index: 3, Last known committed idx: 2, Time since last communication: 0.000s
I20260713 09:09:14.689806 22457 raft_consensus.cc:1275] T 4b151273f13f48418d67d6a0e6263bd0 P 58234506db334a0da7fa8fdd59c04b7c [term 3 FOLLOWER]: Refusing update from remote peer c34ba42aa83d4f90a8539dc07c4ba759: Log matching property violated. Preceding OpId in replica: term: 2 index: 2. Preceding OpId from leader: term: 3 index: 3. (index mismatch)
I20260713 09:09:14.691296 22795 consensus_queue.cc:1048] T 4b151273f13f48418d67d6a0e6263bd0 P c34ba42aa83d4f90a8539dc07c4ba759 [LEADER]: Connected to new peer: Peer: permanent_uuid: "58234506db334a0da7fa8fdd59c04b7c" member_type: VOTER last_known_addr { host: "127.21.80.65" port: 32819 }, Status: LMP_MISMATCH, Last received: 0.0, Next index: 3, Last known committed idx: 2, Time since last communication: 0.001s
I20260713 09:09:14.872498 22457 raft_consensus.cc:1275] T e765d069e7504603ae4834717708dc64 P 58234506db334a0da7fa8fdd59c04b7c [term 5 FOLLOWER]: Refusing update from remote peer b306a7a4800447e491c445351aa45181: Log matching property violated. Preceding OpId in replica: term: 4 index: 4. Preceding OpId from leader: term: 5 index: 5. (index mismatch)
I20260713 09:09:14.872857 21825 auto_leader_rebalancer.cc:141] leader rebalance for table test-workload
I20260713 09:09:14.873872 22789 consensus_queue.cc:1048] T e765d069e7504603ae4834717708dc64 P b306a7a4800447e491c445351aa45181 [LEADER]: Connected to new peer: Peer: permanent_uuid: "58234506db334a0da7fa8fdd59c04b7c" member_type: VOTER last_known_addr { host: "127.21.80.65" port: 32819 }, Status: LMP_MISMATCH, Last received: 0.0, Next index: 5, Last known committed idx: 4, Time since last communication: 0.000s
I20260713 09:09:14.880894 21825 tablet_server.cc:179] TabletServer@127.21.80.65:0 shutting down...
W20260713 09:09:14.882741 22496 proxy.cc:239] Call had error, refreshing address and retrying: Remote error: Service unavailable: service kudu.consensus.ConsensusService not registered on TabletServer [suppressed 6 similar messages]
I20260713 09:09:14.886744 22605 raft_consensus.cc:1275] T e765d069e7504603ae4834717708dc64 P c34ba42aa83d4f90a8539dc07c4ba759 [term 5 FOLLOWER]: Refusing update from remote peer b306a7a4800447e491c445351aa45181: Log matching property violated. Preceding OpId in replica: term: 4 index: 4. Preceding OpId from leader: term: 5 index: 5. (index mismatch)
I20260713 09:09:14.888443 22789 consensus_queue.cc:1048] T e765d069e7504603ae4834717708dc64 P b306a7a4800447e491c445351aa45181 [LEADER]: Connected to new peer: Peer: permanent_uuid: "c34ba42aa83d4f90a8539dc07c4ba759" member_type: VOTER last_known_addr { host: "127.21.80.67" port: 33405 }, Status: LMP_MISMATCH, Last received: 0.0, Next index: 5, Last known committed idx: 4, Time since last communication: 0.000s
W20260713 09:09:14.891508 22496 consensus_peers.cc:597] T e765d069e7504603ae4834717708dc64 P b306a7a4800447e491c445351aa45181 -> Peer 58234506db334a0da7fa8fdd59c04b7c (127.21.80.65:32819): Couldn't send request to peer 58234506db334a0da7fa8fdd59c04b7c. Status: Remote error: Service unavailable: service kudu.consensus.ConsensusService not registered on TabletServer. This is attempt 1: this message will repeat every 5th retry.
I20260713 09:09:14.918208 21825 ts_tablet_manager.cc:1507] Shutting down tablet manager...
I20260713 09:09:14.918888 21825 tablet_replica.cc:333] T a54fe1013cc54d61bd688998084f52f9 P 58234506db334a0da7fa8fdd59c04b7c: stopping tablet replica
I20260713 09:09:14.919512 21825 raft_consensus.cc:2243] T a54fe1013cc54d61bd688998084f52f9 P 58234506db334a0da7fa8fdd59c04b7c [term 1 FOLLOWER]: Raft consensus shutting down.
I20260713 09:09:14.919946 21825 raft_consensus.cc:2272] T a54fe1013cc54d61bd688998084f52f9 P 58234506db334a0da7fa8fdd59c04b7c [term 1 FOLLOWER]: Raft consensus is shut down!
I20260713 09:09:14.923324 21825 tablet_replica.cc:333] T 10d96578fbf34a739bdc76513716bac2 P 58234506db334a0da7fa8fdd59c04b7c: stopping tablet replica
I20260713 09:09:14.923849 21825 raft_consensus.cc:2243] T 10d96578fbf34a739bdc76513716bac2 P 58234506db334a0da7fa8fdd59c04b7c [term 3 FOLLOWER]: Raft consensus shutting down.
I20260713 09:09:14.924232 21825 raft_consensus.cc:2272] T 10d96578fbf34a739bdc76513716bac2 P 58234506db334a0da7fa8fdd59c04b7c [term 3 FOLLOWER]: Raft consensus is shut down!
I20260713 09:09:14.926131 21825 tablet_replica.cc:333] T 36a7fe86e9614f02bec90db9a32cdb2c P 58234506db334a0da7fa8fdd59c04b7c: stopping tablet replica
I20260713 09:09:14.926602 21825 raft_consensus.cc:2243] T 36a7fe86e9614f02bec90db9a32cdb2c P 58234506db334a0da7fa8fdd59c04b7c [term 2 FOLLOWER]: Raft consensus shutting down.
I20260713 09:09:14.926972 21825 raft_consensus.cc:2272] T 36a7fe86e9614f02bec90db9a32cdb2c P 58234506db334a0da7fa8fdd59c04b7c [term 2 FOLLOWER]: Raft consensus is shut down!
I20260713 09:09:14.929193 21825 tablet_replica.cc:333] T 3bfb432b538a4f0eaf1b8afd5ec82f59 P 58234506db334a0da7fa8fdd59c04b7c: stopping tablet replica
I20260713 09:09:14.929692 21825 raft_consensus.cc:2243] T 3bfb432b538a4f0eaf1b8afd5ec82f59 P 58234506db334a0da7fa8fdd59c04b7c [term 3 LEADER]: Raft consensus shutting down.
I20260713 09:09:14.930409 21825 raft_consensus.cc:2272] T 3bfb432b538a4f0eaf1b8afd5ec82f59 P 58234506db334a0da7fa8fdd59c04b7c [term 3 FOLLOWER]: Raft consensus is shut down!
I20260713 09:09:14.931926 21825 tablet_replica.cc:333] T 4b151273f13f48418d67d6a0e6263bd0 P 58234506db334a0da7fa8fdd59c04b7c: stopping tablet replica
I20260713 09:09:14.932428 21825 raft_consensus.cc:2243] T 4b151273f13f48418d67d6a0e6263bd0 P 58234506db334a0da7fa8fdd59c04b7c [term 3 FOLLOWER]: Raft consensus shutting down.
I20260713 09:09:14.932788 21825 raft_consensus.cc:2272] T 4b151273f13f48418d67d6a0e6263bd0 P 58234506db334a0da7fa8fdd59c04b7c [term 3 FOLLOWER]: Raft consensus is shut down!
I20260713 09:09:14.934623 21825 tablet_replica.cc:333] T c750e24fe2c842578ec9289e627a099b P 58234506db334a0da7fa8fdd59c04b7c: stopping tablet replica
I20260713 09:09:14.935294 21825 raft_consensus.cc:2243] T c750e24fe2c842578ec9289e627a099b P 58234506db334a0da7fa8fdd59c04b7c [term 2 FOLLOWER]: Raft consensus shutting down.
I20260713 09:09:14.935779 21825 raft_consensus.cc:2272] T c750e24fe2c842578ec9289e627a099b P 58234506db334a0da7fa8fdd59c04b7c [term 2 FOLLOWER]: Raft consensus is shut down!
I20260713 09:09:14.938043 21825 tablet_replica.cc:333] T 66d644be9e7a42e2a5492a93781aca74 P 58234506db334a0da7fa8fdd59c04b7c: stopping tablet replica
I20260713 09:09:14.938531 21825 raft_consensus.cc:2243] T 66d644be9e7a42e2a5492a93781aca74 P 58234506db334a0da7fa8fdd59c04b7c [term 2 LEADER]: Raft consensus shutting down.
I20260713 09:09:14.939198 21825 raft_consensus.cc:2272] T 66d644be9e7a42e2a5492a93781aca74 P 58234506db334a0da7fa8fdd59c04b7c [term 2 FOLLOWER]: Raft consensus is shut down!
I20260713 09:09:14.940735 21825 tablet_replica.cc:333] T e765d069e7504603ae4834717708dc64 P 58234506db334a0da7fa8fdd59c04b7c: stopping tablet replica
I20260713 09:09:14.941183 21825 raft_consensus.cc:2243] T e765d069e7504603ae4834717708dc64 P 58234506db334a0da7fa8fdd59c04b7c [term 5 FOLLOWER]: Raft consensus shutting down.
I20260713 09:09:14.941536 21825 pending_rounds.cc:70] T e765d069e7504603ae4834717708dc64 P 58234506db334a0da7fa8fdd59c04b7c: Trying to abort 1 pending ops.
I20260713 09:09:14.941756 21825 pending_rounds.cc:77] T e765d069e7504603ae4834717708dc64 P 58234506db334a0da7fa8fdd59c04b7c: Aborting op as it isn't in flight: id { term: 5 index: 5 } timestamp: 7306992657677471744 op_type: NO_OP noop_request { }
I20260713 09:09:14.942066 21825 raft_consensus.cc:2889] T e765d069e7504603ae4834717708dc64 P 58234506db334a0da7fa8fdd59c04b7c [term 5 FOLLOWER]: NO_OP replication failed: Aborted: Op aborted
I20260713 09:09:14.942371 21825 raft_consensus.cc:2272] T e765d069e7504603ae4834717708dc64 P 58234506db334a0da7fa8fdd59c04b7c [term 5 FOLLOWER]: Raft consensus is shut down!
I20260713 09:09:14.944527 21825 tablet_replica.cc:333] T 8521066c0905491dbe7db13584c1b008 P 58234506db334a0da7fa8fdd59c04b7c: stopping tablet replica
I20260713 09:09:14.945044 21825 raft_consensus.cc:2243] T 8521066c0905491dbe7db13584c1b008 P 58234506db334a0da7fa8fdd59c04b7c [term 4 LEADER]: Raft consensus shutting down.
I20260713 09:09:14.945938 21825 raft_consensus.cc:2272] T 8521066c0905491dbe7db13584c1b008 P 58234506db334a0da7fa8fdd59c04b7c [term 4 FOLLOWER]: Raft consensus is shut down!
I20260713 09:09:14.947718 21825 tablet_replica.cc:333] T e1c3d6a6fae04d489244995d4466d3b9 P 58234506db334a0da7fa8fdd59c04b7c: stopping tablet replica
I20260713 09:09:14.948148 21825 raft_consensus.cc:2243] T e1c3d6a6fae04d489244995d4466d3b9 P 58234506db334a0da7fa8fdd59c04b7c [term 2 LEADER]: Raft consensus shutting down.
I20260713 09:09:14.948887 21825 raft_consensus.cc:2272] T e1c3d6a6fae04d489244995d4466d3b9 P 58234506db334a0da7fa8fdd59c04b7c [term 2 FOLLOWER]: Raft consensus is shut down!
I20260713 09:09:14.978235 21825 tablet_server.cc:196] TabletServer@127.21.80.65:0 shutdown complete.
W20260713 09:09:14.979451 22570 consensus_peers.cc:597] T c750e24fe2c842578ec9289e627a099b P c34ba42aa83d4f90a8539dc07c4ba759 -> Peer 58234506db334a0da7fa8fdd59c04b7c (127.21.80.65:32819): Couldn't send request to peer 58234506db334a0da7fa8fdd59c04b7c. Status: Network error: Client connection negotiation failed: client connection to 127.21.80.65:32819: connect: Connection refused (error 111). This is attempt 1: this message will repeat every 5th retry.
I20260713 09:09:14.996893 21825 tablet_server.cc:179] TabletServer@127.21.80.66:0 shutting down...
W20260713 09:09:15.003716 22572 consensus_peers.cc:597] T 36a7fe86e9614f02bec90db9a32cdb2c P c34ba42aa83d4f90a8539dc07c4ba759 -> Peer b306a7a4800447e491c445351aa45181 (127.21.80.66:35949): Couldn't send request to peer b306a7a4800447e491c445351aa45181. Status: Remote error: Service unavailable: service kudu.consensus.ConsensusService not registered on TabletServer. This is attempt 1: this message will repeat every 5th retry.
W20260713 09:09:15.010146 22496 consensus_peers.cc:597] T a54fe1013cc54d61bd688998084f52f9 P b306a7a4800447e491c445351aa45181 -> Peer 58234506db334a0da7fa8fdd59c04b7c (127.21.80.65:32819): Couldn't send request to peer 58234506db334a0da7fa8fdd59c04b7c. Status: Network error: Client connection negotiation failed: client connection to 127.21.80.65:32819: connect: Connection refused (error 111). This is attempt 1: this message will repeat every 5th retry.
W20260713 09:09:15.024871 22570 consensus_peers.cc:597] T 36a7fe86e9614f02bec90db9a32cdb2c P c34ba42aa83d4f90a8539dc07c4ba759 -> Peer 58234506db334a0da7fa8fdd59c04b7c (127.21.80.65:32819): Couldn't send request to peer 58234506db334a0da7fa8fdd59c04b7c. Status: Network error: Client connection negotiation failed: client connection to 127.21.80.65:32819: connect: Connection refused (error 111). This is attempt 1: this message will repeat every 5th retry.
I20260713 09:09:15.026573 21825 ts_tablet_manager.cc:1507] Shutting down tablet manager...
I20260713 09:09:15.027243 21825 tablet_replica.cc:333] T e765d069e7504603ae4834717708dc64 P b306a7a4800447e491c445351aa45181: stopping tablet replica
I20260713 09:09:15.028249 21825 raft_consensus.cc:2243] T e765d069e7504603ae4834717708dc64 P b306a7a4800447e491c445351aa45181 [term 5 LEADER]: Raft consensus shutting down.
I20260713 09:09:15.029240 21825 raft_consensus.cc:2272] T e765d069e7504603ae4834717708dc64 P b306a7a4800447e491c445351aa45181 [term 5 FOLLOWER]: Raft consensus is shut down!
I20260713 09:09:15.031405 21825 tablet_replica.cc:333] T 3bfb432b538a4f0eaf1b8afd5ec82f59 P b306a7a4800447e491c445351aa45181: stopping tablet replica
I20260713 09:09:15.031988 21825 raft_consensus.cc:2243] T 3bfb432b538a4f0eaf1b8afd5ec82f59 P b306a7a4800447e491c445351aa45181 [term 3 FOLLOWER]: Raft consensus shutting down.
I20260713 09:09:15.032430 21825 raft_consensus.cc:2272] T 3bfb432b538a4f0eaf1b8afd5ec82f59 P b306a7a4800447e491c445351aa45181 [term 3 FOLLOWER]: Raft consensus is shut down!
I20260713 09:09:15.033977 21825 tablet_replica.cc:333] T 4b151273f13f48418d67d6a0e6263bd0 P b306a7a4800447e491c445351aa45181: stopping tablet replica
I20260713 09:09:15.034392 21825 raft_consensus.cc:2243] T 4b151273f13f48418d67d6a0e6263bd0 P b306a7a4800447e491c445351aa45181 [term 3 FOLLOWER]: Raft consensus shutting down.
I20260713 09:09:15.034718 21825 raft_consensus.cc:2272] T 4b151273f13f48418d67d6a0e6263bd0 P b306a7a4800447e491c445351aa45181 [term 3 FOLLOWER]: Raft consensus is shut down!
I20260713 09:09:15.036594 21825 tablet_replica.cc:333] T a54fe1013cc54d61bd688998084f52f9 P b306a7a4800447e491c445351aa45181: stopping tablet replica
I20260713 09:09:15.037043 21825 raft_consensus.cc:2243] T a54fe1013cc54d61bd688998084f52f9 P b306a7a4800447e491c445351aa45181 [term 1 LEADER]: Raft consensus shutting down.
I20260713 09:09:15.037686 21825 raft_consensus.cc:2272] T a54fe1013cc54d61bd688998084f52f9 P b306a7a4800447e491c445351aa45181 [term 1 FOLLOWER]: Raft consensus is shut down!
I20260713 09:09:15.039187 21825 tablet_replica.cc:333] T 10d96578fbf34a739bdc76513716bac2 P b306a7a4800447e491c445351aa45181: stopping tablet replica
I20260713 09:09:15.039623 21825 raft_consensus.cc:2243] T 10d96578fbf34a739bdc76513716bac2 P b306a7a4800447e491c445351aa45181 [term 3 LEADER]: Raft consensus shutting down.
I20260713 09:09:15.040238 21825 raft_consensus.cc:2272] T 10d96578fbf34a739bdc76513716bac2 P b306a7a4800447e491c445351aa45181 [term 3 FOLLOWER]: Raft consensus is shut down!
I20260713 09:09:15.042084 21825 tablet_replica.cc:333] T c750e24fe2c842578ec9289e627a099b P b306a7a4800447e491c445351aa45181: stopping tablet replica
I20260713 09:09:15.042531 21825 raft_consensus.cc:2243] T c750e24fe2c842578ec9289e627a099b P b306a7a4800447e491c445351aa45181 [term 2 FOLLOWER]: Raft consensus shutting down.
I20260713 09:09:15.043004 21825 raft_consensus.cc:2272] T c750e24fe2c842578ec9289e627a099b P b306a7a4800447e491c445351aa45181 [term 2 FOLLOWER]: Raft consensus is shut down!
I20260713 09:09:15.044584 21825 tablet_replica.cc:333] T 66d644be9e7a42e2a5492a93781aca74 P b306a7a4800447e491c445351aa45181: stopping tablet replica
