I20260713 09:09:18.788298 22944 tablet_service.cc:1917] Received RequestConsensusVote() RPC: tablet_id: "ce9b93c169f740d185669e0751316d96" candidate_uuid: "eb5679a1546244c39262d4d394610d47" candidate_term: 1 candidate_status { last_received { term: 0 index: 0 } } ignore_live_leader: false dest_uuid: "0c06688ae5a8461a9ea85e4dd0746550" is_pre_election: true
I20260713 09:09:18.789126 22944 raft_consensus.cc:2393] T ce9b93c169f740d185669e0751316d96 P 0c06688ae5a8461a9ea85e4dd0746550 [term 1 FOLLOWER]: Leader pre-election vote request: Denying vote to candidate eb5679a1546244c39262d4d394610d47 in current term 1: Already voted for candidate 0c06688ae5a8461a9ea85e4dd0746550 in this term.
I20260713 09:09:18.790030 23016 tablet_service.cc:1917] Received RequestConsensusVote() RPC: tablet_id: "591b17bf828f4123abfcf138b6873f36" candidate_uuid: "0c06688ae5a8461a9ea85e4dd0746550" candidate_term: 1 candidate_status { last_received { term: 0 index: 0 } } ignore_live_leader: false dest_uuid: "de9ae6172a78417daee8999299f46cd3" is_pre_election: true
I20260713 09:09:18.790611 23016 raft_consensus.cc:2468] T 591b17bf828f4123abfcf138b6873f36 P de9ae6172a78417daee8999299f46cd3 [term 0 FOLLOWER]: Leader pre-election vote request: Granting yes vote for candidate 0c06688ae5a8461a9ea85e4dd0746550 in term 0.
I20260713 09:09:18.792762 22943 tablet_service.cc:1917] Received RequestConsensusVote() RPC: tablet_id: "65269dc690db435792ebfd0c3a31c12f" candidate_uuid: "de9ae6172a78417daee8999299f46cd3" candidate_term: 1 candidate_status { last_received { term: 0 index: 0 } } ignore_live_leader: false dest_uuid: "0c06688ae5a8461a9ea85e4dd0746550" is_pre_election: true
I20260713 09:09:18.793499 22943 raft_consensus.cc:2393] T 65269dc690db435792ebfd0c3a31c12f P 0c06688ae5a8461a9ea85e4dd0746550 [term 1 FOLLOWER]: Leader pre-election vote request: Denying vote to candidate de9ae6172a78417daee8999299f46cd3 in current term 1: Already voted for candidate eb5679a1546244c39262d4d394610d47 in this term.
I20260713 09:09:18.795274 23016 tablet_service.cc:1917] Received RequestConsensusVote() RPC: tablet_id: "dc240f8bccf54ff19495ba9b7ed53def" candidate_uuid: "0c06688ae5a8461a9ea85e4dd0746550" candidate_term: 1 candidate_status { last_received { term: 0 index: 0 } } ignore_live_leader: false dest_uuid: "de9ae6172a78417daee8999299f46cd3" is_pre_election: true
I20260713 09:09:18.815292 22910 leader_election.cc:304] T 591b17bf828f4123abfcf138b6873f36 P 0c06688ae5a8461a9ea85e4dd0746550 [CANDIDATE]: Term 1 pre-election: Election decided. Result: candidate won. Election summary: received 3 responses out of 3 voters: 2 yes votes; 1 no votes. yes voters: 0c06688ae5a8461a9ea85e4dd0746550, de9ae6172a78417daee8999299f46cd3; no voters: eb5679a1546244c39262d4d394610d47
I20260713 09:09:18.817149 23263 raft_consensus.cc:2804] T 591b17bf828f4123abfcf138b6873f36 P 0c06688ae5a8461a9ea85e4dd0746550 [term 0 FOLLOWER]: Leader pre-election won for term 1
I20260713 09:09:18.817509 23263 raft_consensus.cc:493] T 591b17bf828f4123abfcf138b6873f36 P 0c06688ae5a8461a9ea85e4dd0746550 [term 0 FOLLOWER]: Starting leader election (no leader contacted us within the election timeout)
I20260713 09:09:18.817816 23263 raft_consensus.cc:3060] T 591b17bf828f4123abfcf138b6873f36 P 0c06688ae5a8461a9ea85e4dd0746550 [term 0 FOLLOWER]: Advancing to term 1
I20260713 09:09:18.818081 22985 leader_election.cc:304] T 65269dc690db435792ebfd0c3a31c12f P de9ae6172a78417daee8999299f46cd3 [CANDIDATE]: Term 1 pre-election: Election decided. Result: candidate lost. Election summary: received 3 responses out of 3 voters: 1 yes votes; 2 no votes. yes voters: de9ae6172a78417daee8999299f46cd3; no voters: 0c06688ae5a8461a9ea85e4dd0746550, eb5679a1546244c39262d4d394610d47
I20260713 09:09:18.819182 23140 raft_consensus.cc:3060] T 65269dc690db435792ebfd0c3a31c12f P de9ae6172a78417daee8999299f46cd3 [term 0 FOLLOWER]: Advancing to term 1
W20260713 09:09:18.822274 22910 leader_election.cc:343] T dc240f8bccf54ff19495ba9b7ed53def P 0c06688ae5a8461a9ea85e4dd0746550 [CANDIDATE]: Term 1 pre-election: Tablet error from VoteRequest() call to peer de9ae6172a78417daee8999299f46cd3 (127.21.80.66:45229): Illegal state: must be running to vote when last-logged opid is not known
I20260713 09:09:18.824394 22910 leader_election.cc:304] T dc240f8bccf54ff19495ba9b7ed53def P 0c06688ae5a8461a9ea85e4dd0746550 [CANDIDATE]: Term 1 pre-election: Election decided. Result: candidate lost. Election summary: received 3 responses out of 3 voters: 1 yes votes; 2 no votes. yes voters: 0c06688ae5a8461a9ea85e4dd0746550; no voters: de9ae6172a78417daee8999299f46cd3, eb5679a1546244c39262d4d394610d47
I20260713 09:09:18.826150 22841 catalog_manager.cc:5697] T bda089ac1f36421198e8ab44cea66ff8 P 0c06688ae5a8461a9ea85e4dd0746550 reported cstate change: term changed from 0 to 1, leader changed from <none> to 0c06688ae5a8461a9ea85e4dd0746550 (127.21.80.65). New cstate: current_term: 1 leader_uuid: "0c06688ae5a8461a9ea85e4dd0746550" committed_config { opid_index: -1 OBSOLETE_local: false peers { permanent_uuid: "0c06688ae5a8461a9ea85e4dd0746550" member_type: VOTER last_known_addr { host: "127.21.80.65" port: 33985 } health_report { overall_health: HEALTHY } } peers { permanent_uuid: "de9ae6172a78417daee8999299f46cd3" member_type: VOTER last_known_addr { host: "127.21.80.66" port: 45229 } health_report { overall_health: UNKNOWN } } peers { permanent_uuid: "eb5679a1546244c39262d4d394610d47" member_type: VOTER last_known_addr { host: "127.21.80.67" port: 38547 } health_report { overall_health: UNKNOWN } } }
I20260713 09:09:18.825196 23182 raft_consensus.cc:2749] T dc240f8bccf54ff19495ba9b7ed53def P 0c06688ae5a8461a9ea85e4dd0746550 [term 0 FOLLOWER]: Leader pre-election lost for term 1. Reason: could not achieve majority
I20260713 09:09:18.829834 23059 leader_election.cc:304] T ce9b93c169f740d185669e0751316d96 P eb5679a1546244c39262d4d394610d47 [CANDIDATE]: Term 1 pre-election: Election decided. Result: candidate lost. Election summary: received 3 responses out of 3 voters: 1 yes votes; 2 no votes. yes voters: eb5679a1546244c39262d4d394610d47; no voters: 0c06688ae5a8461a9ea85e4dd0746550, de9ae6172a78417daee8999299f46cd3
I20260713 09:09:18.831382 23281 raft_consensus.cc:3060] T ce9b93c169f740d185669e0751316d96 P eb5679a1546244c39262d4d394610d47 [term 0 FOLLOWER]: Advancing to term 1
I20260713 09:09:18.837838 23263 raft_consensus.cc:515] T 591b17bf828f4123abfcf138b6873f36 P 0c06688ae5a8461a9ea85e4dd0746550 [term 1 FOLLOWER]: Starting leader election with config: opid_index: -1 OBSOLETE_local: false peers { permanent_uuid: "0c06688ae5a8461a9ea85e4dd0746550" member_type: VOTER last_known_addr { host: "127.21.80.65" port: 33985 } } peers { permanent_uuid: "de9ae6172a78417daee8999299f46cd3" member_type: VOTER last_known_addr { host: "127.21.80.66" port: 45229 } } peers { permanent_uuid: "eb5679a1546244c39262d4d394610d47" member_type: VOTER last_known_addr { host: "127.21.80.67" port: 38547 } }
I20260713 09:09:18.843793 23263 leader_election.cc:290] T 591b17bf828f4123abfcf138b6873f36 P 0c06688ae5a8461a9ea85e4dd0746550 [CANDIDATE]: Term 1 election: Requested vote from peers de9ae6172a78417daee8999299f46cd3 (127.21.80.66:45229), eb5679a1546244c39262d4d394610d47 (127.21.80.67:38547)
I20260713 09:09:18.844439 23093 tablet_service.cc:1917] Received RequestConsensusVote() RPC: tablet_id: "591b17bf828f4123abfcf138b6873f36" candidate_uuid: "0c06688ae5a8461a9ea85e4dd0746550" candidate_term: 1 candidate_status { last_received { term: 0 index: 0 } } ignore_live_leader: false dest_uuid: "eb5679a1546244c39262d4d394610d47"
I20260713 09:09:18.847011 23142 consensus_queue.cc:1048] T 65269dc690db435792ebfd0c3a31c12f P eb5679a1546244c39262d4d394610d47 [LEADER]: Connected to new peer: Peer: permanent_uuid: "0c06688ae5a8461a9ea85e4dd0746550" member_type: VOTER last_known_addr { host: "127.21.80.65" port: 33985 }, Status: LMP_MISMATCH, Last received: 0.0, Next index: 1, Last known committed idx: 0, Time since last communication: 0.000s
W20260713 09:09:18.847812 22909 leader_election.cc:343] T 591b17bf828f4123abfcf138b6873f36 P 0c06688ae5a8461a9ea85e4dd0746550 [CANDIDATE]: Term 1 election: Tablet error from VoteRequest() call to peer eb5679a1546244c39262d4d394610d47 (127.21.80.67:38547): Illegal state: must be running to vote when last-logged opid is not known
I20260713 09:09:18.849440 23134 tablet_bootstrap.cc:492] T 21acdc4b2aaf4d73b050b52232de6007 P 0c06688ae5a8461a9ea85e4dd0746550: No bootstrap required, opened a new log
I20260713 09:09:18.849749 23134 ts_tablet_manager.cc:1403] T 21acdc4b2aaf4d73b050b52232de6007 P 0c06688ae5a8461a9ea85e4dd0746550: Time spent bootstrapping tablet: real 0.105s	user 0.011s	sys 0.022s
I20260713 09:09:18.851790 23019 tablet_service.cc:1917] Received RequestConsensusVote() RPC: tablet_id: "591b17bf828f4123abfcf138b6873f36" candidate_uuid: "0c06688ae5a8461a9ea85e4dd0746550" candidate_term: 1 candidate_status { last_received { term: 0 index: 0 } } ignore_live_leader: false dest_uuid: "de9ae6172a78417daee8999299f46cd3"
I20260713 09:09:18.852383 23019 raft_consensus.cc:3060] T 591b17bf828f4123abfcf138b6873f36 P de9ae6172a78417daee8999299f46cd3 [term 0 FOLLOWER]: Advancing to term 1
I20260713 09:09:18.852218 23134 raft_consensus.cc:359] T 21acdc4b2aaf4d73b050b52232de6007 P 0c06688ae5a8461a9ea85e4dd0746550 [term 0 FOLLOWER]: Replica starting. Triggering 0 pending ops. Active config: opid_index: -1 OBSOLETE_local: false peers { permanent_uuid: "0c06688ae5a8461a9ea85e4dd0746550" member_type: VOTER last_known_addr { host: "127.21.80.65" port: 33985 } } peers { permanent_uuid: "de9ae6172a78417daee8999299f46cd3" member_type: VOTER last_known_addr { host: "127.21.80.66" port: 45229 } } peers { permanent_uuid: "eb5679a1546244c39262d4d394610d47" member_type: VOTER last_known_addr { host: "127.21.80.67" port: 38547 } }
I20260713 09:09:18.853109 23134 raft_consensus.cc:385] T 21acdc4b2aaf4d73b050b52232de6007 P 0c06688ae5a8461a9ea85e4dd0746550 [term 0 FOLLOWER]: Consensus starting up: Expiring failure detector timer to make a prompt election more likely
I20260713 09:09:18.853376 23134 raft_consensus.cc:740] T 21acdc4b2aaf4d73b050b52232de6007 P 0c06688ae5a8461a9ea85e4dd0746550 [term 0 FOLLOWER]: Becoming Follower/Learner. State: Replica: 0c06688ae5a8461a9ea85e4dd0746550, State: Initialized, Role: FOLLOWER
I20260713 09:09:18.853987 23134 consensus_queue.cc:260] T 21acdc4b2aaf4d73b050b52232de6007 P 0c06688ae5a8461a9ea85e4dd0746550 [NON_LEADER]: Queue going to NON_LEADER mode. State: All replicated index: 0, Majority replicated index: 0, Committed index: 0, Last appended: 0.0, Last appended by leader: 0, Current term: 0, Majority size: -1, State: 0, Mode: NON_LEADER, active raft config: opid_index: -1 OBSOLETE_local: false peers { permanent_uuid: "0c06688ae5a8461a9ea85e4dd0746550" member_type: VOTER last_known_addr { host: "127.21.80.65" port: 33985 } } peers { permanent_uuid: "de9ae6172a78417daee8999299f46cd3" member_type: VOTER last_known_addr { host: "127.21.80.66" port: 45229 } } peers { permanent_uuid: "eb5679a1546244c39262d4d394610d47" member_type: VOTER last_known_addr { host: "127.21.80.67" port: 38547 } }
I20260713 09:09:18.855926 23134 ts_tablet_manager.cc:1434] T 21acdc4b2aaf4d73b050b52232de6007 P 0c06688ae5a8461a9ea85e4dd0746550: Time spent starting tablet: real 0.006s	user 0.004s	sys 0.000s
I20260713 09:09:18.856714 23134 tablet_bootstrap.cc:492] T f202b87ebcac412e85515a6c580f4eb3 P 0c06688ae5a8461a9ea85e4dd0746550: Bootstrap starting.
I20260713 09:09:18.862751 23136 tablet_bootstrap.cc:492] T 0575270b6ba24728a127fe443300e473 P eb5679a1546244c39262d4d394610d47: No bootstrap required, opened a new log
I20260713 09:09:18.863201 23136 ts_tablet_manager.cc:1403] T 0575270b6ba24728a127fe443300e473 P eb5679a1546244c39262d4d394610d47: Time spent bootstrapping tablet: real 0.268s	user 0.015s	sys 0.009s
I20260713 09:09:18.845654 23140 raft_consensus.cc:2749] T 65269dc690db435792ebfd0c3a31c12f P de9ae6172a78417daee8999299f46cd3 [term 1 FOLLOWER]: Leader pre-election lost for term 1. Reason: could not achieve majority
I20260713 09:09:18.870288 23142 consensus_queue.cc:1048] T 65269dc690db435792ebfd0c3a31c12f P eb5679a1546244c39262d4d394610d47 [LEADER]: Connected to new peer: Peer: permanent_uuid: "de9ae6172a78417daee8999299f46cd3" member_type: VOTER last_known_addr { host: "127.21.80.66" port: 45229 }, Status: LMP_MISMATCH, Last received: 0.0, Next index: 1, Last known committed idx: 0, Time since last communication: 0.000s
I20260713 09:09:18.871590 23135 tablet_bootstrap.cc:492] T f202b87ebcac412e85515a6c580f4eb3 P de9ae6172a78417daee8999299f46cd3: No bootstrap required, opened a new log
I20260713 09:09:18.871954 23135 ts_tablet_manager.cc:1403] T f202b87ebcac412e85515a6c580f4eb3 P de9ae6172a78417daee8999299f46cd3: Time spent bootstrapping tablet: real 0.409s	user 0.024s	sys 0.013s
I20260713 09:09:18.875149 23135 raft_consensus.cc:359] T f202b87ebcac412e85515a6c580f4eb3 P de9ae6172a78417daee8999299f46cd3 [term 0 FOLLOWER]: Replica starting. Triggering 0 pending ops. Active config: opid_index: -1 OBSOLETE_local: false peers { permanent_uuid: "0c06688ae5a8461a9ea85e4dd0746550" member_type: VOTER last_known_addr { host: "127.21.80.65" port: 33985 } } peers { permanent_uuid: "de9ae6172a78417daee8999299f46cd3" member_type: VOTER last_known_addr { host: "127.21.80.66" port: 45229 } } peers { permanent_uuid: "eb5679a1546244c39262d4d394610d47" member_type: VOTER last_known_addr { host: "127.21.80.67" port: 38547 } }
I20260713 09:09:18.875804 23135 raft_consensus.cc:385] T f202b87ebcac412e85515a6c580f4eb3 P de9ae6172a78417daee8999299f46cd3 [term 0 FOLLOWER]: Consensus starting up: Expiring failure detector timer to make a prompt election more likely
I20260713 09:09:18.876070 23135 raft_consensus.cc:740] T f202b87ebcac412e85515a6c580f4eb3 P de9ae6172a78417daee8999299f46cd3 [term 0 FOLLOWER]: Becoming Follower/Learner. State: Replica: de9ae6172a78417daee8999299f46cd3, State: Initialized, Role: FOLLOWER
I20260713 09:09:18.876780 23135 consensus_queue.cc:260] T f202b87ebcac412e85515a6c580f4eb3 P de9ae6172a78417daee8999299f46cd3 [NON_LEADER]: Queue going to NON_LEADER mode. State: All replicated index: 0, Majority replicated index: 0, Committed index: 0, Last appended: 0.0, Last appended by leader: 0, Current term: 0, Majority size: -1, State: 0, Mode: NON_LEADER, active raft config: opid_index: -1 OBSOLETE_local: false peers { permanent_uuid: "0c06688ae5a8461a9ea85e4dd0746550" member_type: VOTER last_known_addr { host: "127.21.80.65" port: 33985 } } peers { permanent_uuid: "de9ae6172a78417daee8999299f46cd3" member_type: VOTER last_known_addr { host: "127.21.80.66" port: 45229 } } peers { permanent_uuid: "eb5679a1546244c39262d4d394610d47" member_type: VOTER last_known_addr { host: "127.21.80.67" port: 38547 } }
I20260713 09:09:18.878661 23135 ts_tablet_manager.cc:1434] T f202b87ebcac412e85515a6c580f4eb3 P de9ae6172a78417daee8999299f46cd3: Time spent starting tablet: real 0.007s	user 0.005s	sys 0.000s
I20260713 09:09:18.879570 23135 tablet_bootstrap.cc:492] T dc240f8bccf54ff19495ba9b7ed53def P de9ae6172a78417daee8999299f46cd3: Bootstrap starting.
I20260713 09:09:18.882184 23019 raft_consensus.cc:2468] T 591b17bf828f4123abfcf138b6873f36 P de9ae6172a78417daee8999299f46cd3 [term 1 FOLLOWER]: Leader election vote request: Granting yes vote for candidate 0c06688ae5a8461a9ea85e4dd0746550 in term 1.
I20260713 09:09:18.883482 23281 raft_consensus.cc:2749] T ce9b93c169f740d185669e0751316d96 P eb5679a1546244c39262d4d394610d47 [term 1 FOLLOWER]: Leader pre-election lost for term 1. Reason: could not achieve majority
I20260713 09:09:18.883654 22910 leader_election.cc:304] T 591b17bf828f4123abfcf138b6873f36 P 0c06688ae5a8461a9ea85e4dd0746550 [CANDIDATE]: Term 1 election: Election decided. Result: candidate won. Election summary: received 3 responses out of 3 voters: 2 yes votes; 1 no votes. yes voters: 0c06688ae5a8461a9ea85e4dd0746550, de9ae6172a78417daee8999299f46cd3; no voters: eb5679a1546244c39262d4d394610d47
I20260713 09:09:18.884994 23229 raft_consensus.cc:2804] T 591b17bf828f4123abfcf138b6873f36 P 0c06688ae5a8461a9ea85e4dd0746550 [term 1 FOLLOWER]: Leader election won for term 1
I20260713 09:09:18.885735 23229 raft_consensus.cc:697] T 591b17bf828f4123abfcf138b6873f36 P 0c06688ae5a8461a9ea85e4dd0746550 [term 1 LEADER]: Becoming Leader. State: Replica: 0c06688ae5a8461a9ea85e4dd0746550, State: Running, Role: LEADER
I20260713 09:09:18.887781 23229 consensus_queue.cc:237] T 591b17bf828f4123abfcf138b6873f36 P 0c06688ae5a8461a9ea85e4dd0746550 [LEADER]: Queue going to LEADER mode. State: All replicated index: 0, Majority replicated index: 0, Committed index: 0, Last appended: 0.0, Last appended by leader: 0, Current term: 1, Majority size: 2, State: 0, Mode: LEADER, active raft config: opid_index: -1 OBSOLETE_local: false peers { permanent_uuid: "0c06688ae5a8461a9ea85e4dd0746550" member_type: VOTER last_known_addr { host: "127.21.80.65" port: 33985 } } peers { permanent_uuid: "de9ae6172a78417daee8999299f46cd3" member_type: VOTER last_known_addr { host: "127.21.80.66" port: 45229 } } peers { permanent_uuid: "eb5679a1546244c39262d4d394610d47" member_type: VOTER last_known_addr { host: "127.21.80.67" port: 38547 } }
I20260713 09:09:18.891462 23134 tablet_bootstrap.cc:654] T f202b87ebcac412e85515a6c580f4eb3 P 0c06688ae5a8461a9ea85e4dd0746550: Neither blocks nor log segments found. Creating new log.
I20260713 09:09:18.889297 23136 raft_consensus.cc:359] T 0575270b6ba24728a127fe443300e473 P eb5679a1546244c39262d4d394610d47 [term 0 FOLLOWER]: Replica starting. Triggering 0 pending ops. Active config: opid_index: -1 OBSOLETE_local: false peers { permanent_uuid: "0c06688ae5a8461a9ea85e4dd0746550" member_type: VOTER last_known_addr { host: "127.21.80.65" port: 33985 } } peers { permanent_uuid: "de9ae6172a78417daee8999299f46cd3" member_type: VOTER last_known_addr { host: "127.21.80.66" port: 45229 } } peers { permanent_uuid: "eb5679a1546244c39262d4d394610d47" member_type: VOTER last_known_addr { host: "127.21.80.67" port: 38547 } }
I20260713 09:09:18.892555 23136 raft_consensus.cc:385] T 0575270b6ba24728a127fe443300e473 P eb5679a1546244c39262d4d394610d47 [term 0 FOLLOWER]: Consensus starting up: Expiring failure detector timer to make a prompt election more likely
I20260713 09:09:18.892911 23136 raft_consensus.cc:740] T 0575270b6ba24728a127fe443300e473 P eb5679a1546244c39262d4d394610d47 [term 0 FOLLOWER]: Becoming Follower/Learner. State: Replica: eb5679a1546244c39262d4d394610d47, State: Initialized, Role: FOLLOWER
I20260713 09:09:18.893752 23136 consensus_queue.cc:260] T 0575270b6ba24728a127fe443300e473 P eb5679a1546244c39262d4d394610d47 [NON_LEADER]: Queue going to NON_LEADER mode. State: All replicated index: 0, Majority replicated index: 0, Committed index: 0, Last appended: 0.0, Last appended by leader: 0, Current term: 0, Majority size: -1, State: 0, Mode: NON_LEADER, active raft config: opid_index: -1 OBSOLETE_local: false peers { permanent_uuid: "0c06688ae5a8461a9ea85e4dd0746550" member_type: VOTER last_known_addr { host: "127.21.80.65" port: 33985 } } peers { permanent_uuid: "de9ae6172a78417daee8999299f46cd3" member_type: VOTER last_known_addr { host: "127.21.80.66" port: 45229 } } peers { permanent_uuid: "eb5679a1546244c39262d4d394610d47" member_type: VOTER last_known_addr { host: "127.21.80.67" port: 38547 } }
I20260713 09:09:18.900159 23135 tablet_bootstrap.cc:654] T dc240f8bccf54ff19495ba9b7ed53def P de9ae6172a78417daee8999299f46cd3: Neither blocks nor log segments found. Creating new log.
I20260713 09:09:18.909197 23136 ts_tablet_manager.cc:1434] T 0575270b6ba24728a127fe443300e473 P eb5679a1546244c39262d4d394610d47: Time spent starting tablet: real 0.046s	user 0.004s	sys 0.004s
I20260713 09:09:18.910104 23136 tablet_bootstrap.cc:492] T dc240f8bccf54ff19495ba9b7ed53def P eb5679a1546244c39262d4d394610d47: Bootstrap starting.
I20260713 09:09:18.914498 23134 tablet_bootstrap.cc:492] T f202b87ebcac412e85515a6c580f4eb3 P 0c06688ae5a8461a9ea85e4dd0746550: No bootstrap required, opened a new log
I20260713 09:09:18.914949 23134 ts_tablet_manager.cc:1403] T f202b87ebcac412e85515a6c580f4eb3 P 0c06688ae5a8461a9ea85e4dd0746550: Time spent bootstrapping tablet: real 0.058s	user 0.011s	sys 0.000s
I20260713 09:09:18.917274 23134 raft_consensus.cc:359] T f202b87ebcac412e85515a6c580f4eb3 P 0c06688ae5a8461a9ea85e4dd0746550 [term 0 FOLLOWER]: Replica starting. Triggering 0 pending ops. Active config: opid_index: -1 OBSOLETE_local: false peers { permanent_uuid: "0c06688ae5a8461a9ea85e4dd0746550" member_type: VOTER last_known_addr { host: "127.21.80.65" port: 33985 } } peers { permanent_uuid: "de9ae6172a78417daee8999299f46cd3" member_type: VOTER last_known_addr { host: "127.21.80.66" port: 45229 } } peers { permanent_uuid: "eb5679a1546244c39262d4d394610d47" member_type: VOTER last_known_addr { host: "127.21.80.67" port: 38547 } }
I20260713 09:09:18.917761 23134 raft_consensus.cc:385] T f202b87ebcac412e85515a6c580f4eb3 P 0c06688ae5a8461a9ea85e4dd0746550 [term 0 FOLLOWER]: Consensus starting up: Expiring failure detector timer to make a prompt election more likely
I20260713 09:09:18.918040 23134 raft_consensus.cc:740] T f202b87ebcac412e85515a6c580f4eb3 P 0c06688ae5a8461a9ea85e4dd0746550 [term 0 FOLLOWER]: Becoming Follower/Learner. State: Replica: 0c06688ae5a8461a9ea85e4dd0746550, State: Initialized, Role: FOLLOWER
I20260713 09:09:18.918641 23134 consensus_queue.cc:260] T f202b87ebcac412e85515a6c580f4eb3 P 0c06688ae5a8461a9ea85e4dd0746550 [NON_LEADER]: Queue going to NON_LEADER mode. State: All replicated index: 0, Majority replicated index: 0, Committed index: 0, Last appended: 0.0, Last appended by leader: 0, Current term: 0, Majority size: -1, State: 0, Mode: NON_LEADER, active raft config: opid_index: -1 OBSOLETE_local: false peers { permanent_uuid: "0c06688ae5a8461a9ea85e4dd0746550" member_type: VOTER last_known_addr { host: "127.21.80.65" port: 33985 } } peers { permanent_uuid: "de9ae6172a78417daee8999299f46cd3" member_type: VOTER last_known_addr { host: "127.21.80.66" port: 45229 } } peers { permanent_uuid: "eb5679a1546244c39262d4d394610d47" member_type: VOTER last_known_addr { host: "127.21.80.67" port: 38547 } }
I20260713 09:09:18.920495 23134 ts_tablet_manager.cc:1434] T f202b87ebcac412e85515a6c580f4eb3 P 0c06688ae5a8461a9ea85e4dd0746550: Time spent starting tablet: real 0.005s	user 0.006s	sys 0.000s
I20260713 09:09:18.921373 23134 tablet_bootstrap.cc:492] T 723003453ef741938aa6a40208fd4a9c P 0c06688ae5a8461a9ea85e4dd0746550: Bootstrap starting.
I20260713 09:09:18.922335 23135 tablet_bootstrap.cc:492] T dc240f8bccf54ff19495ba9b7ed53def P de9ae6172a78417daee8999299f46cd3: No bootstrap required, opened a new log
I20260713 09:09:18.926570 23136 tablet_bootstrap.cc:654] T dc240f8bccf54ff19495ba9b7ed53def P eb5679a1546244c39262d4d394610d47: Neither blocks nor log segments found. Creating new log.
I20260713 09:09:18.926743 23134 tablet_bootstrap.cc:654] T 723003453ef741938aa6a40208fd4a9c P 0c06688ae5a8461a9ea85e4dd0746550: Neither blocks nor log segments found. Creating new log.
I20260713 09:09:18.927142 23135 ts_tablet_manager.cc:1403] T dc240f8bccf54ff19495ba9b7ed53def P de9ae6172a78417daee8999299f46cd3: Time spent bootstrapping tablet: real 0.048s	user 0.005s	sys 0.004s
I20260713 09:09:18.929919 23135 raft_consensus.cc:359] T dc240f8bccf54ff19495ba9b7ed53def P de9ae6172a78417daee8999299f46cd3 [term 0 FOLLOWER]: Replica starting. Triggering 0 pending ops. Active config: opid_index: -1 OBSOLETE_local: false peers { permanent_uuid: "0c06688ae5a8461a9ea85e4dd0746550" member_type: VOTER last_known_addr { host: "127.21.80.65" port: 33985 } } peers { permanent_uuid: "de9ae6172a78417daee8999299f46cd3" member_type: VOTER last_known_addr { host: "127.21.80.66" port: 45229 } } peers { permanent_uuid: "eb5679a1546244c39262d4d394610d47" member_type: VOTER last_known_addr { host: "127.21.80.67" port: 38547 } }
I20260713 09:09:18.930866 23135 raft_consensus.cc:385] T dc240f8bccf54ff19495ba9b7ed53def P de9ae6172a78417daee8999299f46cd3 [term 0 FOLLOWER]: Consensus starting up: Expiring failure detector timer to make a prompt election more likely
I20260713 09:09:18.931288 23135 raft_consensus.cc:740] T dc240f8bccf54ff19495ba9b7ed53def P de9ae6172a78417daee8999299f46cd3 [term 0 FOLLOWER]: Becoming Follower/Learner. State: Replica: de9ae6172a78417daee8999299f46cd3, State: Initialized, Role: FOLLOWER
I20260713 09:09:18.932324 23135 consensus_queue.cc:260] T dc240f8bccf54ff19495ba9b7ed53def P de9ae6172a78417daee8999299f46cd3 [NON_LEADER]: Queue going to NON_LEADER mode. State: All replicated index: 0, Majority replicated index: 0, Committed index: 0, Last appended: 0.0, Last appended by leader: 0, Current term: 0, Majority size: -1, State: 0, Mode: NON_LEADER, active raft config: opid_index: -1 OBSOLETE_local: false peers { permanent_uuid: "0c06688ae5a8461a9ea85e4dd0746550" member_type: VOTER last_known_addr { host: "127.21.80.65" port: 33985 } } peers { permanent_uuid: "de9ae6172a78417daee8999299f46cd3" member_type: VOTER last_known_addr { host: "127.21.80.66" port: 45229 } } peers { permanent_uuid: "eb5679a1546244c39262d4d394610d47" member_type: VOTER last_known_addr { host: "127.21.80.67" port: 38547 } }
I20260713 09:09:18.935225 23135 ts_tablet_manager.cc:1434] T dc240f8bccf54ff19495ba9b7ed53def P de9ae6172a78417daee8999299f46cd3: Time spent starting tablet: real 0.008s	user 0.005s	sys 0.000s
I20260713 09:09:18.936492 23135 tablet_bootstrap.cc:492] T e9239c98dc5c4c349213204f43b26d5a P de9ae6172a78417daee8999299f46cd3: Bootstrap starting.
I20260713 09:09:18.942605 22841 catalog_manager.cc:5697] T 591b17bf828f4123abfcf138b6873f36 P 0c06688ae5a8461a9ea85e4dd0746550 reported cstate change: term changed from 0 to 1, leader changed from <none> to 0c06688ae5a8461a9ea85e4dd0746550 (127.21.80.65). New cstate: current_term: 1 leader_uuid: "0c06688ae5a8461a9ea85e4dd0746550" committed_config { opid_index: -1 OBSOLETE_local: false peers { permanent_uuid: "0c06688ae5a8461a9ea85e4dd0746550" member_type: VOTER last_known_addr { host: "127.21.80.65" port: 33985 } health_report { overall_health: HEALTHY } } peers { permanent_uuid: "de9ae6172a78417daee8999299f46cd3" member_type: VOTER last_known_addr { host: "127.21.80.66" port: 45229 } health_report { overall_health: UNKNOWN } } peers { permanent_uuid: "eb5679a1546244c39262d4d394610d47" member_type: VOTER last_known_addr { host: "127.21.80.67" port: 38547 } health_report { overall_health: UNKNOWN } } }
I20260713 09:09:18.944193 23135 tablet_bootstrap.cc:654] T e9239c98dc5c4c349213204f43b26d5a P de9ae6172a78417daee8999299f46cd3: Neither blocks nor log segments found. Creating new log.
I20260713 09:09:18.947741 23136 tablet_bootstrap.cc:492] T dc240f8bccf54ff19495ba9b7ed53def P eb5679a1546244c39262d4d394610d47: No bootstrap required, opened a new log
I20260713 09:09:18.948115 23136 ts_tablet_manager.cc:1403] T dc240f8bccf54ff19495ba9b7ed53def P eb5679a1546244c39262d4d394610d47: Time spent bootstrapping tablet: real 0.038s	user 0.014s	sys 0.004s
I20260713 09:09:18.950440 23136 raft_consensus.cc:359] T dc240f8bccf54ff19495ba9b7ed53def P eb5679a1546244c39262d4d394610d47 [term 0 FOLLOWER]: Replica starting. Triggering 0 pending ops. Active config: opid_index: -1 OBSOLETE_local: false peers { permanent_uuid: "0c06688ae5a8461a9ea85e4dd0746550" member_type: VOTER last_known_addr { host: "127.21.80.65" port: 33985 } } peers { permanent_uuid: "de9ae6172a78417daee8999299f46cd3" member_type: VOTER last_known_addr { host: "127.21.80.66" port: 45229 } } peers { permanent_uuid: "eb5679a1546244c39262d4d394610d47" member_type: VOTER last_known_addr { host: "127.21.80.67" port: 38547 } }
I20260713 09:09:18.951064 23136 raft_consensus.cc:385] T dc240f8bccf54ff19495ba9b7ed53def P eb5679a1546244c39262d4d394610d47 [term 0 FOLLOWER]: Consensus starting up: Expiring failure detector timer to make a prompt election more likely
I20260713 09:09:18.951323 23136 raft_consensus.cc:740] T dc240f8bccf54ff19495ba9b7ed53def P eb5679a1546244c39262d4d394610d47 [term 0 FOLLOWER]: Becoming Follower/Learner. State: Replica: eb5679a1546244c39262d4d394610d47, State: Initialized, Role: FOLLOWER
I20260713 09:09:18.951929 23229 raft_consensus.cc:493] T f1fdbdde44024a929f85ce72594d0981 P 0c06688ae5a8461a9ea85e4dd0746550 [term 0 FOLLOWER]: Starting pre-election (no leader contacted us within the election timeout)
I20260713 09:09:18.952013 23136 consensus_queue.cc:260] T dc240f8bccf54ff19495ba9b7ed53def P eb5679a1546244c39262d4d394610d47 [NON_LEADER]: Queue going to NON_LEADER mode. State: All replicated index: 0, Majority replicated index: 0, Committed index: 0, Last appended: 0.0, Last appended by leader: 0, Current term: 0, Majority size: -1, State: 0, Mode: NON_LEADER, active raft config: opid_index: -1 OBSOLETE_local: false peers { permanent_uuid: "0c06688ae5a8461a9ea85e4dd0746550" member_type: VOTER last_known_addr { host: "127.21.80.65" port: 33985 } } peers { permanent_uuid: "de9ae6172a78417daee8999299f46cd3" member_type: VOTER last_known_addr { host: "127.21.80.66" port: 45229 } } peers { permanent_uuid: "eb5679a1546244c39262d4d394610d47" member_type: VOTER last_known_addr { host: "127.21.80.67" port: 38547 } }
I20260713 09:09:18.953054 23229 raft_consensus.cc:515] T f1fdbdde44024a929f85ce72594d0981 P 0c06688ae5a8461a9ea85e4dd0746550 [term 0 FOLLOWER]: Starting pre-election with config: opid_index: -1 OBSOLETE_local: false peers { permanent_uuid: "0c06688ae5a8461a9ea85e4dd0746550" member_type: VOTER last_known_addr { host: "127.21.80.65" port: 33985 } } peers { permanent_uuid: "de9ae6172a78417daee8999299f46cd3" member_type: VOTER last_known_addr { host: "127.21.80.66" port: 45229 } } peers { permanent_uuid: "eb5679a1546244c39262d4d394610d47" member_type: VOTER last_known_addr { host: "127.21.80.67" port: 38547 } }
I20260713 09:09:18.954643 23136 ts_tablet_manager.cc:1434] T dc240f8bccf54ff19495ba9b7ed53def P eb5679a1546244c39262d4d394610d47: Time spent starting tablet: real 0.006s	user 0.003s	sys 0.003s
I20260713 09:09:18.955029 23229 leader_election.cc:290] T f1fdbdde44024a929f85ce72594d0981 P 0c06688ae5a8461a9ea85e4dd0746550 [CANDIDATE]: Term 1 pre-election: Requested pre-vote from peers de9ae6172a78417daee8999299f46cd3 (127.21.80.66:45229), eb5679a1546244c39262d4d394610d47 (127.21.80.67:38547)
I20260713 09:09:18.955480 23136 tablet_bootstrap.cc:492] T f202b87ebcac412e85515a6c580f4eb3 P eb5679a1546244c39262d4d394610d47: Bootstrap starting.
I20260713 09:09:18.957216 23134 tablet_bootstrap.cc:492] T 723003453ef741938aa6a40208fd4a9c P 0c06688ae5a8461a9ea85e4dd0746550: No bootstrap required, opened a new log
I20260713 09:09:18.957626 23134 ts_tablet_manager.cc:1403] T 723003453ef741938aa6a40208fd4a9c P 0c06688ae5a8461a9ea85e4dd0746550: Time spent bootstrapping tablet: real 0.036s	user 0.012s	sys 0.012s
I20260713 09:09:18.960692 23093 tablet_service.cc:1917] Received RequestConsensusVote() RPC: tablet_id: "f1fdbdde44024a929f85ce72594d0981" candidate_uuid: "0c06688ae5a8461a9ea85e4dd0746550" candidate_term: 1 candidate_status { last_received { term: 0 index: 0 } } ignore_live_leader: false dest_uuid: "eb5679a1546244c39262d4d394610d47" is_pre_election: true
I20260713 09:09:18.960788 23134 raft_consensus.cc:359] T 723003453ef741938aa6a40208fd4a9c P 0c06688ae5a8461a9ea85e4dd0746550 [term 0 FOLLOWER]: Replica starting. Triggering 0 pending ops. Active config: opid_index: -1 OBSOLETE_local: false peers { permanent_uuid: "0c06688ae5a8461a9ea85e4dd0746550" member_type: VOTER last_known_addr { host: "127.21.80.65" port: 33985 } } peers { permanent_uuid: "de9ae6172a78417daee8999299f46cd3" member_type: VOTER last_known_addr { host: "127.21.80.66" port: 45229 } } peers { permanent_uuid: "eb5679a1546244c39262d4d394610d47" member_type: VOTER last_known_addr { host: "127.21.80.67" port: 38547 } }
I20260713 09:09:18.961633 23134 raft_consensus.cc:385] T 723003453ef741938aa6a40208fd4a9c P 0c06688ae5a8461a9ea85e4dd0746550 [term 0 FOLLOWER]: Consensus starting up: Expiring failure detector timer to make a prompt election more likely
I20260713 09:09:18.961529 23017 tablet_service.cc:1917] Received RequestConsensusVote() RPC: tablet_id: "f1fdbdde44024a929f85ce72594d0981" candidate_uuid: "0c06688ae5a8461a9ea85e4dd0746550" candidate_term: 1 candidate_status { last_received { term: 0 index: 0 } } ignore_live_leader: false dest_uuid: "de9ae6172a78417daee8999299f46cd3" is_pre_election: true
I20260713 09:09:18.961959 23134 raft_consensus.cc:740] T 723003453ef741938aa6a40208fd4a9c P 0c06688ae5a8461a9ea85e4dd0746550 [term 0 FOLLOWER]: Becoming Follower/Learner. State: Replica: 0c06688ae5a8461a9ea85e4dd0746550, State: Initialized, Role: FOLLOWER
I20260713 09:09:18.960911 23136 tablet_bootstrap.cc:654] T f202b87ebcac412e85515a6c580f4eb3 P eb5679a1546244c39262d4d394610d47: Neither blocks nor log segments found. Creating new log.
I20260713 09:09:18.962625 23134 consensus_queue.cc:260] T 723003453ef741938aa6a40208fd4a9c P 0c06688ae5a8461a9ea85e4dd0746550 [NON_LEADER]: Queue going to NON_LEADER mode. State: All replicated index: 0, Majority replicated index: 0, Committed index: 0, Last appended: 0.0, Last appended by leader: 0, Current term: 0, Majority size: -1, State: 0, Mode: NON_LEADER, active raft config: opid_index: -1 OBSOLETE_local: false peers { permanent_uuid: "0c06688ae5a8461a9ea85e4dd0746550" member_type: VOTER last_known_addr { host: "127.21.80.65" port: 33985 } } peers { permanent_uuid: "de9ae6172a78417daee8999299f46cd3" member_type: VOTER last_known_addr { host: "127.21.80.66" port: 45229 } } peers { permanent_uuid: "eb5679a1546244c39262d4d394610d47" member_type: VOTER last_known_addr { host: "127.21.80.67" port: 38547 } }
I20260713 09:09:18.964303 23134 ts_tablet_manager.cc:1434] T 723003453ef741938aa6a40208fd4a9c P 0c06688ae5a8461a9ea85e4dd0746550: Time spent starting tablet: real 0.006s	user 0.003s	sys 0.000s
I20260713 09:09:18.965257 23134 tablet_bootstrap.cc:492] T 0575270b6ba24728a127fe443300e473 P 0c06688ae5a8461a9ea85e4dd0746550: Bootstrap starting.
I20260713 09:09:18.966205 23135 tablet_bootstrap.cc:492] T e9239c98dc5c4c349213204f43b26d5a P de9ae6172a78417daee8999299f46cd3: No bootstrap required, opened a new log
I20260713 09:09:18.966661 23135 ts_tablet_manager.cc:1403] T e9239c98dc5c4c349213204f43b26d5a P de9ae6172a78417daee8999299f46cd3: Time spent bootstrapping tablet: real 0.030s	user 0.009s	sys 0.008s
I20260713 09:09:18.966785 22910 leader_election.cc:304] T f1fdbdde44024a929f85ce72594d0981 P 0c06688ae5a8461a9ea85e4dd0746550 [CANDIDATE]: Term 1 pre-election: Election decided. Result: candidate lost. Election summary: received 3 responses out of 3 voters: 1 yes votes; 2 no votes. yes voters: 0c06688ae5a8461a9ea85e4dd0746550; no voters: de9ae6172a78417daee8999299f46cd3, eb5679a1546244c39262d4d394610d47
I20260713 09:09:18.969522 23135 raft_consensus.cc:359] T e9239c98dc5c4c349213204f43b26d5a P de9ae6172a78417daee8999299f46cd3 [term 0 FOLLOWER]: Replica starting. Triggering 0 pending ops. Active config: opid_index: -1 OBSOLETE_local: false peers { permanent_uuid: "0c06688ae5a8461a9ea85e4dd0746550" member_type: VOTER last_known_addr { host: "127.21.80.65" port: 33985 } } peers { permanent_uuid: "de9ae6172a78417daee8999299f46cd3" member_type: VOTER last_known_addr { host: "127.21.80.66" port: 45229 } } peers { permanent_uuid: "eb5679a1546244c39262d4d394610d47" member_type: VOTER last_known_addr { host: "127.21.80.67" port: 38547 } }
I20260713 09:09:18.970225 23135 raft_consensus.cc:385] T e9239c98dc5c4c349213204f43b26d5a P de9ae6172a78417daee8999299f46cd3 [term 0 FOLLOWER]: Consensus starting up: Expiring failure detector timer to make a prompt election more likely
I20260713 09:09:18.970535 23135 raft_consensus.cc:740] T e9239c98dc5c4c349213204f43b26d5a P de9ae6172a78417daee8999299f46cd3 [term 0 FOLLOWER]: Becoming Follower/Learner. State: Replica: de9ae6172a78417daee8999299f46cd3, State: Initialized, Role: FOLLOWER
I20260713 09:09:18.970651 23134 tablet_bootstrap.cc:654] T 0575270b6ba24728a127fe443300e473 P 0c06688ae5a8461a9ea85e4dd0746550: Neither blocks nor log segments found. Creating new log.
I20260713 09:09:18.971354 23135 consensus_queue.cc:260] T e9239c98dc5c4c349213204f43b26d5a P de9ae6172a78417daee8999299f46cd3 [NON_LEADER]: Queue going to NON_LEADER mode. State: All replicated index: 0, Majority replicated index: 0, Committed index: 0, Last appended: 0.0, Last appended by leader: 0, Current term: 0, Majority size: -1, State: 0, Mode: NON_LEADER, active raft config: opid_index: -1 OBSOLETE_local: false peers { permanent_uuid: "0c06688ae5a8461a9ea85e4dd0746550" member_type: VOTER last_known_addr { host: "127.21.80.65" port: 33985 } } peers { permanent_uuid: "de9ae6172a78417daee8999299f46cd3" member_type: VOTER last_known_addr { host: "127.21.80.66" port: 45229 } } peers { permanent_uuid: "eb5679a1546244c39262d4d394610d47" member_type: VOTER last_known_addr { host: "127.21.80.67" port: 38547 } }
I20260713 09:09:18.973647 23135 ts_tablet_manager.cc:1434] T e9239c98dc5c4c349213204f43b26d5a P de9ae6172a78417daee8999299f46cd3: Time spent starting tablet: real 0.007s	user 0.005s	sys 0.000s
I20260713 09:09:18.974848 23135 tablet_bootstrap.cc:492] T 0575270b6ba24728a127fe443300e473 P de9ae6172a78417daee8999299f46cd3: Bootstrap starting.
I20260713 09:09:18.981891 23135 tablet_bootstrap.cc:654] T 0575270b6ba24728a127fe443300e473 P de9ae6172a78417daee8999299f46cd3: Neither blocks nor log segments found. Creating new log.
I20260713 09:09:18.982085 23134 tablet_bootstrap.cc:492] T 0575270b6ba24728a127fe443300e473 P 0c06688ae5a8461a9ea85e4dd0746550: No bootstrap required, opened a new log
I20260713 09:09:18.982503 23134 ts_tablet_manager.cc:1403] T 0575270b6ba24728a127fe443300e473 P 0c06688ae5a8461a9ea85e4dd0746550: Time spent bootstrapping tablet: real 0.017s	user 0.006s	sys 0.009s
I20260713 09:09:18.985078 23229 raft_consensus.cc:2749] T f1fdbdde44024a929f85ce72594d0981 P 0c06688ae5a8461a9ea85e4dd0746550 [term 0 FOLLOWER]: Leader pre-election lost for term 1. Reason: could not achieve majority
I20260713 09:09:18.986434 23134 raft_consensus.cc:359] T 0575270b6ba24728a127fe443300e473 P 0c06688ae5a8461a9ea85e4dd0746550 [term 0 FOLLOWER]: Replica starting. Triggering 0 pending ops. Active config: opid_index: -1 OBSOLETE_local: false peers { permanent_uuid: "0c06688ae5a8461a9ea85e4dd0746550" member_type: VOTER last_known_addr { host: "127.21.80.65" port: 33985 } } peers { permanent_uuid: "de9ae6172a78417daee8999299f46cd3" member_type: VOTER last_known_addr { host: "127.21.80.66" port: 45229 } } peers { permanent_uuid: "eb5679a1546244c39262d4d394610d47" member_type: VOTER last_known_addr { host: "127.21.80.67" port: 38547 } }
I20260713 09:09:18.987304 23134 raft_consensus.cc:385] T 0575270b6ba24728a127fe443300e473 P 0c06688ae5a8461a9ea85e4dd0746550 [term 0 FOLLOWER]: Consensus starting up: Expiring failure detector timer to make a prompt election more likely
I20260713 09:09:18.987598 23134 raft_consensus.cc:740] T 0575270b6ba24728a127fe443300e473 P 0c06688ae5a8461a9ea85e4dd0746550 [term 0 FOLLOWER]: Becoming Follower/Learner. State: Replica: 0c06688ae5a8461a9ea85e4dd0746550, State: Initialized, Role: FOLLOWER
I20260713 09:09:18.988474 23134 consensus_queue.cc:260] T 0575270b6ba24728a127fe443300e473 P 0c06688ae5a8461a9ea85e4dd0746550 [NON_LEADER]: Queue going to NON_LEADER mode. State: All replicated index: 0, Majority replicated index: 0, Committed index: 0, Last appended: 0.0, Last appended by leader: 0, Current term: 0, Majority size: -1, State: 0, Mode: NON_LEADER, active raft config: opid_index: -1 OBSOLETE_local: false peers { permanent_uuid: "0c06688ae5a8461a9ea85e4dd0746550" member_type: VOTER last_known_addr { host: "127.21.80.65" port: 33985 } } peers { permanent_uuid: "de9ae6172a78417daee8999299f46cd3" member_type: VOTER last_known_addr { host: "127.21.80.66" port: 45229 } } peers { permanent_uuid: "eb5679a1546244c39262d4d394610d47" member_type: VOTER last_known_addr { host: "127.21.80.67" port: 38547 } }
I20260713 09:09:18.991782 23229 raft_consensus.cc:493] T 0575270b6ba24728a127fe443300e473 P 0c06688ae5a8461a9ea85e4dd0746550 [term 0 FOLLOWER]: Starting pre-election (no leader contacted us within the election timeout)
I20260713 09:09:18.991852 23134 ts_tablet_manager.cc:1434] T 0575270b6ba24728a127fe443300e473 P 0c06688ae5a8461a9ea85e4dd0746550: Time spent starting tablet: real 0.009s	user 0.008s	sys 0.000s
I20260713 09:09:18.992256 23229 raft_consensus.cc:515] T 0575270b6ba24728a127fe443300e473 P 0c06688ae5a8461a9ea85e4dd0746550 [term 0 FOLLOWER]: Starting pre-election with config: opid_index: -1 OBSOLETE_local: false peers { permanent_uuid: "0c06688ae5a8461a9ea85e4dd0746550" member_type: VOTER last_known_addr { host: "127.21.80.65" port: 33985 } } peers { permanent_uuid: "de9ae6172a78417daee8999299f46cd3" member_type: VOTER last_known_addr { host: "127.21.80.66" port: 45229 } } peers { permanent_uuid: "eb5679a1546244c39262d4d394610d47" member_type: VOTER last_known_addr { host: "127.21.80.67" port: 38547 } }
I20260713 09:09:18.994429 23229 leader_election.cc:290] T 0575270b6ba24728a127fe443300e473 P 0c06688ae5a8461a9ea85e4dd0746550 [CANDIDATE]: Term 1 pre-election: Requested pre-vote from peers de9ae6172a78417daee8999299f46cd3 (127.21.80.66:45229), eb5679a1546244c39262d4d394610d47 (127.21.80.67:38547)
I20260713 09:09:18.995458 23093 tablet_service.cc:1917] Received RequestConsensusVote() RPC: tablet_id: "0575270b6ba24728a127fe443300e473" candidate_uuid: "0c06688ae5a8461a9ea85e4dd0746550" candidate_term: 1 candidate_status { last_received { term: 0 index: 0 } } ignore_live_leader: false dest_uuid: "eb5679a1546244c39262d4d394610d47" is_pre_election: true
I20260713 09:09:18.996086 23093 raft_consensus.cc:2468] T 0575270b6ba24728a127fe443300e473 P eb5679a1546244c39262d4d394610d47 [term 0 FOLLOWER]: Leader pre-election vote request: Granting yes vote for candidate 0c06688ae5a8461a9ea85e4dd0746550 in term 0.
I20260713 09:09:18.997246 22909 leader_election.cc:304] T 0575270b6ba24728a127fe443300e473 P 0c06688ae5a8461a9ea85e4dd0746550 [CANDIDATE]: Term 1 pre-election: Election decided. Result: candidate won. Election summary: received 2 responses out of 3 voters: 2 yes votes; 0 no votes. yes voters: 0c06688ae5a8461a9ea85e4dd0746550, eb5679a1546244c39262d4d394610d47; no voters: 
I20260713 09:09:18.998808 23229 raft_consensus.cc:2804] T 0575270b6ba24728a127fe443300e473 P 0c06688ae5a8461a9ea85e4dd0746550 [term 0 FOLLOWER]: Leader pre-election won for term 1
I20260713 09:09:18.998881 23017 tablet_service.cc:1917] Received RequestConsensusVote() RPC: tablet_id: "0575270b6ba24728a127fe443300e473" candidate_uuid: "0c06688ae5a8461a9ea85e4dd0746550" candidate_term: 1 candidate_status { last_received { term: 0 index: 0 } } ignore_live_leader: false dest_uuid: "de9ae6172a78417daee8999299f46cd3" is_pre_election: true
I20260713 09:09:18.999207 23229 raft_consensus.cc:493] T 0575270b6ba24728a127fe443300e473 P 0c06688ae5a8461a9ea85e4dd0746550 [term 0 FOLLOWER]: Starting leader election (no leader contacted us within the election timeout)
I20260713 09:09:18.999562 23229 raft_consensus.cc:3060] T 0575270b6ba24728a127fe443300e473 P 0c06688ae5a8461a9ea85e4dd0746550 [term 0 FOLLOWER]: Advancing to term 1
I20260713 09:09:19.001530 23136 tablet_bootstrap.cc:492] T f202b87ebcac412e85515a6c580f4eb3 P eb5679a1546244c39262d4d394610d47: No bootstrap required, opened a new log
I20260713 09:09:19.001966 23136 ts_tablet_manager.cc:1403] T f202b87ebcac412e85515a6c580f4eb3 P eb5679a1546244c39262d4d394610d47: Time spent bootstrapping tablet: real 0.047s	user 0.030s	sys 0.001s
I20260713 09:09:19.002907 23135 tablet_bootstrap.cc:492] T 0575270b6ba24728a127fe443300e473 P de9ae6172a78417daee8999299f46cd3: No bootstrap required, opened a new log
I20260713 09:09:19.003351 23135 ts_tablet_manager.cc:1403] T 0575270b6ba24728a127fe443300e473 P de9ae6172a78417daee8999299f46cd3: Time spent bootstrapping tablet: real 0.029s	user 0.011s	sys 0.007s
I20260713 09:09:19.003955 23136 raft_consensus.cc:359] T f202b87ebcac412e85515a6c580f4eb3 P eb5679a1546244c39262d4d394610d47 [term 0 FOLLOWER]: Replica starting. Triggering 0 pending ops. Active config: opid_index: -1 OBSOLETE_local: false peers { permanent_uuid: "0c06688ae5a8461a9ea85e4dd0746550" member_type: VOTER last_known_addr { host: "127.21.80.65" port: 33985 } } peers { permanent_uuid: "de9ae6172a78417daee8999299f46cd3" member_type: VOTER last_known_addr { host: "127.21.80.66" port: 45229 } } peers { permanent_uuid: "eb5679a1546244c39262d4d394610d47" member_type: VOTER last_known_addr { host: "127.21.80.67" port: 38547 } }
I20260713 09:09:19.004478 23136 raft_consensus.cc:385] T f202b87ebcac412e85515a6c580f4eb3 P eb5679a1546244c39262d4d394610d47 [term 0 FOLLOWER]: Consensus starting up: Expiring failure detector timer to make a prompt election more likely
I20260713 09:09:19.004693 23136 raft_consensus.cc:740] T f202b87ebcac412e85515a6c580f4eb3 P eb5679a1546244c39262d4d394610d47 [term 0 FOLLOWER]: Becoming Follower/Learner. State: Replica: eb5679a1546244c39262d4d394610d47, State: Initialized, Role: FOLLOWER
I20260713 09:09:19.005302 23136 consensus_queue.cc:260] T f202b87ebcac412e85515a6c580f4eb3 P eb5679a1546244c39262d4d394610d47 [NON_LEADER]: Queue going to NON_LEADER mode. State: All replicated index: 0, Majority replicated index: 0, Committed index: 0, Last appended: 0.0, Last appended by leader: 0, Current term: 0, Majority size: -1, State: 0, Mode: NON_LEADER, active raft config: opid_index: -1 OBSOLETE_local: false peers { permanent_uuid: "0c06688ae5a8461a9ea85e4dd0746550" member_type: VOTER last_known_addr { host: "127.21.80.65" port: 33985 } } peers { permanent_uuid: "de9ae6172a78417daee8999299f46cd3" member_type: VOTER last_known_addr { host: "127.21.80.66" port: 45229 } } peers { permanent_uuid: "eb5679a1546244c39262d4d394610d47" member_type: VOTER last_known_addr { host: "127.21.80.67" port: 38547 } }
I20260713 09:09:19.005760 23135 raft_consensus.cc:359] T 0575270b6ba24728a127fe443300e473 P de9ae6172a78417daee8999299f46cd3 [term 0 FOLLOWER]: Replica starting. Triggering 0 pending ops. Active config: opid_index: -1 OBSOLETE_local: false peers { permanent_uuid: "0c06688ae5a8461a9ea85e4dd0746550" member_type: VOTER last_known_addr { host: "127.21.80.65" port: 33985 } } peers { permanent_uuid: "de9ae6172a78417daee8999299f46cd3" member_type: VOTER last_known_addr { host: "127.21.80.66" port: 45229 } } peers { permanent_uuid: "eb5679a1546244c39262d4d394610d47" member_type: VOTER last_known_addr { host: "127.21.80.67" port: 38547 } }
I20260713 09:09:19.006424 23135 raft_consensus.cc:385] T 0575270b6ba24728a127fe443300e473 P de9ae6172a78417daee8999299f46cd3 [term 0 FOLLOWER]: Consensus starting up: Expiring failure detector timer to make a prompt election more likely
I20260713 09:09:19.006184 23229 raft_consensus.cc:515] T 0575270b6ba24728a127fe443300e473 P 0c06688ae5a8461a9ea85e4dd0746550 [term 1 FOLLOWER]: Starting leader election with config: opid_index: -1 OBSOLETE_local: false peers { permanent_uuid: "0c06688ae5a8461a9ea85e4dd0746550" member_type: VOTER last_known_addr { host: "127.21.80.65" port: 33985 } } peers { permanent_uuid: "de9ae6172a78417daee8999299f46cd3" member_type: VOTER last_known_addr { host: "127.21.80.66" port: 45229 } } peers { permanent_uuid: "eb5679a1546244c39262d4d394610d47" member_type: VOTER last_known_addr { host: "127.21.80.67" port: 38547 } }
I20260713 09:09:19.006680 23135 raft_consensus.cc:740] T 0575270b6ba24728a127fe443300e473 P de9ae6172a78417daee8999299f46cd3 [term 0 FOLLOWER]: Becoming Follower/Learner. State: Replica: de9ae6172a78417daee8999299f46cd3, State: Initialized, Role: FOLLOWER
I20260713 09:09:19.007025 23136 ts_tablet_manager.cc:1434] T f202b87ebcac412e85515a6c580f4eb3 P eb5679a1546244c39262d4d394610d47: Time spent starting tablet: real 0.005s	user 0.000s	sys 0.004s
W20260713 09:09:19.007750 22910 leader_election.cc:343] T 0575270b6ba24728a127fe443300e473 P 0c06688ae5a8461a9ea85e4dd0746550 [CANDIDATE]: Term 1 pre-election: Tablet error from VoteRequest() call to peer de9ae6172a78417daee8999299f46cd3 (127.21.80.66:45229): Illegal state: must be running to vote when last-logged opid is not known
I20260713 09:09:19.007404 23135 consensus_queue.cc:260] T 0575270b6ba24728a127fe443300e473 P de9ae6172a78417daee8999299f46cd3 [NON_LEADER]: Queue going to NON_LEADER mode. State: All replicated index: 0, Majority replicated index: 0, Committed index: 0, Last appended: 0.0, Last appended by leader: 0, Current term: 0, Majority size: -1, State: 0, Mode: NON_LEADER, active raft config: opid_index: -1 OBSOLETE_local: false peers { permanent_uuid: "0c06688ae5a8461a9ea85e4dd0746550" member_type: VOTER last_known_addr { host: "127.21.80.65" port: 33985 } } peers { permanent_uuid: "de9ae6172a78417daee8999299f46cd3" member_type: VOTER last_known_addr { host: "127.21.80.66" port: 45229 } } peers { permanent_uuid: "eb5679a1546244c39262d4d394610d47" member_type: VOTER last_known_addr { host: "127.21.80.67" port: 38547 } }
I20260713 09:09:19.008634 23229 leader_election.cc:290] T 0575270b6ba24728a127fe443300e473 P 0c06688ae5a8461a9ea85e4dd0746550 [CANDIDATE]: Term 1 election: Requested vote from peers de9ae6172a78417daee8999299f46cd3 (127.21.80.66:45229), eb5679a1546244c39262d4d394610d47 (127.21.80.67:38547)
I20260713 09:09:19.009835 23017 tablet_service.cc:1917] Received RequestConsensusVote() RPC: tablet_id: "0575270b6ba24728a127fe443300e473" candidate_uuid: "0c06688ae5a8461a9ea85e4dd0746550" candidate_term: 1 candidate_status { last_received { term: 0 index: 0 } } ignore_live_leader: false dest_uuid: "de9ae6172a78417daee8999299f46cd3"
I20260713 09:09:19.010142 23136 tablet_bootstrap.cc:492] T 21acdc4b2aaf4d73b050b52232de6007 P eb5679a1546244c39262d4d394610d47: Bootstrap starting.
I20260713 09:09:19.010376 23017 raft_consensus.cc:3060] T 0575270b6ba24728a127fe443300e473 P de9ae6172a78417daee8999299f46cd3 [term 0 FOLLOWER]: Advancing to term 1
