I20260713 09:09:14.571019 23155 consensus_queue.cc:260] T d5ad771068bb43819f803ac0affcbcf0 P 04cf71cd5fd24d518cf45f1ebb4e6458 [NON_LEADER]: Queue going to NON_LEADER mode. State: All replicated index: 0, Majority replicated index: 0, Committed index: 0, Last appended: 0.0, Last appended by leader: 0, Current term: 0, Majority size: -1, State: 0, Mode: NON_LEADER, active raft config: opid_index: -1 OBSOLETE_local: false peers { permanent_uuid: "8d37762d289e4841a24b501a9bd8b573" member_type: VOTER last_known_addr { host: "127.21.87.65" port: 46537 } } peers { permanent_uuid: "3141324a791c49b3bd70ee18929ab0b9" member_type: VOTER last_known_addr { host: "127.21.87.66" port: 39943 } } peers { permanent_uuid: "04cf71cd5fd24d518cf45f1ebb4e6458" member_type: VOTER last_known_addr { host: "127.21.87.67" port: 43941 } }
I20260713 09:09:14.564330 23188 raft_consensus.cc:493] T 8094fda2a68f4f7a8491ab668277a405 P 3141324a791c49b3bd70ee18929ab0b9 [term 0 FOLLOWER]: Starting pre-election (no leader contacted us within the election timeout)
I20260713 09:09:14.571395 23160 raft_consensus.cc:2804] T 62721cf643354a9a86d8535a863518b3 P 04cf71cd5fd24d518cf45f1ebb4e6458 [term 0 FOLLOWER]: Leader pre-election won for term 1
I20260713 09:09:14.577014 23160 raft_consensus.cc:493] T 62721cf643354a9a86d8535a863518b3 P 04cf71cd5fd24d518cf45f1ebb4e6458 [term 0 FOLLOWER]: Starting leader election (no leader contacted us within the election timeout)
I20260713 09:09:14.577580 23160 raft_consensus.cc:3060] T 62721cf643354a9a86d8535a863518b3 P 04cf71cd5fd24d518cf45f1ebb4e6458 [term 0 FOLLOWER]: Advancing to term 1
I20260713 09:09:14.579200 23155 ts_tablet_manager.cc:1434] T d5ad771068bb43819f803ac0affcbcf0 P 04cf71cd5fd24d518cf45f1ebb4e6458: Time spent starting tablet: real 0.049s	user 0.006s	sys 0.000s
I20260713 09:09:14.582559 23155 tablet_bootstrap.cc:492] T 39b0242e21b14933bb989299b2e5bfcc P 04cf71cd5fd24d518cf45f1ebb4e6458: Bootstrap starting.
I20260713 09:09:14.572257 23189 leader_election.cc:290] T 62721cf643354a9a86d8535a863518b3 P 04cf71cd5fd24d518cf45f1ebb4e6458 [CANDIDATE]: Term 1 pre-election: Requested pre-vote from peers 8d37762d289e4841a24b501a9bd8b573 (127.21.87.65:46537), 3141324a791c49b3bd70ee18929ab0b9 (127.21.87.66:39943)
I20260713 09:09:14.572829 23156 tablet_bootstrap.cc:654] T 6bf04b3d2bbe4b9f84e1487a95b40b48 P 8d37762d289e4841a24b501a9bd8b573: Neither blocks nor log segments found. Creating new log.
I20260713 09:09:14.571557 23112 tablet_service.cc:1917] Received RequestConsensusVote() RPC: tablet_id: "682b434075d04973907d655cabdd1f59" candidate_uuid: "8d37762d289e4841a24b501a9bd8b573" candidate_term: 1 candidate_status { last_received { term: 0 index: 0 } } ignore_live_leader: false dest_uuid: "04cf71cd5fd24d518cf45f1ebb4e6458"
I20260713 09:09:14.581930 23188 raft_consensus.cc:515] T 8094fda2a68f4f7a8491ab668277a405 P 3141324a791c49b3bd70ee18929ab0b9 [term 0 FOLLOWER]: Starting pre-election with config: opid_index: -1 OBSOLETE_local: false peers { permanent_uuid: "8d37762d289e4841a24b501a9bd8b573" member_type: VOTER last_known_addr { host: "127.21.87.65" port: 46537 } } peers { permanent_uuid: "3141324a791c49b3bd70ee18929ab0b9" member_type: VOTER last_known_addr { host: "127.21.87.66" port: 39943 } } peers { permanent_uuid: "04cf71cd5fd24d518cf45f1ebb4e6458" member_type: VOTER last_known_addr { host: "127.21.87.67" port: 43941 } }
W20260713 09:09:14.592561 22930 leader_election.cc:343] T 682b434075d04973907d655cabdd1f59 P 8d37762d289e4841a24b501a9bd8b573 [CANDIDATE]: Term 1 election: Tablet error from VoteRequest() call to peer 04cf71cd5fd24d518cf45f1ebb4e6458 (127.21.87.67:43941): Illegal state: must be running to vote when last-logged opid is not known
I20260713 09:09:14.562726 22964 tablet_service.cc:1917] Received RequestConsensusVote() RPC: tablet_id: "62721cf643354a9a86d8535a863518b3" candidate_uuid: "04cf71cd5fd24d518cf45f1ebb4e6458" candidate_term: 1 candidate_status { last_received { term: 0 index: 0 } } ignore_live_leader: false dest_uuid: "8d37762d289e4841a24b501a9bd8b573" is_pre_election: true
I20260713 09:09:14.595026 22963 tablet_service.cc:1917] Received RequestConsensusVote() RPC: tablet_id: "8094fda2a68f4f7a8491ab668277a405" candidate_uuid: "3141324a791c49b3bd70ee18929ab0b9" candidate_term: 1 candidate_status { last_received { term: 0 index: 0 } } ignore_live_leader: false dest_uuid: "8d37762d289e4841a24b501a9bd8b573" is_pre_election: true
W20260713 09:09:14.595372 23080 leader_election.cc:343] T 62721cf643354a9a86d8535a863518b3 P 04cf71cd5fd24d518cf45f1ebb4e6458 [CANDIDATE]: Term 1 pre-election: Tablet error from VoteRequest() call to peer 8d37762d289e4841a24b501a9bd8b573 (127.21.87.65:46537): Illegal state: must be running to vote when last-logged opid is not known
I20260713 09:09:14.595685 22963 raft_consensus.cc:2468] T 8094fda2a68f4f7a8491ab668277a405 P 8d37762d289e4841a24b501a9bd8b573 [term 0 FOLLOWER]: Leader pre-election vote request: Granting yes vote for candidate 3141324a791c49b3bd70ee18929ab0b9 in term 0.
I20260713 09:09:14.597083 23006 leader_election.cc:304] T 8094fda2a68f4f7a8491ab668277a405 P 3141324a791c49b3bd70ee18929ab0b9 [CANDIDATE]: Term 1 pre-election: Election decided. Result: candidate won. Election summary: received 2 responses out of 3 voters: 2 yes votes; 0 no votes. yes voters: 3141324a791c49b3bd70ee18929ab0b9, 8d37762d289e4841a24b501a9bd8b573; no voters: 
I20260713 09:09:14.598783 23167 raft_consensus.cc:2804] T 8094fda2a68f4f7a8491ab668277a405 P 3141324a791c49b3bd70ee18929ab0b9 [term 0 FOLLOWER]: Leader pre-election won for term 1
I20260713 09:09:14.599160 23167 raft_consensus.cc:493] T 8094fda2a68f4f7a8491ab668277a405 P 3141324a791c49b3bd70ee18929ab0b9 [term 0 FOLLOWER]: Starting leader election (no leader contacted us within the election timeout)
I20260713 09:09:14.599499 23167 raft_consensus.cc:3060] T 8094fda2a68f4f7a8491ab668277a405 P 3141324a791c49b3bd70ee18929ab0b9 [term 0 FOLLOWER]: Advancing to term 1
I20260713 09:09:14.591208 22863 catalog_manager.cc:5697] T e33991baa3ce420aafc8f03bf77782db P 8d37762d289e4841a24b501a9bd8b573 reported cstate change: term changed from 0 to 1, leader changed from <none> to 8d37762d289e4841a24b501a9bd8b573 (127.21.87.65). New cstate: current_term: 1 leader_uuid: "8d37762d289e4841a24b501a9bd8b573" committed_config { opid_index: -1 OBSOLETE_local: false peers { permanent_uuid: "8d37762d289e4841a24b501a9bd8b573" member_type: VOTER last_known_addr { host: "127.21.87.65" port: 46537 } health_report { overall_health: HEALTHY } } peers { permanent_uuid: "3141324a791c49b3bd70ee18929ab0b9" member_type: VOTER last_known_addr { host: "127.21.87.66" port: 39943 } health_report { overall_health: UNKNOWN } } peers { permanent_uuid: "04cf71cd5fd24d518cf45f1ebb4e6458" member_type: VOTER last_known_addr { host: "127.21.87.67" port: 43941 } health_report { overall_health: UNKNOWN } } }
I20260713 09:09:14.597461 23112 tablet_service.cc:1917] Received RequestConsensusVote() RPC: tablet_id: "8094fda2a68f4f7a8491ab668277a405" candidate_uuid: "3141324a791c49b3bd70ee18929ab0b9" candidate_term: 1 candidate_status { last_received { term: 0 index: 0 } } ignore_live_leader: false dest_uuid: "04cf71cd5fd24d518cf45f1ebb4e6458" is_pre_election: true
I20260713 09:09:14.601428 23188 leader_election.cc:290] T 8094fda2a68f4f7a8491ab668277a405 P 3141324a791c49b3bd70ee18929ab0b9 [CANDIDATE]: Term 1 pre-election: Requested pre-vote from peers 8d37762d289e4841a24b501a9bd8b573 (127.21.87.65:46537), 04cf71cd5fd24d518cf45f1ebb4e6458 (127.21.87.67:43941)
I20260713 09:09:14.605947 23188 consensus_queue.cc:1048] T 00e0b5251d7647b39f422ae35c7562db P 3141324a791c49b3bd70ee18929ab0b9 [LEADER]: Connected to new peer: Peer: permanent_uuid: "04cf71cd5fd24d518cf45f1ebb4e6458" member_type: VOTER last_known_addr { host: "127.21.87.67" port: 43941 }, Status: LMP_MISMATCH, Last received: 0.0, Next index: 1, Last known committed idx: 0, Time since last communication: 0.001s
I20260713 09:09:14.589573 23160 raft_consensus.cc:515] T 62721cf643354a9a86d8535a863518b3 P 04cf71cd5fd24d518cf45f1ebb4e6458 [term 1 FOLLOWER]: Starting leader election with config: opid_index: -1 OBSOLETE_local: false peers { permanent_uuid: "8d37762d289e4841a24b501a9bd8b573" member_type: VOTER last_known_addr { host: "127.21.87.65" port: 46537 } } peers { permanent_uuid: "3141324a791c49b3bd70ee18929ab0b9" member_type: VOTER last_known_addr { host: "127.21.87.66" port: 39943 } } peers { permanent_uuid: "04cf71cd5fd24d518cf45f1ebb4e6458" member_type: VOTER last_known_addr { host: "127.21.87.67" port: 43941 } }
I20260713 09:09:14.606256 23112 raft_consensus.cc:2468] T 8094fda2a68f4f7a8491ab668277a405 P 04cf71cd5fd24d518cf45f1ebb4e6458 [term 0 FOLLOWER]: Leader pre-election vote request: Granting yes vote for candidate 3141324a791c49b3bd70ee18929ab0b9 in term 0.
I20260713 09:09:14.597260 23208 raft_consensus.cc:515] T d5ad771068bb43819f803ac0affcbcf0 P 3141324a791c49b3bd70ee18929ab0b9 [term 1 FOLLOWER]: Starting leader election with config: opid_index: -1 OBSOLETE_local: false peers { permanent_uuid: "8d37762d289e4841a24b501a9bd8b573" member_type: VOTER last_known_addr { host: "127.21.87.65" port: 46537 } } peers { permanent_uuid: "3141324a791c49b3bd70ee18929ab0b9" member_type: VOTER last_known_addr { host: "127.21.87.66" port: 39943 } } peers { permanent_uuid: "04cf71cd5fd24d518cf45f1ebb4e6458" member_type: VOTER last_known_addr { host: "127.21.87.67" port: 43941 } }
I20260713 09:09:14.629817 23226 raft_consensus.cc:697] T 682b434075d04973907d655cabdd1f59 P 8d37762d289e4841a24b501a9bd8b573 [term 1 LEADER]: Becoming Leader. State: Replica: 8d37762d289e4841a24b501a9bd8b573, State: Running, Role: LEADER
I20260713 09:09:14.614593 23167 raft_consensus.cc:515] T 8094fda2a68f4f7a8491ab668277a405 P 3141324a791c49b3bd70ee18929ab0b9 [term 1 FOLLOWER]: Starting leader election with config: opid_index: -1 OBSOLETE_local: false peers { permanent_uuid: "8d37762d289e4841a24b501a9bd8b573" member_type: VOTER last_known_addr { host: "127.21.87.65" port: 46537 } } peers { permanent_uuid: "3141324a791c49b3bd70ee18929ab0b9" member_type: VOTER last_known_addr { host: "127.21.87.66" port: 39943 } } peers { permanent_uuid: "04cf71cd5fd24d518cf45f1ebb4e6458" member_type: VOTER last_known_addr { host: "127.21.87.67" port: 43941 } }
W20260713 09:09:14.642820 23006 outbound_call.cc:321] RPC callback for RPC call kudu.consensus.ConsensusService.RequestConsensusVote -> {remote=127.21.87.65:46537, user_credentials={real_user=slave}} blocked reactor thread for 45812us
I20260713 09:09:14.654242 23226 consensus_queue.cc:237] T 682b434075d04973907d655cabdd1f59 P 8d37762d289e4841a24b501a9bd8b573 [LEADER]: Queue going to LEADER mode. State: All replicated index: 0, Majority replicated index: 0, Committed index: 0, Last appended: 0.0, Last appended by leader: 0, Current term: 1, Majority size: 2, State: 0, Mode: LEADER, active raft config: opid_index: -1 OBSOLETE_local: false peers { permanent_uuid: "8d37762d289e4841a24b501a9bd8b573" member_type: VOTER last_known_addr { host: "127.21.87.65" port: 46537 } } peers { permanent_uuid: "3141324a791c49b3bd70ee18929ab0b9" member_type: VOTER last_known_addr { host: "127.21.87.66" port: 39943 } } peers { permanent_uuid: "04cf71cd5fd24d518cf45f1ebb4e6458" member_type: VOTER last_known_addr { host: "127.21.87.67" port: 43941 } }
W20260713 09:09:14.650219 23078 outbound_call.cc:321] RPC callback for RPC call kudu.consensus.ConsensusService.RequestConsensusVote -> {remote=127.21.87.66:39943, user_credentials={real_user=slave}} blocked reactor thread for 80531.1us
I20260713 09:09:14.665992 23156 tablet_bootstrap.cc:492] T 6bf04b3d2bbe4b9f84e1487a95b40b48 P 8d37762d289e4841a24b501a9bd8b573: No bootstrap required, opened a new log
I20260713 09:09:14.667474 23156 ts_tablet_manager.cc:1403] T 6bf04b3d2bbe4b9f84e1487a95b40b48 P 8d37762d289e4841a24b501a9bd8b573: Time spent bootstrapping tablet: real 0.116s	user 0.017s	sys 0.004s
I20260713 09:09:14.666531 23235 raft_consensus.cc:493] T acab76a417814b86bd6bc0631c981e74 P 8d37762d289e4841a24b501a9bd8b573 [term 0 FOLLOWER]: Starting pre-election (no leader contacted us within the election timeout)
I20260713 09:09:14.669454 23208 leader_election.cc:290] T d5ad771068bb43819f803ac0affcbcf0 P 3141324a791c49b3bd70ee18929ab0b9 [CANDIDATE]: Term 1 election: Requested vote from peers 8d37762d289e4841a24b501a9bd8b573 (127.21.87.65:46537), 04cf71cd5fd24d518cf45f1ebb4e6458 (127.21.87.67:43941)
I20260713 09:09:14.669236 23235 raft_consensus.cc:515] T acab76a417814b86bd6bc0631c981e74 P 8d37762d289e4841a24b501a9bd8b573 [term 0 FOLLOWER]: Starting pre-election with config: opid_index: -1 OBSOLETE_local: false peers { permanent_uuid: "8d37762d289e4841a24b501a9bd8b573" member_type: VOTER last_known_addr { host: "127.21.87.65" port: 46537 } } peers { permanent_uuid: "3141324a791c49b3bd70ee18929ab0b9" member_type: VOTER last_known_addr { host: "127.21.87.66" port: 39943 } } peers { permanent_uuid: "04cf71cd5fd24d518cf45f1ebb4e6458" member_type: VOTER last_known_addr { host: "127.21.87.67" port: 43941 } }
I20260713 09:09:14.670493 23160 leader_election.cc:290] T 62721cf643354a9a86d8535a863518b3 P 04cf71cd5fd24d518cf45f1ebb4e6458 [CANDIDATE]: Term 1 election: Requested vote from peers 8d37762d289e4841a24b501a9bd8b573 (127.21.87.65:46537), 3141324a791c49b3bd70ee18929ab0b9 (127.21.87.66:39943)
I20260713 09:09:14.671413 23235 leader_election.cc:290] T acab76a417814b86bd6bc0631c981e74 P 8d37762d289e4841a24b501a9bd8b573 [CANDIDATE]: Term 1 pre-election: Requested pre-vote from peers 3141324a791c49b3bd70ee18929ab0b9 (127.21.87.66:39943), 04cf71cd5fd24d518cf45f1ebb4e6458 (127.21.87.67:43941)
I20260713 09:09:14.671824 23154 tablet_bootstrap.cc:492] T c05afa037e234c6db0b036c8fc5e6344 P 3141324a791c49b3bd70ee18929ab0b9: No bootstrap required, opened a new log
I20260713 09:09:14.672293 23154 ts_tablet_manager.cc:1403] T c05afa037e234c6db0b036c8fc5e6344 P 3141324a791c49b3bd70ee18929ab0b9: Time spent bootstrapping tablet: real 0.138s	user 0.053s	sys 0.052s
I20260713 09:09:14.673830 23040 tablet_service.cc:1917] Received RequestConsensusVote() RPC: tablet_id: "62721cf643354a9a86d8535a863518b3" candidate_uuid: "04cf71cd5fd24d518cf45f1ebb4e6458" candidate_term: 1 candidate_status { last_received { term: 0 index: 0 } } ignore_live_leader: false dest_uuid: "3141324a791c49b3bd70ee18929ab0b9"
I20260713 09:09:14.674420 23040 raft_consensus.cc:3060] T 62721cf643354a9a86d8535a863518b3 P 3141324a791c49b3bd70ee18929ab0b9 [term 0 FOLLOWER]: Advancing to term 1
I20260713 09:09:14.680428 22964 tablet_service.cc:1917] Received RequestConsensusVote() RPC: tablet_id: "d5ad771068bb43819f803ac0affcbcf0" candidate_uuid: "3141324a791c49b3bd70ee18929ab0b9" candidate_term: 1 candidate_status { last_received { term: 0 index: 0 } } ignore_live_leader: false dest_uuid: "8d37762d289e4841a24b501a9bd8b573"
I20260713 09:09:14.681128 22964 raft_consensus.cc:3060] T d5ad771068bb43819f803ac0affcbcf0 P 8d37762d289e4841a24b501a9bd8b573 [term 0 FOLLOWER]: Advancing to term 1
I20260713 09:09:14.680394 22963 tablet_service.cc:1917] Received RequestConsensusVote() RPC: tablet_id: "62721cf643354a9a86d8535a863518b3" candidate_uuid: "04cf71cd5fd24d518cf45f1ebb4e6458" candidate_term: 1 candidate_status { last_received { term: 0 index: 0 } } ignore_live_leader: false dest_uuid: "8d37762d289e4841a24b501a9bd8b573"
W20260713 09:09:14.684731 23080 leader_election.cc:343] T 62721cf643354a9a86d8535a863518b3 P 04cf71cd5fd24d518cf45f1ebb4e6458 [CANDIDATE]: Term 1 election: Tablet error from VoteRequest() call to peer 8d37762d289e4841a24b501a9bd8b573 (127.21.87.65:46537): Illegal state: must be running to vote when last-logged opid is not known
I20260713 09:09:14.687417 23111 tablet_service.cc:1917] Received RequestConsensusVote() RPC: tablet_id: "d5ad771068bb43819f803ac0affcbcf0" candidate_uuid: "3141324a791c49b3bd70ee18929ab0b9" candidate_term: 1 candidate_status { last_received { term: 0 index: 0 } } ignore_live_leader: false dest_uuid: "04cf71cd5fd24d518cf45f1ebb4e6458"
I20260713 09:09:14.688710 23111 raft_consensus.cc:3060] T d5ad771068bb43819f803ac0affcbcf0 P 04cf71cd5fd24d518cf45f1ebb4e6458 [term 0 FOLLOWER]: Advancing to term 1
I20260713 09:09:14.688900 23167 leader_election.cc:290] T 8094fda2a68f4f7a8491ab668277a405 P 3141324a791c49b3bd70ee18929ab0b9 [CANDIDATE]: Term 1 election: Requested vote from peers 8d37762d289e4841a24b501a9bd8b573 (127.21.87.65:46537), 04cf71cd5fd24d518cf45f1ebb4e6458 (127.21.87.67:43941)
I20260713 09:09:14.691504 23154 raft_consensus.cc:359] T c05afa037e234c6db0b036c8fc5e6344 P 3141324a791c49b3bd70ee18929ab0b9 [term 0 FOLLOWER]: Replica starting. Triggering 0 pending ops. Active config: opid_index: -1 OBSOLETE_local: false peers { permanent_uuid: "8d37762d289e4841a24b501a9bd8b573" member_type: VOTER last_known_addr { host: "127.21.87.65" port: 46537 } } peers { permanent_uuid: "3141324a791c49b3bd70ee18929ab0b9" member_type: VOTER last_known_addr { host: "127.21.87.66" port: 39943 } } peers { permanent_uuid: "04cf71cd5fd24d518cf45f1ebb4e6458" member_type: VOTER last_known_addr { host: "127.21.87.67" port: 43941 } }
I20260713 09:09:14.692011 23154 raft_consensus.cc:385] T c05afa037e234c6db0b036c8fc5e6344 P 3141324a791c49b3bd70ee18929ab0b9 [term 0 FOLLOWER]: Consensus starting up: Expiring failure detector timer to make a prompt election more likely
I20260713 09:09:14.692226 23154 raft_consensus.cc:740] T c05afa037e234c6db0b036c8fc5e6344 P 3141324a791c49b3bd70ee18929ab0b9 [term 0 FOLLOWER]: Becoming Follower/Learner. State: Replica: 3141324a791c49b3bd70ee18929ab0b9, State: Initialized, Role: FOLLOWER
I20260713 09:09:14.692677 23154 consensus_queue.cc:260] T c05afa037e234c6db0b036c8fc5e6344 P 3141324a791c49b3bd70ee18929ab0b9 [NON_LEADER]: Queue going to NON_LEADER mode. State: All replicated index: 0, Majority replicated index: 0, Committed index: 0, Last appended: 0.0, Last appended by leader: 0, Current term: 0, Majority size: -1, State: 0, Mode: NON_LEADER, active raft config: opid_index: -1 OBSOLETE_local: false peers { permanent_uuid: "8d37762d289e4841a24b501a9bd8b573" member_type: VOTER last_known_addr { host: "127.21.87.65" port: 46537 } } peers { permanent_uuid: "3141324a791c49b3bd70ee18929ab0b9" member_type: VOTER last_known_addr { host: "127.21.87.66" port: 39943 } } peers { permanent_uuid: "04cf71cd5fd24d518cf45f1ebb4e6458" member_type: VOTER last_known_addr { host: "127.21.87.67" port: 43941 } }
I20260713 09:09:14.687801 23156 raft_consensus.cc:359] T 6bf04b3d2bbe4b9f84e1487a95b40b48 P 8d37762d289e4841a24b501a9bd8b573 [term 0 FOLLOWER]: Replica starting. Triggering 0 pending ops. Active config: opid_index: -1 OBSOLETE_local: false peers { permanent_uuid: "8d37762d289e4841a24b501a9bd8b573" member_type: VOTER last_known_addr { host: "127.21.87.65" port: 46537 } } peers { permanent_uuid: "3141324a791c49b3bd70ee18929ab0b9" member_type: VOTER last_known_addr { host: "127.21.87.66" port: 39943 } } peers { permanent_uuid: "04cf71cd5fd24d518cf45f1ebb4e6458" member_type: VOTER last_known_addr { host: "127.21.87.67" port: 43941 } }
I20260713 09:09:14.694043 23039 tablet_service.cc:1917] Received RequestConsensusVote() RPC: tablet_id: "acab76a417814b86bd6bc0631c981e74" candidate_uuid: "8d37762d289e4841a24b501a9bd8b573" candidate_term: 1 candidate_status { last_received { term: 0 index: 0 } } ignore_live_leader: false dest_uuid: "3141324a791c49b3bd70ee18929ab0b9" is_pre_election: true
I20260713 09:09:14.694242 23156 raft_consensus.cc:385] T 6bf04b3d2bbe4b9f84e1487a95b40b48 P 8d37762d289e4841a24b501a9bd8b573 [term 0 FOLLOWER]: Consensus starting up: Expiring failure detector timer to make a prompt election more likely
I20260713 09:09:14.694573 23156 raft_consensus.cc:740] T 6bf04b3d2bbe4b9f84e1487a95b40b48 P 8d37762d289e4841a24b501a9bd8b573 [term 0 FOLLOWER]: Becoming Follower/Learner. State: Replica: 8d37762d289e4841a24b501a9bd8b573, State: Initialized, Role: FOLLOWER
I20260713 09:09:14.694976 23154 ts_tablet_manager.cc:1434] T c05afa037e234c6db0b036c8fc5e6344 P 3141324a791c49b3bd70ee18929ab0b9: Time spent starting tablet: real 0.022s	user 0.004s	sys 0.000s
I20260713 09:09:14.695868 23154 tablet_bootstrap.cc:492] T 6d0002f404f74bd98c6aa474a5a6083f P 3141324a791c49b3bd70ee18929ab0b9: Bootstrap starting.
I20260713 09:09:14.695585 23156 consensus_queue.cc:260] T 6bf04b3d2bbe4b9f84e1487a95b40b48 P 8d37762d289e4841a24b501a9bd8b573 [NON_LEADER]: Queue going to NON_LEADER mode. State: All replicated index: 0, Majority replicated index: 0, Committed index: 0, Last appended: 0.0, Last appended by leader: 0, Current term: 0, Majority size: -1, State: 0, Mode: NON_LEADER, active raft config: opid_index: -1 OBSOLETE_local: false peers { permanent_uuid: "8d37762d289e4841a24b501a9bd8b573" member_type: VOTER last_known_addr { host: "127.21.87.65" port: 46537 } } peers { permanent_uuid: "3141324a791c49b3bd70ee18929ab0b9" member_type: VOTER last_known_addr { host: "127.21.87.66" port: 39943 } } peers { permanent_uuid: "04cf71cd5fd24d518cf45f1ebb4e6458" member_type: VOTER last_known_addr { host: "127.21.87.67" port: 43941 } }
I20260713 09:09:14.700855 22965 tablet_service.cc:1917] Received RequestConsensusVote() RPC: tablet_id: "8094fda2a68f4f7a8491ab668277a405" candidate_uuid: "3141324a791c49b3bd70ee18929ab0b9" candidate_term: 1 candidate_status { last_received { term: 0 index: 0 } } ignore_live_leader: false dest_uuid: "8d37762d289e4841a24b501a9bd8b573"
I20260713 09:09:14.701711 22965 raft_consensus.cc:3060] T 8094fda2a68f4f7a8491ab668277a405 P 8d37762d289e4841a24b501a9bd8b573 [term 0 FOLLOWER]: Advancing to term 1
I20260713 09:09:14.696767 23114 tablet_service.cc:1917] Received RequestConsensusVote() RPC: tablet_id: "acab76a417814b86bd6bc0631c981e74" candidate_uuid: "8d37762d289e4841a24b501a9bd8b573" candidate_term: 1 candidate_status { last_received { term: 0 index: 0 } } ignore_live_leader: false dest_uuid: "04cf71cd5fd24d518cf45f1ebb4e6458" is_pre_election: true
I20260713 09:09:14.703655 23156 ts_tablet_manager.cc:1434] T 6bf04b3d2bbe4b9f84e1487a95b40b48 P 8d37762d289e4841a24b501a9bd8b573: Time spent starting tablet: real 0.036s	user 0.004s	sys 0.002s
I20260713 09:09:14.687901 23235 consensus_queue.cc:1048] T 36e64dfc2316433d8a6981c8c3ba51e1 P 8d37762d289e4841a24b501a9bd8b573 [LEADER]: Connected to new peer: Peer: permanent_uuid: "3141324a791c49b3bd70ee18929ab0b9" member_type: VOTER last_known_addr { host: "127.21.87.66" port: 39943 }, Status: LMP_MISMATCH, Last received: 0.0, Next index: 1, Last known committed idx: 0, Time since last communication: 0.014s
I20260713 09:09:14.704640 23156 tablet_bootstrap.cc:492] T 62721cf643354a9a86d8535a863518b3 P 8d37762d289e4841a24b501a9bd8b573: Bootstrap starting.
I20260713 09:09:14.719815 23114 raft_consensus.cc:2393] T acab76a417814b86bd6bc0631c981e74 P 04cf71cd5fd24d518cf45f1ebb4e6458 [term 1 FOLLOWER]: Leader pre-election vote request: Denying vote to candidate 8d37762d289e4841a24b501a9bd8b573 in current term 1: Already voted for candidate 3141324a791c49b3bd70ee18929ab0b9 in this term.
I20260713 09:09:14.719178 22863 catalog_manager.cc:5697] T 682b434075d04973907d655cabdd1f59 P 8d37762d289e4841a24b501a9bd8b573 reported cstate change: term changed from 0 to 1, leader changed from <none> to 8d37762d289e4841a24b501a9bd8b573 (127.21.87.65). New cstate: current_term: 1 leader_uuid: "8d37762d289e4841a24b501a9bd8b573" committed_config { opid_index: -1 OBSOLETE_local: false peers { permanent_uuid: "8d37762d289e4841a24b501a9bd8b573" member_type: VOTER last_known_addr { host: "127.21.87.65" port: 46537 } health_report { overall_health: HEALTHY } } peers { permanent_uuid: "3141324a791c49b3bd70ee18929ab0b9" member_type: VOTER last_known_addr { host: "127.21.87.66" port: 39943 } health_report { overall_health: UNKNOWN } } peers { permanent_uuid: "04cf71cd5fd24d518cf45f1ebb4e6458" member_type: VOTER last_known_addr { host: "127.21.87.67" port: 43941 } health_report { overall_health: UNKNOWN } } }
I20260713 09:09:14.721046 22930 leader_election.cc:304] T acab76a417814b86bd6bc0631c981e74 P 8d37762d289e4841a24b501a9bd8b573 [CANDIDATE]: Term 1 pre-election: Election decided. Result: candidate lost. Election summary: received 3 responses out of 3 voters: 1 yes votes; 2 no votes. yes voters: 8d37762d289e4841a24b501a9bd8b573; no voters: 04cf71cd5fd24d518cf45f1ebb4e6458, 3141324a791c49b3bd70ee18929ab0b9
W20260713 09:09:14.721450 22911 auto_rebalancer.cc:288] Could not retrieve cluster info: Service unavailable: Tablet not running
I20260713 09:09:14.722673 23162 raft_consensus.cc:3060] T acab76a417814b86bd6bc0631c981e74 P 8d37762d289e4841a24b501a9bd8b573 [term 0 FOLLOWER]: Advancing to term 1
I20260713 09:09:14.726397 23235 raft_consensus.cc:493] T 8bab6aa8e0154f339aba583a566acf0c P 8d37762d289e4841a24b501a9bd8b573 [term 0 FOLLOWER]: Starting pre-election (no leader contacted us within the election timeout)
I20260713 09:09:14.726886 23235 raft_consensus.cc:515] T 8bab6aa8e0154f339aba583a566acf0c P 8d37762d289e4841a24b501a9bd8b573 [term 0 FOLLOWER]: Starting pre-election with config: opid_index: -1 OBSOLETE_local: false peers { permanent_uuid: "8d37762d289e4841a24b501a9bd8b573" member_type: VOTER last_known_addr { host: "127.21.87.65" port: 46537 } } peers { permanent_uuid: "3141324a791c49b3bd70ee18929ab0b9" member_type: VOTER last_known_addr { host: "127.21.87.66" port: 39943 } } peers { permanent_uuid: "04cf71cd5fd24d518cf45f1ebb4e6458" member_type: VOTER last_known_addr { host: "127.21.87.67" port: 43941 } }
I20260713 09:09:14.729784 23038 tablet_service.cc:1917] Received RequestConsensusVote() RPC: tablet_id: "8bab6aa8e0154f339aba583a566acf0c" candidate_uuid: "8d37762d289e4841a24b501a9bd8b573" candidate_term: 1 candidate_status { last_received { term: 0 index: 0 } } ignore_live_leader: false dest_uuid: "3141324a791c49b3bd70ee18929ab0b9" is_pre_election: true
I20260713 09:09:14.730427 23038 raft_consensus.cc:2468] T 8bab6aa8e0154f339aba583a566acf0c P 3141324a791c49b3bd70ee18929ab0b9 [term 0 FOLLOWER]: Leader pre-election vote request: Granting yes vote for candidate 8d37762d289e4841a24b501a9bd8b573 in term 0.
I20260713 09:09:14.730695 23111 raft_consensus.cc:2468] T d5ad771068bb43819f803ac0affcbcf0 P 04cf71cd5fd24d518cf45f1ebb4e6458 [term 1 FOLLOWER]: Leader election vote request: Granting yes vote for candidate 3141324a791c49b3bd70ee18929ab0b9 in term 1.
I20260713 09:09:14.733090 23155 tablet_bootstrap.cc:654] T 39b0242e21b14933bb989299b2e5bfcc P 04cf71cd5fd24d518cf45f1ebb4e6458: Neither blocks nor log segments found. Creating new log.
I20260713 09:09:14.734452 22929 leader_election.cc:304] T 8bab6aa8e0154f339aba583a566acf0c P 8d37762d289e4841a24b501a9bd8b573 [CANDIDATE]: Term 1 pre-election: Election decided. Result: candidate won. Election summary: received 2 responses out of 3 voters: 2 yes votes; 0 no votes. yes voters: 3141324a791c49b3bd70ee18929ab0b9, 8d37762d289e4841a24b501a9bd8b573; no voters: 
I20260713 09:09:14.736459 23227 raft_consensus.cc:2804] T 8bab6aa8e0154f339aba583a566acf0c P 8d37762d289e4841a24b501a9bd8b573 [term 0 FOLLOWER]: Leader pre-election won for term 1
I20260713 09:09:14.736647 23154 tablet_bootstrap.cc:654] T 6d0002f404f74bd98c6aa474a5a6083f P 3141324a791c49b3bd70ee18929ab0b9: Neither blocks nor log segments found. Creating new log.
I20260713 09:09:14.736860 23227 raft_consensus.cc:493] T 8bab6aa8e0154f339aba583a566acf0c P 8d37762d289e4841a24b501a9bd8b573 [term 0 FOLLOWER]: Starting leader election (no leader contacted us within the election timeout)
I20260713 09:09:14.737254 23227 raft_consensus.cc:3060] T 8bab6aa8e0154f339aba583a566acf0c P 8d37762d289e4841a24b501a9bd8b573 [term 0 FOLLOWER]: Advancing to term 1
I20260713 09:09:14.738225 22964 raft_consensus.cc:2468] T d5ad771068bb43819f803ac0affcbcf0 P 8d37762d289e4841a24b501a9bd8b573 [term 1 FOLLOWER]: Leader election vote request: Granting yes vote for candidate 3141324a791c49b3bd70ee18929ab0b9 in term 1.
I20260713 09:09:14.739595 23235 leader_election.cc:290] T 8bab6aa8e0154f339aba583a566acf0c P 8d37762d289e4841a24b501a9bd8b573 [CANDIDATE]: Term 1 pre-election: Requested pre-vote from peers 3141324a791c49b3bd70ee18929ab0b9 (127.21.87.66:39943), 04cf71cd5fd24d518cf45f1ebb4e6458 (127.21.87.67:43941)
I20260713 09:09:14.735176 23162 raft_consensus.cc:2749] T acab76a417814b86bd6bc0631c981e74 P 8d37762d289e4841a24b501a9bd8b573 [term 1 FOLLOWER]: Leader pre-election lost for term 1. Reason: could not achieve majority
I20260713 09:09:14.743137 23040 raft_consensus.cc:2468] T 62721cf643354a9a86d8535a863518b3 P 3141324a791c49b3bd70ee18929ab0b9 [term 1 FOLLOWER]: Leader election vote request: Granting yes vote for candidate 04cf71cd5fd24d518cf45f1ebb4e6458 in term 1.
I20260713 09:09:14.743892 23005 leader_election.cc:304] T d5ad771068bb43819f803ac0affcbcf0 P 3141324a791c49b3bd70ee18929ab0b9 [CANDIDATE]: Term 1 election: Election decided. Result: candidate won. Election summary: received 2 responses out of 3 voters: 2 yes votes; 0 no votes. yes voters: 04cf71cd5fd24d518cf45f1ebb4e6458, 3141324a791c49b3bd70ee18929ab0b9; no voters: 
I20260713 09:09:14.744693 23114 tablet_service.cc:1917] Received RequestConsensusVote() RPC: tablet_id: "8bab6aa8e0154f339aba583a566acf0c" candidate_uuid: "8d37762d289e4841a24b501a9bd8b573" candidate_term: 1 candidate_status { last_received { term: 0 index: 0 } } ignore_live_leader: false dest_uuid: "04cf71cd5fd24d518cf45f1ebb4e6458" is_pre_election: true
I20260713 09:09:14.744352 23078 leader_election.cc:304] T 62721cf643354a9a86d8535a863518b3 P 04cf71cd5fd24d518cf45f1ebb4e6458 [CANDIDATE]: Term 1 election: Election decided. Result: candidate won. Election summary: received 3 responses out of 3 voters: 2 yes votes; 1 no votes. yes voters: 04cf71cd5fd24d518cf45f1ebb4e6458, 3141324a791c49b3bd70ee18929ab0b9; no voters: 8d37762d289e4841a24b501a9bd8b573
I20260713 09:09:14.745590 23114 raft_consensus.cc:2468] T 8bab6aa8e0154f339aba583a566acf0c P 04cf71cd5fd24d518cf45f1ebb4e6458 [term 0 FOLLOWER]: Leader pre-election vote request: Granting yes vote for candidate 8d37762d289e4841a24b501a9bd8b573 in term 0.
I20260713 09:09:14.746013 23160 raft_consensus.cc:2804] T 62721cf643354a9a86d8535a863518b3 P 04cf71cd5fd24d518cf45f1ebb4e6458 [term 1 FOLLOWER]: Leader election won for term 1
I20260713 09:09:14.746454 23160 raft_consensus.cc:697] T 62721cf643354a9a86d8535a863518b3 P 04cf71cd5fd24d518cf45f1ebb4e6458 [term 1 LEADER]: Becoming Leader. State: Replica: 04cf71cd5fd24d518cf45f1ebb4e6458, State: Running, Role: LEADER
I20260713 09:09:14.747535 23160 consensus_queue.cc:237] T 62721cf643354a9a86d8535a863518b3 P 04cf71cd5fd24d518cf45f1ebb4e6458 [LEADER]: Queue going to LEADER mode. State: All replicated index: 0, Majority replicated index: 0, Committed index: 0, Last appended: 0.0, Last appended by leader: 0, Current term: 1, Majority size: 2, State: 0, Mode: LEADER, active raft config: opid_index: -1 OBSOLETE_local: false peers { permanent_uuid: "8d37762d289e4841a24b501a9bd8b573" member_type: VOTER last_known_addr { host: "127.21.87.65" port: 46537 } } peers { permanent_uuid: "3141324a791c49b3bd70ee18929ab0b9" member_type: VOTER last_known_addr { host: "127.21.87.66" port: 39943 } } peers { permanent_uuid: "04cf71cd5fd24d518cf45f1ebb4e6458" member_type: VOTER last_known_addr { host: "127.21.87.67" port: 43941 } }
I20260713 09:09:14.749513 23113 tablet_service.cc:1917] Received RequestConsensusVote() RPC: tablet_id: "8094fda2a68f4f7a8491ab668277a405" candidate_uuid: "3141324a791c49b3bd70ee18929ab0b9" candidate_term: 1 candidate_status { last_received { term: 0 index: 0 } } ignore_live_leader: false dest_uuid: "04cf71cd5fd24d518cf45f1ebb4e6458"
I20260713 09:09:14.751655 23188 raft_consensus.cc:2804] T d5ad771068bb43819f803ac0affcbcf0 P 3141324a791c49b3bd70ee18929ab0b9 [term 1 FOLLOWER]: Leader election won for term 1
I20260713 09:09:14.761453 23241 consensus_queue.cc:1048] T acab76a417814b86bd6bc0631c981e74 P 3141324a791c49b3bd70ee18929ab0b9 [LEADER]: Connected to new peer: Peer: permanent_uuid: "04cf71cd5fd24d518cf45f1ebb4e6458" member_type: VOTER last_known_addr { host: "127.21.87.67" port: 43941 }, Status: LMP_MISMATCH, Last received: 0.0, Next index: 1, Last known committed idx: 0, Time since last communication: 0.010s
I20260713 09:09:14.761929 23188 raft_consensus.cc:697] T d5ad771068bb43819f803ac0affcbcf0 P 3141324a791c49b3bd70ee18929ab0b9 [term 1 LEADER]: Becoming Leader. State: Replica: 3141324a791c49b3bd70ee18929ab0b9, State: Running, Role: LEADER
I20260713 09:09:14.761399 23113 raft_consensus.cc:3060] T 8094fda2a68f4f7a8491ab668277a405 P 04cf71cd5fd24d518cf45f1ebb4e6458 [term 0 FOLLOWER]: Advancing to term 1
I20260713 09:09:14.780406 22965 raft_consensus.cc:2468] T 8094fda2a68f4f7a8491ab668277a405 P 8d37762d289e4841a24b501a9bd8b573 [term 1 FOLLOWER]: Leader election vote request: Granting yes vote for candidate 3141324a791c49b3bd70ee18929ab0b9 in term 1.
I20260713 09:09:14.783970 23156 tablet_bootstrap.cc:654] T 62721cf643354a9a86d8535a863518b3 P 8d37762d289e4841a24b501a9bd8b573: Neither blocks nor log segments found. Creating new log.
I20260713 09:09:14.774876 23188 consensus_queue.cc:237] T d5ad771068bb43819f803ac0affcbcf0 P 3141324a791c49b3bd70ee18929ab0b9 [LEADER]: Queue going to LEADER mode. State: All replicated index: 0, Majority replicated index: 0, Committed index: 0, Last appended: 0.0, Last appended by leader: 0, Current term: 1, Majority size: 2, State: 0, Mode: LEADER, active raft config: opid_index: -1 OBSOLETE_local: false peers { permanent_uuid: "8d37762d289e4841a24b501a9bd8b573" member_type: VOTER last_known_addr { host: "127.21.87.65" port: 46537 } } peers { permanent_uuid: "3141324a791c49b3bd70ee18929ab0b9" member_type: VOTER last_known_addr { host: "127.21.87.66" port: 39943 } } peers { permanent_uuid: "04cf71cd5fd24d518cf45f1ebb4e6458" member_type: VOTER last_known_addr { host: "127.21.87.67" port: 43941 } }
I20260713 09:09:14.786432 23154 tablet_bootstrap.cc:492] T 6d0002f404f74bd98c6aa474a5a6083f P 3141324a791c49b3bd70ee18929ab0b9: No bootstrap required, opened a new log
I20260713 09:09:14.786912 23154 ts_tablet_manager.cc:1403] T 6d0002f404f74bd98c6aa474a5a6083f P 3141324a791c49b3bd70ee18929ab0b9: Time spent bootstrapping tablet: real 0.091s	user 0.011s	sys 0.036s
I20260713 09:09:14.790470 23241 raft_consensus.cc:493] T c05afa037e234c6db0b036c8fc5e6344 P 3141324a791c49b3bd70ee18929ab0b9 [term 0 FOLLOWER]: Starting pre-election (no leader contacted us within the election timeout)
I20260713 09:09:14.790066 23006 leader_election.cc:304] T 8094fda2a68f4f7a8491ab668277a405 P 3141324a791c49b3bd70ee18929ab0b9 [CANDIDATE]: Term 1 election: Election decided. Result: candidate won. Election summary: received 2 responses out of 3 voters: 2 yes votes; 0 no votes. yes voters: 3141324a791c49b3bd70ee18929ab0b9, 8d37762d289e4841a24b501a9bd8b573; no voters: 
I20260713 09:09:14.791086 23241 raft_consensus.cc:515] T c05afa037e234c6db0b036c8fc5e6344 P 3141324a791c49b3bd70ee18929ab0b9 [term 0 FOLLOWER]: Starting pre-election with config: opid_index: -1 OBSOLETE_local: false peers { permanent_uuid: "8d37762d289e4841a24b501a9bd8b573" member_type: VOTER last_known_addr { host: "127.21.87.65" port: 46537 } } peers { permanent_uuid: "3141324a791c49b3bd70ee18929ab0b9" member_type: VOTER last_known_addr { host: "127.21.87.66" port: 39943 } } peers { permanent_uuid: "04cf71cd5fd24d518cf45f1ebb4e6458" member_type: VOTER last_known_addr { host: "127.21.87.67" port: 43941 } }
I20260713 09:09:14.795569 23154 raft_consensus.cc:359] T 6d0002f404f74bd98c6aa474a5a6083f P 3141324a791c49b3bd70ee18929ab0b9 [term 0 FOLLOWER]: Replica starting. Triggering 0 pending ops. Active config: opid_index: -1 OBSOLETE_local: false peers { permanent_uuid: "8d37762d289e4841a24b501a9bd8b573" member_type: VOTER last_known_addr { host: "127.21.87.65" port: 46537 } } peers { permanent_uuid: "3141324a791c49b3bd70ee18929ab0b9" member_type: VOTER last_known_addr { host: "127.21.87.66" port: 39943 } } peers { permanent_uuid: "04cf71cd5fd24d518cf45f1ebb4e6458" member_type: VOTER last_known_addr { host: "127.21.87.67" port: 43941 } }
I20260713 09:09:14.795912 23167 raft_consensus.cc:2804] T 8094fda2a68f4f7a8491ab668277a405 P 3141324a791c49b3bd70ee18929ab0b9 [term 1 FOLLOWER]: Leader election won for term 1
I20260713 09:09:14.796221 23154 raft_consensus.cc:385] T 6d0002f404f74bd98c6aa474a5a6083f P 3141324a791c49b3bd70ee18929ab0b9 [term 0 FOLLOWER]: Consensus starting up: Expiring failure detector timer to make a prompt election more likely
I20260713 09:09:14.796546 23154 raft_consensus.cc:740] T 6d0002f404f74bd98c6aa474a5a6083f P 3141324a791c49b3bd70ee18929ab0b9 [term 0 FOLLOWER]: Becoming Follower/Learner. State: Replica: 3141324a791c49b3bd70ee18929ab0b9, State: Initialized, Role: FOLLOWER
I20260713 09:09:14.796614 23167 raft_consensus.cc:697] T 8094fda2a68f4f7a8491ab668277a405 P 3141324a791c49b3bd70ee18929ab0b9 [term 1 LEADER]: Becoming Leader. State: Replica: 3141324a791c49b3bd70ee18929ab0b9, State: Running, Role: LEADER
I20260713 09:09:14.797276 23227 raft_consensus.cc:515] T 8bab6aa8e0154f339aba583a566acf0c P 8d37762d289e4841a24b501a9bd8b573 [term 1 FOLLOWER]: Starting leader election with config: opid_index: -1 OBSOLETE_local: false peers { permanent_uuid: "8d37762d289e4841a24b501a9bd8b573" member_type: VOTER last_known_addr { host: "127.21.87.65" port: 46537 } } peers { permanent_uuid: "3141324a791c49b3bd70ee18929ab0b9" member_type: VOTER last_known_addr { host: "127.21.87.66" port: 39943 } } peers { permanent_uuid: "04cf71cd5fd24d518cf45f1ebb4e6458" member_type: VOTER last_known_addr { host: "127.21.87.67" port: 43941 } }
I20260713 09:09:14.798837 23154 consensus_queue.cc:260] T 6d0002f404f74bd98c6aa474a5a6083f P 3141324a791c49b3bd70ee18929ab0b9 [NON_LEADER]: Queue going to NON_LEADER mode. State: All replicated index: 0, Majority replicated index: 0, Committed index: 0, Last appended: 0.0, Last appended by leader: 0, Current term: 0, Majority size: -1, State: 0, Mode: NON_LEADER, active raft config: opid_index: -1 OBSOLETE_local: false peers { permanent_uuid: "8d37762d289e4841a24b501a9bd8b573" member_type: VOTER last_known_addr { host: "127.21.87.65" port: 46537 } } peers { permanent_uuid: "3141324a791c49b3bd70ee18929ab0b9" member_type: VOTER last_known_addr { host: "127.21.87.66" port: 39943 } } peers { permanent_uuid: "04cf71cd5fd24d518cf45f1ebb4e6458" member_type: VOTER last_known_addr { host: "127.21.87.67" port: 43941 } }
I20260713 09:09:14.812126 23112 tablet_service.cc:1917] Received RequestConsensusVote() RPC: tablet_id: "8bab6aa8e0154f339aba583a566acf0c" candidate_uuid: "8d37762d289e4841a24b501a9bd8b573" candidate_term: 1 candidate_status { last_received { term: 0 index: 0 } } ignore_live_leader: false dest_uuid: "04cf71cd5fd24d518cf45f1ebb4e6458"
I20260713 09:09:14.812510 23155 tablet_bootstrap.cc:492] T 39b0242e21b14933bb989299b2e5bfcc P 04cf71cd5fd24d518cf45f1ebb4e6458: No bootstrap required, opened a new log
I20260713 09:09:14.812960 23155 ts_tablet_manager.cc:1403] T 39b0242e21b14933bb989299b2e5bfcc P 04cf71cd5fd24d518cf45f1ebb4e6458: Time spent bootstrapping tablet: real 0.231s	user 0.011s	sys 0.019s
I20260713 09:09:14.813093 23112 raft_consensus.cc:3060] T 8bab6aa8e0154f339aba583a566acf0c P 04cf71cd5fd24d518cf45f1ebb4e6458 [term 0 FOLLOWER]: Advancing to term 1
I20260713 09:09:14.802878 23238 consensus_queue.cc:1048] T 72c132d2d3d64e80a7123a6e913700fe P 3141324a791c49b3bd70ee18929ab0b9 [LEADER]: Connected to new peer: Peer: permanent_uuid: "8d37762d289e4841a24b501a9bd8b573" member_type: VOTER last_known_addr { host: "127.21.87.65" port: 46537 }, Status: LMP_MISMATCH, Last received: 0.0, Next index: 1, Last known committed idx: 0, Time since last communication: 0.012s
I20260713 09:09:14.814460 23241 leader_election.cc:290] T c05afa037e234c6db0b036c8fc5e6344 P 3141324a791c49b3bd70ee18929ab0b9 [CANDIDATE]: Term 1 pre-election: Requested pre-vote from peers 8d37762d289e4841a24b501a9bd8b573 (127.21.87.65:46537), 04cf71cd5fd24d518cf45f1ebb4e6458 (127.21.87.67:43941)
I20260713 09:09:14.810672 23227 leader_election.cc:290] T 8bab6aa8e0154f339aba583a566acf0c P 8d37762d289e4841a24b501a9bd8b573 [CANDIDATE]: Term 1 election: Requested vote from peers 3141324a791c49b3bd70ee18929ab0b9 (127.21.87.66:39943), 04cf71cd5fd24d518cf45f1ebb4e6458 (127.21.87.67:43941)
I20260713 09:09:14.797860 23167 consensus_queue.cc:237] T 8094fda2a68f4f7a8491ab668277a405 P 3141324a791c49b3bd70ee18929ab0b9 [LEADER]: Queue going to LEADER mode. State: All replicated index: 0, Majority replicated index: 0, Committed index: 0, Last appended: 0.0, Last appended by leader: 0, Current term: 1, Majority size: 2, State: 0, Mode: LEADER, active raft config: opid_index: -1 OBSOLETE_local: false peers { permanent_uuid: "8d37762d289e4841a24b501a9bd8b573" member_type: VOTER last_known_addr { host: "127.21.87.65" port: 46537 } } peers { permanent_uuid: "3141324a791c49b3bd70ee18929ab0b9" member_type: VOTER last_known_addr { host: "127.21.87.66" port: 39943 } } peers { permanent_uuid: "04cf71cd5fd24d518cf45f1ebb4e6458" member_type: VOTER last_known_addr { host: "127.21.87.67" port: 43941 } }
I20260713 09:09:14.820343 23241 raft_consensus.cc:493] T 39b0242e21b14933bb989299b2e5bfcc P 3141324a791c49b3bd70ee18929ab0b9 [term 0 FOLLOWER]: Starting pre-election (no leader contacted us within the election timeout)
I20260713 09:09:14.821738 23241 raft_consensus.cc:515] T 39b0242e21b14933bb989299b2e5bfcc P 3141324a791c49b3bd70ee18929ab0b9 [term 0 FOLLOWER]: Starting pre-election with config: opid_index: -1 OBSOLETE_local: false peers { permanent_uuid: "8d37762d289e4841a24b501a9bd8b573" member_type: VOTER last_known_addr { host: "127.21.87.65" port: 46537 } } peers { permanent_uuid: "3141324a791c49b3bd70ee18929ab0b9" member_type: VOTER last_known_addr { host: "127.21.87.66" port: 39943 } } peers { permanent_uuid: "04cf71cd5fd24d518cf45f1ebb4e6458" member_type: VOTER last_known_addr { host: "127.21.87.67" port: 43941 } }
I20260713 09:09:14.822131 22965 tablet_service.cc:1917] Received RequestConsensusVote() RPC: tablet_id: "c05afa037e234c6db0b036c8fc5e6344" candidate_uuid: "3141324a791c49b3bd70ee18929ab0b9" candidate_term: 1 candidate_status { last_received { term: 0 index: 0 } } ignore_live_leader: false dest_uuid: "8d37762d289e4841a24b501a9bd8b573" is_pre_election: true
I20260713 09:09:14.823127 22965 raft_consensus.cc:2393] T c05afa037e234c6db0b036c8fc5e6344 P 8d37762d289e4841a24b501a9bd8b573 [term 1 FOLLOWER]: Leader pre-election vote request: Denying vote to candidate 3141324a791c49b3bd70ee18929ab0b9 in current term 1: Already voted for candidate 04cf71cd5fd24d518cf45f1ebb4e6458 in this term.
I20260713 09:09:14.824738 23241 leader_election.cc:290] T 39b0242e21b14933bb989299b2e5bfcc P 3141324a791c49b3bd70ee18929ab0b9 [CANDIDATE]: Term 1 pre-election: Requested pre-vote from peers 8d37762d289e4841a24b501a9bd8b573 (127.21.87.65:46537), 04cf71cd5fd24d518cf45f1ebb4e6458 (127.21.87.67:43941)
I20260713 09:09:14.829203 23111 tablet_service.cc:1917] Received RequestConsensusVote() RPC: tablet_id: "c05afa037e234c6db0b036c8fc5e6344" candidate_uuid: "3141324a791c49b3bd70ee18929ab0b9" candidate_term: 1 candidate_status { last_received { term: 0 index: 0 } } ignore_live_leader: false dest_uuid: "04cf71cd5fd24d518cf45f1ebb4e6458" is_pre_election: true
I20260713 09:09:14.817415 23039 tablet_service.cc:1917] Received RequestConsensusVote() RPC: tablet_id: "8bab6aa8e0154f339aba583a566acf0c" candidate_uuid: "8d37762d289e4841a24b501a9bd8b573" candidate_term: 1 candidate_status { last_received { term: 0 index: 0 } } ignore_live_leader: false dest_uuid: "3141324a791c49b3bd70ee18929ab0b9"
I20260713 09:09:14.830476 23039 raft_consensus.cc:3060] T 8bab6aa8e0154f339aba583a566acf0c P 3141324a791c49b3bd70ee18929ab0b9 [term 0 FOLLOWER]: Advancing to term 1
I20260713 09:09:14.832353 23111 tablet_service.cc:1917] Received RequestConsensusVote() RPC: tablet_id: "39b0242e21b14933bb989299b2e5bfcc" candidate_uuid: "3141324a791c49b3bd70ee18929ab0b9" candidate_term: 1 candidate_status { last_received { term: 0 index: 0 } } ignore_live_leader: false dest_uuid: "04cf71cd5fd24d518cf45f1ebb4e6458" is_pre_election: true
I20260713 09:09:14.838622 23208 consensus_queue.cc:1048] T 72c132d2d3d64e80a7123a6e913700fe P 3141324a791c49b3bd70ee18929ab0b9 [LEADER]: Connected to new peer: Peer: permanent_uuid: "04cf71cd5fd24d518cf45f1ebb4e6458" member_type: VOTER last_known_addr { host: "127.21.87.67" port: 43941 }, Status: LMP_MISMATCH, Last received: 0.0, Next index: 1, Last known committed idx: 0, Time since last communication: 0.001s
I20260713 09:09:14.846135 23113 raft_consensus.cc:2468] T 8094fda2a68f4f7a8491ab668277a405 P 04cf71cd5fd24d518cf45f1ebb4e6458 [term 1 FOLLOWER]: Leader election vote request: Granting yes vote for candidate 3141324a791c49b3bd70ee18929ab0b9 in term 1.
I20260713 09:09:14.851370 22964 tablet_service.cc:1917] Received RequestConsensusVote() RPC: tablet_id: "39b0242e21b14933bb989299b2e5bfcc" candidate_uuid: "3141324a791c49b3bd70ee18929ab0b9" candidate_term: 1 candidate_status { last_received { term: 0 index: 0 } } ignore_live_leader: false dest_uuid: "8d37762d289e4841a24b501a9bd8b573" is_pre_election: true
I20260713 09:09:14.851248 23006 leader_election.cc:304] T c05afa037e234c6db0b036c8fc5e6344 P 3141324a791c49b3bd70ee18929ab0b9 [CANDIDATE]: Term 1 pre-election: Election decided. Result: candidate lost. Election summary: received 3 responses out of 3 voters: 1 yes votes; 2 no votes. yes voters: 3141324a791c49b3bd70ee18929ab0b9; no voters: 04cf71cd5fd24d518cf45f1ebb4e6458, 8d37762d289e4841a24b501a9bd8b573
I20260713 09:09:14.866525 22964 raft_consensus.cc:2468] T 39b0242e21b14933bb989299b2e5bfcc P 8d37762d289e4841a24b501a9bd8b573 [term 0 FOLLOWER]: Leader pre-election vote request: Granting yes vote for candidate 3141324a791c49b3bd70ee18929ab0b9 in term 0.
I20260713 09:09:14.882019 23040 raft_consensus.cc:3060] T c05afa037e234c6db0b036c8fc5e6344 P 3141324a791c49b3bd70ee18929ab0b9 [term 0 FOLLOWER]: Advancing to term 1
I20260713 09:09:14.895140 23241 raft_consensus.cc:2749] T c05afa037e234c6db0b036c8fc5e6344 P 3141324a791c49b3bd70ee18929ab0b9 [term 1 FOLLOWER]: Leader pre-election lost for term 1. Reason: could not achieve majority
I20260713 09:09:14.897194 23160 consensus_queue.cc:1048] T c05afa037e234c6db0b036c8fc5e6344 P 04cf71cd5fd24d518cf45f1ebb4e6458 [LEADER]: Connected to new peer: Peer: permanent_uuid: "3141324a791c49b3bd70ee18929ab0b9" member_type: VOTER last_known_addr { host: "127.21.87.66" port: 39943 }, Status: LMP_MISMATCH, Last received: 0.0, Next index: 1, Last known committed idx: 0, Time since last communication: 0.001s
I20260713 09:09:14.862624 23112 raft_consensus.cc:2468] T 8bab6aa8e0154f339aba583a566acf0c P 04cf71cd5fd24d518cf45f1ebb4e6458 [term 1 FOLLOWER]: Leader election vote request: Granting yes vote for candidate 8d37762d289e4841a24b501a9bd8b573 in term 1.
I20260713 09:09:14.884037 23155 raft_consensus.cc:359] T 39b0242e21b14933bb989299b2e5bfcc P 04cf71cd5fd24d518cf45f1ebb4e6458 [term 0 FOLLOWER]: Replica starting. Triggering 0 pending ops. Active config: opid_index: -1 OBSOLETE_local: false peers { permanent_uuid: "8d37762d289e4841a24b501a9bd8b573" member_type: VOTER last_known_addr { host: "127.21.87.65" port: 46537 } } peers { permanent_uuid: "3141324a791c49b3bd70ee18929ab0b9" member_type: VOTER last_known_addr { host: "127.21.87.66" port: 39943 } } peers { permanent_uuid: "04cf71cd5fd24d518cf45f1ebb4e6458" member_type: VOTER last_known_addr { host: "127.21.87.67" port: 43941 } }
I20260713 09:09:14.907212 23155 raft_consensus.cc:385] T 39b0242e21b14933bb989299b2e5bfcc P 04cf71cd5fd24d518cf45f1ebb4e6458 [term 0 FOLLOWER]: Consensus starting up: Expiring failure detector timer to make a prompt election more likely
I20260713 09:09:14.907750 23155 raft_consensus.cc:740] T 39b0242e21b14933bb989299b2e5bfcc P 04cf71cd5fd24d518cf45f1ebb4e6458 [term 0 FOLLOWER]: Becoming Follower/Learner. State: Replica: 04cf71cd5fd24d518cf45f1ebb4e6458, State: Initialized, Role: FOLLOWER
I20260713 09:09:14.909073 23155 consensus_queue.cc:260] T 39b0242e21b14933bb989299b2e5bfcc P 04cf71cd5fd24d518cf45f1ebb4e6458 [NON_LEADER]: Queue going to NON_LEADER mode. State: All replicated index: 0, Majority replicated index: 0, Committed index: 0, Last appended: 0.0, Last appended by leader: 0, Current term: 0, Majority size: -1, State: 0, Mode: NON_LEADER, active raft config: opid_index: -1 OBSOLETE_local: false peers { permanent_uuid: "8d37762d289e4841a24b501a9bd8b573" member_type: VOTER last_known_addr { host: "127.21.87.65" port: 46537 } } peers { permanent_uuid: "3141324a791c49b3bd70ee18929ab0b9" member_type: VOTER last_known_addr { host: "127.21.87.66" port: 39943 } } peers { permanent_uuid: "04cf71cd5fd24d518cf45f1ebb4e6458" member_type: VOTER last_known_addr { host: "127.21.87.67" port: 43941 } }
W20260713 09:09:14.903816 23006 outbound_call.cc:321] RPC callback for RPC call kudu.consensus.ConsensusService.RequestConsensusVote -> {remote=127.21.87.65:46537, user_credentials={real_user=slave}} blocked reactor thread for 52654.3us
I20260713 09:09:14.918684 23155 ts_tablet_manager.cc:1434] T 39b0242e21b14933bb989299b2e5bfcc P 04cf71cd5fd24d518cf45f1ebb4e6458: Time spent starting tablet: real 0.105s	user 0.008s	sys 0.000s
I20260713 09:09:14.918437 22930 leader_election.cc:304] T 8bab6aa8e0154f339aba583a566acf0c P 8d37762d289e4841a24b501a9bd8b573 [CANDIDATE]: Term 1 election: Election decided. Result: candidate won. Election summary: received 2 responses out of 3 voters: 2 yes votes; 0 no votes. yes voters: 04cf71cd5fd24d518cf45f1ebb4e6458, 8d37762d289e4841a24b501a9bd8b573; no voters: 
I20260713 09:09:14.920292 23039 raft_consensus.cc:2468] T 8bab6aa8e0154f339aba583a566acf0c P 3141324a791c49b3bd70ee18929ab0b9 [term 1 FOLLOWER]: Leader election vote request: Granting yes vote for candidate 8d37762d289e4841a24b501a9bd8b573 in term 1.
