[==========] Running 8 tests from 2 test suites.
[----------] Global test environment set-up.
[----------] 6 tests from LeaderRebalancerTest
[ RUN      ] LeaderRebalancerTest.FunctionalTestForDivided
WARNING: Logging before InitGoogleLogging() is written to STDERR
I20260713 09:08:45.873972 21829 internal_mini_cluster.cc:156] Creating distributed mini masters. Addrs: 127.21.81.126:34273
I20260713 09:08:45.875653 21829 env_posix.cc:2285] Not raising this process' open files per process limit of 1048576; it is already as high as it can go
I20260713 09:08:45.876669 21829 file_cache.cc:504] Constructed file cache file cache with capacity 419430
W20260713 09:08:45.892875 21836 instance_detector.cc:116] could not retrieve Azure instance metadata: Network error: curl error: HTTP response code said error: The requested URL returned error: 404
W20260713 09:08:45.892889 21838 instance_detector.cc:116] could not retrieve OpenStack instance metadata: Network error: curl error: HTTP response code said error: The requested URL returned error: 404
W20260713 09:08:45.894464 21835 instance_detector.cc:116] could not retrieve AWS instance metadata: Network error: curl error: HTTP response code said error: The requested URL returned error: 404
I20260713 09:08:45.895164 21829 server_base.cc:1061] running on GCE node
I20260713 09:08:47.082351 21829 hybrid_clock.cc:584] initializing the hybrid clock with 'system_unsync' time source
W20260713 09:08:47.082613 21829 system_unsync_time.cc:38] NTP support is disabled. Clock error bounds will not be accurate. This configuration is not suitable for distributed clusters.
I20260713 09:08:47.082829 21829 hybrid_clock.cc:648] HybridClock initialized: now 1783933727082800 us; error 0 us; skew 500 ppm
I20260713 09:08:47.083670 21829 server_base.cc:861] Flag tcmalloc_max_total_thread_cache_bytes is not working since tcmalloc is not enabled.
I20260713 09:08:47.090194 21829 webserver.cc:533] Webserver started at http://127.21.81.126:37927/ using document root <none> and password file <none>
I20260713 09:08:47.091094 21829 fs_manager.cc:362] Metadata directory not provided
I20260713 09:08:47.091328 21829 fs_manager.cc:368] Using write-ahead log directory (fs_wal_dir) as metadata directory
I20260713 09:08:47.091792 21829 server_base.cc:909] This appears to be a new deployment of Kudu; creating new FS layout
I20260713 09:08:47.097539 21829 fs_manager.cc:1068] Generated new instance metadata in path /tmp/dist-test-tasktaxk39/test-tmp/auto_leader_rebalancer-test.0.LeaderRebalancerTest.FunctionalTestForDivided.1783933725712630-21829-0/minicluster-data/master-0-root/instance:
uuid: "fcaaa75b9f68408bbb41aa250e252263"
format_stamp: "Formatted at 2026-07-13 09:08:47 on dist-test-slave-9r7z"
I20260713 09:08:47.105252 21829 fs_manager.cc:696] Time spent creating directory manager: real 0.007s	user 0.001s	sys 0.004s
I20260713 09:08:47.110213 21844 log_block_manager.cc:4127] Time spent loading block containers with low live blocks: real 0.000s	user 0.000s	sys 0.000s
I20260713 09:08:47.111351 21829 fs_manager.cc:730] Time spent opening block manager: real 0.003s	user 0.003s	sys 0.000s
I20260713 09:08:47.111699 21829 fs_manager.cc:647] Opened local filesystem: /tmp/dist-test-tasktaxk39/test-tmp/auto_leader_rebalancer-test.0.LeaderRebalancerTest.FunctionalTestForDivided.1783933725712630-21829-0/minicluster-data/master-0-root
uuid: "fcaaa75b9f68408bbb41aa250e252263"
format_stamp: "Formatted at 2026-07-13 09:08:47 on dist-test-slave-9r7z"
I20260713 09:08:47.112044 21829 fs_report.cc:389] FS layout report
--------------------
wal directory: /tmp/dist-test-tasktaxk39/test-tmp/auto_leader_rebalancer-test.0.LeaderRebalancerTest.FunctionalTestForDivided.1783933725712630-21829-0/minicluster-data/master-0-root
metadata directory: /tmp/dist-test-tasktaxk39/test-tmp/auto_leader_rebalancer-test.0.LeaderRebalancerTest.FunctionalTestForDivided.1783933725712630-21829-0/minicluster-data/master-0-root
1 data directories: /tmp/dist-test-tasktaxk39/test-tmp/auto_leader_rebalancer-test.0.LeaderRebalancerTest.FunctionalTestForDivided.1783933725712630-21829-0/minicluster-data/master-0-root/data
Total live blocks: 0
Total live bytes: 0
Total live bytes (after alignment): 0
Total number of LBM containers: 0 (0 full)
Did not check for missing blocks
Did not check for orphaned blocks
Total full LBM containers with extra space: 0 (0 repaired)
Total full LBM container extra space in bytes: 0 (0 repaired)
Total incomplete LBM containers: 0 (0 repaired)
Total LBM partial records: 0 (0 repaired)
Total corrupted LBM metadata records in RocksDB: 0 (0 repaired)
I20260713 09:08:47.179549 21829 rpc_server.cc:225] running with OpenSSL 1.1.1  11 Sep 2018
I20260713 09:08:47.181084 21829 env_posix.cc:2285] Not raising this process' running threads per effective uid limit of 18446744073709551615; it is already as high as it can go
I20260713 09:08:47.181547 21829 kserver.cc:163] Server-wide thread pool size limit: 3276
I20260713 09:08:47.251915 21829 rpc_server.cc:307] RPC server started. Bound to: 127.21.81.126:34273
I20260713 09:08:47.252017 21895 acceptor_pool.cc:272] collecting diagnostics on the listening RPC socket 127.21.81.126:34273 every 8 connection(s)
I20260713 09:08:47.259488 21896 data_dirs.cc:400] Could only allocate 1 dirs of requested 3 for tablet 00000000000000000000000000000000. 1 dirs total, 0 dirs full, 0 dirs failed
I20260713 09:08:47.280491 21896 tablet_bootstrap.cc:492] T 00000000000000000000000000000000 P fcaaa75b9f68408bbb41aa250e252263: Bootstrap starting.
I20260713 09:08:47.286123 21896 tablet_bootstrap.cc:654] T 00000000000000000000000000000000 P fcaaa75b9f68408bbb41aa250e252263: Neither blocks nor log segments found. Creating new log.
I20260713 09:08:47.287915 21896 log.cc:826] T 00000000000000000000000000000000 P fcaaa75b9f68408bbb41aa250e252263: Log is configured to *not* fsync() on all Append() calls
I20260713 09:08:47.292801 21896 tablet_bootstrap.cc:492] T 00000000000000000000000000000000 P fcaaa75b9f68408bbb41aa250e252263: No bootstrap required, opened a new log
I20260713 09:08:47.312681 21896 raft_consensus.cc:359] T 00000000000000000000000000000000 P fcaaa75b9f68408bbb41aa250e252263 [term 0 FOLLOWER]: Replica starting. Triggering 0 pending ops. Active config: opid_index: -1 OBSOLETE_local: true peers { permanent_uuid: "fcaaa75b9f68408bbb41aa250e252263" member_type: VOTER }
I20260713 09:08:47.313197 21896 raft_consensus.cc:385] T 00000000000000000000000000000000 P fcaaa75b9f68408bbb41aa250e252263 [term 0 FOLLOWER]: Consensus starting up: Expiring failure detector timer to make a prompt election more likely
I20260713 09:08:47.313400 21896 raft_consensus.cc:740] T 00000000000000000000000000000000 P fcaaa75b9f68408bbb41aa250e252263 [term 0 FOLLOWER]: Becoming Follower/Learner. State: Replica: fcaaa75b9f68408bbb41aa250e252263, State: Initialized, Role: FOLLOWER
I20260713 09:08:47.314169 21896 consensus_queue.cc:260] T 00000000000000000000000000000000 P fcaaa75b9f68408bbb41aa250e252263 [NON_LEADER]: Queue going to NON_LEADER mode. State: All replicated index: 0, Majority replicated index: 0, Committed index: 0, Last appended: 0.0, Last appended by leader: 0, Current term: 0, Majority size: -1, State: 0, Mode: NON_LEADER, active raft config: opid_index: -1 OBSOLETE_local: true peers { permanent_uuid: "fcaaa75b9f68408bbb41aa250e252263" member_type: VOTER }
I20260713 09:08:47.314687 21896 raft_consensus.cc:399] T 00000000000000000000000000000000 P fcaaa75b9f68408bbb41aa250e252263 [term 0 FOLLOWER]: Only one voter in the Raft config. Triggering election immediately
I20260713 09:08:47.314939 21896 raft_consensus.cc:493] T 00000000000000000000000000000000 P fcaaa75b9f68408bbb41aa250e252263 [term 0 FOLLOWER]: Starting leader election (initial election of a single-replica configuration)
I20260713 09:08:47.315214 21896 raft_consensus.cc:3060] T 00000000000000000000000000000000 P fcaaa75b9f68408bbb41aa250e252263 [term 0 FOLLOWER]: Advancing to term 1
I20260713 09:08:47.319201 21896 raft_consensus.cc:515] T 00000000000000000000000000000000 P fcaaa75b9f68408bbb41aa250e252263 [term 1 FOLLOWER]: Starting leader election with config: opid_index: -1 OBSOLETE_local: true peers { permanent_uuid: "fcaaa75b9f68408bbb41aa250e252263" member_type: VOTER }
I20260713 09:08:47.319831 21896 leader_election.cc:304] T 00000000000000000000000000000000 P fcaaa75b9f68408bbb41aa250e252263 [CANDIDATE]: Term 1 election: Election decided. Result: candidate won. Election summary: received 1 responses out of 1 voters: 1 yes votes; 0 no votes. yes voters: fcaaa75b9f68408bbb41aa250e252263; no voters: 
I20260713 09:08:47.321456 21896 leader_election.cc:290] T 00000000000000000000000000000000 P fcaaa75b9f68408bbb41aa250e252263 [CANDIDATE]: Term 1 election: Requested vote from peers 
I20260713 09:08:47.321833 21899 raft_consensus.cc:2804] T 00000000000000000000000000000000 P fcaaa75b9f68408bbb41aa250e252263 [term 1 FOLLOWER]: Leader election won for term 1
I20260713 09:08:47.324023 21899 raft_consensus.cc:697] T 00000000000000000000000000000000 P fcaaa75b9f68408bbb41aa250e252263 [term 1 LEADER]: Becoming Leader. State: Replica: fcaaa75b9f68408bbb41aa250e252263, State: Running, Role: LEADER
I20260713 09:08:47.324978 21899 consensus_queue.cc:237] T 00000000000000000000000000000000 P fcaaa75b9f68408bbb41aa250e252263 [LEADER]: Queue going to LEADER mode. State: All replicated index: 0, Majority replicated index: 0, Committed index: 0, Last appended: 0.0, Last appended by leader: 0, Current term: 1, Majority size: 1, State: 0, Mode: LEADER, active raft config: opid_index: -1 OBSOLETE_local: true peers { permanent_uuid: "fcaaa75b9f68408bbb41aa250e252263" member_type: VOTER }
I20260713 09:08:47.325963 21896 sys_catalog.cc:565] T 00000000000000000000000000000000 P fcaaa75b9f68408bbb41aa250e252263 [sys.catalog]: configured and running, proceeding with master startup.
I20260713 09:08:47.335121 21901 sys_catalog.cc:455] T 00000000000000000000000000000000 P fcaaa75b9f68408bbb41aa250e252263 [sys.catalog]: SysCatalogTable state changed. Reason: New leader fcaaa75b9f68408bbb41aa250e252263. Latest consensus state: current_term: 1 leader_uuid: "fcaaa75b9f68408bbb41aa250e252263" committed_config { opid_index: -1 OBSOLETE_local: true peers { permanent_uuid: "fcaaa75b9f68408bbb41aa250e252263" member_type: VOTER } }
I20260713 09:08:47.335387 21900 sys_catalog.cc:455] T 00000000000000000000000000000000 P fcaaa75b9f68408bbb41aa250e252263 [sys.catalog]: SysCatalogTable state changed. Reason: RaftConsensus started. Latest consensus state: current_term: 1 leader_uuid: "fcaaa75b9f68408bbb41aa250e252263" committed_config { opid_index: -1 OBSOLETE_local: true peers { permanent_uuid: "fcaaa75b9f68408bbb41aa250e252263" member_type: VOTER } }
I20260713 09:08:47.335867 21900 sys_catalog.cc:458] T 00000000000000000000000000000000 P fcaaa75b9f68408bbb41aa250e252263 [sys.catalog]: This master's current role is: LEADER
I20260713 09:08:47.335867 21901 sys_catalog.cc:458] T 00000000000000000000000000000000 P fcaaa75b9f68408bbb41aa250e252263 [sys.catalog]: This master's current role is: LEADER
I20260713 09:08:47.339612 21908 catalog_manager.cc:1511] Loading table and tablet metadata into memory...
I20260713 09:08:47.352957 21908 catalog_manager.cc:1520] Initializing Kudu cluster ID...
I20260713 09:08:47.355147 21829 internal_mini_cluster.cc:184] Waiting to initialize catalog manager on master 0
I20260713 09:08:47.368793 21908 catalog_manager.cc:1383] Generated new cluster ID: d2aee80b277145d1afc92446645ed1af
I20260713 09:08:47.369100 21908 catalog_manager.cc:1531] Initializing Kudu internal certificate authority...
I20260713 09:08:47.411322 21908 catalog_manager.cc:1406] Generated new certificate authority record
I20260713 09:08:47.413491 21908 catalog_manager.cc:1540] Loading token signing keys...
I20260713 09:08:47.432193 21908 catalog_manager.cc:6070] T 00000000000000000000000000000000 P fcaaa75b9f68408bbb41aa250e252263: Generated new TSK 0
I20260713 09:08:47.433331 21908 catalog_manager.cc:1550] Initializing in-progress tserver states...
I20260713 09:08:47.486544 21829 file_cache.cc:504] Constructed file cache file cache with capacity 419430
W20260713 09:08:47.495743 21918 instance_detector.cc:116] could not retrieve AWS instance metadata: Network error: curl error: HTTP response code said error: The requested URL returned error: 404
W20260713 09:08:47.497023 21919 instance_detector.cc:116] could not retrieve Azure instance metadata: Network error: curl error: HTTP response code said error: The requested URL returned error: 404
W20260713 09:08:47.500890 21922 instance_detector.cc:116] could not retrieve OpenStack instance metadata: Network error: curl error: HTTP response code said error: The requested URL returned error: 404
I20260713 09:08:47.501044 21829 server_base.cc:1061] running on GCE node
I20260713 09:08:47.502007 21829 hybrid_clock.cc:584] initializing the hybrid clock with 'system_unsync' time source
W20260713 09:08:47.502306 21829 system_unsync_time.cc:38] NTP support is disabled. Clock error bounds will not be accurate. This configuration is not suitable for distributed clusters.
I20260713 09:08:47.502528 21829 hybrid_clock.cc:648] HybridClock initialized: now 1783933727502508 us; error 0 us; skew 500 ppm
I20260713 09:08:47.503309 21829 server_base.cc:861] Flag tcmalloc_max_total_thread_cache_bytes is not working since tcmalloc is not enabled.
I20260713 09:08:47.507212 21829 webserver.cc:533] Webserver started at http://127.21.81.65:35429/ using document root <none> and password file <none>
I20260713 09:08:47.507892 21829 fs_manager.cc:362] Metadata directory not provided
I20260713 09:08:47.508136 21829 fs_manager.cc:368] Using write-ahead log directory (fs_wal_dir) as metadata directory
I20260713 09:08:47.508473 21829 server_base.cc:909] This appears to be a new deployment of Kudu; creating new FS layout
I20260713 09:08:47.509931 21829 fs_manager.cc:1068] Generated new instance metadata in path /tmp/dist-test-tasktaxk39/test-tmp/auto_leader_rebalancer-test.0.LeaderRebalancerTest.FunctionalTestForDivided.1783933725712630-21829-0/minicluster-data/ts-0-root/instance:
uuid: "c80f452b497d4998b48e6150eb0f6bee"
format_stamp: "Formatted at 2026-07-13 09:08:47 on dist-test-slave-9r7z"
I20260713 09:08:47.516592 21829 fs_manager.cc:696] Time spent creating directory manager: real 0.006s	user 0.005s	sys 0.001s
I20260713 09:08:47.521430 21926 log_block_manager.cc:4127] Time spent loading block containers with low live blocks: real 0.000s	user 0.000s	sys 0.000s
I20260713 09:08:47.522233 21829 fs_manager.cc:730] Time spent opening block manager: real 0.003s	user 0.003s	sys 0.000s
I20260713 09:08:47.522593 21829 fs_manager.cc:647] Opened local filesystem: /tmp/dist-test-tasktaxk39/test-tmp/auto_leader_rebalancer-test.0.LeaderRebalancerTest.FunctionalTestForDivided.1783933725712630-21829-0/minicluster-data/ts-0-root
uuid: "c80f452b497d4998b48e6150eb0f6bee"
format_stamp: "Formatted at 2026-07-13 09:08:47 on dist-test-slave-9r7z"
I20260713 09:08:47.522946 21829 fs_report.cc:389] FS layout report
--------------------
wal directory: /tmp/dist-test-tasktaxk39/test-tmp/auto_leader_rebalancer-test.0.LeaderRebalancerTest.FunctionalTestForDivided.1783933725712630-21829-0/minicluster-data/ts-0-root
metadata directory: /tmp/dist-test-tasktaxk39/test-tmp/auto_leader_rebalancer-test.0.LeaderRebalancerTest.FunctionalTestForDivided.1783933725712630-21829-0/minicluster-data/ts-0-root
1 data directories: /tmp/dist-test-tasktaxk39/test-tmp/auto_leader_rebalancer-test.0.LeaderRebalancerTest.FunctionalTestForDivided.1783933725712630-21829-0/minicluster-data/ts-0-root/data
Total live blocks: 0
Total live bytes: 0
Total live bytes (after alignment): 0
Total number of LBM containers: 0 (0 full)
Did not check for missing blocks
Did not check for orphaned blocks
Total full LBM containers with extra space: 0 (0 repaired)
Total full LBM container extra space in bytes: 0 (0 repaired)
Total incomplete LBM containers: 0 (0 repaired)
Total LBM partial records: 0 (0 repaired)
Total corrupted LBM metadata records in RocksDB: 0 (0 repaired)
I20260713 09:08:47.550078 21829 rpc_server.cc:225] running with OpenSSL 1.1.1  11 Sep 2018
I20260713 09:08:47.551834 21829 kserver.cc:163] Server-wide thread pool size limit: 3276
I20260713 09:08:47.554641 21829 txn_system_client.cc:432] TxnSystemClient initialization is disabled...
I20260713 09:08:47.559894 21829 ts_tablet_manager.cc:585] Loaded tablet metadata (0 total tablets, 0 live tablets)
I20260713 09:08:47.560196 21829 ts_tablet_manager.cc:531] Time spent load tablet metadata: real 0.000s	user 0.000s	sys 0.000s
I20260713 09:08:47.560498 21829 ts_tablet_manager.cc:616] Registered 0 tablets
I20260713 09:08:47.560729 21829 ts_tablet_manager.cc:595] Time spent register tablets: real 0.000s	user 0.000s	sys 0.000s
I20260713 09:08:47.648991 21829 rpc_server.cc:307] RPC server started. Bound to: 127.21.81.65:44595
I20260713 09:08:47.649106 21988 acceptor_pool.cc:272] collecting diagnostics on the listening RPC socket 127.21.81.65:44595 every 8 connection(s)
I20260713 09:08:47.656690 21829 file_cache.cc:504] Constructed file cache file cache with capacity 419430
W20260713 09:08:47.665931 21993 instance_detector.cc:116] could not retrieve AWS instance metadata: Network error: curl error: HTTP response code said error: The requested URL returned error: 404
W20260713 09:08:47.670823 21994 instance_detector.cc:116] could not retrieve Azure instance metadata: Network error: curl error: HTTP response code said error: The requested URL returned error: 404
I20260713 09:08:47.682355 21989 heartbeater.cc:344] Connected to a master server at 127.21.81.126:34273
I20260713 09:08:47.682783 21989 heartbeater.cc:461] Registering TS with master...
W20260713 09:08:47.683954 21996 instance_detector.cc:116] could not retrieve OpenStack instance metadata: Network error: curl error: HTTP response code said error: The requested URL returned error: 404
I20260713 09:08:47.684223 21989 heartbeater.cc:507] Master 127.21.81.126:34273 requested a full tablet report, sending...
I20260713 09:08:47.687103 21861 ts_manager.cc:194] Registered new tserver with Master: c80f452b497d4998b48e6150eb0f6bee (127.21.81.65:44595)
I20260713 09:08:47.687529 21829 server_base.cc:1061] running on GCE node
I20260713 09:08:47.688740 21829 hybrid_clock.cc:584] initializing the hybrid clock with 'system_unsync' time source
W20260713 09:08:47.689004 21829 system_unsync_time.cc:38] NTP support is disabled. Clock error bounds will not be accurate. This configuration is not suitable for distributed clusters.
I20260713 09:08:47.689222 21829 hybrid_clock.cc:648] HybridClock initialized: now 1783933727689205 us; error 0 us; skew 500 ppm
I20260713 09:08:47.689586 21861 master_service.cc:502] Signed X509 certificate for tserver {username='slave'} at 127.0.0.1:52574
I20260713 09:08:47.689991 21829 server_base.cc:861] Flag tcmalloc_max_total_thread_cache_bytes is not working since tcmalloc is not enabled.
I20260713 09:08:47.694597 21829 webserver.cc:533] Webserver started at http://127.21.81.66:45337/ using document root <none> and password file <none>
I20260713 09:08:47.695240 21829 fs_manager.cc:362] Metadata directory not provided
I20260713 09:08:47.695487 21829 fs_manager.cc:368] Using write-ahead log directory (fs_wal_dir) as metadata directory
I20260713 09:08:47.695814 21829 server_base.cc:909] This appears to be a new deployment of Kudu; creating new FS layout
I20260713 09:08:47.697230 21829 fs_manager.cc:1068] Generated new instance metadata in path /tmp/dist-test-tasktaxk39/test-tmp/auto_leader_rebalancer-test.0.LeaderRebalancerTest.FunctionalTestForDivided.1783933725712630-21829-0/minicluster-data/ts-1-root/instance:
uuid: "c7152b90137b4b09a788aa5e56525d03"
format_stamp: "Formatted at 2026-07-13 09:08:47 on dist-test-slave-9r7z"
I20260713 09:08:47.703649 21829 fs_manager.cc:696] Time spent creating directory manager: real 0.006s	user 0.008s	sys 0.000s
I20260713 09:08:47.708331 22001 log_block_manager.cc:4127] Time spent loading block containers with low live blocks: real 0.000s	user 0.000s	sys 0.000s
I20260713 09:08:47.709151 21829 fs_manager.cc:730] Time spent opening block manager: real 0.003s	user 0.004s	sys 0.001s
I20260713 09:08:47.709470 21829 fs_manager.cc:647] Opened local filesystem: /tmp/dist-test-tasktaxk39/test-tmp/auto_leader_rebalancer-test.0.LeaderRebalancerTest.FunctionalTestForDivided.1783933725712630-21829-0/minicluster-data/ts-1-root
uuid: "c7152b90137b4b09a788aa5e56525d03"
format_stamp: "Formatted at 2026-07-13 09:08:47 on dist-test-slave-9r7z"
I20260713 09:08:47.709805 21829 fs_report.cc:389] FS layout report
--------------------
wal directory: /tmp/dist-test-tasktaxk39/test-tmp/auto_leader_rebalancer-test.0.LeaderRebalancerTest.FunctionalTestForDivided.1783933725712630-21829-0/minicluster-data/ts-1-root
metadata directory: /tmp/dist-test-tasktaxk39/test-tmp/auto_leader_rebalancer-test.0.LeaderRebalancerTest.FunctionalTestForDivided.1783933725712630-21829-0/minicluster-data/ts-1-root
1 data directories: /tmp/dist-test-tasktaxk39/test-tmp/auto_leader_rebalancer-test.0.LeaderRebalancerTest.FunctionalTestForDivided.1783933725712630-21829-0/minicluster-data/ts-1-root/data
Total live blocks: 0
Total live bytes: 0
Total live bytes (after alignment): 0
Total number of LBM containers: 0 (0 full)
Did not check for missing blocks
Did not check for orphaned blocks
Total full LBM containers with extra space: 0 (0 repaired)
Total full LBM container extra space in bytes: 0 (0 repaired)
Total incomplete LBM containers: 0 (0 repaired)
Total LBM partial records: 0 (0 repaired)
Total corrupted LBM metadata records in RocksDB: 0 (0 repaired)
I20260713 09:08:47.735862 21829 rpc_server.cc:225] running with OpenSSL 1.1.1  11 Sep 2018
I20260713 09:08:47.737583 21829 kserver.cc:163] Server-wide thread pool size limit: 3276
I20260713 09:08:47.740120 21829 txn_system_client.cc:432] TxnSystemClient initialization is disabled...
I20260713 09:08:47.743608 21829 ts_tablet_manager.cc:585] Loaded tablet metadata (0 total tablets, 0 live tablets)
I20260713 09:08:47.743863 21829 ts_tablet_manager.cc:531] Time spent load tablet metadata: real 0.000s	user 0.000s	sys 0.000s
I20260713 09:08:47.744141 21829 ts_tablet_manager.cc:616] Registered 0 tablets
I20260713 09:08:47.744345 21829 ts_tablet_manager.cc:595] Time spent register tablets: real 0.000s	user 0.000s	sys 0.000s
I20260713 09:08:47.829569 21829 rpc_server.cc:307] RPC server started. Bound to: 127.21.81.66:38031
I20260713 09:08:47.829799 22063 acceptor_pool.cc:272] collecting diagnostics on the listening RPC socket 127.21.81.66:38031 every 8 connection(s)
I20260713 09:08:47.837193 21829 file_cache.cc:504] Constructed file cache file cache with capacity 419430
W20260713 09:08:47.844657 22067 instance_detector.cc:116] could not retrieve AWS instance metadata: Network error: curl error: HTTP response code said error: The requested URL returned error: 404
W20260713 09:08:47.846459 22068 instance_detector.cc:116] could not retrieve Azure instance metadata: Network error: curl error: HTTP response code said error: The requested URL returned error: 404
I20260713 09:08:47.852484 22064 heartbeater.cc:344] Connected to a master server at 127.21.81.126:34273
I20260713 09:08:47.853009 22064 heartbeater.cc:461] Registering TS with master...
I20260713 09:08:47.854265 22064 heartbeater.cc:507] Master 127.21.81.126:34273 requested a full tablet report, sending...
W20260713 09:08:47.855492 22070 instance_detector.cc:116] could not retrieve OpenStack instance metadata: Network error: curl error: HTTP response code said error: The requested URL returned error: 404
I20260713 09:08:47.856822 21829 server_base.cc:1061] running on GCE node
I20260713 09:08:47.857074 21861 ts_manager.cc:194] Registered new tserver with Master: c7152b90137b4b09a788aa5e56525d03 (127.21.81.66:38031)
I20260713 09:08:47.857818 21829 hybrid_clock.cc:584] initializing the hybrid clock with 'system_unsync' time source
W20260713 09:08:47.858088 21829 system_unsync_time.cc:38] NTP support is disabled. Clock error bounds will not be accurate. This configuration is not suitable for distributed clusters.
I20260713 09:08:47.858305 21829 hybrid_clock.cc:648] HybridClock initialized: now 1783933727858286 us; error 0 us; skew 500 ppm
I20260713 09:08:47.858867 21829 server_base.cc:861] Flag tcmalloc_max_total_thread_cache_bytes is not working since tcmalloc is not enabled.
I20260713 09:08:47.858915 21861 master_service.cc:502] Signed X509 certificate for tserver {username='slave'} at 127.0.0.1:52578
I20260713 09:08:47.862002 21829 webserver.cc:533] Webserver started at http://127.21.81.67:35447/ using document root <none> and password file <none>
I20260713 09:08:47.862525 21829 fs_manager.cc:362] Metadata directory not provided
I20260713 09:08:47.862743 21829 fs_manager.cc:368] Using write-ahead log directory (fs_wal_dir) as metadata directory
I20260713 09:08:47.863016 21829 server_base.cc:909] This appears to be a new deployment of Kudu; creating new FS layout
I20260713 09:08:47.864025 21829 fs_manager.cc:1068] Generated new instance metadata in path /tmp/dist-test-tasktaxk39/test-tmp/auto_leader_rebalancer-test.0.LeaderRebalancerTest.FunctionalTestForDivided.1783933725712630-21829-0/minicluster-data/ts-2-root/instance:
uuid: "16d74dccce544207b61db9155af533d4"
format_stamp: "Formatted at 2026-07-13 09:08:47 on dist-test-slave-9r7z"
I20260713 09:08:47.868557 21829 fs_manager.cc:696] Time spent creating directory manager: real 0.004s	user 0.006s	sys 0.000s
I20260713 09:08:47.871883 22075 log_block_manager.cc:4127] Time spent loading block containers with low live blocks: real 0.000s	user 0.000s	sys 0.000s
I20260713 09:08:47.872694 21829 fs_manager.cc:730] Time spent opening block manager: real 0.002s	user 0.001s	sys 0.000s
I20260713 09:08:47.872988 21829 fs_manager.cc:647] Opened local filesystem: /tmp/dist-test-tasktaxk39/test-tmp/auto_leader_rebalancer-test.0.LeaderRebalancerTest.FunctionalTestForDivided.1783933725712630-21829-0/minicluster-data/ts-2-root
uuid: "16d74dccce544207b61db9155af533d4"
format_stamp: "Formatted at 2026-07-13 09:08:47 on dist-test-slave-9r7z"
I20260713 09:08:47.873256 21829 fs_report.cc:389] FS layout report
--------------------
wal directory: /tmp/dist-test-tasktaxk39/test-tmp/auto_leader_rebalancer-test.0.LeaderRebalancerTest.FunctionalTestForDivided.1783933725712630-21829-0/minicluster-data/ts-2-root
metadata directory: /tmp/dist-test-tasktaxk39/test-tmp/auto_leader_rebalancer-test.0.LeaderRebalancerTest.FunctionalTestForDivided.1783933725712630-21829-0/minicluster-data/ts-2-root
1 data directories: /tmp/dist-test-tasktaxk39/test-tmp/auto_leader_rebalancer-test.0.LeaderRebalancerTest.FunctionalTestForDivided.1783933725712630-21829-0/minicluster-data/ts-2-root/data
Total live blocks: 0
Total live bytes: 0
Total live bytes (after alignment): 0
Total number of LBM containers: 0 (0 full)
Did not check for missing blocks
Did not check for orphaned blocks
Total full LBM containers with extra space: 0 (0 repaired)
Total full LBM container extra space in bytes: 0 (0 repaired)
Total incomplete LBM containers: 0 (0 repaired)
Total LBM partial records: 0 (0 repaired)
Total corrupted LBM metadata records in RocksDB: 0 (0 repaired)
I20260713 09:08:47.912994 21829 rpc_server.cc:225] running with OpenSSL 1.1.1  11 Sep 2018
I20260713 09:08:47.914184 21829 kserver.cc:163] Server-wide thread pool size limit: 3276
I20260713 09:08:47.916776 21829 txn_system_client.cc:432] TxnSystemClient initialization is disabled...
I20260713 09:08:47.919652 21829 ts_tablet_manager.cc:585] Loaded tablet metadata (0 total tablets, 0 live tablets)
I20260713 09:08:47.919831 21829 ts_tablet_manager.cc:531] Time spent load tablet metadata: real 0.000s	user 0.000s	sys 0.000s
I20260713 09:08:47.920146 21829 ts_tablet_manager.cc:616] Registered 0 tablets
I20260713 09:08:47.920312 21829 ts_tablet_manager.cc:595] Time spent register tablets: real 0.000s	user 0.000s	sys 0.000s
I20260713 09:08:48.019925 21829 rpc_server.cc:307] RPC server started. Bound to: 127.21.81.67:40033
I20260713 09:08:48.020046 22137 acceptor_pool.cc:272] collecting diagnostics on the listening RPC socket 127.21.81.67:40033 every 8 connection(s)
I20260713 09:08:48.036953 22138 heartbeater.cc:344] Connected to a master server at 127.21.81.126:34273
I20260713 09:08:48.037312 22138 heartbeater.cc:461] Registering TS with master...
I20260713 09:08:48.038136 22138 heartbeater.cc:507] Master 127.21.81.126:34273 requested a full tablet report, sending...
I20260713 09:08:48.040128 21861 ts_manager.cc:194] Registered new tserver with Master: 16d74dccce544207b61db9155af533d4 (127.21.81.67:40033)
I20260713 09:08:48.040287 21829 internal_mini_cluster.cc:371] 3 TS(s) registered with all masters after 0.016518211s
I20260713 09:08:48.041899 21861 master_service.cc:502] Signed X509 certificate for tserver {username='slave'} at 127.0.0.1:52594
I20260713 09:08:48.092648 21861 catalog_manager.cc:2283] Servicing CreateTable request from {username='slave'} at 127.0.0.1:52608:
name: "test-workload"
schema {
  columns {
    name: "key"
    type: INT32
    is_key: true
    is_nullable: false
    encoding: AUTO_ENCODING
    compression: DEFAULT_COMPRESSION
    cfile_block_size: 0
    immutable: false
  }
  columns {
    name: "int_val"
    type: INT32
    is_key: false
    is_nullable: false
    encoding: AUTO_ENCODING
    compression: DEFAULT_COMPRESSION
    cfile_block_size: 0
    immutable: false
  }
  columns {
    name: "string_val"
    type: STRING
    is_key: false
    is_nullable: true
    encoding: AUTO_ENCODING
    compression: DEFAULT_COMPRESSION
    cfile_block_size: 0
    immutable: false
  }
}
num_replicas: 3
split_rows_range_bounds {
  rows: "\004\001\000\216\3438\016\004\001\000\034\307q\034\004\001\000\252\252\252*\004\001\0008\216\3438\004\001\000\306q\034G\004\001\000TUUU\004\001\000\3428\216c\004\001\000p\034\307q""\004\001\000\216\3438\016\004\001\000\034\307q\034\004\001\000\252\252\252*\004\001\0008\216\3438\004\001\000\306q\034G\004\001\000TUUU\004\001\000\3428\216c\004\001\000p\034\307q"
  indirect_data: """"
}
partition_schema {
  range_schema {
    columns {
      name: "key"
    }
  }
}
W20260713 09:08:48.096392 21861 catalog_manager.cc:7077] The number of live tablet servers is not enough to re-replicate a tablet replica of the newly created table test-workload in case of a server failure: 4 tablet servers would be needed, 3 are available. Consider bringing up more tablet servers.
I20260713 09:08:48.226320 22103 tablet_service.cc:1511] Processing CreateTablet for tablet e302cb7805ca4d30ba1e38a0963e4a49 (DEFAULT_TABLE table=test-workload [id=16ceb54fcd2c4ff9b6575c9fdf65db10]), partition=RANGE (key) PARTITION VALUES < 238609294
I20260713 09:08:48.228181 22103 data_dirs.cc:400] Could only allocate 1 dirs of requested 3 for tablet e302cb7805ca4d30ba1e38a0963e4a49. 1 dirs total, 0 dirs full, 0 dirs failed
I20260713 09:08:48.232344 22102 tablet_service.cc:1511] Processing CreateTablet for tablet 65f41ea1f7734d46a0c8807f538d053c (DEFAULT_TABLE table=test-workload [id=16ceb54fcd2c4ff9b6575c9fdf65db10]), partition=RANGE (key) PARTITION 238609294 <= VALUES < 477218588
I20260713 09:08:48.232594 22029 tablet_service.cc:1511] Processing CreateTablet for tablet e302cb7805ca4d30ba1e38a0963e4a49 (DEFAULT_TABLE table=test-workload [id=16ceb54fcd2c4ff9b6575c9fdf65db10]), partition=RANGE (key) PARTITION VALUES < 238609294
I20260713 09:08:48.233707 22102 data_dirs.cc:400] Could only allocate 1 dirs of requested 3 for tablet 65f41ea1f7734d46a0c8807f538d053c. 1 dirs total, 0 dirs full, 0 dirs failed
I20260713 09:08:48.233923 22029 data_dirs.cc:400] Could only allocate 1 dirs of requested 3 for tablet e302cb7805ca4d30ba1e38a0963e4a49. 1 dirs total, 0 dirs full, 0 dirs failed
I20260713 09:08:48.239573 22028 tablet_service.cc:1511] Processing CreateTablet for tablet 65f41ea1f7734d46a0c8807f538d053c (DEFAULT_TABLE table=test-workload [id=16ceb54fcd2c4ff9b6575c9fdf65db10]), partition=RANGE (key) PARTITION 238609294 <= VALUES < 477218588
I20260713 09:08:48.240937 22028 data_dirs.cc:400] Could only allocate 1 dirs of requested 3 for tablet 65f41ea1f7734d46a0c8807f538d053c. 1 dirs total, 0 dirs full, 0 dirs failed
I20260713 09:08:48.241326 22101 tablet_service.cc:1511] Processing CreateTablet for tablet 94def7e659f8483293367830eb53a1a2 (DEFAULT_TABLE table=test-workload [id=16ceb54fcd2c4ff9b6575c9fdf65db10]), partition=RANGE (key) PARTITION 477218588 <= VALUES < 715827882
I20260713 09:08:48.242681 22101 data_dirs.cc:400] Could only allocate 1 dirs of requested 3 for tablet 94def7e659f8483293367830eb53a1a2. 1 dirs total, 0 dirs full, 0 dirs failed
I20260713 09:08:48.248013 22100 tablet_service.cc:1511] Processing CreateTablet for tablet a547c0cd606b434d9097017fb21a5a29 (DEFAULT_TABLE table=test-workload [id=16ceb54fcd2c4ff9b6575c9fdf65db10]), partition=RANGE (key) PARTITION 715827882 <= VALUES < 954437176
I20260713 09:08:48.249080 22099 tablet_service.cc:1511] Processing CreateTablet for tablet f05b58ef9cb84c2595d999525e73d97a (DEFAULT_TABLE table=test-workload [id=16ceb54fcd2c4ff9b6575c9fdf65db10]), partition=RANGE (key) PARTITION 954437176 <= VALUES < 1193046470
I20260713 09:08:48.247632 22097 tablet_service.cc:1511] Processing CreateTablet for tablet 6801362b11cb4647bc1c2162fa7c9eb6 (DEFAULT_TABLE table=test-workload [id=16ceb54fcd2c4ff9b6575c9fdf65db10]), partition=RANGE (key) PARTITION 1431655764 <= VALUES < 1670265058
I20260713 09:08:48.254848 22027 tablet_service.cc:1511] Processing CreateTablet for tablet 94def7e659f8483293367830eb53a1a2 (DEFAULT_TABLE table=test-workload [id=16ceb54fcd2c4ff9b6575c9fdf65db10]), partition=RANGE (key) PARTITION 477218588 <= VALUES < 715827882
I20260713 09:08:48.258219 22026 tablet_service.cc:1511] Processing CreateTablet for tablet a547c0cd606b434d9097017fb21a5a29 (DEFAULT_TABLE table=test-workload [id=16ceb54fcd2c4ff9b6575c9fdf65db10]), partition=RANGE (key) PARTITION 715827882 <= VALUES < 954437176
I20260713 09:08:48.257040 22096 tablet_service.cc:1511] Processing CreateTablet for tablet 28970ddb3e9a43c68689d13c5dda6e8c (DEFAULT_TABLE table=test-workload [id=16ceb54fcd2c4ff9b6575c9fdf65db10]), partition=RANGE (key) PARTITION 1670265058 <= VALUES < 1908874352
I20260713 09:08:48.262528 22100 data_dirs.cc:400] Could only allocate 1 dirs of requested 3 for tablet a547c0cd606b434d9097017fb21a5a29. 1 dirs total, 0 dirs full, 0 dirs failed
I20260713 09:08:48.267798 22027 data_dirs.cc:400] Could only allocate 1 dirs of requested 3 for tablet 94def7e659f8483293367830eb53a1a2. 1 dirs total, 0 dirs full, 0 dirs failed
I20260713 09:08:48.260604 22098 tablet_service.cc:1511] Processing CreateTablet for tablet 1f416a33eb8544cabdf8368abcba081c (DEFAULT_TABLE table=test-workload [id=16ceb54fcd2c4ff9b6575c9fdf65db10]), partition=RANGE (key) PARTITION 1193046470 <= VALUES < 1431655764
I20260713 09:08:48.275457 22095 tablet_service.cc:1511] Processing CreateTablet for tablet 82647488473e40e6b39c246230664cce (DEFAULT_TABLE table=test-workload [id=16ceb54fcd2c4ff9b6575c9fdf65db10]), partition=RANGE (key) PARTITION 1908874352 <= VALUES
I20260713 09:08:48.273229 22025 tablet_service.cc:1511] Processing CreateTablet for tablet f05b58ef9cb84c2595d999525e73d97a (DEFAULT_TABLE table=test-workload [id=16ceb54fcd2c4ff9b6575c9fdf65db10]), partition=RANGE (key) PARTITION 954437176 <= VALUES < 1193046470
I20260713 09:08:48.276784 22026 data_dirs.cc:400] Could only allocate 1 dirs of requested 3 for tablet a547c0cd606b434d9097017fb21a5a29. 1 dirs total, 0 dirs full, 0 dirs failed
I20260713 09:08:48.273341 22023 tablet_service.cc:1511] Processing CreateTablet for tablet 6801362b11cb4647bc1c2162fa7c9eb6 (DEFAULT_TABLE table=test-workload [id=16ceb54fcd2c4ff9b6575c9fdf65db10]), partition=RANGE (key) PARTITION 1431655764 <= VALUES < 1670265058
I20260713 09:08:48.272761 22024 tablet_service.cc:1511] Processing CreateTablet for tablet 1f416a33eb8544cabdf8368abcba081c (DEFAULT_TABLE table=test-workload [id=16ceb54fcd2c4ff9b6575c9fdf65db10]), partition=RANGE (key) PARTITION 1193046470 <= VALUES < 1431655764
I20260713 09:08:48.276296 22099 data_dirs.cc:400] Could only allocate 1 dirs of requested 3 for tablet f05b58ef9cb84c2595d999525e73d97a. 1 dirs total, 0 dirs full, 0 dirs failed
I20260713 09:08:48.280740 22096 data_dirs.cc:400] Could only allocate 1 dirs of requested 3 for tablet 28970ddb3e9a43c68689d13c5dda6e8c. 1 dirs total, 0 dirs full, 0 dirs failed
I20260713 09:08:48.288542 22025 data_dirs.cc:400] Could only allocate 1 dirs of requested 3 for tablet f05b58ef9cb84c2595d999525e73d97a. 1 dirs total, 0 dirs full, 0 dirs failed
I20260713 09:08:48.284863 22022 tablet_service.cc:1511] Processing CreateTablet for tablet 28970ddb3e9a43c68689d13c5dda6e8c (DEFAULT_TABLE table=test-workload [id=16ceb54fcd2c4ff9b6575c9fdf65db10]), partition=RANGE (key) PARTITION 1670265058 <= VALUES < 1908874352
I20260713 09:08:48.290077 22023 data_dirs.cc:400] Could only allocate 1 dirs of requested 3 for tablet 6801362b11cb4647bc1c2162fa7c9eb6. 1 dirs total, 0 dirs full, 0 dirs failed
I20260713 09:08:48.291738 22098 data_dirs.cc:400] Could only allocate 1 dirs of requested 3 for tablet 1f416a33eb8544cabdf8368abcba081c. 1 dirs total, 0 dirs full, 0 dirs failed
I20260713 09:08:48.295125 22024 data_dirs.cc:400] Could only allocate 1 dirs of requested 3 for tablet 1f416a33eb8544cabdf8368abcba081c. 1 dirs total, 0 dirs full, 0 dirs failed
I20260713 09:08:48.297439 22021 tablet_service.cc:1511] Processing CreateTablet for tablet 82647488473e40e6b39c246230664cce (DEFAULT_TABLE table=test-workload [id=16ceb54fcd2c4ff9b6575c9fdf65db10]), partition=RANGE (key) PARTITION 1908874352 <= VALUES
I20260713 09:08:48.300312 22022 data_dirs.cc:400] Could only allocate 1 dirs of requested 3 for tablet 28970ddb3e9a43c68689d13c5dda6e8c. 1 dirs total, 0 dirs full, 0 dirs failed
I20260713 09:08:48.320923 22021 data_dirs.cc:400] Could only allocate 1 dirs of requested 3 for tablet 82647488473e40e6b39c246230664cce. 1 dirs total, 0 dirs full, 0 dirs failed
I20260713 09:08:48.330780 22095 data_dirs.cc:400] Could only allocate 1 dirs of requested 3 for tablet 82647488473e40e6b39c246230664cce. 1 dirs total, 0 dirs full, 0 dirs failed
I20260713 09:08:48.342685 22097 data_dirs.cc:400] Could only allocate 1 dirs of requested 3 for tablet 6801362b11cb4647bc1c2162fa7c9eb6. 1 dirs total, 0 dirs full, 0 dirs failed
W20260713 09:08:48.353368 21909 auto_rebalancer.cc:288] Could not retrieve cluster info: Service unavailable: Tablet not running
I20260713 09:08:48.383076 22156 tablet_bootstrap.cc:492] T e302cb7805ca4d30ba1e38a0963e4a49 P 16d74dccce544207b61db9155af533d4: Bootstrap starting.
I20260713 09:08:48.390620 21950 tablet_service.cc:1511] Processing CreateTablet for tablet f05b58ef9cb84c2595d999525e73d97a (DEFAULT_TABLE table=test-workload [id=16ceb54fcd2c4ff9b6575c9fdf65db10]), partition=RANGE (key) PARTITION 954437176 <= VALUES < 1193046470
I20260713 09:08:48.397131 21947 tablet_service.cc:1511] Processing CreateTablet for tablet 28970ddb3e9a43c68689d13c5dda6e8c (DEFAULT_TABLE table=test-workload [id=16ceb54fcd2c4ff9b6575c9fdf65db10]), partition=RANGE (key) PARTITION 1670265058 <= VALUES < 1908874352
I20260713 09:08:48.402680 21952 tablet_service.cc:1511] Processing CreateTablet for tablet 94def7e659f8483293367830eb53a1a2 (DEFAULT_TABLE table=test-workload [id=16ceb54fcd2c4ff9b6575c9fdf65db10]), partition=RANGE (key) PARTITION 477218588 <= VALUES < 715827882
I20260713 09:08:48.404356 21954 tablet_service.cc:1511] Processing CreateTablet for tablet e302cb7805ca4d30ba1e38a0963e4a49 (DEFAULT_TABLE table=test-workload [id=16ceb54fcd2c4ff9b6575c9fdf65db10]), partition=RANGE (key) PARTITION VALUES < 238609294
I20260713 09:08:48.409098 21951 tablet_service.cc:1511] Processing CreateTablet for tablet a547c0cd606b434d9097017fb21a5a29 (DEFAULT_TABLE table=test-workload [id=16ceb54fcd2c4ff9b6575c9fdf65db10]), partition=RANGE (key) PARTITION 715827882 <= VALUES < 954437176
I20260713 09:08:48.410705 21946 tablet_service.cc:1511] Processing CreateTablet for tablet 82647488473e40e6b39c246230664cce (DEFAULT_TABLE table=test-workload [id=16ceb54fcd2c4ff9b6575c9fdf65db10]), partition=RANGE (key) PARTITION 1908874352 <= VALUES
I20260713 09:08:48.412858 21949 tablet_service.cc:1511] Processing CreateTablet for tablet 1f416a33eb8544cabdf8368abcba081c (DEFAULT_TABLE table=test-workload [id=16ceb54fcd2c4ff9b6575c9fdf65db10]), partition=RANGE (key) PARTITION 1193046470 <= VALUES < 1431655764
I20260713 09:08:48.417234 21950 data_dirs.cc:400] Could only allocate 1 dirs of requested 3 for tablet f05b58ef9cb84c2595d999525e73d97a. 1 dirs total, 0 dirs full, 0 dirs failed
I20260713 09:08:48.414855 21948 tablet_service.cc:1511] Processing CreateTablet for tablet 6801362b11cb4647bc1c2162fa7c9eb6 (DEFAULT_TABLE table=test-workload [id=16ceb54fcd2c4ff9b6575c9fdf65db10]), partition=RANGE (key) PARTITION 1431655764 <= VALUES < 1670265058
I20260713 09:08:48.408950 21953 tablet_service.cc:1511] Processing CreateTablet for tablet 65f41ea1f7734d46a0c8807f538d053c (DEFAULT_TABLE table=test-workload [id=16ceb54fcd2c4ff9b6575c9fdf65db10]), partition=RANGE (key) PARTITION 238609294 <= VALUES < 477218588
I20260713 09:08:48.430877 21947 data_dirs.cc:400] Could only allocate 1 dirs of requested 3 for tablet 28970ddb3e9a43c68689d13c5dda6e8c. 1 dirs total, 0 dirs full, 0 dirs failed
I20260713 09:08:48.433362 21949 data_dirs.cc:400] Could only allocate 1 dirs of requested 3 for tablet 1f416a33eb8544cabdf8368abcba081c. 1 dirs total, 0 dirs full, 0 dirs failed
I20260713 09:08:48.438328 21953 data_dirs.cc:400] Could only allocate 1 dirs of requested 3 for tablet 65f41ea1f7734d46a0c8807f538d053c. 1 dirs total, 0 dirs full, 0 dirs failed
I20260713 09:08:48.440768 21948 data_dirs.cc:400] Could only allocate 1 dirs of requested 3 for tablet 6801362b11cb4647bc1c2162fa7c9eb6. 1 dirs total, 0 dirs full, 0 dirs failed
I20260713 09:08:48.442744 21952 data_dirs.cc:400] Could only allocate 1 dirs of requested 3 for tablet 94def7e659f8483293367830eb53a1a2. 1 dirs total, 0 dirs full, 0 dirs failed
I20260713 09:08:48.447620 21946 data_dirs.cc:400] Could only allocate 1 dirs of requested 3 for tablet 82647488473e40e6b39c246230664cce. 1 dirs total, 0 dirs full, 0 dirs failed
I20260713 09:08:48.462960 21951 data_dirs.cc:400] Could only allocate 1 dirs of requested 3 for tablet a547c0cd606b434d9097017fb21a5a29. 1 dirs total, 0 dirs full, 0 dirs failed
I20260713 09:08:48.477720 21954 data_dirs.cc:400] Could only allocate 1 dirs of requested 3 for tablet e302cb7805ca4d30ba1e38a0963e4a49. 1 dirs total, 0 dirs full, 0 dirs failed
I20260713 09:08:48.537793 22157 tablet_bootstrap.cc:492] T e302cb7805ca4d30ba1e38a0963e4a49 P c7152b90137b4b09a788aa5e56525d03: Bootstrap starting.
I20260713 09:08:48.584666 22158 tablet_bootstrap.cc:492] T 94def7e659f8483293367830eb53a1a2 P c80f452b497d4998b48e6150eb0f6bee: Bootstrap starting.
I20260713 09:08:48.590703 22157 tablet_bootstrap.cc:654] T e302cb7805ca4d30ba1e38a0963e4a49 P c7152b90137b4b09a788aa5e56525d03: Neither blocks nor log segments found. Creating new log.
I20260713 09:08:48.603098 22156 tablet_bootstrap.cc:654] T e302cb7805ca4d30ba1e38a0963e4a49 P 16d74dccce544207b61db9155af533d4: Neither blocks nor log segments found. Creating new log.
I20260713 09:08:48.621549 22158 tablet_bootstrap.cc:654] T 94def7e659f8483293367830eb53a1a2 P c80f452b497d4998b48e6150eb0f6bee: Neither blocks nor log segments found. Creating new log.
I20260713 09:08:48.624445 22156 tablet_bootstrap.cc:492] T e302cb7805ca4d30ba1e38a0963e4a49 P 16d74dccce544207b61db9155af533d4: No bootstrap required, opened a new log
I20260713 09:08:48.624912 22156 ts_tablet_manager.cc:1403] T e302cb7805ca4d30ba1e38a0963e4a49 P 16d74dccce544207b61db9155af533d4: Time spent bootstrapping tablet: real 0.277s	user 0.003s	sys 0.015s
I20260713 09:08:48.625574 22157 tablet_bootstrap.cc:492] T e302cb7805ca4d30ba1e38a0963e4a49 P c7152b90137b4b09a788aa5e56525d03: No bootstrap required, opened a new log
I20260713 09:08:48.626075 22157 ts_tablet_manager.cc:1403] T e302cb7805ca4d30ba1e38a0963e4a49 P c7152b90137b4b09a788aa5e56525d03: Time spent bootstrapping tablet: real 0.119s	user 0.017s	sys 0.005s
I20260713 09:08:48.627983 22156 raft_consensus.cc:359] T e302cb7805ca4d30ba1e38a0963e4a49 P 16d74dccce544207b61db9155af533d4 [term 0 FOLLOWER]: Replica starting. Triggering 0 pending ops. Active config: opid_index: -1 OBSOLETE_local: false peers { permanent_uuid: "c7152b90137b4b09a788aa5e56525d03" member_type: VOTER last_known_addr { host: "127.21.81.66" port: 38031 } } peers { permanent_uuid: "c80f452b497d4998b48e6150eb0f6bee" member_type: VOTER last_known_addr { host: "127.21.81.65" port: 44595 } } peers { permanent_uuid: "16d74dccce544207b61db9155af533d4" member_type: VOTER last_known_addr { host: "127.21.81.67" port: 40033 } }
I20260713 09:08:48.628743 22156 raft_consensus.cc:385] T e302cb7805ca4d30ba1e38a0963e4a49 P 16d74dccce544207b61db9155af533d4 [term 0 FOLLOWER]: Consensus starting up: Expiring failure detector timer to make a prompt election more likely
I20260713 09:08:48.629053 22156 raft_consensus.cc:740] T e302cb7805ca4d30ba1e38a0963e4a49 P 16d74dccce544207b61db9155af533d4 [term 0 FOLLOWER]: Becoming Follower/Learner. State: Replica: 16d74dccce544207b61db9155af533d4, State: Initialized, Role: FOLLOWER
I20260713 09:08:48.629902 22156 consensus_queue.cc:260] T e302cb7805ca4d30ba1e38a0963e4a49 P 16d74dccce544207b61db9155af533d4 [NON_LEADER]: Queue going to NON_LEADER mode. State: All replicated index: 0, Majority replicated index: 0, Committed index: 0, Last appended: 0.0, Last appended by leader: 0, Current term: 0, Majority size: -1, State: 0, Mode: NON_LEADER, active raft config: opid_index: -1 OBSOLETE_local: false peers { permanent_uuid: "c7152b90137b4b09a788aa5e56525d03" member_type: VOTER last_known_addr { host: "127.21.81.66" port: 38031 } } peers { permanent_uuid: "c80f452b497d4998b48e6150eb0f6bee" member_type: VOTER last_known_addr { host: "127.21.81.65" port: 44595 } } peers { permanent_uuid: "16d74dccce544207b61db9155af533d4" member_type: VOTER last_known_addr { host: "127.21.81.67" port: 40033 } }
I20260713 09:08:48.629994 22157 raft_consensus.cc:359] T e302cb7805ca4d30ba1e38a0963e4a49 P c7152b90137b4b09a788aa5e56525d03 [term 0 FOLLOWER]: Replica starting. Triggering 0 pending ops. Active config: opid_index: -1 OBSOLETE_local: false peers { permanent_uuid: "c7152b90137b4b09a788aa5e56525d03" member_type: VOTER last_known_addr { host: "127.21.81.66" port: 38031 } } peers { permanent_uuid: "c80f452b497d4998b48e6150eb0f6bee" member_type: VOTER last_known_addr { host: "127.21.81.65" port: 44595 } } peers { permanent_uuid: "16d74dccce544207b61db9155af533d4" member_type: VOTER last_known_addr { host: "127.21.81.67" port: 40033 } }
I20260713 09:08:48.631119 22157 raft_consensus.cc:385] T e302cb7805ca4d30ba1e38a0963e4a49 P c7152b90137b4b09a788aa5e56525d03 [term 0 FOLLOWER]: Consensus starting up: Expiring failure detector timer to make a prompt election more likely
I20260713 09:08:48.631568 22157 raft_consensus.cc:740] T e302cb7805ca4d30ba1e38a0963e4a49 P c7152b90137b4b09a788aa5e56525d03 [term 0 FOLLOWER]: Becoming Follower/Learner. State: Replica: c7152b90137b4b09a788aa5e56525d03, State: Initialized, Role: FOLLOWER
I20260713 09:08:48.632704 22157 consensus_queue.cc:260] T e302cb7805ca4d30ba1e38a0963e4a49 P c7152b90137b4b09a788aa5e56525d03 [NON_LEADER]: Queue going to NON_LEADER mode. State: All replicated index: 0, Majority replicated index: 0, Committed index: 0, Last appended: 0.0, Last appended by leader: 0, Current term: 0, Majority size: -1, State: 0, Mode: NON_LEADER, active raft config: opid_index: -1 OBSOLETE_local: false peers { permanent_uuid: "c7152b90137b4b09a788aa5e56525d03" member_type: VOTER last_known_addr { host: "127.21.81.66" port: 38031 } } peers { permanent_uuid: "c80f452b497d4998b48e6150eb0f6bee" member_type: VOTER last_known_addr { host: "127.21.81.65" port: 44595 } } peers { permanent_uuid: "16d74dccce544207b61db9155af533d4" member_type: VOTER last_known_addr { host: "127.21.81.67" port: 40033 } }
I20260713 09:08:48.638510 22138 heartbeater.cc:499] Master 127.21.81.126:34273 was elected leader, sending a full tablet report...
I20260713 09:08:48.639442 22156 ts_tablet_manager.cc:1434] T e302cb7805ca4d30ba1e38a0963e4a49 P 16d74dccce544207b61db9155af533d4: Time spent starting tablet: real 0.014s	user 0.012s	sys 0.000s
I20260713 09:08:48.640400 22156 tablet_bootstrap.cc:492] T a547c0cd606b434d9097017fb21a5a29 P 16d74dccce544207b61db9155af533d4: Bootstrap starting.
I20260713 09:08:48.640730 22157 ts_tablet_manager.cc:1434] T e302cb7805ca4d30ba1e38a0963e4a49 P c7152b90137b4b09a788aa5e56525d03: Time spent starting tablet: real 0.014s	user 0.007s	sys 0.004s
I20260713 09:08:48.641639 22157 tablet_bootstrap.cc:492] T 65f41ea1f7734d46a0c8807f538d053c P c7152b90137b4b09a788aa5e56525d03: Bootstrap starting.
I20260713 09:08:48.643074 22064 heartbeater.cc:499] Master 127.21.81.126:34273 was elected leader, sending a full tablet report...
I20260713 09:08:48.646232 22158 tablet_bootstrap.cc:492] T 94def7e659f8483293367830eb53a1a2 P c80f452b497d4998b48e6150eb0f6bee: No bootstrap required, opened a new log
I20260713 09:08:48.646709 22158 ts_tablet_manager.cc:1403] T 94def7e659f8483293367830eb53a1a2 P c80f452b497d4998b48e6150eb0f6bee: Time spent bootstrapping tablet: real 0.063s	user 0.013s	sys 0.010s
I20260713 09:08:48.656915 22157 tablet_bootstrap.cc:654] T 65f41ea1f7734d46a0c8807f538d053c P c7152b90137b4b09a788aa5e56525d03: Neither blocks nor log segments found. Creating new log.
I20260713 09:08:48.653309 22156 tablet_bootstrap.cc:654] T a547c0cd606b434d9097017fb21a5a29 P 16d74dccce544207b61db9155af533d4: Neither blocks nor log segments found. Creating new log.
