I20260713 09:09:04.377031 27895 catalog_manager.cc:5697] T 0abcf1be4cb64f43b105d8bfb072582b P 813a727030204aac9498ec16ed31b77b reported cstate change: term changed from 2 to 3, leader changed from 00eb9722657f40fba1a3a62412be9ce8 (127.26.184.2) to 813a727030204aac9498ec16ed31b77b (127.26.184.1). New cstate: current_term: 3 leader_uuid: "813a727030204aac9498ec16ed31b77b" committed_config { opid_index: -1 OBSOLETE_local: false peers { permanent_uuid: "813a727030204aac9498ec16ed31b77b" member_type: VOTER last_known_addr { host: "127.26.184.1" port: 42637 } health_report { overall_health: HEALTHY } } peers { permanent_uuid: "00eb9722657f40fba1a3a62412be9ce8" member_type: VOTER last_known_addr { host: "127.26.184.2" port: 37601 } health_report { overall_health: UNKNOWN } } peers { permanent_uuid: "0f9bb48dc914491293f65105faf55237" member_type: VOTER last_known_addr { host: "127.26.184.3" port: 36071 } health_report { overall_health: UNKNOWN } } }
I20260713 09:09:04.378271 27998 raft_consensus.cc:515] T 43ec9ba95fd4470fb9e3235e03337d94 P 813a727030204aac9498ec16ed31b77b [term 3 FOLLOWER]: Starting forced leader election with config: opid_index: -1 OBSOLETE_local: false peers { permanent_uuid: "813a727030204aac9498ec16ed31b77b" member_type: VOTER last_known_addr { host: "127.26.184.1" port: 42637 } } peers { permanent_uuid: "00eb9722657f40fba1a3a62412be9ce8" member_type: VOTER last_known_addr { host: "127.26.184.2" port: 37601 } } peers { permanent_uuid: "0f9bb48dc914491293f65105faf55237" member_type: VOTER last_known_addr { host: "127.26.184.3" port: 36071 } }
I20260713 09:09:04.381017 28073 tablet_service.cc:1917] Received RequestConsensusVote() RPC: tablet_id: "43ec9ba95fd4470fb9e3235e03337d94" candidate_uuid: "813a727030204aac9498ec16ed31b77b" candidate_term: 3 candidate_status { last_received { term: 2 index: 2 } } ignore_live_leader: true dest_uuid: "00eb9722657f40fba1a3a62412be9ce8"
I20260713 09:09:04.381608 28073 raft_consensus.cc:3055] T 43ec9ba95fd4470fb9e3235e03337d94 P 00eb9722657f40fba1a3a62412be9ce8 [term 2 LEADER]: Stepping down as leader of term 2
I20260713 09:09:04.381917 28073 raft_consensus.cc:740] T 43ec9ba95fd4470fb9e3235e03337d94 P 00eb9722657f40fba1a3a62412be9ce8 [term 2 LEADER]: Becoming Follower/Learner. State: Replica: 00eb9722657f40fba1a3a62412be9ce8, State: Running, Role: LEADER
I20260713 09:09:04.382193 27998 leader_election.cc:290] T 43ec9ba95fd4470fb9e3235e03337d94 P 813a727030204aac9498ec16ed31b77b [CANDIDATE]: Term 3 election: Requested vote from peers 00eb9722657f40fba1a3a62412be9ce8 (127.26.184.2:37601), 0f9bb48dc914491293f65105faf55237 (127.26.184.3:36071)
I20260713 09:09:04.382668 28073 consensus_queue.cc:260] T 43ec9ba95fd4470fb9e3235e03337d94 P 00eb9722657f40fba1a3a62412be9ce8 [NON_LEADER]: Queue going to NON_LEADER mode. State: All replicated index: 0, Majority replicated index: 2, Committed index: 2, Last appended: 2.2, Last appended by leader: 2, Current term: 2, Majority size: -1, State: 0, Mode: NON_LEADER, active raft config: opid_index: -1 OBSOLETE_local: false peers { permanent_uuid: "813a727030204aac9498ec16ed31b77b" member_type: VOTER last_known_addr { host: "127.26.184.1" port: 42637 } } peers { permanent_uuid: "00eb9722657f40fba1a3a62412be9ce8" member_type: VOTER last_known_addr { host: "127.26.184.2" port: 37601 } } peers { permanent_uuid: "0f9bb48dc914491293f65105faf55237" member_type: VOTER last_known_addr { host: "127.26.184.3" port: 36071 } }
I20260713 09:09:04.383558 28147 tablet_service.cc:1917] Received RequestConsensusVote() RPC: tablet_id: "43ec9ba95fd4470fb9e3235e03337d94" candidate_uuid: "813a727030204aac9498ec16ed31b77b" candidate_term: 3 candidate_status { last_received { term: 2 index: 2 } } ignore_live_leader: true dest_uuid: "0f9bb48dc914491293f65105faf55237"
I20260713 09:09:04.383893 28073 raft_consensus.cc:3060] T 43ec9ba95fd4470fb9e3235e03337d94 P 00eb9722657f40fba1a3a62412be9ce8 [term 2 FOLLOWER]: Advancing to term 3
I20260713 09:09:04.384045 28147 raft_consensus.cc:3060] T 43ec9ba95fd4470fb9e3235e03337d94 P 0f9bb48dc914491293f65105faf55237 [term 2 FOLLOWER]: Advancing to term 3
I20260713 09:09:04.385857 28280 raft_consensus.cc:993] T 382d61746017402c957ca861738b9663 P 0f9bb48dc914491293f65105faf55237: : Instructing follower 813a727030204aac9498ec16ed31b77b to start an election
I20260713 09:09:04.386417 28280 raft_consensus.cc:1081] T 382d61746017402c957ca861738b9663 P 0f9bb48dc914491293f65105faf55237 [term 3 LEADER]: Signalling peer 813a727030204aac9498ec16ed31b77b to start an election
I20260713 09:09:04.388636 27997 tablet_service.cc:2044] Received Run Leader Election RPC: tablet_id: "382d61746017402c957ca861738b9663"
dest_uuid: "813a727030204aac9498ec16ed31b77b"
 from {username='slave'} at 127.0.0.1:52216
I20260713 09:09:04.389192 27997 raft_consensus.cc:493] T 382d61746017402c957ca861738b9663 P 813a727030204aac9498ec16ed31b77b [term 3 FOLLOWER]: Starting forced leader election (received explicit request)
I20260713 09:09:04.389564 27997 raft_consensus.cc:3060] T 382d61746017402c957ca861738b9663 P 813a727030204aac9498ec16ed31b77b [term 3 FOLLOWER]: Advancing to term 4
I20260713 09:09:04.390075 28147 raft_consensus.cc:2468] T 43ec9ba95fd4470fb9e3235e03337d94 P 0f9bb48dc914491293f65105faf55237 [term 3 FOLLOWER]: Leader election vote request: Granting yes vote for candidate 813a727030204aac9498ec16ed31b77b in term 3.
I20260713 09:09:04.393396 27965 leader_election.cc:304] T 43ec9ba95fd4470fb9e3235e03337d94 P 813a727030204aac9498ec16ed31b77b [CANDIDATE]: Term 3 election: Election decided. Result: candidate won. Election summary: received 2 responses out of 3 voters: 2 yes votes; 0 no votes. yes voters: 0f9bb48dc914491293f65105faf55237, 813a727030204aac9498ec16ed31b77b; no voters: 
I20260713 09:09:04.393852 28073 raft_consensus.cc:2468] T 43ec9ba95fd4470fb9e3235e03337d94 P 00eb9722657f40fba1a3a62412be9ce8 [term 3 FOLLOWER]: Leader election vote request: Granting yes vote for candidate 813a727030204aac9498ec16ed31b77b in term 3.
I20260713 09:09:04.394189 28198 raft_consensus.cc:2804] T 43ec9ba95fd4470fb9e3235e03337d94 P 813a727030204aac9498ec16ed31b77b [term 3 FOLLOWER]: Leader election won for term 3
I20260713 09:09:04.394629 28198 raft_consensus.cc:697] T 43ec9ba95fd4470fb9e3235e03337d94 P 813a727030204aac9498ec16ed31b77b [term 3 LEADER]: Becoming Leader. State: Replica: 813a727030204aac9498ec16ed31b77b, State: Running, Role: LEADER
I20260713 09:09:04.395336 28198 consensus_queue.cc:237] T 43ec9ba95fd4470fb9e3235e03337d94 P 813a727030204aac9498ec16ed31b77b [LEADER]: Queue going to LEADER mode. State: All replicated index: 0, Majority replicated index: 2, Committed index: 2, Last appended: 2.2, Last appended by leader: 2, Current term: 3, Majority size: 2, State: 0, Mode: LEADER, active raft config: opid_index: -1 OBSOLETE_local: false peers { permanent_uuid: "813a727030204aac9498ec16ed31b77b" member_type: VOTER last_known_addr { host: "127.26.184.1" port: 42637 } } peers { permanent_uuid: "00eb9722657f40fba1a3a62412be9ce8" member_type: VOTER last_known_addr { host: "127.26.184.2" port: 37601 } } peers { permanent_uuid: "0f9bb48dc914491293f65105faf55237" member_type: VOTER last_known_addr { host: "127.26.184.3" port: 36071 } }
I20260713 09:09:04.396418 27997 raft_consensus.cc:515] T 382d61746017402c957ca861738b9663 P 813a727030204aac9498ec16ed31b77b [term 4 FOLLOWER]: Starting forced leader election with config: opid_index: -1 OBSOLETE_local: false peers { permanent_uuid: "00eb9722657f40fba1a3a62412be9ce8" member_type: VOTER last_known_addr { host: "127.26.184.2" port: 37601 } } peers { permanent_uuid: "0f9bb48dc914491293f65105faf55237" member_type: VOTER last_known_addr { host: "127.26.184.3" port: 36071 } } peers { permanent_uuid: "813a727030204aac9498ec16ed31b77b" member_type: VOTER last_known_addr { host: "127.26.184.1" port: 42637 } }
I20260713 09:09:04.398279 27997 leader_election.cc:290] T 382d61746017402c957ca861738b9663 P 813a727030204aac9498ec16ed31b77b [CANDIDATE]: Term 4 election: Requested vote from peers 00eb9722657f40fba1a3a62412be9ce8 (127.26.184.2:37601), 0f9bb48dc914491293f65105faf55237 (127.26.184.3:36071)
I20260713 09:09:04.398939 28073 tablet_service.cc:1917] Received RequestConsensusVote() RPC: tablet_id: "382d61746017402c957ca861738b9663" candidate_uuid: "813a727030204aac9498ec16ed31b77b" candidate_term: 4 candidate_status { last_received { term: 3 index: 3 } } ignore_live_leader: true dest_uuid: "00eb9722657f40fba1a3a62412be9ce8"
I20260713 09:09:04.399490 28073 raft_consensus.cc:3060] T 382d61746017402c957ca861738b9663 P 00eb9722657f40fba1a3a62412be9ce8 [term 3 FOLLOWER]: Advancing to term 4
I20260713 09:09:04.399554 28147 tablet_service.cc:1917] Received RequestConsensusVote() RPC: tablet_id: "382d61746017402c957ca861738b9663" candidate_uuid: "813a727030204aac9498ec16ed31b77b" candidate_term: 4 candidate_status { last_received { term: 3 index: 3 } } ignore_live_leader: true dest_uuid: "0f9bb48dc914491293f65105faf55237"
I20260713 09:09:04.400068 28147 raft_consensus.cc:3055] T 382d61746017402c957ca861738b9663 P 0f9bb48dc914491293f65105faf55237 [term 3 LEADER]: Stepping down as leader of term 3
I20260713 09:09:04.400344 28147 raft_consensus.cc:740] T 382d61746017402c957ca861738b9663 P 0f9bb48dc914491293f65105faf55237 [term 3 LEADER]: Becoming Follower/Learner. State: Replica: 0f9bb48dc914491293f65105faf55237, State: Running, Role: LEADER
I20260713 09:09:04.401003 28147 consensus_queue.cc:260] T 382d61746017402c957ca861738b9663 P 0f9bb48dc914491293f65105faf55237 [NON_LEADER]: Queue going to NON_LEADER mode. State: All replicated index: 0, Majority replicated index: 3, Committed index: 3, Last appended: 3.3, Last appended by leader: 3, Current term: 3, Majority size: -1, State: 0, Mode: NON_LEADER, active raft config: opid_index: -1 OBSOLETE_local: false peers { permanent_uuid: "00eb9722657f40fba1a3a62412be9ce8" member_type: VOTER last_known_addr { host: "127.26.184.2" port: 37601 } } peers { permanent_uuid: "0f9bb48dc914491293f65105faf55237" member_type: VOTER last_known_addr { host: "127.26.184.3" port: 36071 } } peers { permanent_uuid: "813a727030204aac9498ec16ed31b77b" member_type: VOTER last_known_addr { host: "127.26.184.1" port: 42637 } }
I20260713 09:09:04.402000 28147 raft_consensus.cc:3060] T 382d61746017402c957ca861738b9663 P 0f9bb48dc914491293f65105faf55237 [term 3 FOLLOWER]: Advancing to term 4
I20260713 09:09:04.405486 28073 raft_consensus.cc:2468] T 382d61746017402c957ca861738b9663 P 00eb9722657f40fba1a3a62412be9ce8 [term 4 FOLLOWER]: Leader election vote request: Granting yes vote for candidate 813a727030204aac9498ec16ed31b77b in term 4.
I20260713 09:09:04.406859 27963 leader_election.cc:304] T 382d61746017402c957ca861738b9663 P 813a727030204aac9498ec16ed31b77b [CANDIDATE]: Term 4 election: Election decided. Result: candidate won. Election summary: received 2 responses out of 3 voters: 2 yes votes; 0 no votes. yes voters: 00eb9722657f40fba1a3a62412be9ce8, 813a727030204aac9498ec16ed31b77b; no voters: 
I20260713 09:09:04.407583 28198 raft_consensus.cc:2804] T 382d61746017402c957ca861738b9663 P 813a727030204aac9498ec16ed31b77b [term 4 FOLLOWER]: Leader election won for term 4
I20260713 09:09:04.407811 28147 raft_consensus.cc:2468] T 382d61746017402c957ca861738b9663 P 0f9bb48dc914491293f65105faf55237 [term 4 FOLLOWER]: Leader election vote request: Granting yes vote for candidate 813a727030204aac9498ec16ed31b77b in term 4.
I20260713 09:09:04.408082 28198 raft_consensus.cc:697] T 382d61746017402c957ca861738b9663 P 813a727030204aac9498ec16ed31b77b [term 4 LEADER]: Becoming Leader. State: Replica: 813a727030204aac9498ec16ed31b77b, State: Running, Role: LEADER
I20260713 09:09:04.408833 28198 consensus_queue.cc:237] T 382d61746017402c957ca861738b9663 P 813a727030204aac9498ec16ed31b77b [LEADER]: Queue going to LEADER mode. State: All replicated index: 0, Majority replicated index: 3, Committed index: 3, Last appended: 3.3, Last appended by leader: 3, Current term: 4, Majority size: 2, State: 0, Mode: LEADER, active raft config: opid_index: -1 OBSOLETE_local: false peers { permanent_uuid: "00eb9722657f40fba1a3a62412be9ce8" member_type: VOTER last_known_addr { host: "127.26.184.2" port: 37601 } } peers { permanent_uuid: "0f9bb48dc914491293f65105faf55237" member_type: VOTER last_known_addr { host: "127.26.184.3" port: 36071 } } peers { permanent_uuid: "813a727030204aac9498ec16ed31b77b" member_type: VOTER last_known_addr { host: "127.26.184.1" port: 42637 } }
I20260713 09:09:04.410265 27895 catalog_manager.cc:5697] T 43ec9ba95fd4470fb9e3235e03337d94 P 813a727030204aac9498ec16ed31b77b reported cstate change: term changed from 2 to 3, leader changed from 00eb9722657f40fba1a3a62412be9ce8 (127.26.184.2) to 813a727030204aac9498ec16ed31b77b (127.26.184.1). New cstate: current_term: 3 leader_uuid: "813a727030204aac9498ec16ed31b77b" committed_config { opid_index: -1 OBSOLETE_local: false peers { permanent_uuid: "813a727030204aac9498ec16ed31b77b" member_type: VOTER last_known_addr { host: "127.26.184.1" port: 42637 } health_report { overall_health: HEALTHY } } peers { permanent_uuid: "00eb9722657f40fba1a3a62412be9ce8" member_type: VOTER last_known_addr { host: "127.26.184.2" port: 37601 } health_report { overall_health: UNKNOWN } } peers { permanent_uuid: "0f9bb48dc914491293f65105faf55237" member_type: VOTER last_known_addr { host: "127.26.184.3" port: 36071 } health_report { overall_health: UNKNOWN } } }
I20260713 09:09:04.420887 27895 catalog_manager.cc:5697] T 382d61746017402c957ca861738b9663 P 813a727030204aac9498ec16ed31b77b reported cstate change: term changed from 3 to 4, leader changed from 0f9bb48dc914491293f65105faf55237 (127.26.184.3) to 813a727030204aac9498ec16ed31b77b (127.26.184.1). New cstate: current_term: 4 leader_uuid: "813a727030204aac9498ec16ed31b77b" committed_config { opid_index: -1 OBSOLETE_local: false peers { permanent_uuid: "00eb9722657f40fba1a3a62412be9ce8" member_type: VOTER last_known_addr { host: "127.26.184.2" port: 37601 } health_report { overall_health: UNKNOWN } } peers { permanent_uuid: "0f9bb48dc914491293f65105faf55237" member_type: VOTER last_known_addr { host: "127.26.184.3" port: 36071 } health_report { overall_health: UNKNOWN } } peers { permanent_uuid: "813a727030204aac9498ec16ed31b77b" member_type: VOTER last_known_addr { host: "127.26.184.1" port: 42637 } health_report { overall_health: HEALTHY } } }
I20260713 09:09:04.626936 28304 raft_consensus.cc:993] T bd1a0db16c284e0299eae5c33708de8d P 00eb9722657f40fba1a3a62412be9ce8: : Instructing follower 813a727030204aac9498ec16ed31b77b to start an election
I20260713 09:09:04.627472 28302 raft_consensus.cc:1081] T bd1a0db16c284e0299eae5c33708de8d P 00eb9722657f40fba1a3a62412be9ce8 [term 1 LEADER]: Signalling peer 813a727030204aac9498ec16ed31b77b to start an election
I20260713 09:09:04.628928 27997 tablet_service.cc:2044] Received Run Leader Election RPC: tablet_id: "bd1a0db16c284e0299eae5c33708de8d"
dest_uuid: "813a727030204aac9498ec16ed31b77b"
 from {username='slave'} at 127.0.0.1:52230
I20260713 09:09:04.629410 27997 raft_consensus.cc:493] T bd1a0db16c284e0299eae5c33708de8d P 813a727030204aac9498ec16ed31b77b [term 1 FOLLOWER]: Starting forced leader election (received explicit request)
I20260713 09:09:04.629731 27997 raft_consensus.cc:3060] T bd1a0db16c284e0299eae5c33708de8d P 813a727030204aac9498ec16ed31b77b [term 1 FOLLOWER]: Advancing to term 2
I20260713 09:09:04.633934 27997 raft_consensus.cc:515] T bd1a0db16c284e0299eae5c33708de8d P 813a727030204aac9498ec16ed31b77b [term 2 FOLLOWER]: Starting forced leader election with config: opid_index: -1 OBSOLETE_local: false peers { permanent_uuid: "813a727030204aac9498ec16ed31b77b" member_type: VOTER last_known_addr { host: "127.26.184.1" port: 42637 } } peers { permanent_uuid: "00eb9722657f40fba1a3a62412be9ce8" member_type: VOTER last_known_addr { host: "127.26.184.2" port: 37601 } } peers { permanent_uuid: "0f9bb48dc914491293f65105faf55237" member_type: VOTER last_known_addr { host: "127.26.184.3" port: 36071 } }
I20260713 09:09:04.635530 27997 leader_election.cc:290] T bd1a0db16c284e0299eae5c33708de8d P 813a727030204aac9498ec16ed31b77b [CANDIDATE]: Term 2 election: Requested vote from peers 00eb9722657f40fba1a3a62412be9ce8 (127.26.184.2:37601), 0f9bb48dc914491293f65105faf55237 (127.26.184.3:36071)
I20260713 09:09:04.636314 28073 tablet_service.cc:1917] Received RequestConsensusVote() RPC: tablet_id: "bd1a0db16c284e0299eae5c33708de8d" candidate_uuid: "813a727030204aac9498ec16ed31b77b" candidate_term: 2 candidate_status { last_received { term: 1 index: 1 } } ignore_live_leader: true dest_uuid: "00eb9722657f40fba1a3a62412be9ce8"
I20260713 09:09:04.636600 28147 tablet_service.cc:1917] Received RequestConsensusVote() RPC: tablet_id: "bd1a0db16c284e0299eae5c33708de8d" candidate_uuid: "813a727030204aac9498ec16ed31b77b" candidate_term: 2 candidate_status { last_received { term: 1 index: 1 } } ignore_live_leader: true dest_uuid: "0f9bb48dc914491293f65105faf55237"
I20260713 09:09:04.637115 28147 raft_consensus.cc:3060] T bd1a0db16c284e0299eae5c33708de8d P 0f9bb48dc914491293f65105faf55237 [term 1 FOLLOWER]: Advancing to term 2
I20260713 09:09:04.636842 28073 raft_consensus.cc:3055] T bd1a0db16c284e0299eae5c33708de8d P 00eb9722657f40fba1a3a62412be9ce8 [term 1 LEADER]: Stepping down as leader of term 1
I20260713 09:09:04.637917 28073 raft_consensus.cc:740] T bd1a0db16c284e0299eae5c33708de8d P 00eb9722657f40fba1a3a62412be9ce8 [term 1 LEADER]: Becoming Follower/Learner. State: Replica: 00eb9722657f40fba1a3a62412be9ce8, State: Running, Role: LEADER
I20260713 09:09:04.638665 28073 consensus_queue.cc:260] T bd1a0db16c284e0299eae5c33708de8d P 00eb9722657f40fba1a3a62412be9ce8 [NON_LEADER]: Queue going to NON_LEADER mode. State: All replicated index: 0, Majority replicated index: 1, Committed index: 1, Last appended: 1.1, Last appended by leader: 1, Current term: 1, Majority size: -1, State: 0, Mode: NON_LEADER, active raft config: opid_index: -1 OBSOLETE_local: false peers { permanent_uuid: "813a727030204aac9498ec16ed31b77b" member_type: VOTER last_known_addr { host: "127.26.184.1" port: 42637 } } peers { permanent_uuid: "00eb9722657f40fba1a3a62412be9ce8" member_type: VOTER last_known_addr { host: "127.26.184.2" port: 37601 } } peers { permanent_uuid: "0f9bb48dc914491293f65105faf55237" member_type: VOTER last_known_addr { host: "127.26.184.3" port: 36071 } }
I20260713 09:09:04.639848 28073 raft_consensus.cc:3060] T bd1a0db16c284e0299eae5c33708de8d P 00eb9722657f40fba1a3a62412be9ce8 [term 1 FOLLOWER]: Advancing to term 2
I20260713 09:09:04.641875 28147 raft_consensus.cc:2468] T bd1a0db16c284e0299eae5c33708de8d P 0f9bb48dc914491293f65105faf55237 [term 2 FOLLOWER]: Leader election vote request: Granting yes vote for candidate 813a727030204aac9498ec16ed31b77b in term 2.
I20260713 09:09:04.642683 27965 leader_election.cc:304] T bd1a0db16c284e0299eae5c33708de8d P 813a727030204aac9498ec16ed31b77b [CANDIDATE]: Term 2 election: Election decided. Result: candidate won. Election summary: received 2 responses out of 3 voters: 2 yes votes; 0 no votes. yes voters: 0f9bb48dc914491293f65105faf55237, 813a727030204aac9498ec16ed31b77b; no voters: 
I20260713 09:09:04.643298 28198 raft_consensus.cc:2804] T bd1a0db16c284e0299eae5c33708de8d P 813a727030204aac9498ec16ed31b77b [term 2 FOLLOWER]: Leader election won for term 2
I20260713 09:09:04.643713 28198 raft_consensus.cc:697] T bd1a0db16c284e0299eae5c33708de8d P 813a727030204aac9498ec16ed31b77b [term 2 LEADER]: Becoming Leader. State: Replica: 813a727030204aac9498ec16ed31b77b, State: Running, Role: LEADER
I20260713 09:09:04.644516 28198 consensus_queue.cc:237] T bd1a0db16c284e0299eae5c33708de8d P 813a727030204aac9498ec16ed31b77b [LEADER]: Queue going to LEADER mode. State: All replicated index: 0, Majority replicated index: 1, Committed index: 1, Last appended: 1.1, Last appended by leader: 1, Current term: 2, Majority size: 2, State: 0, Mode: LEADER, active raft config: opid_index: -1 OBSOLETE_local: false peers { permanent_uuid: "813a727030204aac9498ec16ed31b77b" member_type: VOTER last_known_addr { host: "127.26.184.1" port: 42637 } } peers { permanent_uuid: "00eb9722657f40fba1a3a62412be9ce8" member_type: VOTER last_known_addr { host: "127.26.184.2" port: 37601 } } peers { permanent_uuid: "0f9bb48dc914491293f65105faf55237" member_type: VOTER last_known_addr { host: "127.26.184.3" port: 36071 } }
I20260713 09:09:04.645239 28073 raft_consensus.cc:2468] T bd1a0db16c284e0299eae5c33708de8d P 00eb9722657f40fba1a3a62412be9ce8 [term 2 FOLLOWER]: Leader election vote request: Granting yes vote for candidate 813a727030204aac9498ec16ed31b77b in term 2.
I20260713 09:09:04.650910 27895 catalog_manager.cc:5697] T bd1a0db16c284e0299eae5c33708de8d P 813a727030204aac9498ec16ed31b77b reported cstate change: term changed from 1 to 2, leader changed from 00eb9722657f40fba1a3a62412be9ce8 (127.26.184.2) to 813a727030204aac9498ec16ed31b77b (127.26.184.1). New cstate: current_term: 2 leader_uuid: "813a727030204aac9498ec16ed31b77b" committed_config { opid_index: -1 OBSOLETE_local: false peers { permanent_uuid: "813a727030204aac9498ec16ed31b77b" member_type: VOTER last_known_addr { host: "127.26.184.1" port: 42637 } health_report { overall_health: HEALTHY } } peers { permanent_uuid: "00eb9722657f40fba1a3a62412be9ce8" member_type: VOTER last_known_addr { host: "127.26.184.2" port: 37601 } health_report { overall_health: UNKNOWN } } peers { permanent_uuid: "0f9bb48dc914491293f65105faf55237" member_type: VOTER last_known_addr { host: "127.26.184.3" port: 36071 } health_report { overall_health: UNKNOWN } } }
I20260713 09:09:04.773586 28280 raft_consensus.cc:993] T 0cf35c2c75a14679a76c4be92f24b83b P 0f9bb48dc914491293f65105faf55237: : Instructing follower 813a727030204aac9498ec16ed31b77b to start an election
I20260713 09:09:04.773998 28280 raft_consensus.cc:1081] T 0cf35c2c75a14679a76c4be92f24b83b P 0f9bb48dc914491293f65105faf55237 [term 3 LEADER]: Signalling peer 813a727030204aac9498ec16ed31b77b to start an election
I20260713 09:09:04.775370 27997 tablet_service.cc:2044] Received Run Leader Election RPC: tablet_id: "0cf35c2c75a14679a76c4be92f24b83b"
dest_uuid: "813a727030204aac9498ec16ed31b77b"
 from {username='slave'} at 127.0.0.1:52216
I20260713 09:09:04.775816 27997 raft_consensus.cc:493] T 0cf35c2c75a14679a76c4be92f24b83b P 813a727030204aac9498ec16ed31b77b [term 3 FOLLOWER]: Starting forced leader election (received explicit request)
I20260713 09:09:04.776109 27997 raft_consensus.cc:3060] T 0cf35c2c75a14679a76c4be92f24b83b P 813a727030204aac9498ec16ed31b77b [term 3 FOLLOWER]: Advancing to term 4
I20260713 09:09:04.779439 28147 raft_consensus.cc:1275] T 43ec9ba95fd4470fb9e3235e03337d94 P 0f9bb48dc914491293f65105faf55237 [term 3 FOLLOWER]: Refusing update from remote peer 813a727030204aac9498ec16ed31b77b: Log matching property violated. Preceding OpId in replica: term: 2 index: 2. Preceding OpId from leader: term: 3 index: 3. (index mismatch)
I20260713 09:09:04.780615 28198 consensus_queue.cc:1048] T 43ec9ba95fd4470fb9e3235e03337d94 P 813a727030204aac9498ec16ed31b77b [LEADER]: Connected to new peer: Peer: permanent_uuid: "0f9bb48dc914491293f65105faf55237" member_type: VOTER last_known_addr { host: "127.26.184.3" port: 36071 }, Status: LMP_MISMATCH, Last received: 0.0, Next index: 3, Last known committed idx: 2, Time since last communication: 0.000s
I20260713 09:09:04.781322 27997 raft_consensus.cc:515] T 0cf35c2c75a14679a76c4be92f24b83b P 813a727030204aac9498ec16ed31b77b [term 4 FOLLOWER]: Starting forced leader election with config: opid_index: -1 OBSOLETE_local: false peers { permanent_uuid: "813a727030204aac9498ec16ed31b77b" member_type: VOTER last_known_addr { host: "127.26.184.1" port: 42637 } } peers { permanent_uuid: "00eb9722657f40fba1a3a62412be9ce8" member_type: VOTER last_known_addr { host: "127.26.184.2" port: 37601 } } peers { permanent_uuid: "0f9bb48dc914491293f65105faf55237" member_type: VOTER last_known_addr { host: "127.26.184.3" port: 36071 } }
I20260713 09:09:04.783355 27997 leader_election.cc:290] T 0cf35c2c75a14679a76c4be92f24b83b P 813a727030204aac9498ec16ed31b77b [CANDIDATE]: Term 4 election: Requested vote from peers 00eb9722657f40fba1a3a62412be9ce8 (127.26.184.2:37601), 0f9bb48dc914491293f65105faf55237 (127.26.184.3:36071)
I20260713 09:09:04.783655 28073 tablet_service.cc:1917] Received RequestConsensusVote() RPC: tablet_id: "0cf35c2c75a14679a76c4be92f24b83b" candidate_uuid: "813a727030204aac9498ec16ed31b77b" candidate_term: 4 candidate_status { last_received { term: 3 index: 3 } } ignore_live_leader: true dest_uuid: "00eb9722657f40fba1a3a62412be9ce8"
I20260713 09:09:04.784257 28073 raft_consensus.cc:3060] T 0cf35c2c75a14679a76c4be92f24b83b P 00eb9722657f40fba1a3a62412be9ce8 [term 3 FOLLOWER]: Advancing to term 4
I20260713 09:09:04.784425 28148 tablet_service.cc:1917] Received RequestConsensusVote() RPC: tablet_id: "0cf35c2c75a14679a76c4be92f24b83b" candidate_uuid: "813a727030204aac9498ec16ed31b77b" candidate_term: 4 candidate_status { last_received { term: 3 index: 3 } } ignore_live_leader: true dest_uuid: "0f9bb48dc914491293f65105faf55237"
I20260713 09:09:04.785102 28148 raft_consensus.cc:3055] T 0cf35c2c75a14679a76c4be92f24b83b P 0f9bb48dc914491293f65105faf55237 [term 3 LEADER]: Stepping down as leader of term 3
I20260713 09:09:04.785624 28148 raft_consensus.cc:740] T 0cf35c2c75a14679a76c4be92f24b83b P 0f9bb48dc914491293f65105faf55237 [term 3 LEADER]: Becoming Follower/Learner. State: Replica: 0f9bb48dc914491293f65105faf55237, State: Running, Role: LEADER
I20260713 09:09:04.786505 28148 consensus_queue.cc:260] T 0cf35c2c75a14679a76c4be92f24b83b P 0f9bb48dc914491293f65105faf55237 [NON_LEADER]: Queue going to NON_LEADER mode. State: All replicated index: 0, Majority replicated index: 3, Committed index: 3, Last appended: 3.3, Last appended by leader: 3, Current term: 3, Majority size: -1, State: 0, Mode: NON_LEADER, active raft config: opid_index: -1 OBSOLETE_local: false peers { permanent_uuid: "813a727030204aac9498ec16ed31b77b" member_type: VOTER last_known_addr { host: "127.26.184.1" port: 42637 } } peers { permanent_uuid: "00eb9722657f40fba1a3a62412be9ce8" member_type: VOTER last_known_addr { host: "127.26.184.2" port: 37601 } } peers { permanent_uuid: "0f9bb48dc914491293f65105faf55237" member_type: VOTER last_known_addr { host: "127.26.184.3" port: 36071 } }
I20260713 09:09:04.787834 28148 raft_consensus.cc:3060] T 0cf35c2c75a14679a76c4be92f24b83b P 0f9bb48dc914491293f65105faf55237 [term 3 FOLLOWER]: Advancing to term 4
I20260713 09:09:04.792184 28073 raft_consensus.cc:2468] T 0cf35c2c75a14679a76c4be92f24b83b P 00eb9722657f40fba1a3a62412be9ce8 [term 4 FOLLOWER]: Leader election vote request: Granting yes vote for candidate 813a727030204aac9498ec16ed31b77b in term 4.
I20260713 09:09:04.793543 27963 leader_election.cc:304] T 0cf35c2c75a14679a76c4be92f24b83b P 813a727030204aac9498ec16ed31b77b [CANDIDATE]: Term 4 election: Election decided. Result: candidate won. Election summary: received 2 responses out of 3 voters: 2 yes votes; 0 no votes. yes voters: 00eb9722657f40fba1a3a62412be9ce8, 813a727030204aac9498ec16ed31b77b; no voters: 
I20260713 09:09:04.795290 28148 raft_consensus.cc:2468] T 0cf35c2c75a14679a76c4be92f24b83b P 0f9bb48dc914491293f65105faf55237 [term 4 FOLLOWER]: Leader election vote request: Granting yes vote for candidate 813a727030204aac9498ec16ed31b77b in term 4.
I20260713 09:09:04.795984 28313 raft_consensus.cc:2804] T 0cf35c2c75a14679a76c4be92f24b83b P 813a727030204aac9498ec16ed31b77b [term 4 FOLLOWER]: Leader election won for term 4
I20260713 09:09:04.796605 28313 raft_consensus.cc:697] T 0cf35c2c75a14679a76c4be92f24b83b P 813a727030204aac9498ec16ed31b77b [term 4 LEADER]: Becoming Leader. State: Replica: 813a727030204aac9498ec16ed31b77b, State: Running, Role: LEADER
I20260713 09:09:04.798378 28073 raft_consensus.cc:1275] T 43ec9ba95fd4470fb9e3235e03337d94 P 00eb9722657f40fba1a3a62412be9ce8 [term 3 FOLLOWER]: Refusing update from remote peer 813a727030204aac9498ec16ed31b77b: Log matching property violated. Preceding OpId in replica: term: 2 index: 2. Preceding OpId from leader: term: 3 index: 3. (index mismatch)
I20260713 09:09:04.797627 28313 consensus_queue.cc:237] T 0cf35c2c75a14679a76c4be92f24b83b P 813a727030204aac9498ec16ed31b77b [LEADER]: Queue going to LEADER mode. State: All replicated index: 0, Majority replicated index: 3, Committed index: 3, Last appended: 3.3, Last appended by leader: 3, Current term: 4, Majority size: 2, State: 0, Mode: LEADER, active raft config: opid_index: -1 OBSOLETE_local: false peers { permanent_uuid: "813a727030204aac9498ec16ed31b77b" member_type: VOTER last_known_addr { host: "127.26.184.1" port: 42637 } } peers { permanent_uuid: "00eb9722657f40fba1a3a62412be9ce8" member_type: VOTER last_known_addr { host: "127.26.184.2" port: 37601 } } peers { permanent_uuid: "0f9bb48dc914491293f65105faf55237" member_type: VOTER last_known_addr { host: "127.26.184.3" port: 36071 } }
I20260713 09:09:04.799861 28314 consensus_queue.cc:1048] T 43ec9ba95fd4470fb9e3235e03337d94 P 813a727030204aac9498ec16ed31b77b [LEADER]: Connected to new peer: Peer: permanent_uuid: "00eb9722657f40fba1a3a62412be9ce8" member_type: VOTER last_known_addr { host: "127.26.184.2" port: 37601 }, Status: LMP_MISMATCH, Last received: 0.0, Next index: 3, Last known committed idx: 2, Time since last communication: 0.000s
I20260713 09:09:04.806138 27895 catalog_manager.cc:5697] T 0cf35c2c75a14679a76c4be92f24b83b P 813a727030204aac9498ec16ed31b77b reported cstate change: term changed from 3 to 4, leader changed from 0f9bb48dc914491293f65105faf55237 (127.26.184.3) to 813a727030204aac9498ec16ed31b77b (127.26.184.1). New cstate: current_term: 4 leader_uuid: "813a727030204aac9498ec16ed31b77b" committed_config { opid_index: -1 OBSOLETE_local: false peers { permanent_uuid: "813a727030204aac9498ec16ed31b77b" member_type: VOTER last_known_addr { host: "127.26.184.1" port: 42637 } health_report { overall_health: HEALTHY } } peers { permanent_uuid: "00eb9722657f40fba1a3a62412be9ce8" member_type: VOTER last_known_addr { host: "127.26.184.2" port: 37601 } health_report { overall_health: UNKNOWN } } peers { permanent_uuid: "0f9bb48dc914491293f65105faf55237" member_type: VOTER last_known_addr { host: "127.26.184.3" port: 36071 } health_report { overall_health: UNKNOWN } } }
I20260713 09:09:04.868419 28073 raft_consensus.cc:1275] T 382d61746017402c957ca861738b9663 P 00eb9722657f40fba1a3a62412be9ce8 [term 4 FOLLOWER]: Refusing update from remote peer 813a727030204aac9498ec16ed31b77b: Log matching property violated. Preceding OpId in replica: term: 3 index: 3. Preceding OpId from leader: term: 4 index: 4. (index mismatch)
I20260713 09:09:04.869621 28313 consensus_queue.cc:1048] T 382d61746017402c957ca861738b9663 P 813a727030204aac9498ec16ed31b77b [LEADER]: Connected to new peer: Peer: permanent_uuid: "00eb9722657f40fba1a3a62412be9ce8" member_type: VOTER last_known_addr { host: "127.26.184.2" port: 37601 }, Status: LMP_MISMATCH, Last received: 0.0, Next index: 4, Last known committed idx: 3, Time since last communication: 0.000s
I20260713 09:09:04.876451 28148 raft_consensus.cc:1275] T 382d61746017402c957ca861738b9663 P 0f9bb48dc914491293f65105faf55237 [term 4 FOLLOWER]: Refusing update from remote peer 813a727030204aac9498ec16ed31b77b: Log matching property violated. Preceding OpId in replica: term: 3 index: 3. Preceding OpId from leader: term: 4 index: 4. (index mismatch)
I20260713 09:09:04.878809 28314 consensus_queue.cc:1048] T 382d61746017402c957ca861738b9663 P 813a727030204aac9498ec16ed31b77b [LEADER]: Connected to new peer: Peer: permanent_uuid: "0f9bb48dc914491293f65105faf55237" member_type: VOTER last_known_addr { host: "127.26.184.3" port: 36071 }, Status: LMP_MISMATCH, Last received: 0.0, Next index: 4, Last known committed idx: 3, Time since last communication: 0.000s
I20260713 09:09:04.907027 28073 raft_consensus.cc:1275] T 0abcf1be4cb64f43b105d8bfb072582b P 00eb9722657f40fba1a3a62412be9ce8 [term 3 FOLLOWER]: Refusing update from remote peer 813a727030204aac9498ec16ed31b77b: Log matching property violated. Preceding OpId in replica: term: 2 index: 2. Preceding OpId from leader: term: 3 index: 3. (index mismatch)
I20260713 09:09:04.908201 28314 consensus_queue.cc:1048] T 0abcf1be4cb64f43b105d8bfb072582b P 813a727030204aac9498ec16ed31b77b [LEADER]: Connected to new peer: Peer: permanent_uuid: "00eb9722657f40fba1a3a62412be9ce8" member_type: VOTER last_known_addr { host: "127.26.184.2" port: 37601 }, Status: LMP_MISMATCH, Last received: 0.0, Next index: 3, Last known committed idx: 2, Time since last communication: 0.000s
I20260713 09:09:04.918262 28148 raft_consensus.cc:1275] T 0abcf1be4cb64f43b105d8bfb072582b P 0f9bb48dc914491293f65105faf55237 [term 3 FOLLOWER]: Refusing update from remote peer 813a727030204aac9498ec16ed31b77b: Log matching property violated. Preceding OpId in replica: term: 2 index: 2. Preceding OpId from leader: term: 3 index: 3. (index mismatch)
I20260713 09:09:04.919566 28314 consensus_queue.cc:1048] T 0abcf1be4cb64f43b105d8bfb072582b P 813a727030204aac9498ec16ed31b77b [LEADER]: Connected to new peer: Peer: permanent_uuid: "0f9bb48dc914491293f65105faf55237" member_type: VOTER last_known_addr { host: "127.26.184.3" port: 36071 }, Status: LMP_MISMATCH, Last received: 0.0, Next index: 3, Last known committed idx: 2, Time since last communication: 0.000s
I20260713 09:09:05.143360 28073 raft_consensus.cc:1275] T bd1a0db16c284e0299eae5c33708de8d P 00eb9722657f40fba1a3a62412be9ce8 [term 2 FOLLOWER]: Refusing update from remote peer 813a727030204aac9498ec16ed31b77b: Log matching property violated. Preceding OpId in replica: term: 1 index: 1. Preceding OpId from leader: term: 2 index: 2. (index mismatch)
I20260713 09:09:05.144538 28198 consensus_queue.cc:1048] T bd1a0db16c284e0299eae5c33708de8d P 813a727030204aac9498ec16ed31b77b [LEADER]: Connected to new peer: Peer: permanent_uuid: "00eb9722657f40fba1a3a62412be9ce8" member_type: VOTER last_known_addr { host: "127.26.184.2" port: 37601 }, Status: LMP_MISMATCH, Last received: 0.0, Next index: 2, Last known committed idx: 1, Time since last communication: 0.000s
I20260713 09:09:05.152168 28148 raft_consensus.cc:1275] T bd1a0db16c284e0299eae5c33708de8d P 0f9bb48dc914491293f65105faf55237 [term 2 FOLLOWER]: Refusing update from remote peer 813a727030204aac9498ec16ed31b77b: Log matching property violated. Preceding OpId in replica: term: 1 index: 1. Preceding OpId from leader: term: 2 index: 2. (index mismatch)
I20260713 09:09:05.154515 28314 consensus_queue.cc:1048] T bd1a0db16c284e0299eae5c33708de8d P 813a727030204aac9498ec16ed31b77b [LEADER]: Connected to new peer: Peer: permanent_uuid: "0f9bb48dc914491293f65105faf55237" member_type: VOTER last_known_addr { host: "127.26.184.3" port: 36071 }, Status: LMP_MISMATCH, Last received: 0.0, Next index: 2, Last known committed idx: 1, Time since last communication: 0.000s
I20260713 09:09:05.177086 28073 raft_consensus.cc:1275] T 0cf35c2c75a14679a76c4be92f24b83b P 00eb9722657f40fba1a3a62412be9ce8 [term 4 FOLLOWER]: Refusing update from remote peer 813a727030204aac9498ec16ed31b77b: Log matching property violated. Preceding OpId in replica: term: 3 index: 3. Preceding OpId from leader: term: 4 index: 4. (index mismatch)
I20260713 09:09:05.178146 28314 consensus_queue.cc:1048] T 0cf35c2c75a14679a76c4be92f24b83b P 813a727030204aac9498ec16ed31b77b [LEADER]: Connected to new peer: Peer: permanent_uuid: "00eb9722657f40fba1a3a62412be9ce8" member_type: VOTER last_known_addr { host: "127.26.184.2" port: 37601 }, Status: LMP_MISMATCH, Last received: 0.0, Next index: 4, Last known committed idx: 3, Time since last communication: 0.000s
I20260713 09:09:05.185896 28148 raft_consensus.cc:1275] T 0cf35c2c75a14679a76c4be92f24b83b P 0f9bb48dc914491293f65105faf55237 [term 4 FOLLOWER]: Refusing update from remote peer 813a727030204aac9498ec16ed31b77b: Log matching property violated. Preceding OpId in replica: term: 3 index: 3. Preceding OpId from leader: term: 4 index: 4. (index mismatch)
I20260713 09:09:05.187227 28198 consensus_queue.cc:1048] T 0cf35c2c75a14679a76c4be92f24b83b P 813a727030204aac9498ec16ed31b77b [LEADER]: Connected to new peer: Peer: permanent_uuid: "0f9bb48dc914491293f65105faf55237" member_type: VOTER last_known_addr { host: "127.26.184.3" port: 36071 }, Status: LMP_MISMATCH, Last received: 0.0, Next index: 4, Last known committed idx: 3, Time since last communication: 0.000s
I20260713 09:09:07.234108 27360 auto_leader_rebalancer.cc:141] leader rebalance for table test-workload
I20260713 09:09:07.243254 27997 tablet_service.cc:2072] Received LeaderStepDown RPC: tablet_id: "0cf35c2c75a14679a76c4be92f24b83b"
dest_uuid: "813a727030204aac9498ec16ed31b77b"
mode: GRACEFUL
new_leader_uuid: "00eb9722657f40fba1a3a62412be9ce8"
 from {username='slave'} at 127.0.0.1:52262
I20260713 09:09:07.244189 27997 raft_consensus.cc:606] T 0cf35c2c75a14679a76c4be92f24b83b P 813a727030204aac9498ec16ed31b77b [term 4 LEADER]: Received request to transfer leadership to TS 00eb9722657f40fba1a3a62412be9ce8
I20260713 09:09:07.246666 27997 tablet_service.cc:2072] Received LeaderStepDown RPC: tablet_id: "382d61746017402c957ca861738b9663"
dest_uuid: "813a727030204aac9498ec16ed31b77b"
mode: GRACEFUL
new_leader_uuid: "00eb9722657f40fba1a3a62412be9ce8"
 from {username='slave'} at 127.0.0.1:52262
I20260713 09:09:07.247071 27997 raft_consensus.cc:606] T 382d61746017402c957ca861738b9663 P 813a727030204aac9498ec16ed31b77b [term 4 LEADER]: Received request to transfer leadership to TS 00eb9722657f40fba1a3a62412be9ce8
I20260713 09:09:07.249140 27997 tablet_service.cc:2072] Received LeaderStepDown RPC: tablet_id: "bd1a0db16c284e0299eae5c33708de8d"
dest_uuid: "813a727030204aac9498ec16ed31b77b"
mode: GRACEFUL
new_leader_uuid: "0f9bb48dc914491293f65105faf55237"
 from {username='slave'} at 127.0.0.1:52262
I20260713 09:09:07.249544 27997 raft_consensus.cc:606] T bd1a0db16c284e0299eae5c33708de8d P 813a727030204aac9498ec16ed31b77b [term 2 LEADER]: Received request to transfer leadership to TS 0f9bb48dc914491293f65105faf55237
I20260713 09:09:07.251547 27997 tablet_service.cc:2072] Received LeaderStepDown RPC: tablet_id: "ee9a5364ed3644a5a8493bdda94bd602"
dest_uuid: "813a727030204aac9498ec16ed31b77b"
mode: GRACEFUL
new_leader_uuid: "0f9bb48dc914491293f65105faf55237"
 from {username='slave'} at 127.0.0.1:52262
I20260713 09:09:07.251899 27997 raft_consensus.cc:606] T ee9a5364ed3644a5a8493bdda94bd602 P 813a727030204aac9498ec16ed31b77b [term 1 LEADER]: Received request to transfer leadership to TS 0f9bb48dc914491293f65105faf55237
I20260713 09:09:07.252727 27360 auto_leader_rebalancer.cc:479] table: test-workload, leader rebalance finish, leader transfer count: 4
I20260713 09:09:07.253185 27360 auto_leader_rebalancer.cc:554] All tables' leader rebalancing finished this round
I20260713 09:09:07.267330 28324 raft_consensus.cc:993] T 382d61746017402c957ca861738b9663 P 813a727030204aac9498ec16ed31b77b: : Instructing follower 00eb9722657f40fba1a3a62412be9ce8 to start an election
I20260713 09:09:07.267870 28315 raft_consensus.cc:1081] T 382d61746017402c957ca861738b9663 P 813a727030204aac9498ec16ed31b77b [term 4 LEADER]: Signalling peer 00eb9722657f40fba1a3a62412be9ce8 to start an election
I20260713 09:09:07.269352 28073 tablet_service.cc:2044] Received Run Leader Election RPC: tablet_id: "382d61746017402c957ca861738b9663"
dest_uuid: "00eb9722657f40fba1a3a62412be9ce8"
 from {username='slave'} at 127.0.0.1:60142
I20260713 09:09:07.269773 28073 raft_consensus.cc:493] T 382d61746017402c957ca861738b9663 P 00eb9722657f40fba1a3a62412be9ce8 [term 4 FOLLOWER]: Starting forced leader election (received explicit request)
I20260713 09:09:07.270082 28073 raft_consensus.cc:3060] T 382d61746017402c957ca861738b9663 P 00eb9722657f40fba1a3a62412be9ce8 [term 4 FOLLOWER]: Advancing to term 5
I20260713 09:09:07.275637 28073 raft_consensus.cc:515] T 382d61746017402c957ca861738b9663 P 00eb9722657f40fba1a3a62412be9ce8 [term 5 FOLLOWER]: Starting forced leader election with config: opid_index: -1 OBSOLETE_local: false peers { permanent_uuid: "00eb9722657f40fba1a3a62412be9ce8" member_type: VOTER last_known_addr { host: "127.26.184.2" port: 37601 } } peers { permanent_uuid: "0f9bb48dc914491293f65105faf55237" member_type: VOTER last_known_addr { host: "127.26.184.3" port: 36071 } } peers { permanent_uuid: "813a727030204aac9498ec16ed31b77b" member_type: VOTER last_known_addr { host: "127.26.184.1" port: 42637 } }
I20260713 09:09:07.277092 28073 leader_election.cc:290] T 382d61746017402c957ca861738b9663 P 00eb9722657f40fba1a3a62412be9ce8 [CANDIDATE]: Term 5 election: Requested vote from peers 0f9bb48dc914491293f65105faf55237 (127.26.184.3:36071), 813a727030204aac9498ec16ed31b77b (127.26.184.1:42637)
I20260713 09:09:07.278029 28148 tablet_service.cc:1917] Received RequestConsensusVote() RPC: tablet_id: "382d61746017402c957ca861738b9663" candidate_uuid: "00eb9722657f40fba1a3a62412be9ce8" candidate_term: 5 candidate_status { last_received { term: 4 index: 4 } } ignore_live_leader: true dest_uuid: "0f9bb48dc914491293f65105faf55237"
I20260713 09:09:07.278417 27997 tablet_service.cc:1917] Received RequestConsensusVote() RPC: tablet_id: "382d61746017402c957ca861738b9663" candidate_uuid: "00eb9722657f40fba1a3a62412be9ce8" candidate_term: 5 candidate_status { last_received { term: 4 index: 4 } } ignore_live_leader: true dest_uuid: "813a727030204aac9498ec16ed31b77b"
I20260713 09:09:07.278832 28148 raft_consensus.cc:3060] T 382d61746017402c957ca861738b9663 P 0f9bb48dc914491293f65105faf55237 [term 4 FOLLOWER]: Advancing to term 5
I20260713 09:09:07.278954 27997 raft_consensus.cc:3055] T 382d61746017402c957ca861738b9663 P 813a727030204aac9498ec16ed31b77b [term 4 LEADER]: Stepping down as leader of term 4
I20260713 09:09:07.279281 27997 raft_consensus.cc:740] T 382d61746017402c957ca861738b9663 P 813a727030204aac9498ec16ed31b77b [term 4 LEADER]: Becoming Follower/Learner. State: Replica: 813a727030204aac9498ec16ed31b77b, State: Running, Role: LEADER
I20260713 09:09:07.280143 27997 consensus_queue.cc:260] T 382d61746017402c957ca861738b9663 P 813a727030204aac9498ec16ed31b77b [NON_LEADER]: Queue going to NON_LEADER mode. State: All replicated index: 0, Majority replicated index: 4, Committed index: 4, Last appended: 4.4, Last appended by leader: 4, Current term: 4, Majority size: -1, State: 0, Mode: NON_LEADER, active raft config: opid_index: -1 OBSOLETE_local: false peers { permanent_uuid: "00eb9722657f40fba1a3a62412be9ce8" member_type: VOTER last_known_addr { host: "127.26.184.2" port: 37601 } } peers { permanent_uuid: "0f9bb48dc914491293f65105faf55237" member_type: VOTER last_known_addr { host: "127.26.184.3" port: 36071 } } peers { permanent_uuid: "813a727030204aac9498ec16ed31b77b" member_type: VOTER last_known_addr { host: "127.26.184.1" port: 42637 } }
I20260713 09:09:07.282068 27997 raft_consensus.cc:3060] T 382d61746017402c957ca861738b9663 P 813a727030204aac9498ec16ed31b77b [term 4 FOLLOWER]: Advancing to term 5
I20260713 09:09:07.285290 28148 raft_consensus.cc:2468] T 382d61746017402c957ca861738b9663 P 0f9bb48dc914491293f65105faf55237 [term 5 FOLLOWER]: Leader election vote request: Granting yes vote for candidate 00eb9722657f40fba1a3a62412be9ce8 in term 5.
I20260713 09:09:07.286590 28040 leader_election.cc:304] T 382d61746017402c957ca861738b9663 P 00eb9722657f40fba1a3a62412be9ce8 [CANDIDATE]: Term 5 election: Election decided. Result: candidate won. Election summary: received 2 responses out of 3 voters: 2 yes votes; 0 no votes. yes voters: 00eb9722657f40fba1a3a62412be9ce8, 0f9bb48dc914491293f65105faf55237; no voters: 
I20260713 09:09:07.287369 28302 raft_consensus.cc:2804] T 382d61746017402c957ca861738b9663 P 00eb9722657f40fba1a3a62412be9ce8 [term 5 FOLLOWER]: Leader election won for term 5
I20260713 09:09:07.288416 28302 raft_consensus.cc:697] T 382d61746017402c957ca861738b9663 P 00eb9722657f40fba1a3a62412be9ce8 [term 5 LEADER]: Becoming Leader. State: Replica: 00eb9722657f40fba1a3a62412be9ce8, State: Running, Role: LEADER
I20260713 09:09:07.288508 27997 raft_consensus.cc:2468] T 382d61746017402c957ca861738b9663 P 813a727030204aac9498ec16ed31b77b [term 5 FOLLOWER]: Leader election vote request: Granting yes vote for candidate 00eb9722657f40fba1a3a62412be9ce8 in term 5.
I20260713 09:09:07.289499 28302 consensus_queue.cc:237] T 382d61746017402c957ca861738b9663 P 00eb9722657f40fba1a3a62412be9ce8 [LEADER]: Queue going to LEADER mode. State: All replicated index: 0, Majority replicated index: 4, Committed index: 4, Last appended: 4.4, Last appended by leader: 4, Current term: 5, Majority size: 2, State: 0, Mode: LEADER, active raft config: opid_index: -1 OBSOLETE_local: false peers { permanent_uuid: "00eb9722657f40fba1a3a62412be9ce8" member_type: VOTER last_known_addr { host: "127.26.184.2" port: 37601 } } peers { permanent_uuid: "0f9bb48dc914491293f65105faf55237" member_type: VOTER last_known_addr { host: "127.26.184.3" port: 36071 } } peers { permanent_uuid: "813a727030204aac9498ec16ed31b77b" member_type: VOTER last_known_addr { host: "127.26.184.1" port: 42637 } }
I20260713 09:09:07.296017 27894 catalog_manager.cc:5697] T 382d61746017402c957ca861738b9663 P 00eb9722657f40fba1a3a62412be9ce8 reported cstate change: term changed from 4 to 5, leader changed from 813a727030204aac9498ec16ed31b77b (127.26.184.1) to 00eb9722657f40fba1a3a62412be9ce8 (127.26.184.2). New cstate: current_term: 5 leader_uuid: "00eb9722657f40fba1a3a62412be9ce8" committed_config { opid_index: -1 OBSOLETE_local: false peers { permanent_uuid: "00eb9722657f40fba1a3a62412be9ce8" member_type: VOTER last_known_addr { host: "127.26.184.2" port: 37601 } health_report { overall_health: HEALTHY } } peers { permanent_uuid: "0f9bb48dc914491293f65105faf55237" member_type: VOTER last_known_addr { host: "127.26.184.3" port: 36071 } health_report { overall_health: UNKNOWN } } peers { permanent_uuid: "813a727030204aac9498ec16ed31b77b" member_type: VOTER last_known_addr { host: "127.26.184.1" port: 42637 } health_report { overall_health: UNKNOWN } } }
I20260713 09:09:07.595825 28324 raft_consensus.cc:993] T 0cf35c2c75a14679a76c4be92f24b83b P 813a727030204aac9498ec16ed31b77b: : Instructing follower 00eb9722657f40fba1a3a62412be9ce8 to start an election
I20260713 09:09:07.596249 28315 raft_consensus.cc:1081] T 0cf35c2c75a14679a76c4be92f24b83b P 813a727030204aac9498ec16ed31b77b [term 4 LEADER]: Signalling peer 00eb9722657f40fba1a3a62412be9ce8 to start an election
I20260713 09:09:07.597657 28073 tablet_service.cc:2044] Received Run Leader Election RPC: tablet_id: "0cf35c2c75a14679a76c4be92f24b83b"
dest_uuid: "00eb9722657f40fba1a3a62412be9ce8"
 from {username='slave'} at 127.0.0.1:60142
I20260713 09:09:07.598096 28073 raft_consensus.cc:493] T 0cf35c2c75a14679a76c4be92f24b83b P 00eb9722657f40fba1a3a62412be9ce8 [term 4 FOLLOWER]: Starting forced leader election (received explicit request)
I20260713 09:09:07.598359 28073 raft_consensus.cc:3060] T 0cf35c2c75a14679a76c4be92f24b83b P 00eb9722657f40fba1a3a62412be9ce8 [term 4 FOLLOWER]: Advancing to term 5
I20260713 09:09:07.602363 28073 raft_consensus.cc:515] T 0cf35c2c75a14679a76c4be92f24b83b P 00eb9722657f40fba1a3a62412be9ce8 [term 5 FOLLOWER]: Starting forced leader election with config: opid_index: -1 OBSOLETE_local: false peers { permanent_uuid: "813a727030204aac9498ec16ed31b77b" member_type: VOTER last_known_addr { host: "127.26.184.1" port: 42637 } } peers { permanent_uuid: "00eb9722657f40fba1a3a62412be9ce8" member_type: VOTER last_known_addr { host: "127.26.184.2" port: 37601 } } peers { permanent_uuid: "0f9bb48dc914491293f65105faf55237" member_type: VOTER last_known_addr { host: "127.26.184.3" port: 36071 } }
I20260713 09:09:07.603751 28073 leader_election.cc:290] T 0cf35c2c75a14679a76c4be92f24b83b P 00eb9722657f40fba1a3a62412be9ce8 [CANDIDATE]: Term 5 election: Requested vote from peers 813a727030204aac9498ec16ed31b77b (127.26.184.1:42637), 0f9bb48dc914491293f65105faf55237 (127.26.184.3:36071)
I20260713 09:09:07.604388 27997 tablet_service.cc:1917] Received RequestConsensusVote() RPC: tablet_id: "0cf35c2c75a14679a76c4be92f24b83b" candidate_uuid: "00eb9722657f40fba1a3a62412be9ce8" candidate_term: 5 candidate_status { last_received { term: 4 index: 4 } } ignore_live_leader: true dest_uuid: "813a727030204aac9498ec16ed31b77b"
I20260713 09:09:07.604961 27997 raft_consensus.cc:3055] T 0cf35c2c75a14679a76c4be92f24b83b P 813a727030204aac9498ec16ed31b77b [term 4 LEADER]: Stepping down as leader of term 4
I20260713 09:09:07.604995 28148 tablet_service.cc:1917] Received RequestConsensusVote() RPC: tablet_id: "0cf35c2c75a14679a76c4be92f24b83b" candidate_uuid: "00eb9722657f40fba1a3a62412be9ce8" candidate_term: 5 candidate_status { last_received { term: 4 index: 4 } } ignore_live_leader: true dest_uuid: "0f9bb48dc914491293f65105faf55237"
I20260713 09:09:07.605331 27997 raft_consensus.cc:740] T 0cf35c2c75a14679a76c4be92f24b83b P 813a727030204aac9498ec16ed31b77b [term 4 LEADER]: Becoming Follower/Learner. State: Replica: 813a727030204aac9498ec16ed31b77b, State: Running, Role: LEADER
I20260713 09:09:07.605571 28148 raft_consensus.cc:3060] T 0cf35c2c75a14679a76c4be92f24b83b P 0f9bb48dc914491293f65105faf55237 [term 4 FOLLOWER]: Advancing to term 5
