I20260713 09:08:57.646242 22340 catalog_manager.cc:5697] T e81938b094fc4a338dcb769226156435 P 390527c306b24066a95041542fc584a6 reported cstate change: term changed from 0 to 1, leader changed from <none> to 390527c306b24066a95041542fc584a6 (127.21.79.131). New cstate: current_term: 1 leader_uuid: "390527c306b24066a95041542fc584a6" committed_config { opid_index: -1 OBSOLETE_local: false peers { permanent_uuid: "08d05f480f3c41d28f0ccbc4b4b3657a" member_type: VOTER last_known_addr { host: "127.21.79.129" port: 45019 } health_report { overall_health: UNKNOWN } } peers { permanent_uuid: "f3a79929e4f242a6834c25f8e7dfc64e" member_type: VOTER last_known_addr { host: "127.21.79.130" port: 40449 } health_report { overall_health: UNKNOWN } } peers { permanent_uuid: "390527c306b24066a95041542fc584a6" member_type: VOTER last_known_addr { host: "127.21.79.131" port: 35941 } health_report { overall_health: HEALTHY } } }
I20260713 09:08:57.647423 22632 raft_consensus.cc:359] T 144b105599c7421b8db906c8b5c174e4 P 08d05f480f3c41d28f0ccbc4b4b3657a [term 0 FOLLOWER]: Replica starting. Triggering 0 pending ops. Active config: opid_index: -1 OBSOLETE_local: false peers { permanent_uuid: "08d05f480f3c41d28f0ccbc4b4b3657a" member_type: VOTER last_known_addr { host: "127.21.79.129" port: 45019 } } peers { permanent_uuid: "f3a79929e4f242a6834c25f8e7dfc64e" member_type: VOTER last_known_addr { host: "127.21.79.130" port: 40449 } } peers { permanent_uuid: "390527c306b24066a95041542fc584a6" member_type: VOTER last_known_addr { host: "127.21.79.131" port: 35941 } }
I20260713 09:08:57.647929 22632 raft_consensus.cc:385] T 144b105599c7421b8db906c8b5c174e4 P 08d05f480f3c41d28f0ccbc4b4b3657a [term 0 FOLLOWER]: Consensus starting up: Expiring failure detector timer to make a prompt election more likely
I20260713 09:08:57.648154 22632 raft_consensus.cc:740] T 144b105599c7421b8db906c8b5c174e4 P 08d05f480f3c41d28f0ccbc4b4b3657a [term 0 FOLLOWER]: Becoming Follower/Learner. State: Replica: 08d05f480f3c41d28f0ccbc4b4b3657a, State: Initialized, Role: FOLLOWER
I20260713 09:08:57.648729 22632 consensus_queue.cc:260] T 144b105599c7421b8db906c8b5c174e4 P 08d05f480f3c41d28f0ccbc4b4b3657a [NON_LEADER]: Queue going to NON_LEADER mode. State: All replicated index: 0, Majority replicated index: 0, Committed index: 0, Last appended: 0.0, Last appended by leader: 0, Current term: 0, Majority size: -1, State: 0, Mode: NON_LEADER, active raft config: opid_index: -1 OBSOLETE_local: false peers { permanent_uuid: "08d05f480f3c41d28f0ccbc4b4b3657a" member_type: VOTER last_known_addr { host: "127.21.79.129" port: 45019 } } peers { permanent_uuid: "f3a79929e4f242a6834c25f8e7dfc64e" member_type: VOTER last_known_addr { host: "127.21.79.130" port: 40449 } } peers { permanent_uuid: "390527c306b24066a95041542fc584a6" member_type: VOTER last_known_addr { host: "127.21.79.131" port: 35941 } }
I20260713 09:08:57.650596 22632 ts_tablet_manager.cc:1434] T 144b105599c7421b8db906c8b5c174e4 P 08d05f480f3c41d28f0ccbc4b4b3657a: Time spent starting tablet: real 0.005s	user 0.002s	sys 0.000s
I20260713 09:08:57.651494 22632 tablet_bootstrap.cc:492] T e81938b094fc4a338dcb769226156435 P 08d05f480f3c41d28f0ccbc4b4b3657a: Bootstrap starting.
I20260713 09:08:57.655901 22655 raft_consensus.cc:493] T f2fc804886f2499692bdbd11720dfdc5 P f3a79929e4f242a6834c25f8e7dfc64e [term 0 FOLLOWER]: Starting pre-election (no leader contacted us within the election timeout)
I20260713 09:08:57.656590 22632 tablet_bootstrap.cc:654] T e81938b094fc4a338dcb769226156435 P 08d05f480f3c41d28f0ccbc4b4b3657a: Neither blocks nor log segments found. Creating new log.
I20260713 09:08:57.656400 22655 raft_consensus.cc:515] T f2fc804886f2499692bdbd11720dfdc5 P f3a79929e4f242a6834c25f8e7dfc64e [term 0 FOLLOWER]: Starting pre-election with config: opid_index: -1 OBSOLETE_local: false peers { permanent_uuid: "08d05f480f3c41d28f0ccbc4b4b3657a" member_type: VOTER last_known_addr { host: "127.21.79.129" port: 45019 } } peers { permanent_uuid: "f3a79929e4f242a6834c25f8e7dfc64e" member_type: VOTER last_known_addr { host: "127.21.79.130" port: 40449 } } peers { permanent_uuid: "390527c306b24066a95041542fc584a6" member_type: VOTER last_known_addr { host: "127.21.79.131" port: 35941 } }
I20260713 09:08:57.658048 22655 leader_election.cc:290] T f2fc804886f2499692bdbd11720dfdc5 P f3a79929e4f242a6834c25f8e7dfc64e [CANDIDATE]: Term 1 pre-election: Requested pre-vote from peers 08d05f480f3c41d28f0ccbc4b4b3657a (127.21.79.129:45019), 390527c306b24066a95041542fc584a6 (127.21.79.131:35941)
I20260713 09:08:57.658914 22441 tablet_service.cc:1917] Received RequestConsensusVote() RPC: tablet_id: "f2fc804886f2499692bdbd11720dfdc5" candidate_uuid: "f3a79929e4f242a6834c25f8e7dfc64e" candidate_term: 1 candidate_status { last_received { term: 0 index: 0 } } ignore_live_leader: false dest_uuid: "08d05f480f3c41d28f0ccbc4b4b3657a" is_pre_election: true
I20260713 09:08:57.659518 22441 raft_consensus.cc:2468] T f2fc804886f2499692bdbd11720dfdc5 P 08d05f480f3c41d28f0ccbc4b4b3657a [term 0 FOLLOWER]: Leader pre-election vote request: Granting yes vote for candidate f3a79929e4f242a6834c25f8e7dfc64e in term 0.
I20260713 09:08:57.659348 22590 tablet_service.cc:1917] Received RequestConsensusVote() RPC: tablet_id: "f2fc804886f2499692bdbd11720dfdc5" candidate_uuid: "f3a79929e4f242a6834c25f8e7dfc64e" candidate_term: 1 candidate_status { last_received { term: 0 index: 0 } } ignore_live_leader: false dest_uuid: "390527c306b24066a95041542fc584a6" is_pre_election: true
I20260713 09:08:57.660267 22590 raft_consensus.cc:2468] T f2fc804886f2499692bdbd11720dfdc5 P 390527c306b24066a95041542fc584a6 [term 0 FOLLOWER]: Leader pre-election vote request: Granting yes vote for candidate f3a79929e4f242a6834c25f8e7dfc64e in term 0.
I20260713 09:08:57.660885 22482 leader_election.cc:304] T f2fc804886f2499692bdbd11720dfdc5 P f3a79929e4f242a6834c25f8e7dfc64e [CANDIDATE]: Term 1 pre-election: Election decided. Result: candidate won. Election summary: received 2 responses out of 3 voters: 2 yes votes; 0 no votes. yes voters: 08d05f480f3c41d28f0ccbc4b4b3657a, f3a79929e4f242a6834c25f8e7dfc64e; no voters: 
I20260713 09:08:57.661712 22655 raft_consensus.cc:2804] T f2fc804886f2499692bdbd11720dfdc5 P f3a79929e4f242a6834c25f8e7dfc64e [term 0 FOLLOWER]: Leader pre-election won for term 1
I20260713 09:08:57.662065 22655 raft_consensus.cc:493] T f2fc804886f2499692bdbd11720dfdc5 P f3a79929e4f242a6834c25f8e7dfc64e [term 0 FOLLOWER]: Starting leader election (no leader contacted us within the election timeout)
I20260713 09:08:57.662420 22655 raft_consensus.cc:3060] T f2fc804886f2499692bdbd11720dfdc5 P f3a79929e4f242a6834c25f8e7dfc64e [term 0 FOLLOWER]: Advancing to term 1
I20260713 09:08:57.663344 22632 tablet_bootstrap.cc:492] T e81938b094fc4a338dcb769226156435 P 08d05f480f3c41d28f0ccbc4b4b3657a: No bootstrap required, opened a new log
I20260713 09:08:57.663754 22632 ts_tablet_manager.cc:1403] T e81938b094fc4a338dcb769226156435 P 08d05f480f3c41d28f0ccbc4b4b3657a: Time spent bootstrapping tablet: real 0.012s	user 0.010s	sys 0.001s
I20260713 09:08:57.666018 22632 raft_consensus.cc:359] T e81938b094fc4a338dcb769226156435 P 08d05f480f3c41d28f0ccbc4b4b3657a [term 0 FOLLOWER]: Replica starting. Triggering 0 pending ops. Active config: opid_index: -1 OBSOLETE_local: false peers { permanent_uuid: "08d05f480f3c41d28f0ccbc4b4b3657a" member_type: VOTER last_known_addr { host: "127.21.79.129" port: 45019 } } peers { permanent_uuid: "f3a79929e4f242a6834c25f8e7dfc64e" member_type: VOTER last_known_addr { host: "127.21.79.130" port: 40449 } } peers { permanent_uuid: "390527c306b24066a95041542fc584a6" member_type: VOTER last_known_addr { host: "127.21.79.131" port: 35941 } }
I20260713 09:08:57.666649 22632 raft_consensus.cc:385] T e81938b094fc4a338dcb769226156435 P 08d05f480f3c41d28f0ccbc4b4b3657a [term 0 FOLLOWER]: Consensus starting up: Expiring failure detector timer to make a prompt election more likely
I20260713 09:08:57.666934 22632 raft_consensus.cc:740] T e81938b094fc4a338dcb769226156435 P 08d05f480f3c41d28f0ccbc4b4b3657a [term 0 FOLLOWER]: Becoming Follower/Learner. State: Replica: 08d05f480f3c41d28f0ccbc4b4b3657a, State: Initialized, Role: FOLLOWER
I20260713 09:08:57.667438 22632 consensus_queue.cc:260] T e81938b094fc4a338dcb769226156435 P 08d05f480f3c41d28f0ccbc4b4b3657a [NON_LEADER]: Queue going to NON_LEADER mode. State: All replicated index: 0, Majority replicated index: 0, Committed index: 0, Last appended: 0.0, Last appended by leader: 0, Current term: 0, Majority size: -1, State: 0, Mode: NON_LEADER, active raft config: opid_index: -1 OBSOLETE_local: false peers { permanent_uuid: "08d05f480f3c41d28f0ccbc4b4b3657a" member_type: VOTER last_known_addr { host: "127.21.79.129" port: 45019 } } peers { permanent_uuid: "f3a79929e4f242a6834c25f8e7dfc64e" member_type: VOTER last_known_addr { host: "127.21.79.130" port: 40449 } } peers { permanent_uuid: "390527c306b24066a95041542fc584a6" member_type: VOTER last_known_addr { host: "127.21.79.131" port: 35941 } }
I20260713 09:08:57.668869 22632 ts_tablet_manager.cc:1434] T e81938b094fc4a338dcb769226156435 P 08d05f480f3c41d28f0ccbc4b4b3657a: Time spent starting tablet: real 0.005s	user 0.004s	sys 0.000s
I20260713 09:08:57.668721 22655 raft_consensus.cc:515] T f2fc804886f2499692bdbd11720dfdc5 P f3a79929e4f242a6834c25f8e7dfc64e [term 1 FOLLOWER]: Starting leader election with config: opid_index: -1 OBSOLETE_local: false peers { permanent_uuid: "08d05f480f3c41d28f0ccbc4b4b3657a" member_type: VOTER last_known_addr { host: "127.21.79.129" port: 45019 } } peers { permanent_uuid: "f3a79929e4f242a6834c25f8e7dfc64e" member_type: VOTER last_known_addr { host: "127.21.79.130" port: 40449 } } peers { permanent_uuid: "390527c306b24066a95041542fc584a6" member_type: VOTER last_known_addr { host: "127.21.79.131" port: 35941 } }
I20260713 09:08:57.669881 22640 raft_consensus.cc:493] T 3c93d17c64c14aa8ae7c1d297dba460d P 08d05f480f3c41d28f0ccbc4b4b3657a [term 0 FOLLOWER]: Starting pre-election (no leader contacted us within the election timeout)
I20260713 09:08:57.670261 22640 raft_consensus.cc:515] T 3c93d17c64c14aa8ae7c1d297dba460d P 08d05f480f3c41d28f0ccbc4b4b3657a [term 0 FOLLOWER]: Starting pre-election with config: opid_index: -1 OBSOLETE_local: false peers { permanent_uuid: "08d05f480f3c41d28f0ccbc4b4b3657a" member_type: VOTER last_known_addr { host: "127.21.79.129" port: 45019 } } peers { permanent_uuid: "f3a79929e4f242a6834c25f8e7dfc64e" member_type: VOTER last_known_addr { host: "127.21.79.130" port: 40449 } } peers { permanent_uuid: "390527c306b24066a95041542fc584a6" member_type: VOTER last_known_addr { host: "127.21.79.131" port: 35941 } }
I20260713 09:08:57.670814 22655 leader_election.cc:290] T f2fc804886f2499692bdbd11720dfdc5 P f3a79929e4f242a6834c25f8e7dfc64e [CANDIDATE]: Term 1 election: Requested vote from peers 08d05f480f3c41d28f0ccbc4b4b3657a (127.21.79.129:45019), 390527c306b24066a95041542fc584a6 (127.21.79.131:35941)
I20260713 09:08:57.671865 22441 tablet_service.cc:1917] Received RequestConsensusVote() RPC: tablet_id: "f2fc804886f2499692bdbd11720dfdc5" candidate_uuid: "f3a79929e4f242a6834c25f8e7dfc64e" candidate_term: 1 candidate_status { last_received { term: 0 index: 0 } } ignore_live_leader: false dest_uuid: "08d05f480f3c41d28f0ccbc4b4b3657a"
I20260713 09:08:57.672158 22590 tablet_service.cc:1917] Received RequestConsensusVote() RPC: tablet_id: "f2fc804886f2499692bdbd11720dfdc5" candidate_uuid: "f3a79929e4f242a6834c25f8e7dfc64e" candidate_term: 1 candidate_status { last_received { term: 0 index: 0 } } ignore_live_leader: false dest_uuid: "390527c306b24066a95041542fc584a6"
I20260713 09:08:57.672415 22441 raft_consensus.cc:3060] T f2fc804886f2499692bdbd11720dfdc5 P 08d05f480f3c41d28f0ccbc4b4b3657a [term 0 FOLLOWER]: Advancing to term 1
I20260713 09:08:57.672781 22590 raft_consensus.cc:3060] T f2fc804886f2499692bdbd11720dfdc5 P 390527c306b24066a95041542fc584a6 [term 0 FOLLOWER]: Advancing to term 1
I20260713 09:08:57.673700 22517 tablet_service.cc:1917] Received RequestConsensusVote() RPC: tablet_id: "3c93d17c64c14aa8ae7c1d297dba460d" candidate_uuid: "08d05f480f3c41d28f0ccbc4b4b3657a" candidate_term: 1 candidate_status { last_received { term: 0 index: 0 } } ignore_live_leader: false dest_uuid: "f3a79929e4f242a6834c25f8e7dfc64e" is_pre_election: true
I20260713 09:08:57.674346 22517 raft_consensus.cc:2468] T 3c93d17c64c14aa8ae7c1d297dba460d P f3a79929e4f242a6834c25f8e7dfc64e [term 0 FOLLOWER]: Leader pre-election vote request: Granting yes vote for candidate 08d05f480f3c41d28f0ccbc4b4b3657a in term 0.
I20260713 09:08:57.675715 22406 leader_election.cc:304] T 3c93d17c64c14aa8ae7c1d297dba460d P 08d05f480f3c41d28f0ccbc4b4b3657a [CANDIDATE]: Term 1 pre-election: Election decided. Result: candidate won. Election summary: received 2 responses out of 3 voters: 2 yes votes; 0 no votes. yes voters: 08d05f480f3c41d28f0ccbc4b4b3657a, f3a79929e4f242a6834c25f8e7dfc64e; no voters: 
I20260713 09:08:57.672242 22640 leader_election.cc:290] T 3c93d17c64c14aa8ae7c1d297dba460d P 08d05f480f3c41d28f0ccbc4b4b3657a [CANDIDATE]: Term 1 pre-election: Requested pre-vote from peers f3a79929e4f242a6834c25f8e7dfc64e (127.21.79.130:40449), 390527c306b24066a95041542fc584a6 (127.21.79.131:35941)
I20260713 09:08:57.676697 22640 raft_consensus.cc:2804] T 3c93d17c64c14aa8ae7c1d297dba460d P 08d05f480f3c41d28f0ccbc4b4b3657a [term 0 FOLLOWER]: Leader pre-election won for term 1
I20260713 09:08:57.677026 22640 raft_consensus.cc:493] T 3c93d17c64c14aa8ae7c1d297dba460d P 08d05f480f3c41d28f0ccbc4b4b3657a [term 0 FOLLOWER]: Starting leader election (no leader contacted us within the election timeout)
I20260713 09:08:57.677363 22640 raft_consensus.cc:3060] T 3c93d17c64c14aa8ae7c1d297dba460d P 08d05f480f3c41d28f0ccbc4b4b3657a [term 0 FOLLOWER]: Advancing to term 1
I20260713 09:08:57.678201 22591 tablet_service.cc:1917] Received RequestConsensusVote() RPC: tablet_id: "3c93d17c64c14aa8ae7c1d297dba460d" candidate_uuid: "08d05f480f3c41d28f0ccbc4b4b3657a" candidate_term: 1 candidate_status { last_received { term: 0 index: 0 } } ignore_live_leader: false dest_uuid: "390527c306b24066a95041542fc584a6" is_pre_election: true
I20260713 09:08:57.678791 22591 raft_consensus.cc:2468] T 3c93d17c64c14aa8ae7c1d297dba460d P 390527c306b24066a95041542fc584a6 [term 0 FOLLOWER]: Leader pre-election vote request: Granting yes vote for candidate 08d05f480f3c41d28f0ccbc4b4b3657a in term 0.
I20260713 09:08:57.680768 22441 raft_consensus.cc:2468] T f2fc804886f2499692bdbd11720dfdc5 P 08d05f480f3c41d28f0ccbc4b4b3657a [term 1 FOLLOWER]: Leader election vote request: Granting yes vote for candidate f3a79929e4f242a6834c25f8e7dfc64e in term 1.
I20260713 09:08:57.681715 22482 leader_election.cc:304] T f2fc804886f2499692bdbd11720dfdc5 P f3a79929e4f242a6834c25f8e7dfc64e [CANDIDATE]: Term 1 election: Election decided. Result: candidate won. Election summary: received 2 responses out of 3 voters: 2 yes votes; 0 no votes. yes voters: 08d05f480f3c41d28f0ccbc4b4b3657a, f3a79929e4f242a6834c25f8e7dfc64e; no voters: 
I20260713 09:08:57.682476 22655 raft_consensus.cc:2804] T f2fc804886f2499692bdbd11720dfdc5 P f3a79929e4f242a6834c25f8e7dfc64e [term 1 FOLLOWER]: Leader election won for term 1
I20260713 09:08:57.682981 22655 raft_consensus.cc:697] T f2fc804886f2499692bdbd11720dfdc5 P f3a79929e4f242a6834c25f8e7dfc64e [term 1 LEADER]: Becoming Leader. State: Replica: f3a79929e4f242a6834c25f8e7dfc64e, State: Running, Role: LEADER
I20260713 09:08:57.683842 22655 consensus_queue.cc:237] T f2fc804886f2499692bdbd11720dfdc5 P f3a79929e4f242a6834c25f8e7dfc64e [LEADER]: Queue going to LEADER mode. State: All replicated index: 0, Majority replicated index: 0, Committed index: 0, Last appended: 0.0, Last appended by leader: 0, Current term: 1, Majority size: 2, State: 0, Mode: LEADER, active raft config: opid_index: -1 OBSOLETE_local: false peers { permanent_uuid: "08d05f480f3c41d28f0ccbc4b4b3657a" member_type: VOTER last_known_addr { host: "127.21.79.129" port: 45019 } } peers { permanent_uuid: "f3a79929e4f242a6834c25f8e7dfc64e" member_type: VOTER last_known_addr { host: "127.21.79.130" port: 40449 } } peers { permanent_uuid: "390527c306b24066a95041542fc584a6" member_type: VOTER last_known_addr { host: "127.21.79.131" port: 35941 } }
I20260713 09:08:57.689338 22590 raft_consensus.cc:2468] T f2fc804886f2499692bdbd11720dfdc5 P 390527c306b24066a95041542fc584a6 [term 1 FOLLOWER]: Leader election vote request: Granting yes vote for candidate f3a79929e4f242a6834c25f8e7dfc64e in term 1.
I20260713 09:08:57.690235 22640 raft_consensus.cc:515] T 3c93d17c64c14aa8ae7c1d297dba460d P 08d05f480f3c41d28f0ccbc4b4b3657a [term 1 FOLLOWER]: Starting leader election with config: opid_index: -1 OBSOLETE_local: false peers { permanent_uuid: "08d05f480f3c41d28f0ccbc4b4b3657a" member_type: VOTER last_known_addr { host: "127.21.79.129" port: 45019 } } peers { permanent_uuid: "f3a79929e4f242a6834c25f8e7dfc64e" member_type: VOTER last_known_addr { host: "127.21.79.130" port: 40449 } } peers { permanent_uuid: "390527c306b24066a95041542fc584a6" member_type: VOTER last_known_addr { host: "127.21.79.131" port: 35941 } }
I20260713 09:08:57.691982 22640 leader_election.cc:290] T 3c93d17c64c14aa8ae7c1d297dba460d P 08d05f480f3c41d28f0ccbc4b4b3657a [CANDIDATE]: Term 1 election: Requested vote from peers f3a79929e4f242a6834c25f8e7dfc64e (127.21.79.130:40449), 390527c306b24066a95041542fc584a6 (127.21.79.131:35941)
I20260713 09:08:57.692744 22655 raft_consensus.cc:493] T 41b4c19299334d0c930e5d8f550fb525 P f3a79929e4f242a6834c25f8e7dfc64e [term 0 FOLLOWER]: Starting pre-election (no leader contacted us within the election timeout)
I20260713 09:08:57.692597 22517 tablet_service.cc:1917] Received RequestConsensusVote() RPC: tablet_id: "3c93d17c64c14aa8ae7c1d297dba460d" candidate_uuid: "08d05f480f3c41d28f0ccbc4b4b3657a" candidate_term: 1 candidate_status { last_received { term: 0 index: 0 } } ignore_live_leader: false dest_uuid: "f3a79929e4f242a6834c25f8e7dfc64e"
I20260713 09:08:57.693005 22590 tablet_service.cc:1917] Received RequestConsensusVote() RPC: tablet_id: "3c93d17c64c14aa8ae7c1d297dba460d" candidate_uuid: "08d05f480f3c41d28f0ccbc4b4b3657a" candidate_term: 1 candidate_status { last_received { term: 0 index: 0 } } ignore_live_leader: false dest_uuid: "390527c306b24066a95041542fc584a6"
I20260713 09:08:57.693279 22517 raft_consensus.cc:3060] T 3c93d17c64c14aa8ae7c1d297dba460d P f3a79929e4f242a6834c25f8e7dfc64e [term 0 FOLLOWER]: Advancing to term 1
I20260713 09:08:57.693166 22655 raft_consensus.cc:515] T 41b4c19299334d0c930e5d8f550fb525 P f3a79929e4f242a6834c25f8e7dfc64e [term 0 FOLLOWER]: Starting pre-election with config: opid_index: -1 OBSOLETE_local: false peers { permanent_uuid: "08d05f480f3c41d28f0ccbc4b4b3657a" member_type: VOTER last_known_addr { host: "127.21.79.129" port: 45019 } } peers { permanent_uuid: "f3a79929e4f242a6834c25f8e7dfc64e" member_type: VOTER last_known_addr { host: "127.21.79.130" port: 40449 } } peers { permanent_uuid: "390527c306b24066a95041542fc584a6" member_type: VOTER last_known_addr { host: "127.21.79.131" port: 35941 } }
I20260713 09:08:57.693554 22590 raft_consensus.cc:3060] T 3c93d17c64c14aa8ae7c1d297dba460d P 390527c306b24066a95041542fc584a6 [term 0 FOLLOWER]: Advancing to term 1
I20260713 09:08:57.695055 22655 leader_election.cc:290] T 41b4c19299334d0c930e5d8f550fb525 P f3a79929e4f242a6834c25f8e7dfc64e [CANDIDATE]: Term 1 pre-election: Requested pre-vote from peers 08d05f480f3c41d28f0ccbc4b4b3657a (127.21.79.129:45019), 390527c306b24066a95041542fc584a6 (127.21.79.131:35941)
I20260713 09:08:57.695652 22441 tablet_service.cc:1917] Received RequestConsensusVote() RPC: tablet_id: "41b4c19299334d0c930e5d8f550fb525" candidate_uuid: "f3a79929e4f242a6834c25f8e7dfc64e" candidate_term: 1 candidate_status { last_received { term: 0 index: 0 } } ignore_live_leader: false dest_uuid: "08d05f480f3c41d28f0ccbc4b4b3657a" is_pre_election: true
I20260713 09:08:57.696242 22441 raft_consensus.cc:2468] T 41b4c19299334d0c930e5d8f550fb525 P 08d05f480f3c41d28f0ccbc4b4b3657a [term 0 FOLLOWER]: Leader pre-election vote request: Granting yes vote for candidate f3a79929e4f242a6834c25f8e7dfc64e in term 0.
I20260713 09:08:57.696758 22591 tablet_service.cc:1917] Received RequestConsensusVote() RPC: tablet_id: "41b4c19299334d0c930e5d8f550fb525" candidate_uuid: "f3a79929e4f242a6834c25f8e7dfc64e" candidate_term: 1 candidate_status { last_received { term: 0 index: 0 } } ignore_live_leader: false dest_uuid: "390527c306b24066a95041542fc584a6" is_pre_election: true
I20260713 09:08:57.697348 22591 raft_consensus.cc:2468] T 41b4c19299334d0c930e5d8f550fb525 P 390527c306b24066a95041542fc584a6 [term 0 FOLLOWER]: Leader pre-election vote request: Granting yes vote for candidate f3a79929e4f242a6834c25f8e7dfc64e in term 0.
I20260713 09:08:57.697485 22482 leader_election.cc:304] T 41b4c19299334d0c930e5d8f550fb525 P f3a79929e4f242a6834c25f8e7dfc64e [CANDIDATE]: Term 1 pre-election: Election decided. Result: candidate won. Election summary: received 2 responses out of 3 voters: 2 yes votes; 0 no votes. yes voters: 08d05f480f3c41d28f0ccbc4b4b3657a, f3a79929e4f242a6834c25f8e7dfc64e; no voters: 
I20260713 09:08:57.698683 22655 raft_consensus.cc:2804] T 41b4c19299334d0c930e5d8f550fb525 P f3a79929e4f242a6834c25f8e7dfc64e [term 0 FOLLOWER]: Leader pre-election won for term 1
I20260713 09:08:57.699097 22655 raft_consensus.cc:493] T 41b4c19299334d0c930e5d8f550fb525 P f3a79929e4f242a6834c25f8e7dfc64e [term 0 FOLLOWER]: Starting leader election (no leader contacted us within the election timeout)
I20260713 09:08:57.699470 22655 raft_consensus.cc:3060] T 41b4c19299334d0c930e5d8f550fb525 P f3a79929e4f242a6834c25f8e7dfc64e [term 0 FOLLOWER]: Advancing to term 1
I20260713 09:08:57.700183 22517 raft_consensus.cc:2468] T 3c93d17c64c14aa8ae7c1d297dba460d P f3a79929e4f242a6834c25f8e7dfc64e [term 1 FOLLOWER]: Leader election vote request: Granting yes vote for candidate 08d05f480f3c41d28f0ccbc4b4b3657a in term 1.
I20260713 09:08:57.700366 22590 raft_consensus.cc:2468] T 3c93d17c64c14aa8ae7c1d297dba460d P 390527c306b24066a95041542fc584a6 [term 1 FOLLOWER]: Leader election vote request: Granting yes vote for candidate 08d05f480f3c41d28f0ccbc4b4b3657a in term 1.
I20260713 09:08:57.691792 22340 catalog_manager.cc:5697] T f2fc804886f2499692bdbd11720dfdc5 P f3a79929e4f242a6834c25f8e7dfc64e reported cstate change: term changed from 0 to 1, leader changed from <none> to f3a79929e4f242a6834c25f8e7dfc64e (127.21.79.130). New cstate: current_term: 1 leader_uuid: "f3a79929e4f242a6834c25f8e7dfc64e" committed_config { opid_index: -1 OBSOLETE_local: false peers { permanent_uuid: "08d05f480f3c41d28f0ccbc4b4b3657a" member_type: VOTER last_known_addr { host: "127.21.79.129" port: 45019 } health_report { overall_health: UNKNOWN } } peers { permanent_uuid: "f3a79929e4f242a6834c25f8e7dfc64e" member_type: VOTER last_known_addr { host: "127.21.79.130" port: 40449 } health_report { overall_health: HEALTHY } } peers { permanent_uuid: "390527c306b24066a95041542fc584a6" member_type: VOTER last_known_addr { host: "127.21.79.131" port: 35941 } health_report { overall_health: UNKNOWN } } }
I20260713 09:08:57.701413 22406 leader_election.cc:304] T 3c93d17c64c14aa8ae7c1d297dba460d P 08d05f480f3c41d28f0ccbc4b4b3657a [CANDIDATE]: Term 1 election: Election decided. Result: candidate won. Election summary: received 2 responses out of 3 voters: 2 yes votes; 0 no votes. yes voters: 08d05f480f3c41d28f0ccbc4b4b3657a, f3a79929e4f242a6834c25f8e7dfc64e; no voters: 
I20260713 09:08:57.702167 22640 raft_consensus.cc:2804] T 3c93d17c64c14aa8ae7c1d297dba460d P 08d05f480f3c41d28f0ccbc4b4b3657a [term 1 FOLLOWER]: Leader election won for term 1
I20260713 09:08:57.702576 22640 raft_consensus.cc:697] T 3c93d17c64c14aa8ae7c1d297dba460d P 08d05f480f3c41d28f0ccbc4b4b3657a [term 1 LEADER]: Becoming Leader. State: Replica: 08d05f480f3c41d28f0ccbc4b4b3657a, State: Running, Role: LEADER
I20260713 09:08:57.703310 22640 consensus_queue.cc:237] T 3c93d17c64c14aa8ae7c1d297dba460d P 08d05f480f3c41d28f0ccbc4b4b3657a [LEADER]: Queue going to LEADER mode. State: All replicated index: 0, Majority replicated index: 0, Committed index: 0, Last appended: 0.0, Last appended by leader: 0, Current term: 1, Majority size: 2, State: 0, Mode: LEADER, active raft config: opid_index: -1 OBSOLETE_local: false peers { permanent_uuid: "08d05f480f3c41d28f0ccbc4b4b3657a" member_type: VOTER last_known_addr { host: "127.21.79.129" port: 45019 } } peers { permanent_uuid: "f3a79929e4f242a6834c25f8e7dfc64e" member_type: VOTER last_known_addr { host: "127.21.79.130" port: 40449 } } peers { permanent_uuid: "390527c306b24066a95041542fc584a6" member_type: VOTER last_known_addr { host: "127.21.79.131" port: 35941 } }
I20260713 09:08:57.708933 22655 raft_consensus.cc:515] T 41b4c19299334d0c930e5d8f550fb525 P f3a79929e4f242a6834c25f8e7dfc64e [term 1 FOLLOWER]: Starting leader election with config: opid_index: -1 OBSOLETE_local: false peers { permanent_uuid: "08d05f480f3c41d28f0ccbc4b4b3657a" member_type: VOTER last_known_addr { host: "127.21.79.129" port: 45019 } } peers { permanent_uuid: "f3a79929e4f242a6834c25f8e7dfc64e" member_type: VOTER last_known_addr { host: "127.21.79.130" port: 40449 } } peers { permanent_uuid: "390527c306b24066a95041542fc584a6" member_type: VOTER last_known_addr { host: "127.21.79.131" port: 35941 } }
I20260713 09:08:57.711038 22655 leader_election.cc:290] T 41b4c19299334d0c930e5d8f550fb525 P f3a79929e4f242a6834c25f8e7dfc64e [CANDIDATE]: Term 1 election: Requested vote from peers 08d05f480f3c41d28f0ccbc4b4b3657a (127.21.79.129:45019), 390527c306b24066a95041542fc584a6 (127.21.79.131:35941)
I20260713 09:08:57.711655 22441 tablet_service.cc:1917] Received RequestConsensusVote() RPC: tablet_id: "41b4c19299334d0c930e5d8f550fb525" candidate_uuid: "f3a79929e4f242a6834c25f8e7dfc64e" candidate_term: 1 candidate_status { last_received { term: 0 index: 0 } } ignore_live_leader: false dest_uuid: "08d05f480f3c41d28f0ccbc4b4b3657a"
I20260713 09:08:57.711970 22590 tablet_service.cc:1917] Received RequestConsensusVote() RPC: tablet_id: "41b4c19299334d0c930e5d8f550fb525" candidate_uuid: "f3a79929e4f242a6834c25f8e7dfc64e" candidate_term: 1 candidate_status { last_received { term: 0 index: 0 } } ignore_live_leader: false dest_uuid: "390527c306b24066a95041542fc584a6"
I20260713 09:08:57.712185 22441 raft_consensus.cc:3060] T 41b4c19299334d0c930e5d8f550fb525 P 08d05f480f3c41d28f0ccbc4b4b3657a [term 0 FOLLOWER]: Advancing to term 1
I20260713 09:08:57.712531 22590 raft_consensus.cc:3060] T 41b4c19299334d0c930e5d8f550fb525 P 390527c306b24066a95041542fc584a6 [term 0 FOLLOWER]: Advancing to term 1
I20260713 09:08:57.717324 22441 raft_consensus.cc:2468] T 41b4c19299334d0c930e5d8f550fb525 P 08d05f480f3c41d28f0ccbc4b4b3657a [term 1 FOLLOWER]: Leader election vote request: Granting yes vote for candidate f3a79929e4f242a6834c25f8e7dfc64e in term 1.
I20260713 09:08:57.717358 22590 raft_consensus.cc:2468] T 41b4c19299334d0c930e5d8f550fb525 P 390527c306b24066a95041542fc584a6 [term 1 FOLLOWER]: Leader election vote request: Granting yes vote for candidate f3a79929e4f242a6834c25f8e7dfc64e in term 1.
I20260713 09:08:57.718479 22482 leader_election.cc:304] T 41b4c19299334d0c930e5d8f550fb525 P f3a79929e4f242a6834c25f8e7dfc64e [CANDIDATE]: Term 1 election: Election decided. Result: candidate won. Election summary: received 2 responses out of 3 voters: 2 yes votes; 0 no votes. yes voters: 08d05f480f3c41d28f0ccbc4b4b3657a, f3a79929e4f242a6834c25f8e7dfc64e; no voters: 
I20260713 09:08:57.719245 22655 raft_consensus.cc:2804] T 41b4c19299334d0c930e5d8f550fb525 P f3a79929e4f242a6834c25f8e7dfc64e [term 1 FOLLOWER]: Leader election won for term 1
I20260713 09:08:57.719724 22655 raft_consensus.cc:697] T 41b4c19299334d0c930e5d8f550fb525 P f3a79929e4f242a6834c25f8e7dfc64e [term 1 LEADER]: Becoming Leader. State: Replica: f3a79929e4f242a6834c25f8e7dfc64e, State: Running, Role: LEADER
I20260713 09:08:57.720412 22655 consensus_queue.cc:237] T 41b4c19299334d0c930e5d8f550fb525 P f3a79929e4f242a6834c25f8e7dfc64e [LEADER]: Queue going to LEADER mode. State: All replicated index: 0, Majority replicated index: 0, Committed index: 0, Last appended: 0.0, Last appended by leader: 0, Current term: 1, Majority size: 2, State: 0, Mode: LEADER, active raft config: opid_index: -1 OBSOLETE_local: false peers { permanent_uuid: "08d05f480f3c41d28f0ccbc4b4b3657a" member_type: VOTER last_known_addr { host: "127.21.79.129" port: 45019 } } peers { permanent_uuid: "f3a79929e4f242a6834c25f8e7dfc64e" member_type: VOTER last_known_addr { host: "127.21.79.130" port: 40449 } } peers { permanent_uuid: "390527c306b24066a95041542fc584a6" member_type: VOTER last_known_addr { host: "127.21.79.131" port: 35941 } }
I20260713 09:08:57.720137 22340 catalog_manager.cc:5697] T 3c93d17c64c14aa8ae7c1d297dba460d P 08d05f480f3c41d28f0ccbc4b4b3657a reported cstate change: term changed from 0 to 1, leader changed from <none> to 08d05f480f3c41d28f0ccbc4b4b3657a (127.21.79.129). New cstate: current_term: 1 leader_uuid: "08d05f480f3c41d28f0ccbc4b4b3657a" committed_config { opid_index: -1 OBSOLETE_local: false peers { permanent_uuid: "08d05f480f3c41d28f0ccbc4b4b3657a" member_type: VOTER last_known_addr { host: "127.21.79.129" port: 45019 } health_report { overall_health: HEALTHY } } peers { permanent_uuid: "f3a79929e4f242a6834c25f8e7dfc64e" member_type: VOTER last_known_addr { host: "127.21.79.130" port: 40449 } health_report { overall_health: UNKNOWN } } peers { permanent_uuid: "390527c306b24066a95041542fc584a6" member_type: VOTER last_known_addr { host: "127.21.79.131" port: 35941 } health_report { overall_health: UNKNOWN } } }
I20260713 09:08:57.721371 22661 raft_consensus.cc:493] T 0ff23450705541afa93c0e156b68be88 P 390527c306b24066a95041542fc584a6 [term 0 FOLLOWER]: Starting pre-election (no leader contacted us within the election timeout)
I20260713 09:08:57.721829 22661 raft_consensus.cc:515] T 0ff23450705541afa93c0e156b68be88 P 390527c306b24066a95041542fc584a6 [term 0 FOLLOWER]: Starting pre-election with config: opid_index: -1 OBSOLETE_local: false peers { permanent_uuid: "390527c306b24066a95041542fc584a6" member_type: VOTER last_known_addr { host: "127.21.79.131" port: 35941 } } peers { permanent_uuid: "f3a79929e4f242a6834c25f8e7dfc64e" member_type: VOTER last_known_addr { host: "127.21.79.130" port: 40449 } } peers { permanent_uuid: "08d05f480f3c41d28f0ccbc4b4b3657a" member_type: VOTER last_known_addr { host: "127.21.79.129" port: 45019 } }
I20260713 09:08:57.724006 22661 leader_election.cc:290] T 0ff23450705541afa93c0e156b68be88 P 390527c306b24066a95041542fc584a6 [CANDIDATE]: Term 1 pre-election: Requested pre-vote from peers f3a79929e4f242a6834c25f8e7dfc64e (127.21.79.130:40449), 08d05f480f3c41d28f0ccbc4b4b3657a (127.21.79.129:45019)
I20260713 09:08:57.725246 22517 tablet_service.cc:1917] Received RequestConsensusVote() RPC: tablet_id: "0ff23450705541afa93c0e156b68be88" candidate_uuid: "390527c306b24066a95041542fc584a6" candidate_term: 1 candidate_status { last_received { term: 0 index: 0 } } ignore_live_leader: false dest_uuid: "f3a79929e4f242a6834c25f8e7dfc64e" is_pre_election: true
I20260713 09:08:57.727036 22441 tablet_service.cc:1917] Received RequestConsensusVote() RPC: tablet_id: "0ff23450705541afa93c0e156b68be88" candidate_uuid: "390527c306b24066a95041542fc584a6" candidate_term: 1 candidate_status { last_received { term: 0 index: 0 } } ignore_live_leader: false dest_uuid: "08d05f480f3c41d28f0ccbc4b4b3657a" is_pre_election: true
I20260713 09:08:57.727720 22441 raft_consensus.cc:2393] T 0ff23450705541afa93c0e156b68be88 P 08d05f480f3c41d28f0ccbc4b4b3657a [term 1 FOLLOWER]: Leader pre-election vote request: Denying vote to candidate 390527c306b24066a95041542fc584a6 in current term 1: Already voted for candidate f3a79929e4f242a6834c25f8e7dfc64e in this term.
I20260713 09:08:57.728901 22556 leader_election.cc:304] T 0ff23450705541afa93c0e156b68be88 P 390527c306b24066a95041542fc584a6 [CANDIDATE]: Term 1 pre-election: Election decided. Result: candidate lost. Election summary: received 3 responses out of 3 voters: 1 yes votes; 2 no votes. yes voters: 390527c306b24066a95041542fc584a6; no voters: 08d05f480f3c41d28f0ccbc4b4b3657a, f3a79929e4f242a6834c25f8e7dfc64e
I20260713 09:08:57.729722 22661 raft_consensus.cc:3060] T 0ff23450705541afa93c0e156b68be88 P 390527c306b24066a95041542fc584a6 [term 0 FOLLOWER]: Advancing to term 1
I20260713 09:08:57.731226 22339 catalog_manager.cc:5697] T 41b4c19299334d0c930e5d8f550fb525 P f3a79929e4f242a6834c25f8e7dfc64e reported cstate change: term changed from 0 to 1, leader changed from <none> to f3a79929e4f242a6834c25f8e7dfc64e (127.21.79.130). New cstate: current_term: 1 leader_uuid: "f3a79929e4f242a6834c25f8e7dfc64e" committed_config { opid_index: -1 OBSOLETE_local: false peers { permanent_uuid: "08d05f480f3c41d28f0ccbc4b4b3657a" member_type: VOTER last_known_addr { host: "127.21.79.129" port: 45019 } health_report { overall_health: UNKNOWN } } peers { permanent_uuid: "f3a79929e4f242a6834c25f8e7dfc64e" member_type: VOTER last_known_addr { host: "127.21.79.130" port: 40449 } health_report { overall_health: HEALTHY } } peers { permanent_uuid: "390527c306b24066a95041542fc584a6" member_type: VOTER last_known_addr { host: "127.21.79.131" port: 35941 } health_report { overall_health: UNKNOWN } } }
I20260713 09:08:57.735900 22661 raft_consensus.cc:2749] T 0ff23450705541afa93c0e156b68be88 P 390527c306b24066a95041542fc584a6 [term 1 FOLLOWER]: Leader pre-election lost for term 1. Reason: could not achieve majority
I20260713 09:08:57.795876 22655 consensus_queue.cc:1048] T 144b105599c7421b8db906c8b5c174e4 P f3a79929e4f242a6834c25f8e7dfc64e [LEADER]: Connected to new peer: Peer: permanent_uuid: "390527c306b24066a95041542fc584a6" member_type: VOTER last_known_addr { host: "127.21.79.131" port: 35941 }, Status: LMP_MISMATCH, Last received: 0.0, Next index: 1, Last known committed idx: 0, Time since last communication: 0.000s
I20260713 09:08:57.808940 22441 raft_consensus.cc:3060] T 144b105599c7421b8db906c8b5c174e4 P 08d05f480f3c41d28f0ccbc4b4b3657a [term 0 FOLLOWER]: Advancing to term 1
I20260713 09:08:57.816200 22638 consensus_queue.cc:1048] T 144b105599c7421b8db906c8b5c174e4 P f3a79929e4f242a6834c25f8e7dfc64e [LEADER]: Connected to new peer: Peer: permanent_uuid: "08d05f480f3c41d28f0ccbc4b4b3657a" member_type: VOTER last_known_addr { host: "127.21.79.129" port: 45019 }, Status: LMP_MISMATCH, Last received: 0.0, Next index: 1, Last known committed idx: 0, Time since last communication: 0.000s
I20260713 09:08:57.832913 22640 raft_consensus.cc:493] T 286237453a894faaa00fee38545d673b P 08d05f480f3c41d28f0ccbc4b4b3657a [term 0 FOLLOWER]: Starting pre-election (no leader contacted us within the election timeout)
I20260713 09:08:57.833348 22640 raft_consensus.cc:515] T 286237453a894faaa00fee38545d673b P 08d05f480f3c41d28f0ccbc4b4b3657a [term 0 FOLLOWER]: Starting pre-election with config: opid_index: -1 OBSOLETE_local: false peers { permanent_uuid: "08d05f480f3c41d28f0ccbc4b4b3657a" member_type: VOTER last_known_addr { host: "127.21.79.129" port: 45019 } } peers { permanent_uuid: "f3a79929e4f242a6834c25f8e7dfc64e" member_type: VOTER last_known_addr { host: "127.21.79.130" port: 40449 } } peers { permanent_uuid: "390527c306b24066a95041542fc584a6" member_type: VOTER last_known_addr { host: "127.21.79.131" port: 35941 } }
I20260713 09:08:57.835393 22640 leader_election.cc:290] T 286237453a894faaa00fee38545d673b P 08d05f480f3c41d28f0ccbc4b4b3657a [CANDIDATE]: Term 1 pre-election: Requested pre-vote from peers f3a79929e4f242a6834c25f8e7dfc64e (127.21.79.130:40449), 390527c306b24066a95041542fc584a6 (127.21.79.131:35941)
I20260713 09:08:57.835968 22517 tablet_service.cc:1917] Received RequestConsensusVote() RPC: tablet_id: "286237453a894faaa00fee38545d673b" candidate_uuid: "08d05f480f3c41d28f0ccbc4b4b3657a" candidate_term: 1 candidate_status { last_received { term: 0 index: 0 } } ignore_live_leader: false dest_uuid: "f3a79929e4f242a6834c25f8e7dfc64e" is_pre_election: true
I20260713 09:08:57.836417 22590 tablet_service.cc:1917] Received RequestConsensusVote() RPC: tablet_id: "286237453a894faaa00fee38545d673b" candidate_uuid: "08d05f480f3c41d28f0ccbc4b4b3657a" candidate_term: 1 candidate_status { last_received { term: 0 index: 0 } } ignore_live_leader: false dest_uuid: "390527c306b24066a95041542fc584a6" is_pre_election: true
I20260713 09:08:57.836720 22517 raft_consensus.cc:2393] T 286237453a894faaa00fee38545d673b P f3a79929e4f242a6834c25f8e7dfc64e [term 1 FOLLOWER]: Leader pre-election vote request: Denying vote to candidate 08d05f480f3c41d28f0ccbc4b4b3657a in current term 1: Already voted for candidate 390527c306b24066a95041542fc584a6 in this term.
I20260713 09:08:57.838429 22406 leader_election.cc:304] T 286237453a894faaa00fee38545d673b P 08d05f480f3c41d28f0ccbc4b4b3657a [CANDIDATE]: Term 1 pre-election: Election decided. Result: candidate lost. Election summary: received 3 responses out of 3 voters: 1 yes votes; 2 no votes. yes voters: 08d05f480f3c41d28f0ccbc4b4b3657a; no voters: 390527c306b24066a95041542fc584a6, f3a79929e4f242a6834c25f8e7dfc64e
I20260713 09:08:57.839131 22640 raft_consensus.cc:3060] T 286237453a894faaa00fee38545d673b P 08d05f480f3c41d28f0ccbc4b4b3657a [term 0 FOLLOWER]: Advancing to term 1
I20260713 09:08:57.842401 22441 raft_consensus.cc:3060] T 6ec74a16596549b6a7a6750842641041 P 08d05f480f3c41d28f0ccbc4b4b3657a [term 0 FOLLOWER]: Advancing to term 1
I20260713 09:08:57.846072 22640 raft_consensus.cc:2749] T 286237453a894faaa00fee38545d673b P 08d05f480f3c41d28f0ccbc4b4b3657a [term 1 FOLLOWER]: Leader pre-election lost for term 1. Reason: could not achieve majority
I20260713 09:08:57.849542 22661 consensus_queue.cc:1048] T 6ec74a16596549b6a7a6750842641041 P 390527c306b24066a95041542fc584a6 [LEADER]: Connected to new peer: Peer: permanent_uuid: "08d05f480f3c41d28f0ccbc4b4b3657a" member_type: VOTER last_known_addr { host: "127.21.79.129" port: 45019 }, Status: LMP_MISMATCH, Last received: 0.0, Next index: 1, Last known committed idx: 0, Time since last communication: 0.000s
I20260713 09:08:57.850711 22640 raft_consensus.cc:493] T 6ec74a16596549b6a7a6750842641041 P 08d05f480f3c41d28f0ccbc4b4b3657a [term 1 FOLLOWER]: Starting pre-election (no leader contacted us within the election timeout)
I20260713 09:08:57.851262 22640 raft_consensus.cc:515] T 6ec74a16596549b6a7a6750842641041 P 08d05f480f3c41d28f0ccbc4b4b3657a [term 1 FOLLOWER]: Starting pre-election with config: opid_index: -1 OBSOLETE_local: false peers { permanent_uuid: "08d05f480f3c41d28f0ccbc4b4b3657a" member_type: VOTER last_known_addr { host: "127.21.79.129" port: 45019 } } peers { permanent_uuid: "f3a79929e4f242a6834c25f8e7dfc64e" member_type: VOTER last_known_addr { host: "127.21.79.130" port: 40449 } } peers { permanent_uuid: "390527c306b24066a95041542fc584a6" member_type: VOTER last_known_addr { host: "127.21.79.131" port: 35941 } }
I20260713 09:08:57.853142 22640 leader_election.cc:290] T 6ec74a16596549b6a7a6750842641041 P 08d05f480f3c41d28f0ccbc4b4b3657a [CANDIDATE]: Term 2 pre-election: Requested pre-vote from peers f3a79929e4f242a6834c25f8e7dfc64e (127.21.79.130:40449), 390527c306b24066a95041542fc584a6 (127.21.79.131:35941)
I20260713 09:08:57.853760 22517 tablet_service.cc:1917] Received RequestConsensusVote() RPC: tablet_id: "6ec74a16596549b6a7a6750842641041" candidate_uuid: "08d05f480f3c41d28f0ccbc4b4b3657a" candidate_term: 2 candidate_status { last_received { term: 0 index: 0 } } ignore_live_leader: false dest_uuid: "f3a79929e4f242a6834c25f8e7dfc64e" is_pre_election: true
I20260713 09:08:57.854364 22517 raft_consensus.cc:2468] T 6ec74a16596549b6a7a6750842641041 P f3a79929e4f242a6834c25f8e7dfc64e [term 1 FOLLOWER]: Leader pre-election vote request: Granting yes vote for candidate 08d05f480f3c41d28f0ccbc4b4b3657a in term 1.
I20260713 09:08:57.854672 22590 tablet_service.cc:1917] Received RequestConsensusVote() RPC: tablet_id: "6ec74a16596549b6a7a6750842641041" candidate_uuid: "08d05f480f3c41d28f0ccbc4b4b3657a" candidate_term: 2 candidate_status { last_received { term: 0 index: 0 } } ignore_live_leader: false dest_uuid: "390527c306b24066a95041542fc584a6" is_pre_election: true
I20260713 09:08:57.855163 22516 tablet_service.cc:2072] Received LeaderStepDown RPC: tablet_id: "0ff23450705541afa93c0e156b68be88"
dest_uuid: "f3a79929e4f242a6834c25f8e7dfc64e"
mode: GRACEFUL
new_leader_uuid: "08d05f480f3c41d28f0ccbc4b4b3657a"
 from {username='slave'} at 127.0.0.1:37178
I20260713 09:08:57.855651 22406 leader_election.cc:304] T 6ec74a16596549b6a7a6750842641041 P 08d05f480f3c41d28f0ccbc4b4b3657a [CANDIDATE]: Term 2 pre-election: Election decided. Result: candidate won. Election summary: received 2 responses out of 3 voters: 2 yes votes; 0 no votes. yes voters: 08d05f480f3c41d28f0ccbc4b4b3657a, f3a79929e4f242a6834c25f8e7dfc64e; no voters: 
I20260713 09:08:57.855932 22516 raft_consensus.cc:606] T 0ff23450705541afa93c0e156b68be88 P f3a79929e4f242a6834c25f8e7dfc64e [term 1 LEADER]: Received request to transfer leadership to TS 08d05f480f3c41d28f0ccbc4b4b3657a
I20260713 09:08:57.857108 22640 raft_consensus.cc:2804] T 6ec74a16596549b6a7a6750842641041 P 08d05f480f3c41d28f0ccbc4b4b3657a [term 1 FOLLOWER]: Leader pre-election won for term 2
I20260713 09:08:57.858641 22640 raft_consensus.cc:493] T 6ec74a16596549b6a7a6750842641041 P 08d05f480f3c41d28f0ccbc4b4b3657a [term 1 FOLLOWER]: Starting leader election (detected failure of leader 390527c306b24066a95041542fc584a6)
I20260713 09:08:57.859131 22640 raft_consensus.cc:3060] T 6ec74a16596549b6a7a6750842641041 P 08d05f480f3c41d28f0ccbc4b4b3657a [term 1 FOLLOWER]: Advancing to term 2
I20260713 09:08:57.864099 22637 consensus_queue.cc:1048] T 6ec74a16596549b6a7a6750842641041 P 390527c306b24066a95041542fc584a6 [LEADER]: Connected to new peer: Peer: permanent_uuid: "f3a79929e4f242a6834c25f8e7dfc64e" member_type: VOTER last_known_addr { host: "127.21.79.130" port: 40449 }, Status: LMP_MISMATCH, Last received: 0.0, Next index: 1, Last known committed idx: 0, Time since last communication: 0.000s
I20260713 09:08:57.865975 22640 raft_consensus.cc:515] T 6ec74a16596549b6a7a6750842641041 P 08d05f480f3c41d28f0ccbc4b4b3657a [term 2 FOLLOWER]: Starting leader election with config: opid_index: -1 OBSOLETE_local: false peers { permanent_uuid: "08d05f480f3c41d28f0ccbc4b4b3657a" member_type: VOTER last_known_addr { host: "127.21.79.129" port: 45019 } } peers { permanent_uuid: "f3a79929e4f242a6834c25f8e7dfc64e" member_type: VOTER last_known_addr { host: "127.21.79.130" port: 40449 } } peers { permanent_uuid: "390527c306b24066a95041542fc584a6" member_type: VOTER last_known_addr { host: "127.21.79.131" port: 35941 } }
I20260713 09:08:57.868064 22640 leader_election.cc:290] T 6ec74a16596549b6a7a6750842641041 P 08d05f480f3c41d28f0ccbc4b4b3657a [CANDIDATE]: Term 2 election: Requested vote from peers f3a79929e4f242a6834c25f8e7dfc64e (127.21.79.130:40449), 390527c306b24066a95041542fc584a6 (127.21.79.131:35941)
I20260713 09:08:57.869383 22590 tablet_service.cc:1917] Received RequestConsensusVote() RPC: tablet_id: "6ec74a16596549b6a7a6750842641041" candidate_uuid: "08d05f480f3c41d28f0ccbc4b4b3657a" candidate_term: 2 candidate_status { last_received { term: 1 index: 1 } } ignore_live_leader: false dest_uuid: "390527c306b24066a95041542fc584a6"
I20260713 09:08:57.869778 22441 raft_consensus.cc:1240] T 6ec74a16596549b6a7a6750842641041 P 08d05f480f3c41d28f0ccbc4b4b3657a [term 2 FOLLOWER]: Rejecting Update request from peer 390527c306b24066a95041542fc584a6 for earlier term 1. Current term is 2. Ops: []
I20260713 09:08:57.871642 22517 tablet_service.cc:1917] Received RequestConsensusVote() RPC: tablet_id: "6ec74a16596549b6a7a6750842641041" candidate_uuid: "08d05f480f3c41d28f0ccbc4b4b3657a" candidate_term: 2 candidate_status { last_received { term: 1 index: 1 } } ignore_live_leader: false dest_uuid: "f3a79929e4f242a6834c25f8e7dfc64e"
I20260713 09:08:57.871759 22637 consensus_queue.cc:1059] T 6ec74a16596549b6a7a6750842641041 P 390527c306b24066a95041542fc584a6 [LEADER]: Peer responded invalid term: Peer: permanent_uuid: "08d05f480f3c41d28f0ccbc4b4b3657a" member_type: VOTER last_known_addr { host: "127.21.79.129" port: 45019 }, Status: INVALID_TERM, Last received: 1.1, Next index: 2, Last known committed idx: 0, Time since last communication: 0.000s
I20260713 09:08:57.872555 22637 raft_consensus.cc:3055] T 6ec74a16596549b6a7a6750842641041 P 390527c306b24066a95041542fc584a6 [term 1 LEADER]: Stepping down as leader of term 1
I20260713 09:08:57.872862 22637 raft_consensus.cc:740] T 6ec74a16596549b6a7a6750842641041 P 390527c306b24066a95041542fc584a6 [term 1 LEADER]: Becoming Follower/Learner. State: Replica: 390527c306b24066a95041542fc584a6, State: Running, Role: LEADER
I20260713 09:08:57.873273 22406 leader_election.cc:304] T 6ec74a16596549b6a7a6750842641041 P 08d05f480f3c41d28f0ccbc4b4b3657a [CANDIDATE]: Term 2 election: Election decided. Result: candidate lost. Election summary: received 3 responses out of 3 voters: 1 yes votes; 2 no votes. yes voters: 08d05f480f3c41d28f0ccbc4b4b3657a; no voters: 390527c306b24066a95041542fc584a6, f3a79929e4f242a6834c25f8e7dfc64e
I20260713 09:08:57.873796 22637 consensus_queue.cc:260] T 6ec74a16596549b6a7a6750842641041 P 390527c306b24066a95041542fc584a6 [NON_LEADER]: Queue going to NON_LEADER mode. State: All replicated index: 0, Majority replicated index: 1, Committed index: 1, Last appended: 1.1, Last appended by leader: 1, Current term: 1, Majority size: -1, State: 0, Mode: NON_LEADER, active raft config: opid_index: -1 OBSOLETE_local: false peers { permanent_uuid: "08d05f480f3c41d28f0ccbc4b4b3657a" member_type: VOTER last_known_addr { host: "127.21.79.129" port: 45019 } } peers { permanent_uuid: "f3a79929e4f242a6834c25f8e7dfc64e" member_type: VOTER last_known_addr { host: "127.21.79.130" port: 40449 } } peers { permanent_uuid: "390527c306b24066a95041542fc584a6" member_type: VOTER last_known_addr { host: "127.21.79.131" port: 35941 } }
I20260713 09:08:57.874640 22640 raft_consensus.cc:2749] T 6ec74a16596549b6a7a6750842641041 P 08d05f480f3c41d28f0ccbc4b4b3657a [term 2 FOLLOWER]: Leader election lost for term 2. Reason: could not achieve majority
I20260713 09:08:57.875190 22638 consensus_queue.cc:1048] T f1f73b39efd9425e88d7977d692a1428 P f3a79929e4f242a6834c25f8e7dfc64e [LEADER]: Connected to new peer: Peer: permanent_uuid: "390527c306b24066a95041542fc584a6" member_type: VOTER last_known_addr { host: "127.21.79.131" port: 35941 }, Status: LMP_MISMATCH, Last received: 0.0, Next index: 1, Last known committed idx: 0, Time since last communication: 0.000s
I20260713 09:08:57.876542 22637 raft_consensus.cc:3060] T 6ec74a16596549b6a7a6750842641041 P 390527c306b24066a95041542fc584a6 [term 1 FOLLOWER]: Advancing to term 2
I20260713 09:08:57.889822 22441 raft_consensus.cc:3060] T f1f73b39efd9425e88d7977d692a1428 P 08d05f480f3c41d28f0ccbc4b4b3657a [term 0 FOLLOWER]: Advancing to term 1
I20260713 09:08:57.890908 22591 tablet_service.cc:2072] Received LeaderStepDown RPC: tablet_id: "6ec74a16596549b6a7a6750842641041"
dest_uuid: "390527c306b24066a95041542fc584a6"
mode: GRACEFUL
new_leader_uuid: "08d05f480f3c41d28f0ccbc4b4b3657a"
 from {username='slave'} at 127.0.0.1:56838
I20260713 09:08:57.891490 22591 raft_consensus.cc:606] T 6ec74a16596549b6a7a6750842641041 P 390527c306b24066a95041542fc584a6 [term 2 FOLLOWER]: Received request to transfer leadership to TS 08d05f480f3c41d28f0ccbc4b4b3657a
I20260713 09:08:57.891834 22591 raft_consensus.cc:614] T 6ec74a16596549b6a7a6750842641041 P 390527c306b24066a95041542fc584a6 [term 2 FOLLOWER]: Rejecting request to transer leadership while not leader
I20260713 09:08:57.897480 22516 tablet_service.cc:2072] Received LeaderStepDown RPC: tablet_id: "144b105599c7421b8db906c8b5c174e4"
dest_uuid: "f3a79929e4f242a6834c25f8e7dfc64e"
mode: GRACEFUL
new_leader_uuid: "08d05f480f3c41d28f0ccbc4b4b3657a"
 from {username='slave'} at 127.0.0.1:37178
I20260713 09:08:57.898094 22516 raft_consensus.cc:606] T 144b105599c7421b8db906c8b5c174e4 P f3a79929e4f242a6834c25f8e7dfc64e [term 1 LEADER]: Received request to transfer leadership to TS 08d05f480f3c41d28f0ccbc4b4b3657a
I20260713 09:08:57.899616 22640 raft_consensus.cc:493] T f1f73b39efd9425e88d7977d692a1428 P 08d05f480f3c41d28f0ccbc4b4b3657a [term 1 FOLLOWER]: Starting pre-election (no leader contacted us within the election timeout)
I20260713 09:08:57.900101 22640 raft_consensus.cc:515] T f1f73b39efd9425e88d7977d692a1428 P 08d05f480f3c41d28f0ccbc4b4b3657a [term 1 FOLLOWER]: Starting pre-election with config: opid_index: -1 OBSOLETE_local: false peers { permanent_uuid: "08d05f480f3c41d28f0ccbc4b4b3657a" member_type: VOTER last_known_addr { host: "127.21.79.129" port: 45019 } } peers { permanent_uuid: "f3a79929e4f242a6834c25f8e7dfc64e" member_type: VOTER last_known_addr { host: "127.21.79.130" port: 40449 } } peers { permanent_uuid: "390527c306b24066a95041542fc584a6" member_type: VOTER last_known_addr { host: "127.21.79.131" port: 35941 } }
I20260713 09:08:57.900990 22657 consensus_queue.cc:1048] T f1f73b39efd9425e88d7977d692a1428 P f3a79929e4f242a6834c25f8e7dfc64e [LEADER]: Connected to new peer: Peer: permanent_uuid: "08d05f480f3c41d28f0ccbc4b4b3657a" member_type: VOTER last_known_addr { host: "127.21.79.129" port: 45019 }, Status: LMP_MISMATCH, Last received: 0.0, Next index: 1, Last known committed idx: 0, Time since last communication: 0.000s
I20260713 09:08:57.902105 22640 leader_election.cc:290] T f1f73b39efd9425e88d7977d692a1428 P 08d05f480f3c41d28f0ccbc4b4b3657a [CANDIDATE]: Term 2 pre-election: Requested pre-vote from peers f3a79929e4f242a6834c25f8e7dfc64e (127.21.79.130:40449), 390527c306b24066a95041542fc584a6 (127.21.79.131:35941)
