I20260713 09:09:13.210937 28562 raft_consensus.cc:1275] T ce86dc690f044e2bbd58f2a437f322f7 P b0e3ff245bb2447faac31759e6834310 [term 1 FOLLOWER]: Refusing update from remote peer b334358a79a4401292d296b801d02783: Log matching property violated. Preceding OpId in replica: term: 1 index: 1. Preceding OpId from leader: term: 1 index: 2. (index mismatch)
I20260713 09:09:13.211208 28485 raft_consensus.cc:1275] T ce86dc690f044e2bbd58f2a437f322f7 P e24395ba3ecd48e5a5a3703ffaa4059d [term 1 FOLLOWER]: Refusing update from remote peer b334358a79a4401292d296b801d02783: Log matching property violated. Preceding OpId in replica: term: 1 index: 1. Preceding OpId from leader: term: 1 index: 2. (index mismatch)
I20260713 09:09:13.212898 29022 consensus_queue.cc:1048] T ce86dc690f044e2bbd58f2a437f322f7 P b334358a79a4401292d296b801d02783 [LEADER]: Connected to new peer: Peer: permanent_uuid: "e24395ba3ecd48e5a5a3703ffaa4059d" member_type: VOTER last_known_addr { host: "127.26.184.129" port: 34013 }, Status: LMP_MISMATCH, Last received: 0.0, Next index: 2, Last known committed idx: 1, Time since last communication: 0.001s
I20260713 09:09:13.213986 28726 consensus_queue.cc:1048] T ce86dc690f044e2bbd58f2a437f322f7 P b334358a79a4401292d296b801d02783 [LEADER]: Connected to new peer: Peer: permanent_uuid: "b0e3ff245bb2447faac31759e6834310" member_type: VOTER last_known_addr { host: "127.26.184.130" port: 45159 } attrs { replace: true }, Status: LMP_MISMATCH, Last received: 0.0, Next index: 2, Last known committed idx: 1, Time since last communication: 0.000s
I20260713 09:09:13.225992 28726 raft_consensus.cc:2955] T ce86dc690f044e2bbd58f2a437f322f7 P b334358a79a4401292d296b801d02783 [term 1 LEADER]: Committing config change with OpId 1.2: config changed from index -1 to 2, NON_VOTER f69f2684ed4d4c158c3143499c016f1e (127.26.184.132) added. New config: { opid_index: 2 OBSOLETE_local: false peers { permanent_uuid: "e24395ba3ecd48e5a5a3703ffaa4059d" member_type: VOTER last_known_addr { host: "127.26.184.129" port: 34013 } } peers { permanent_uuid: "b0e3ff245bb2447faac31759e6834310" member_type: VOTER last_known_addr { host: "127.26.184.130" port: 45159 } attrs { replace: true } } peers { permanent_uuid: "b334358a79a4401292d296b801d02783" member_type: VOTER last_known_addr { host: "127.26.184.131" port: 41057 } } peers { permanent_uuid: "f69f2684ed4d4c158c3143499c016f1e" member_type: NON_VOTER last_known_addr { host: "127.26.184.132" port: 41283 } attrs { promote: true } } }
I20260713 09:09:13.228084 28562 raft_consensus.cc:2955] T ce86dc690f044e2bbd58f2a437f322f7 P b0e3ff245bb2447faac31759e6834310 [term 1 FOLLOWER]: Committing config change with OpId 1.2: config changed from index -1 to 2, NON_VOTER f69f2684ed4d4c158c3143499c016f1e (127.26.184.132) added. New config: { opid_index: 2 OBSOLETE_local: false peers { permanent_uuid: "e24395ba3ecd48e5a5a3703ffaa4059d" member_type: VOTER last_known_addr { host: "127.26.184.129" port: 34013 } } peers { permanent_uuid: "b0e3ff245bb2447faac31759e6834310" member_type: VOTER last_known_addr { host: "127.26.184.130" port: 45159 } attrs { replace: true } } peers { permanent_uuid: "b334358a79a4401292d296b801d02783" member_type: VOTER last_known_addr { host: "127.26.184.131" port: 41057 } } peers { permanent_uuid: "f69f2684ed4d4c158c3143499c016f1e" member_type: NON_VOTER last_known_addr { host: "127.26.184.132" port: 41283 } attrs { promote: true } } }
I20260713 09:09:13.234892 28485 raft_consensus.cc:2955] T ce86dc690f044e2bbd58f2a437f322f7 P e24395ba3ecd48e5a5a3703ffaa4059d [term 1 FOLLOWER]: Committing config change with OpId 1.2: config changed from index -1 to 2, NON_VOTER f69f2684ed4d4c158c3143499c016f1e (127.26.184.132) added. New config: { opid_index: 2 OBSOLETE_local: false peers { permanent_uuid: "e24395ba3ecd48e5a5a3703ffaa4059d" member_type: VOTER last_known_addr { host: "127.26.184.129" port: 34013 } } peers { permanent_uuid: "b0e3ff245bb2447faac31759e6834310" member_type: VOTER last_known_addr { host: "127.26.184.130" port: 45159 } attrs { replace: true } } peers { permanent_uuid: "b334358a79a4401292d296b801d02783" member_type: VOTER last_known_addr { host: "127.26.184.131" port: 41057 } } peers { permanent_uuid: "f69f2684ed4d4c158c3143499c016f1e" member_type: NON_VOTER last_known_addr { host: "127.26.184.132" port: 41283 } attrs { promote: true } } }
I20260713 09:09:13.244554 28563 consensus_queue.cc:237] T b17fa7c074c94308b237d6b6a409498a P b0e3ff245bb2447faac31759e6834310 [LEADER]: Queue going to LEADER mode. State: All replicated index: 0, Majority replicated index: 1, Committed index: 1, Last appended: 1.1, Last appended by leader: 0, Current term: 1, Majority size: 2, State: 0, Mode: LEADER, active raft config: opid_index: 2 OBSOLETE_local: false peers { permanent_uuid: "e24395ba3ecd48e5a5a3703ffaa4059d" member_type: VOTER last_known_addr { host: "127.26.184.129" port: 34013 } attrs { replace: true } } peers { permanent_uuid: "b0e3ff245bb2447faac31759e6834310" member_type: VOTER last_known_addr { host: "127.26.184.130" port: 45159 } } peers { permanent_uuid: "b334358a79a4401292d296b801d02783" member_type: VOTER last_known_addr { host: "127.26.184.131" port: 41057 } } peers { permanent_uuid: "f69f2684ed4d4c158c3143499c016f1e" member_type: NON_VOTER last_known_addr { host: "127.26.184.132" port: 41283 } attrs { promote: true } }
I20260713 09:09:13.255275 28386 catalog_manager.cc:5697] T ce86dc690f044e2bbd58f2a437f322f7 P b334358a79a4401292d296b801d02783 reported cstate change: config changed from index -1 to 2, NON_VOTER f69f2684ed4d4c158c3143499c016f1e (127.26.184.132) added. New cstate: current_term: 1 leader_uuid: "b334358a79a4401292d296b801d02783" committed_config { opid_index: 2 OBSOLETE_local: false peers { permanent_uuid: "e24395ba3ecd48e5a5a3703ffaa4059d" member_type: VOTER last_known_addr { host: "127.26.184.129" port: 34013 } health_report { overall_health: HEALTHY } } peers { permanent_uuid: "b0e3ff245bb2447faac31759e6834310" member_type: VOTER last_known_addr { host: "127.26.184.130" port: 45159 } attrs { replace: true } health_report { overall_health: HEALTHY } } peers { permanent_uuid: "b334358a79a4401292d296b801d02783" member_type: VOTER last_known_addr { host: "127.26.184.131" port: 41057 } health_report { overall_health: HEALTHY } } peers { permanent_uuid: "f69f2684ed4d4c158c3143499c016f1e" member_type: NON_VOTER last_known_addr { host: "127.26.184.132" port: 41283 } attrs { promote: true } health_report { overall_health: UNKNOWN } } }
W20260713 09:09:13.258246 28528 consensus_peers.cc:597] T b17fa7c074c94308b237d6b6a409498a P b0e3ff245bb2447faac31759e6834310 -> Peer f69f2684ed4d4c158c3143499c016f1e (127.26.184.132:41283): Couldn't send request to peer f69f2684ed4d4c158c3143499c016f1e. Error code: TABLET_NOT_FOUND (6). Status: Not found: Tablet not found: b17fa7c074c94308b237d6b6a409498a. This is attempt 1: this message will repeat every 5th retry.
I20260713 09:09:13.259927 28485 raft_consensus.cc:1275] T b17fa7c074c94308b237d6b6a409498a P e24395ba3ecd48e5a5a3703ffaa4059d [term 1 FOLLOWER]: Refusing update from remote peer b0e3ff245bb2447faac31759e6834310: Log matching property violated. Preceding OpId in replica: term: 1 index: 1. Preceding OpId from leader: term: 1 index: 2. (index mismatch)
I20260713 09:09:13.261528 28999 consensus_queue.cc:1048] T b17fa7c074c94308b237d6b6a409498a P b0e3ff245bb2447faac31759e6834310 [LEADER]: Connected to new peer: Peer: permanent_uuid: "e24395ba3ecd48e5a5a3703ffaa4059d" member_type: VOTER last_known_addr { host: "127.26.184.129" port: 34013 } attrs { replace: true }, Status: LMP_MISMATCH, Last received: 0.0, Next index: 2, Last known committed idx: 1, Time since last communication: 0.000s
I20260713 09:09:13.262264 28636 raft_consensus.cc:1275] T b17fa7c074c94308b237d6b6a409498a P b334358a79a4401292d296b801d02783 [term 1 FOLLOWER]: Refusing update from remote peer b0e3ff245bb2447faac31759e6834310: Log matching property violated. Preceding OpId in replica: term: 1 index: 1. Preceding OpId from leader: term: 1 index: 2. (index mismatch)
I20260713 09:09:13.264357 28999 consensus_queue.cc:1048] T b17fa7c074c94308b237d6b6a409498a P b0e3ff245bb2447faac31759e6834310 [LEADER]: Connected to new peer: Peer: permanent_uuid: "b334358a79a4401292d296b801d02783" member_type: VOTER last_known_addr { host: "127.26.184.131" port: 41057 }, Status: LMP_MISMATCH, Last received: 0.0, Next index: 2, Last known committed idx: 1, Time since last communication: 0.000s
I20260713 09:09:13.278542 29020 raft_consensus.cc:2955] T b17fa7c074c94308b237d6b6a409498a P b0e3ff245bb2447faac31759e6834310 [term 1 LEADER]: Committing config change with OpId 1.2: config changed from index -1 to 2, NON_VOTER f69f2684ed4d4c158c3143499c016f1e (127.26.184.132) added. New config: { opid_index: 2 OBSOLETE_local: false peers { permanent_uuid: "e24395ba3ecd48e5a5a3703ffaa4059d" member_type: VOTER last_known_addr { host: "127.26.184.129" port: 34013 } attrs { replace: true } } peers { permanent_uuid: "b0e3ff245bb2447faac31759e6834310" member_type: VOTER last_known_addr { host: "127.26.184.130" port: 45159 } } peers { permanent_uuid: "b334358a79a4401292d296b801d02783" member_type: VOTER last_known_addr { host: "127.26.184.131" port: 41057 } } peers { permanent_uuid: "f69f2684ed4d4c158c3143499c016f1e" member_type: NON_VOTER last_known_addr { host: "127.26.184.132" port: 41283 } attrs { promote: true } } }
I20260713 09:09:13.288174 28486 raft_consensus.cc:2955] T b17fa7c074c94308b237d6b6a409498a P e24395ba3ecd48e5a5a3703ffaa4059d [term 1 FOLLOWER]: Committing config change with OpId 1.2: config changed from index -1 to 2, NON_VOTER f69f2684ed4d4c158c3143499c016f1e (127.26.184.132) added. New config: { opid_index: 2 OBSOLETE_local: false peers { permanent_uuid: "e24395ba3ecd48e5a5a3703ffaa4059d" member_type: VOTER last_known_addr { host: "127.26.184.129" port: 34013 } attrs { replace: true } } peers { permanent_uuid: "b0e3ff245bb2447faac31759e6834310" member_type: VOTER last_known_addr { host: "127.26.184.130" port: 45159 } } peers { permanent_uuid: "b334358a79a4401292d296b801d02783" member_type: VOTER last_known_addr { host: "127.26.184.131" port: 41057 } } peers { permanent_uuid: "f69f2684ed4d4c158c3143499c016f1e" member_type: NON_VOTER last_known_addr { host: "127.26.184.132" port: 41283 } attrs { promote: true } } }
I20260713 09:09:13.309578 28485 consensus_queue.cc:237] T 4de18c620c89436bb530a9f6d515b8af P e24395ba3ecd48e5a5a3703ffaa4059d [LEADER]: Queue going to LEADER mode. State: All replicated index: 0, Majority replicated index: 1, Committed index: 1, Last appended: 1.1, Last appended by leader: 0, Current term: 1, Majority size: 2, State: 0, Mode: LEADER, active raft config: opid_index: 2 OBSOLETE_local: false peers { permanent_uuid: "e24395ba3ecd48e5a5a3703ffaa4059d" member_type: VOTER last_known_addr { host: "127.26.184.129" port: 34013 } } peers { permanent_uuid: "b0e3ff245bb2447faac31759e6834310" member_type: VOTER last_known_addr { host: "127.26.184.130" port: 45159 } } peers { permanent_uuid: "b334358a79a4401292d296b801d02783" member_type: VOTER last_known_addr { host: "127.26.184.131" port: 41057 } attrs { replace: true } } peers { permanent_uuid: "f69f2684ed4d4c158c3143499c016f1e" member_type: NON_VOTER last_known_addr { host: "127.26.184.132" port: 41283 } attrs { promote: true } }
I20260713 09:09:13.312536 28636 raft_consensus.cc:2955] T b17fa7c074c94308b237d6b6a409498a P b334358a79a4401292d296b801d02783 [term 1 FOLLOWER]: Committing config change with OpId 1.2: config changed from index -1 to 2, NON_VOTER f69f2684ed4d4c158c3143499c016f1e (127.26.184.132) added. New config: { opid_index: 2 OBSOLETE_local: false peers { permanent_uuid: "e24395ba3ecd48e5a5a3703ffaa4059d" member_type: VOTER last_known_addr { host: "127.26.184.129" port: 34013 } attrs { replace: true } } peers { permanent_uuid: "b0e3ff245bb2447faac31759e6834310" member_type: VOTER last_known_addr { host: "127.26.184.130" port: 45159 } } peers { permanent_uuid: "b334358a79a4401292d296b801d02783" member_type: VOTER last_known_addr { host: "127.26.184.131" port: 41057 } } peers { permanent_uuid: "f69f2684ed4d4c158c3143499c016f1e" member_type: NON_VOTER last_known_addr { host: "127.26.184.132" port: 41283 } attrs { promote: true } } }
I20260713 09:09:13.321544 28382 catalog_manager.cc:5697] T b17fa7c074c94308b237d6b6a409498a P e24395ba3ecd48e5a5a3703ffaa4059d reported cstate change: config changed from index -1 to 2, NON_VOTER f69f2684ed4d4c158c3143499c016f1e (127.26.184.132) added. New cstate: current_term: 1 leader_uuid: "b0e3ff245bb2447faac31759e6834310" committed_config { opid_index: 2 OBSOLETE_local: false peers { permanent_uuid: "e24395ba3ecd48e5a5a3703ffaa4059d" member_type: VOTER last_known_addr { host: "127.26.184.129" port: 34013 } attrs { replace: true } } peers { permanent_uuid: "b0e3ff245bb2447faac31759e6834310" member_type: VOTER last_known_addr { host: "127.26.184.130" port: 45159 } } peers { permanent_uuid: "b334358a79a4401292d296b801d02783" member_type: VOTER last_known_addr { host: "127.26.184.131" port: 41057 } } peers { permanent_uuid: "f69f2684ed4d4c158c3143499c016f1e" member_type: NON_VOTER last_known_addr { host: "127.26.184.132" port: 41283 } attrs { promote: true } } }
I20260713 09:09:13.354635 28636 raft_consensus.cc:1275] T 4de18c620c89436bb530a9f6d515b8af P b334358a79a4401292d296b801d02783 [term 1 FOLLOWER]: Refusing update from remote peer e24395ba3ecd48e5a5a3703ffaa4059d: Log matching property violated. Preceding OpId in replica: term: 1 index: 1. Preceding OpId from leader: term: 1 index: 2. (index mismatch)
W20260713 09:09:13.355369 28453 consensus_peers.cc:597] T 4de18c620c89436bb530a9f6d515b8af P e24395ba3ecd48e5a5a3703ffaa4059d -> Peer f69f2684ed4d4c158c3143499c016f1e (127.26.184.132:41283): Couldn't send request to peer f69f2684ed4d4c158c3143499c016f1e. Error code: TABLET_NOT_FOUND (6). Status: Not found: Tablet not found: 4de18c620c89436bb530a9f6d515b8af. This is attempt 1: this message will repeat every 5th retry.
I20260713 09:09:13.356158 28562 raft_consensus.cc:1275] T 4de18c620c89436bb530a9f6d515b8af P b0e3ff245bb2447faac31759e6834310 [term 1 FOLLOWER]: Refusing update from remote peer e24395ba3ecd48e5a5a3703ffaa4059d: Log matching property violated. Preceding OpId in replica: term: 1 index: 1. Preceding OpId from leader: term: 1 index: 2. (index mismatch)
I20260713 09:09:13.357259 29026 consensus_queue.cc:1048] T 4de18c620c89436bb530a9f6d515b8af P e24395ba3ecd48e5a5a3703ffaa4059d [LEADER]: Connected to new peer: Peer: permanent_uuid: "b334358a79a4401292d296b801d02783" member_type: VOTER last_known_addr { host: "127.26.184.131" port: 41057 } attrs { replace: true }, Status: LMP_MISMATCH, Last received: 0.0, Next index: 2, Last known committed idx: 1, Time since last communication: 0.000s
I20260713 09:09:13.358315 29021 consensus_queue.cc:1048] T 4de18c620c89436bb530a9f6d515b8af P e24395ba3ecd48e5a5a3703ffaa4059d [LEADER]: Connected to new peer: Peer: permanent_uuid: "b0e3ff245bb2447faac31759e6834310" member_type: VOTER last_known_addr { host: "127.26.184.130" port: 45159 }, Status: LMP_MISMATCH, Last received: 0.0, Next index: 2, Last known committed idx: 1, Time since last communication: 0.000s
I20260713 09:09:13.373390 29021 raft_consensus.cc:2955] T 4de18c620c89436bb530a9f6d515b8af P e24395ba3ecd48e5a5a3703ffaa4059d [term 1 LEADER]: Committing config change with OpId 1.2: config changed from index -1 to 2, NON_VOTER f69f2684ed4d4c158c3143499c016f1e (127.26.184.132) added. New config: { opid_index: 2 OBSOLETE_local: false peers { permanent_uuid: "e24395ba3ecd48e5a5a3703ffaa4059d" member_type: VOTER last_known_addr { host: "127.26.184.129" port: 34013 } } peers { permanent_uuid: "b0e3ff245bb2447faac31759e6834310" member_type: VOTER last_known_addr { host: "127.26.184.130" port: 45159 } } peers { permanent_uuid: "b334358a79a4401292d296b801d02783" member_type: VOTER last_known_addr { host: "127.26.184.131" port: 41057 } attrs { replace: true } } peers { permanent_uuid: "f69f2684ed4d4c158c3143499c016f1e" member_type: NON_VOTER last_known_addr { host: "127.26.184.132" port: 41283 } attrs { promote: true } } }
I20260713 09:09:13.377481 28562 raft_consensus.cc:2955] T 4de18c620c89436bb530a9f6d515b8af P b0e3ff245bb2447faac31759e6834310 [term 1 FOLLOWER]: Committing config change with OpId 1.2: config changed from index -1 to 2, NON_VOTER f69f2684ed4d4c158c3143499c016f1e (127.26.184.132) added. New config: { opid_index: 2 OBSOLETE_local: false peers { permanent_uuid: "e24395ba3ecd48e5a5a3703ffaa4059d" member_type: VOTER last_known_addr { host: "127.26.184.129" port: 34013 } } peers { permanent_uuid: "b0e3ff245bb2447faac31759e6834310" member_type: VOTER last_known_addr { host: "127.26.184.130" port: 45159 } } peers { permanent_uuid: "b334358a79a4401292d296b801d02783" member_type: VOTER last_known_addr { host: "127.26.184.131" port: 41057 } attrs { replace: true } } peers { permanent_uuid: "f69f2684ed4d4c158c3143499c016f1e" member_type: NON_VOTER last_known_addr { host: "127.26.184.132" port: 41283 } attrs { promote: true } } }
I20260713 09:09:13.379730 28636 raft_consensus.cc:2955] T 4de18c620c89436bb530a9f6d515b8af P b334358a79a4401292d296b801d02783 [term 1 FOLLOWER]: Committing config change with OpId 1.2: config changed from index -1 to 2, NON_VOTER f69f2684ed4d4c158c3143499c016f1e (127.26.184.132) added. New config: { opid_index: 2 OBSOLETE_local: false peers { permanent_uuid: "e24395ba3ecd48e5a5a3703ffaa4059d" member_type: VOTER last_known_addr { host: "127.26.184.129" port: 34013 } } peers { permanent_uuid: "b0e3ff245bb2447faac31759e6834310" member_type: VOTER last_known_addr { host: "127.26.184.130" port: 45159 } } peers { permanent_uuid: "b334358a79a4401292d296b801d02783" member_type: VOTER last_known_addr { host: "127.26.184.131" port: 41057 } attrs { replace: true } } peers { permanent_uuid: "f69f2684ed4d4c158c3143499c016f1e" member_type: NON_VOTER last_known_addr { host: "127.26.184.132" port: 41283 } attrs { promote: true } } }
I20260713 09:09:13.393684 28382 catalog_manager.cc:5697] T 4de18c620c89436bb530a9f6d515b8af P b0e3ff245bb2447faac31759e6834310 reported cstate change: config changed from index -1 to 2, NON_VOTER f69f2684ed4d4c158c3143499c016f1e (127.26.184.132) added. New cstate: current_term: 1 leader_uuid: "e24395ba3ecd48e5a5a3703ffaa4059d" committed_config { opid_index: 2 OBSOLETE_local: false peers { permanent_uuid: "e24395ba3ecd48e5a5a3703ffaa4059d" member_type: VOTER last_known_addr { host: "127.26.184.129" port: 34013 } } peers { permanent_uuid: "b0e3ff245bb2447faac31759e6834310" member_type: VOTER last_known_addr { host: "127.26.184.130" port: 45159 } } peers { permanent_uuid: "b334358a79a4401292d296b801d02783" member_type: VOTER last_known_addr { host: "127.26.184.131" port: 41057 } attrs { replace: true } } peers { permanent_uuid: "f69f2684ed4d4c158c3143499c016f1e" member_type: NON_VOTER last_known_addr { host: "127.26.184.132" port: 41283 } attrs { promote: true } } }
I20260713 09:09:13.578405 29043 ts_tablet_manager.cc:933] T 89853a62303347fc80a630246db1fb95 P f69f2684ed4d4c158c3143499c016f1e: Initiating tablet copy from peer e24395ba3ecd48e5a5a3703ffaa4059d (127.26.184.129:34013)
I20260713 09:09:13.602054 29043 tablet_copy_client.cc:323] T 89853a62303347fc80a630246db1fb95 P f69f2684ed4d4c158c3143499c016f1e: tablet copy: Beginning tablet copy session from remote peer at address 127.26.184.129:34013
I20260713 09:09:13.604064 28498 tablet_copy_service.cc:140] P e24395ba3ecd48e5a5a3703ffaa4059d: Received BeginTabletCopySession request for tablet 89853a62303347fc80a630246db1fb95 from peer f69f2684ed4d4c158c3143499c016f1e ({username='slave'} at 127.0.0.1:51666)
I20260713 09:09:13.604609 28498 tablet_copy_service.cc:161] P e24395ba3ecd48e5a5a3703ffaa4059d: Beginning new tablet copy session on tablet 89853a62303347fc80a630246db1fb95 from peer f69f2684ed4d4c158c3143499c016f1e at {username='slave'} at 127.0.0.1:51666: session id = f69f2684ed4d4c158c3143499c016f1e-89853a62303347fc80a630246db1fb95
I20260713 09:09:13.610162 28498 tablet_copy_source_session.cc:215] T 89853a62303347fc80a630246db1fb95 P e24395ba3ecd48e5a5a3703ffaa4059d: Tablet Copy: opened 0 blocks and 1 log segments
I20260713 09:09:13.613129 29043 data_dirs.cc:400] Could only allocate 1 dirs of requested 3 for tablet 89853a62303347fc80a630246db1fb95. 1 dirs total, 0 dirs full, 0 dirs failed
I20260713 09:09:13.626571 29043 tablet_copy_client.cc:806] T 89853a62303347fc80a630246db1fb95 P f69f2684ed4d4c158c3143499c016f1e: tablet copy: Starting download of 0 data blocks...
I20260713 09:09:13.627230 29043 tablet_copy_client.cc:670] T 89853a62303347fc80a630246db1fb95 P f69f2684ed4d4c158c3143499c016f1e: tablet copy: Starting download of 1 WAL segments...
I20260713 09:09:13.632057 29043 tablet_copy_client.cc:538] T 89853a62303347fc80a630246db1fb95 P f69f2684ed4d4c158c3143499c016f1e: tablet copy: Tablet Copy complete. Replacing tablet superblock.
I20260713 09:09:13.638527 29043 tablet_bootstrap.cc:492] T 89853a62303347fc80a630246db1fb95 P f69f2684ed4d4c158c3143499c016f1e: Bootstrap starting.
I20260713 09:09:13.658500 29043 tablet_bootstrap.cc:492] T 89853a62303347fc80a630246db1fb95 P f69f2684ed4d4c158c3143499c016f1e: Bootstrap replayed 1/1 log segments. Stats: ops{read=2 overwritten=0 applied=2 ignored=0} inserts{seen=0 ignored=0} mutations{seen=0 ignored=0} orphaned_commits=0. Pending: 0 replicates
I20260713 09:09:13.659446 29043 tablet_bootstrap.cc:492] T 89853a62303347fc80a630246db1fb95 P f69f2684ed4d4c158c3143499c016f1e: Bootstrap complete.
I20260713 09:09:13.660168 29043 ts_tablet_manager.cc:1403] T 89853a62303347fc80a630246db1fb95 P f69f2684ed4d4c158c3143499c016f1e: Time spent bootstrapping tablet: real 0.022s	user 0.019s	sys 0.003s
I20260713 09:09:13.663388 29043 raft_consensus.cc:359] T 89853a62303347fc80a630246db1fb95 P f69f2684ed4d4c158c3143499c016f1e [term 1 LEARNER]: Replica starting. Triggering 0 pending ops. Active config: opid_index: 2 OBSOLETE_local: false peers { permanent_uuid: "e24395ba3ecd48e5a5a3703ffaa4059d" member_type: VOTER last_known_addr { host: "127.26.184.129" port: 34013 } } peers { permanent_uuid: "b0e3ff245bb2447faac31759e6834310" member_type: VOTER last_known_addr { host: "127.26.184.130" port: 45159 } } peers { permanent_uuid: "b334358a79a4401292d296b801d02783" member_type: VOTER last_known_addr { host: "127.26.184.131" port: 41057 } attrs { replace: true } } peers { permanent_uuid: "f69f2684ed4d4c158c3143499c016f1e" member_type: NON_VOTER last_known_addr { host: "127.26.184.132" port: 41283 } attrs { promote: true } }
I20260713 09:09:13.664266 29043 raft_consensus.cc:740] T 89853a62303347fc80a630246db1fb95 P f69f2684ed4d4c158c3143499c016f1e [term 1 LEARNER]: Becoming Follower/Learner. State: Replica: f69f2684ed4d4c158c3143499c016f1e, State: Initialized, Role: LEARNER
I20260713 09:09:13.664940 29043 consensus_queue.cc:260] T 89853a62303347fc80a630246db1fb95 P f69f2684ed4d4c158c3143499c016f1e [NON_LEADER]: Queue going to NON_LEADER mode. State: All replicated index: 0, Majority replicated index: 0, Committed index: 2, Last appended: 1.2, Last appended by leader: 2, Current term: 0, Majority size: -1, State: 0, Mode: NON_LEADER, active raft config: opid_index: 2 OBSOLETE_local: false peers { permanent_uuid: "e24395ba3ecd48e5a5a3703ffaa4059d" member_type: VOTER last_known_addr { host: "127.26.184.129" port: 34013 } } peers { permanent_uuid: "b0e3ff245bb2447faac31759e6834310" member_type: VOTER last_known_addr { host: "127.26.184.130" port: 45159 } } peers { permanent_uuid: "b334358a79a4401292d296b801d02783" member_type: VOTER last_known_addr { host: "127.26.184.131" port: 41057 } attrs { replace: true } } peers { permanent_uuid: "f69f2684ed4d4c158c3143499c016f1e" member_type: NON_VOTER last_known_addr { host: "127.26.184.132" port: 41283 } attrs { promote: true } }
I20260713 09:09:13.668357 29043 ts_tablet_manager.cc:1434] T 89853a62303347fc80a630246db1fb95 P f69f2684ed4d4c158c3143499c016f1e: Time spent starting tablet: real 0.008s	user 0.004s	sys 0.004s
I20260713 09:09:13.670311 28498 tablet_copy_service.cc:342] P e24395ba3ecd48e5a5a3703ffaa4059d: Request end of tablet copy session f69f2684ed4d4c158c3143499c016f1e-89853a62303347fc80a630246db1fb95 received from {username='slave'} at 127.0.0.1:51666
I20260713 09:09:13.670764 28498 tablet_copy_service.cc:434] P e24395ba3ecd48e5a5a3703ffaa4059d: ending tablet copy session f69f2684ed4d4c158c3143499c016f1e-89853a62303347fc80a630246db1fb95 on tablet 89853a62303347fc80a630246db1fb95 with peer f69f2684ed4d4c158c3143499c016f1e
I20260713 09:09:13.726918 29043 ts_tablet_manager.cc:933] T ce86dc690f044e2bbd58f2a437f322f7 P f69f2684ed4d4c158c3143499c016f1e: Initiating tablet copy from peer b334358a79a4401292d296b801d02783 (127.26.184.131:41057)
I20260713 09:09:13.728710 29043 tablet_copy_client.cc:323] T ce86dc690f044e2bbd58f2a437f322f7 P f69f2684ed4d4c158c3143499c016f1e: tablet copy: Beginning tablet copy session from remote peer at address 127.26.184.131:41057
I20260713 09:09:13.730536 28647 tablet_copy_service.cc:140] P b334358a79a4401292d296b801d02783: Received BeginTabletCopySession request for tablet ce86dc690f044e2bbd58f2a437f322f7 from peer f69f2684ed4d4c158c3143499c016f1e ({username='slave'} at 127.0.0.1:58832)
I20260713 09:09:13.731281 28647 tablet_copy_service.cc:161] P b334358a79a4401292d296b801d02783: Beginning new tablet copy session on tablet ce86dc690f044e2bbd58f2a437f322f7 from peer f69f2684ed4d4c158c3143499c016f1e at {username='slave'} at 127.0.0.1:58832: session id = f69f2684ed4d4c158c3143499c016f1e-ce86dc690f044e2bbd58f2a437f322f7
I20260713 09:09:13.739504 28647 tablet_copy_source_session.cc:215] T ce86dc690f044e2bbd58f2a437f322f7 P b334358a79a4401292d296b801d02783: Tablet Copy: opened 0 blocks and 1 log segments
I20260713 09:09:13.743944 29043 data_dirs.cc:400] Could only allocate 1 dirs of requested 3 for tablet ce86dc690f044e2bbd58f2a437f322f7. 1 dirs total, 0 dirs full, 0 dirs failed
I20260713 09:09:13.765888 29043 tablet_copy_client.cc:806] T ce86dc690f044e2bbd58f2a437f322f7 P f69f2684ed4d4c158c3143499c016f1e: tablet copy: Starting download of 0 data blocks...
I20260713 09:09:13.766621 29043 tablet_copy_client.cc:670] T ce86dc690f044e2bbd58f2a437f322f7 P f69f2684ed4d4c158c3143499c016f1e: tablet copy: Starting download of 1 WAL segments...
I20260713 09:09:13.768139 29049 ts_tablet_manager.cc:933] T b17fa7c074c94308b237d6b6a409498a P f69f2684ed4d4c158c3143499c016f1e: Initiating tablet copy from peer b0e3ff245bb2447faac31759e6834310 (127.26.184.130:45159)
I20260713 09:09:13.772095 29043 tablet_copy_client.cc:538] T ce86dc690f044e2bbd58f2a437f322f7 P f69f2684ed4d4c158c3143499c016f1e: tablet copy: Tablet Copy complete. Replacing tablet superblock.
I20260713 09:09:13.779610 29049 tablet_copy_client.cc:323] T b17fa7c074c94308b237d6b6a409498a P f69f2684ed4d4c158c3143499c016f1e: tablet copy: Beginning tablet copy session from remote peer at address 127.26.184.130:45159
I20260713 09:09:13.782081 28573 tablet_copy_service.cc:140] P b0e3ff245bb2447faac31759e6834310: Received BeginTabletCopySession request for tablet b17fa7c074c94308b237d6b6a409498a from peer f69f2684ed4d4c158c3143499c016f1e ({username='slave'} at 127.0.0.1:42208)
I20260713 09:09:13.782613 29043 tablet_bootstrap.cc:492] T ce86dc690f044e2bbd58f2a437f322f7 P f69f2684ed4d4c158c3143499c016f1e: Bootstrap starting.
I20260713 09:09:13.782688 28573 tablet_copy_service.cc:161] P b0e3ff245bb2447faac31759e6834310: Beginning new tablet copy session on tablet b17fa7c074c94308b237d6b6a409498a from peer f69f2684ed4d4c158c3143499c016f1e at {username='slave'} at 127.0.0.1:42208: session id = f69f2684ed4d4c158c3143499c016f1e-b17fa7c074c94308b237d6b6a409498a
I20260713 09:09:13.796013 28573 tablet_copy_source_session.cc:215] T b17fa7c074c94308b237d6b6a409498a P b0e3ff245bb2447faac31759e6834310: Tablet Copy: opened 0 blocks and 1 log segments
I20260713 09:09:13.800050 29049 data_dirs.cc:400] Could only allocate 1 dirs of requested 3 for tablet b17fa7c074c94308b237d6b6a409498a. 1 dirs total, 0 dirs full, 0 dirs failed
I20260713 09:09:13.812040 29043 tablet_bootstrap.cc:492] T ce86dc690f044e2bbd58f2a437f322f7 P f69f2684ed4d4c158c3143499c016f1e: Bootstrap replayed 1/1 log segments. Stats: ops{read=2 overwritten=0 applied=2 ignored=0} inserts{seen=0 ignored=0} mutations{seen=0 ignored=0} orphaned_commits=0. Pending: 0 replicates
I20260713 09:09:13.813146 29043 tablet_bootstrap.cc:492] T ce86dc690f044e2bbd58f2a437f322f7 P f69f2684ed4d4c158c3143499c016f1e: Bootstrap complete.
I20260713 09:09:13.813911 29043 ts_tablet_manager.cc:1403] T ce86dc690f044e2bbd58f2a437f322f7 P f69f2684ed4d4c158c3143499c016f1e: Time spent bootstrapping tablet: real 0.032s	user 0.028s	sys 0.004s
I20260713 09:09:13.817133 29043 raft_consensus.cc:359] T ce86dc690f044e2bbd58f2a437f322f7 P f69f2684ed4d4c158c3143499c016f1e [term 1 LEARNER]: Replica starting. Triggering 0 pending ops. Active config: opid_index: 2 OBSOLETE_local: false peers { permanent_uuid: "e24395ba3ecd48e5a5a3703ffaa4059d" member_type: VOTER last_known_addr { host: "127.26.184.129" port: 34013 } } peers { permanent_uuid: "b0e3ff245bb2447faac31759e6834310" member_type: VOTER last_known_addr { host: "127.26.184.130" port: 45159 } attrs { replace: true } } peers { permanent_uuid: "b334358a79a4401292d296b801d02783" member_type: VOTER last_known_addr { host: "127.26.184.131" port: 41057 } } peers { permanent_uuid: "f69f2684ed4d4c158c3143499c016f1e" member_type: NON_VOTER last_known_addr { host: "127.26.184.132" port: 41283 } attrs { promote: true } }
I20260713 09:09:13.818008 29043 raft_consensus.cc:740] T ce86dc690f044e2bbd58f2a437f322f7 P f69f2684ed4d4c158c3143499c016f1e [term 1 LEARNER]: Becoming Follower/Learner. State: Replica: f69f2684ed4d4c158c3143499c016f1e, State: Initialized, Role: LEARNER
I20260713 09:09:13.818799 29043 consensus_queue.cc:260] T ce86dc690f044e2bbd58f2a437f322f7 P f69f2684ed4d4c158c3143499c016f1e [NON_LEADER]: Queue going to NON_LEADER mode. State: All replicated index: 0, Majority replicated index: 0, Committed index: 2, Last appended: 1.2, Last appended by leader: 2, Current term: 0, Majority size: -1, State: 0, Mode: NON_LEADER, active raft config: opid_index: 2 OBSOLETE_local: false peers { permanent_uuid: "e24395ba3ecd48e5a5a3703ffaa4059d" member_type: VOTER last_known_addr { host: "127.26.184.129" port: 34013 } } peers { permanent_uuid: "b0e3ff245bb2447faac31759e6834310" member_type: VOTER last_known_addr { host: "127.26.184.130" port: 45159 } attrs { replace: true } } peers { permanent_uuid: "b334358a79a4401292d296b801d02783" member_type: VOTER last_known_addr { host: "127.26.184.131" port: 41057 } } peers { permanent_uuid: "f69f2684ed4d4c158c3143499c016f1e" member_type: NON_VOTER last_known_addr { host: "127.26.184.132" port: 41283 } attrs { promote: true } }
I20260713 09:09:13.821233 29043 ts_tablet_manager.cc:1434] T ce86dc690f044e2bbd58f2a437f322f7 P f69f2684ed4d4c158c3143499c016f1e: Time spent starting tablet: real 0.007s	user 0.006s	sys 0.000s
I20260713 09:09:13.824162 28647 tablet_copy_service.cc:342] P b334358a79a4401292d296b801d02783: Request end of tablet copy session f69f2684ed4d4c158c3143499c016f1e-ce86dc690f044e2bbd58f2a437f322f7 received from {username='slave'} at 127.0.0.1:58832
I20260713 09:09:13.824602 28647 tablet_copy_service.cc:434] P b334358a79a4401292d296b801d02783: ending tablet copy session f69f2684ed4d4c158c3143499c016f1e-ce86dc690f044e2bbd58f2a437f322f7 on tablet ce86dc690f044e2bbd58f2a437f322f7 with peer f69f2684ed4d4c158c3143499c016f1e
I20260713 09:09:13.848858 29049 tablet_copy_client.cc:806] T b17fa7c074c94308b237d6b6a409498a P f69f2684ed4d4c158c3143499c016f1e: tablet copy: Starting download of 0 data blocks...
I20260713 09:09:13.849859 29049 tablet_copy_client.cc:670] T b17fa7c074c94308b237d6b6a409498a P f69f2684ed4d4c158c3143499c016f1e: tablet copy: Starting download of 1 WAL segments...
I20260713 09:09:13.853928 29049 tablet_copy_client.cc:538] T b17fa7c074c94308b237d6b6a409498a P f69f2684ed4d4c158c3143499c016f1e: tablet copy: Tablet Copy complete. Replacing tablet superblock.
I20260713 09:09:13.862792 29049 tablet_bootstrap.cc:492] T b17fa7c074c94308b237d6b6a409498a P f69f2684ed4d4c158c3143499c016f1e: Bootstrap starting.
I20260713 09:09:13.863924 29043 ts_tablet_manager.cc:933] T 4de18c620c89436bb530a9f6d515b8af P f69f2684ed4d4c158c3143499c016f1e: Initiating tablet copy from peer e24395ba3ecd48e5a5a3703ffaa4059d (127.26.184.129:34013)
I20260713 09:09:13.876833 29043 tablet_copy_client.cc:323] T 4de18c620c89436bb530a9f6d515b8af P f69f2684ed4d4c158c3143499c016f1e: tablet copy: Beginning tablet copy session from remote peer at address 127.26.184.129:34013
I20260713 09:09:13.878999 28498 tablet_copy_service.cc:140] P e24395ba3ecd48e5a5a3703ffaa4059d: Received BeginTabletCopySession request for tablet 4de18c620c89436bb530a9f6d515b8af from peer f69f2684ed4d4c158c3143499c016f1e ({username='slave'} at 127.0.0.1:51666)
I20260713 09:09:13.879709 28498 tablet_copy_service.cc:161] P e24395ba3ecd48e5a5a3703ffaa4059d: Beginning new tablet copy session on tablet 4de18c620c89436bb530a9f6d515b8af from peer f69f2684ed4d4c158c3143499c016f1e at {username='slave'} at 127.0.0.1:51666: session id = f69f2684ed4d4c158c3143499c016f1e-4de18c620c89436bb530a9f6d515b8af
I20260713 09:09:13.899482 28498 tablet_copy_source_session.cc:215] T 4de18c620c89436bb530a9f6d515b8af P e24395ba3ecd48e5a5a3703ffaa4059d: Tablet Copy: opened 0 blocks and 1 log segments
I20260713 09:09:13.904142 29043 data_dirs.cc:400] Could only allocate 1 dirs of requested 3 for tablet 4de18c620c89436bb530a9f6d515b8af. 1 dirs total, 0 dirs full, 0 dirs failed
I20260713 09:09:13.928114 29043 tablet_copy_client.cc:806] T 4de18c620c89436bb530a9f6d515b8af P f69f2684ed4d4c158c3143499c016f1e: tablet copy: Starting download of 0 data blocks...
I20260713 09:09:13.928757 29043 tablet_copy_client.cc:670] T 4de18c620c89436bb530a9f6d515b8af P f69f2684ed4d4c158c3143499c016f1e: tablet copy: Starting download of 1 WAL segments...
I20260713 09:09:13.934369 29049 tablet_bootstrap.cc:492] T b17fa7c074c94308b237d6b6a409498a P f69f2684ed4d4c158c3143499c016f1e: Bootstrap replayed 1/1 log segments. Stats: ops{read=2 overwritten=0 applied=2 ignored=0} inserts{seen=0 ignored=0} mutations{seen=0 ignored=0} orphaned_commits=0. Pending: 0 replicates
I20260713 09:09:13.935449 29049 tablet_bootstrap.cc:492] T b17fa7c074c94308b237d6b6a409498a P f69f2684ed4d4c158c3143499c016f1e: Bootstrap complete.
I20260713 09:09:13.936260 29049 ts_tablet_manager.cc:1403] T b17fa7c074c94308b237d6b6a409498a P f69f2684ed4d4c158c3143499c016f1e: Time spent bootstrapping tablet: real 0.074s	user 0.019s	sys 0.035s
I20260713 09:09:13.940260 29049 raft_consensus.cc:359] T b17fa7c074c94308b237d6b6a409498a P f69f2684ed4d4c158c3143499c016f1e [term 1 LEARNER]: Replica starting. Triggering 0 pending ops. Active config: opid_index: 2 OBSOLETE_local: false peers { permanent_uuid: "e24395ba3ecd48e5a5a3703ffaa4059d" member_type: VOTER last_known_addr { host: "127.26.184.129" port: 34013 } attrs { replace: true } } peers { permanent_uuid: "b0e3ff245bb2447faac31759e6834310" member_type: VOTER last_known_addr { host: "127.26.184.130" port: 45159 } } peers { permanent_uuid: "b334358a79a4401292d296b801d02783" member_type: VOTER last_known_addr { host: "127.26.184.131" port: 41057 } } peers { permanent_uuid: "f69f2684ed4d4c158c3143499c016f1e" member_type: NON_VOTER last_known_addr { host: "127.26.184.132" port: 41283 } attrs { promote: true } }
I20260713 09:09:13.941250 29049 raft_consensus.cc:740] T b17fa7c074c94308b237d6b6a409498a P f69f2684ed4d4c158c3143499c016f1e [term 1 LEARNER]: Becoming Follower/Learner. State: Replica: f69f2684ed4d4c158c3143499c016f1e, State: Initialized, Role: LEARNER
I20260713 09:09:13.941740 28916 raft_consensus.cc:1217] T 89853a62303347fc80a630246db1fb95 P f69f2684ed4d4c158c3143499c016f1e [term 1 LEARNER]: Deduplicated request from leader. Original: 1.1->[1.2-1.2]   Dedup: 1.2->[]
I20260713 09:09:13.944308 29043 tablet_copy_client.cc:538] T 4de18c620c89436bb530a9f6d515b8af P f69f2684ed4d4c158c3143499c016f1e: tablet copy: Tablet Copy complete. Replacing tablet superblock.
I20260713 09:09:13.942404 29049 consensus_queue.cc:260] T b17fa7c074c94308b237d6b6a409498a P f69f2684ed4d4c158c3143499c016f1e [NON_LEADER]: Queue going to NON_LEADER mode. State: All replicated index: 0, Majority replicated index: 0, Committed index: 2, Last appended: 1.2, Last appended by leader: 2, Current term: 0, Majority size: -1, State: 0, Mode: NON_LEADER, active raft config: opid_index: 2 OBSOLETE_local: false peers { permanent_uuid: "e24395ba3ecd48e5a5a3703ffaa4059d" member_type: VOTER last_known_addr { host: "127.26.184.129" port: 34013 } attrs { replace: true } } peers { permanent_uuid: "b0e3ff245bb2447faac31759e6834310" member_type: VOTER last_known_addr { host: "127.26.184.130" port: 45159 } } peers { permanent_uuid: "b334358a79a4401292d296b801d02783" member_type: VOTER last_known_addr { host: "127.26.184.131" port: 41057 } } peers { permanent_uuid: "f69f2684ed4d4c158c3143499c016f1e" member_type: NON_VOTER last_known_addr { host: "127.26.184.132" port: 41283 } attrs { promote: true } }
I20260713 09:09:13.949339 29049 ts_tablet_manager.cc:1434] T b17fa7c074c94308b237d6b6a409498a P f69f2684ed4d4c158c3143499c016f1e: Time spent starting tablet: real 0.013s	user 0.002s	sys 0.004s
I20260713 09:09:13.958745 29043 tablet_bootstrap.cc:492] T 4de18c620c89436bb530a9f6d515b8af P f69f2684ed4d4c158c3143499c016f1e: Bootstrap starting.
I20260713 09:09:13.966670 28573 tablet_copy_service.cc:342] P b0e3ff245bb2447faac31759e6834310: Request end of tablet copy session f69f2684ed4d4c158c3143499c016f1e-b17fa7c074c94308b237d6b6a409498a received from {username='slave'} at 127.0.0.1:42208
I20260713 09:09:13.967149 28573 tablet_copy_service.cc:434] P b0e3ff245bb2447faac31759e6834310: ending tablet copy session f69f2684ed4d4c158c3143499c016f1e-b17fa7c074c94308b237d6b6a409498a on tablet b17fa7c074c94308b237d6b6a409498a with peer f69f2684ed4d4c158c3143499c016f1e
I20260713 09:09:13.991829 29043 tablet_bootstrap.cc:492] T 4de18c620c89436bb530a9f6d515b8af P f69f2684ed4d4c158c3143499c016f1e: Bootstrap replayed 1/1 log segments. Stats: ops{read=2 overwritten=0 applied=2 ignored=0} inserts{seen=0 ignored=0} mutations{seen=0 ignored=0} orphaned_commits=0. Pending: 0 replicates
I20260713 09:09:13.993999 29043 tablet_bootstrap.cc:492] T 4de18c620c89436bb530a9f6d515b8af P f69f2684ed4d4c158c3143499c016f1e: Bootstrap complete.
I20260713 09:09:13.994801 29043 ts_tablet_manager.cc:1403] T 4de18c620c89436bb530a9f6d515b8af P f69f2684ed4d4c158c3143499c016f1e: Time spent bootstrapping tablet: real 0.036s	user 0.027s	sys 0.003s
I20260713 09:09:14.000317 29043 raft_consensus.cc:359] T 4de18c620c89436bb530a9f6d515b8af P f69f2684ed4d4c158c3143499c016f1e [term 1 LEARNER]: Replica starting. Triggering 0 pending ops. Active config: opid_index: 2 OBSOLETE_local: false peers { permanent_uuid: "e24395ba3ecd48e5a5a3703ffaa4059d" member_type: VOTER last_known_addr { host: "127.26.184.129" port: 34013 } } peers { permanent_uuid: "b0e3ff245bb2447faac31759e6834310" member_type: VOTER last_known_addr { host: "127.26.184.130" port: 45159 } } peers { permanent_uuid: "b334358a79a4401292d296b801d02783" member_type: VOTER last_known_addr { host: "127.26.184.131" port: 41057 } attrs { replace: true } } peers { permanent_uuid: "f69f2684ed4d4c158c3143499c016f1e" member_type: NON_VOTER last_known_addr { host: "127.26.184.132" port: 41283 } attrs { promote: true } }
I20260713 09:09:14.001261 29043 raft_consensus.cc:740] T 4de18c620c89436bb530a9f6d515b8af P f69f2684ed4d4c158c3143499c016f1e [term 1 LEARNER]: Becoming Follower/Learner. State: Replica: f69f2684ed4d4c158c3143499c016f1e, State: Initialized, Role: LEARNER
I20260713 09:09:14.001997 29043 consensus_queue.cc:260] T 4de18c620c89436bb530a9f6d515b8af P f69f2684ed4d4c158c3143499c016f1e [NON_LEADER]: Queue going to NON_LEADER mode. State: All replicated index: 0, Majority replicated index: 0, Committed index: 2, Last appended: 1.2, Last appended by leader: 2, Current term: 0, Majority size: -1, State: 0, Mode: NON_LEADER, active raft config: opid_index: 2 OBSOLETE_local: false peers { permanent_uuid: "e24395ba3ecd48e5a5a3703ffaa4059d" member_type: VOTER last_known_addr { host: "127.26.184.129" port: 34013 } } peers { permanent_uuid: "b0e3ff245bb2447faac31759e6834310" member_type: VOTER last_known_addr { host: "127.26.184.130" port: 45159 } } peers { permanent_uuid: "b334358a79a4401292d296b801d02783" member_type: VOTER last_known_addr { host: "127.26.184.131" port: 41057 } attrs { replace: true } } peers { permanent_uuid: "f69f2684ed4d4c158c3143499c016f1e" member_type: NON_VOTER last_known_addr { host: "127.26.184.132" port: 41283 } attrs { promote: true } }
I20260713 09:09:14.006206 29043 ts_tablet_manager.cc:1434] T 4de18c620c89436bb530a9f6d515b8af P f69f2684ed4d4c158c3143499c016f1e: Time spent starting tablet: real 0.011s	user 0.006s	sys 0.000s
I20260713 09:09:14.007848 28498 tablet_copy_service.cc:342] P e24395ba3ecd48e5a5a3703ffaa4059d: Request end of tablet copy session f69f2684ed4d4c158c3143499c016f1e-4de18c620c89436bb530a9f6d515b8af received from {username='slave'} at 127.0.0.1:51666
I20260713 09:09:14.008240 28498 tablet_copy_service.cc:434] P e24395ba3ecd48e5a5a3703ffaa4059d: ending tablet copy session f69f2684ed4d4c158c3143499c016f1e-4de18c620c89436bb530a9f6d515b8af on tablet 4de18c620c89436bb530a9f6d515b8af with peer f69f2684ed4d4c158c3143499c016f1e
I20260713 09:09:14.254046 28916 raft_consensus.cc:1217] T b17fa7c074c94308b237d6b6a409498a P f69f2684ed4d4c158c3143499c016f1e [term 1 LEARNER]: Deduplicated request from leader. Original: 1.1->[1.2-1.2]   Dedup: 1.2->[]
I20260713 09:09:14.265990 28916 raft_consensus.cc:1217] T 4de18c620c89436bb530a9f6d515b8af P f69f2684ed4d4c158c3143499c016f1e [term 1 LEARNER]: Deduplicated request from leader. Original: 1.1->[1.2-1.2]   Dedup: 1.2->[]
I20260713 09:09:14.288595 28916 raft_consensus.cc:1217] T ce86dc690f044e2bbd58f2a437f322f7 P f69f2684ed4d4c158c3143499c016f1e [term 1 LEARNER]: Deduplicated request from leader. Original: 1.1->[1.2-1.2]   Dedup: 1.2->[]
I20260713 09:09:14.365141 28983 raft_consensus.cc:1064] T 89853a62303347fc80a630246db1fb95 P e24395ba3ecd48e5a5a3703ffaa4059d: attempting to promote NON_VOTER f69f2684ed4d4c158c3143499c016f1e to VOTER
I20260713 09:09:14.367327 28983 consensus_queue.cc:237] T 89853a62303347fc80a630246db1fb95 P e24395ba3ecd48e5a5a3703ffaa4059d [LEADER]: Queue going to LEADER mode. State: All replicated index: 0, Majority replicated index: 2, Committed index: 2, Last appended: 1.2, Last appended by leader: 0, Current term: 1, Majority size: 3, State: 0, Mode: LEADER, active raft config: opid_index: 3 OBSOLETE_local: false peers { permanent_uuid: "e24395ba3ecd48e5a5a3703ffaa4059d" member_type: VOTER last_known_addr { host: "127.26.184.129" port: 34013 } } peers { permanent_uuid: "b0e3ff245bb2447faac31759e6834310" member_type: VOTER last_known_addr { host: "127.26.184.130" port: 45159 } } peers { permanent_uuid: "b334358a79a4401292d296b801d02783" member_type: VOTER last_known_addr { host: "127.26.184.131" port: 41057 } attrs { replace: true } } peers { permanent_uuid: "f69f2684ed4d4c158c3143499c016f1e" member_type: VOTER last_known_addr { host: "127.26.184.132" port: 41283 } attrs { promote: false } }
I20260713 09:09:14.378945 28637 raft_consensus.cc:1275] T 89853a62303347fc80a630246db1fb95 P b334358a79a4401292d296b801d02783 [term 1 FOLLOWER]: Refusing update from remote peer e24395ba3ecd48e5a5a3703ffaa4059d: Log matching property violated. Preceding OpId in replica: term: 1 index: 2. Preceding OpId from leader: term: 1 index: 3. (index mismatch)
I20260713 09:09:14.379246 28916 raft_consensus.cc:1275] T 89853a62303347fc80a630246db1fb95 P f69f2684ed4d4c158c3143499c016f1e [term 1 LEARNER]: Refusing update from remote peer e24395ba3ecd48e5a5a3703ffaa4059d: Log matching property violated. Preceding OpId in replica: term: 1 index: 2. Preceding OpId from leader: term: 1 index: 3. (index mismatch)
I20260713 09:09:14.380795 28983 consensus_queue.cc:1048] T 89853a62303347fc80a630246db1fb95 P e24395ba3ecd48e5a5a3703ffaa4059d [LEADER]: Connected to new peer: Peer: permanent_uuid: "f69f2684ed4d4c158c3143499c016f1e" member_type: VOTER last_known_addr { host: "127.26.184.132" port: 41283 } attrs { promote: false }, Status: LMP_MISMATCH, Last received: 0.0, Next index: 3, Last known committed idx: 2, Time since last communication: 0.000s
I20260713 09:09:14.381764 28562 raft_consensus.cc:1275] T 89853a62303347fc80a630246db1fb95 P b0e3ff245bb2447faac31759e6834310 [term 1 FOLLOWER]: Refusing update from remote peer e24395ba3ecd48e5a5a3703ffaa4059d: Log matching property violated. Preceding OpId in replica: term: 1 index: 2. Preceding OpId from leader: term: 1 index: 3. (index mismatch)
I20260713 09:09:14.382825 29026 consensus_queue.cc:1048] T 89853a62303347fc80a630246db1fb95 P e24395ba3ecd48e5a5a3703ffaa4059d [LEADER]: Connected to new peer: Peer: permanent_uuid: "b334358a79a4401292d296b801d02783" member_type: VOTER last_known_addr { host: "127.26.184.131" port: 41057 } attrs { replace: true }, Status: LMP_MISMATCH, Last received: 0.0, Next index: 3, Last known committed idx: 2, Time since last communication: 0.000s
I20260713 09:09:14.384586 29026 consensus_queue.cc:1048] T 89853a62303347fc80a630246db1fb95 P e24395ba3ecd48e5a5a3703ffaa4059d [LEADER]: Connected to new peer: Peer: permanent_uuid: "b0e3ff245bb2447faac31759e6834310" member_type: VOTER last_known_addr { host: "127.26.184.130" port: 45159 }, Status: LMP_MISMATCH, Last received: 0.0, Next index: 3, Last known committed idx: 2, Time since last communication: 0.000s
I20260713 09:09:14.394927 28983 raft_consensus.cc:2955] T 89853a62303347fc80a630246db1fb95 P e24395ba3ecd48e5a5a3703ffaa4059d [term 1 LEADER]: Committing config change with OpId 1.3: config changed from index 2 to 3, f69f2684ed4d4c158c3143499c016f1e (127.26.184.132) changed from NON_VOTER to VOTER. New config: { opid_index: 3 OBSOLETE_local: false peers { permanent_uuid: "e24395ba3ecd48e5a5a3703ffaa4059d" member_type: VOTER last_known_addr { host: "127.26.184.129" port: 34013 } } peers { permanent_uuid: "b0e3ff245bb2447faac31759e6834310" member_type: VOTER last_known_addr { host: "127.26.184.130" port: 45159 } } peers { permanent_uuid: "b334358a79a4401292d296b801d02783" member_type: VOTER last_known_addr { host: "127.26.184.131" port: 41057 } attrs { replace: true } } peers { permanent_uuid: "f69f2684ed4d4c158c3143499c016f1e" member_type: VOTER last_known_addr { host: "127.26.184.132" port: 41283 } attrs { promote: false } } }
I20260713 09:09:14.399290 28637 raft_consensus.cc:2955] T 89853a62303347fc80a630246db1fb95 P b334358a79a4401292d296b801d02783 [term 1 FOLLOWER]: Committing config change with OpId 1.3: config changed from index 2 to 3, f69f2684ed4d4c158c3143499c016f1e (127.26.184.132) changed from NON_VOTER to VOTER. New config: { opid_index: 3 OBSOLETE_local: false peers { permanent_uuid: "e24395ba3ecd48e5a5a3703ffaa4059d" member_type: VOTER last_known_addr { host: "127.26.184.129" port: 34013 } } peers { permanent_uuid: "b0e3ff245bb2447faac31759e6834310" member_type: VOTER last_known_addr { host: "127.26.184.130" port: 45159 } } peers { permanent_uuid: "b334358a79a4401292d296b801d02783" member_type: VOTER last_known_addr { host: "127.26.184.131" port: 41057 } attrs { replace: true } } peers { permanent_uuid: "f69f2684ed4d4c158c3143499c016f1e" member_type: VOTER last_known_addr { host: "127.26.184.132" port: 41283 } attrs { promote: false } } }
I20260713 09:09:14.422188 28563 raft_consensus.cc:2955] T 89853a62303347fc80a630246db1fb95 P b0e3ff245bb2447faac31759e6834310 [term 1 FOLLOWER]: Committing config change with OpId 1.3: config changed from index 2 to 3, f69f2684ed4d4c158c3143499c016f1e (127.26.184.132) changed from NON_VOTER to VOTER. New config: { opid_index: 3 OBSOLETE_local: false peers { permanent_uuid: "e24395ba3ecd48e5a5a3703ffaa4059d" member_type: VOTER last_known_addr { host: "127.26.184.129" port: 34013 } } peers { permanent_uuid: "b0e3ff245bb2447faac31759e6834310" member_type: VOTER last_known_addr { host: "127.26.184.130" port: 45159 } } peers { permanent_uuid: "b334358a79a4401292d296b801d02783" member_type: VOTER last_known_addr { host: "127.26.184.131" port: 41057 } attrs { replace: true } } peers { permanent_uuid: "f69f2684ed4d4c158c3143499c016f1e" member_type: VOTER last_known_addr { host: "127.26.184.132" port: 41283 } attrs { promote: false } } }
I20260713 09:09:14.424216 28382 catalog_manager.cc:5697] T 89853a62303347fc80a630246db1fb95 P e24395ba3ecd48e5a5a3703ffaa4059d reported cstate change: config changed from index 2 to 3, f69f2684ed4d4c158c3143499c016f1e (127.26.184.132) changed from NON_VOTER to VOTER. New cstate: current_term: 1 leader_uuid: "e24395ba3ecd48e5a5a3703ffaa4059d" committed_config { opid_index: 3 OBSOLETE_local: false peers { permanent_uuid: "e24395ba3ecd48e5a5a3703ffaa4059d" member_type: VOTER last_known_addr { host: "127.26.184.129" port: 34013 } health_report { overall_health: HEALTHY } } peers { permanent_uuid: "b0e3ff245bb2447faac31759e6834310" member_type: VOTER last_known_addr { host: "127.26.184.130" port: 45159 } health_report { overall_health: UNKNOWN } } peers { permanent_uuid: "b334358a79a4401292d296b801d02783" member_type: VOTER last_known_addr { host: "127.26.184.131" port: 41057 } attrs { replace: true } health_report { overall_health: HEALTHY } } peers { permanent_uuid: "f69f2684ed4d4c158c3143499c016f1e" member_type: VOTER last_known_addr { host: "127.26.184.132" port: 41283 } attrs { promote: false } health_report { overall_health: HEALTHY } } }
