[==========] Running 8 tests from 2 test suites.
[----------] Global test environment set-up.
[----------] 6 tests from LeaderRebalancerTest
[ RUN      ] LeaderRebalancerTest.FunctionalTestForDivided
WARNING: Logging before InitGoogleLogging() is written to STDERR
I20260713 09:08:39.368643 27367 internal_mini_cluster.cc:156] Creating distributed mini masters. Addrs: 127.26.185.254:37489
I20260713 09:08:39.370236 27367 env_posix.cc:2285] Not raising this process' open files per process limit of 1048576; it is already as high as it can go
I20260713 09:08:39.371307 27367 file_cache.cc:504] Constructed file cache file cache with capacity 419430
W20260713 09:08:39.388950 27374 instance_detector.cc:116] could not retrieve Azure instance metadata: Network error: curl error: HTTP response code said error: The requested URL returned error: 404
W20260713 09:08:39.388989 27373 instance_detector.cc:116] could not retrieve AWS instance metadata: Network error: curl error: HTTP response code said error: The requested URL returned error: 404
W20260713 09:08:39.388981 27376 instance_detector.cc:116] could not retrieve OpenStack instance metadata: Network error: curl error: HTTP response code said error: The requested URL returned error: 404
I20260713 09:08:39.390220 27367 server_base.cc:1061] running on GCE node
I20260713 09:08:40.630934 27367 hybrid_clock.cc:584] initializing the hybrid clock with 'system_unsync' time source
W20260713 09:08:40.631239 27367 system_unsync_time.cc:38] NTP support is disabled. Clock error bounds will not be accurate. This configuration is not suitable for distributed clusters.
I20260713 09:08:40.631443 27367 hybrid_clock.cc:648] HybridClock initialized: now 1783933720631424 us; error 0 us; skew 500 ppm
I20260713 09:08:40.632267 27367 server_base.cc:861] Flag tcmalloc_max_total_thread_cache_bytes is not working since tcmalloc is not enabled.
I20260713 09:08:40.638857 27367 webserver.cc:533] Webserver started at http://127.26.185.254:44931/ using document root <none> and password file <none>
I20260713 09:08:40.639747 27367 fs_manager.cc:362] Metadata directory not provided
I20260713 09:08:40.640027 27367 fs_manager.cc:368] Using write-ahead log directory (fs_wal_dir) as metadata directory
I20260713 09:08:40.640496 27367 server_base.cc:909] This appears to be a new deployment of Kudu; creating new FS layout
I20260713 09:08:40.646425 27367 fs_manager.cc:1068] Generated new instance metadata in path /tmp/dist-test-taskD2KvfF/test-tmp/auto_leader_rebalancer-test.0.LeaderRebalancerTest.FunctionalTestForDivided.1783933719196419-27367-0/minicluster-data/master-0-root/instance:
uuid: "f258c7fafa204939bfcebf8cea9d997d"
format_stamp: "Formatted at 2026-07-13 09:08:40 on dist-test-slave-jm2j"
I20260713 09:08:40.654894 27367 fs_manager.cc:696] Time spent creating directory manager: real 0.008s	user 0.009s	sys 0.000s
I20260713 09:08:40.661445 27382 log_block_manager.cc:4127] Time spent loading block containers with low live blocks: real 0.000s	user 0.000s	sys 0.000s
I20260713 09:08:40.662556 27367 fs_manager.cc:730] Time spent opening block manager: real 0.004s	user 0.003s	sys 0.001s
I20260713 09:08:40.662917 27367 fs_manager.cc:647] Opened local filesystem: /tmp/dist-test-taskD2KvfF/test-tmp/auto_leader_rebalancer-test.0.LeaderRebalancerTest.FunctionalTestForDivided.1783933719196419-27367-0/minicluster-data/master-0-root
uuid: "f258c7fafa204939bfcebf8cea9d997d"
format_stamp: "Formatted at 2026-07-13 09:08:40 on dist-test-slave-jm2j"
I20260713 09:08:40.663347 27367 fs_report.cc:389] FS layout report
--------------------
wal directory: /tmp/dist-test-taskD2KvfF/test-tmp/auto_leader_rebalancer-test.0.LeaderRebalancerTest.FunctionalTestForDivided.1783933719196419-27367-0/minicluster-data/master-0-root
metadata directory: /tmp/dist-test-taskD2KvfF/test-tmp/auto_leader_rebalancer-test.0.LeaderRebalancerTest.FunctionalTestForDivided.1783933719196419-27367-0/minicluster-data/master-0-root
1 data directories: /tmp/dist-test-taskD2KvfF/test-tmp/auto_leader_rebalancer-test.0.LeaderRebalancerTest.FunctionalTestForDivided.1783933719196419-27367-0/minicluster-data/master-0-root/data
Total live blocks: 0
Total live bytes: 0
Total live bytes (after alignment): 0
Total number of LBM containers: 0 (0 full)
Did not check for missing blocks
Did not check for orphaned blocks
Total full LBM containers with extra space: 0 (0 repaired)
Total full LBM container extra space in bytes: 0 (0 repaired)
Total incomplete LBM containers: 0 (0 repaired)
Total LBM partial records: 0 (0 repaired)
Total corrupted LBM metadata records in RocksDB: 0 (0 repaired)
I20260713 09:08:40.743795 27367 rpc_server.cc:225] running with OpenSSL 1.1.1  11 Sep 2018
I20260713 09:08:40.745412 27367 env_posix.cc:2285] Not raising this process' running threads per effective uid limit of 18446744073709551615; it is already as high as it can go
I20260713 09:08:40.745889 27367 kserver.cc:163] Server-wide thread pool size limit: 3276
I20260713 09:08:40.817966 27367 rpc_server.cc:307] RPC server started. Bound to: 127.26.185.254:37489
I20260713 09:08:40.818056 27433 acceptor_pool.cc:272] collecting diagnostics on the listening RPC socket 127.26.185.254:37489 every 8 connection(s)
I20260713 09:08:40.825732 27434 data_dirs.cc:400] Could only allocate 1 dirs of requested 3 for tablet 00000000000000000000000000000000. 1 dirs total, 0 dirs full, 0 dirs failed
I20260713 09:08:40.847239 27434 tablet_bootstrap.cc:492] T 00000000000000000000000000000000 P f258c7fafa204939bfcebf8cea9d997d: Bootstrap starting.
I20260713 09:08:40.853222 27434 tablet_bootstrap.cc:654] T 00000000000000000000000000000000 P f258c7fafa204939bfcebf8cea9d997d: Neither blocks nor log segments found. Creating new log.
I20260713 09:08:40.855005 27434 log.cc:826] T 00000000000000000000000000000000 P f258c7fafa204939bfcebf8cea9d997d: Log is configured to *not* fsync() on all Append() calls
I20260713 09:08:40.859546 27434 tablet_bootstrap.cc:492] T 00000000000000000000000000000000 P f258c7fafa204939bfcebf8cea9d997d: No bootstrap required, opened a new log
I20260713 09:08:40.880060 27434 raft_consensus.cc:359] T 00000000000000000000000000000000 P f258c7fafa204939bfcebf8cea9d997d [term 0 FOLLOWER]: Replica starting. Triggering 0 pending ops. Active config: opid_index: -1 OBSOLETE_local: true peers { permanent_uuid: "f258c7fafa204939bfcebf8cea9d997d" member_type: VOTER }
I20260713 09:08:40.880681 27434 raft_consensus.cc:385] T 00000000000000000000000000000000 P f258c7fafa204939bfcebf8cea9d997d [term 0 FOLLOWER]: Consensus starting up: Expiring failure detector timer to make a prompt election more likely
I20260713 09:08:40.880894 27434 raft_consensus.cc:740] T 00000000000000000000000000000000 P f258c7fafa204939bfcebf8cea9d997d [term 0 FOLLOWER]: Becoming Follower/Learner. State: Replica: f258c7fafa204939bfcebf8cea9d997d, State: Initialized, Role: FOLLOWER
I20260713 09:08:40.881789 27434 consensus_queue.cc:260] T 00000000000000000000000000000000 P f258c7fafa204939bfcebf8cea9d997d [NON_LEADER]: Queue going to NON_LEADER mode. State: All replicated index: 0, Majority replicated index: 0, Committed index: 0, Last appended: 0.0, Last appended by leader: 0, Current term: 0, Majority size: -1, State: 0, Mode: NON_LEADER, active raft config: opid_index: -1 OBSOLETE_local: true peers { permanent_uuid: "f258c7fafa204939bfcebf8cea9d997d" member_type: VOTER }
I20260713 09:08:40.882277 27434 raft_consensus.cc:399] T 00000000000000000000000000000000 P f258c7fafa204939bfcebf8cea9d997d [term 0 FOLLOWER]: Only one voter in the Raft config. Triggering election immediately
I20260713 09:08:40.882526 27434 raft_consensus.cc:493] T 00000000000000000000000000000000 P f258c7fafa204939bfcebf8cea9d997d [term 0 FOLLOWER]: Starting leader election (initial election of a single-replica configuration)
I20260713 09:08:40.882812 27434 raft_consensus.cc:3060] T 00000000000000000000000000000000 P f258c7fafa204939bfcebf8cea9d997d [term 0 FOLLOWER]: Advancing to term 1
I20260713 09:08:40.887054 27434 raft_consensus.cc:515] T 00000000000000000000000000000000 P f258c7fafa204939bfcebf8cea9d997d [term 1 FOLLOWER]: Starting leader election with config: opid_index: -1 OBSOLETE_local: true peers { permanent_uuid: "f258c7fafa204939bfcebf8cea9d997d" member_type: VOTER }
I20260713 09:08:40.887722 27434 leader_election.cc:304] T 00000000000000000000000000000000 P f258c7fafa204939bfcebf8cea9d997d [CANDIDATE]: Term 1 election: Election decided. Result: candidate won. Election summary: received 1 responses out of 1 voters: 1 yes votes; 0 no votes. yes voters: f258c7fafa204939bfcebf8cea9d997d; no voters: 
I20260713 09:08:40.889477 27434 leader_election.cc:290] T 00000000000000000000000000000000 P f258c7fafa204939bfcebf8cea9d997d [CANDIDATE]: Term 1 election: Requested vote from peers 
I20260713 09:08:40.889840 27437 raft_consensus.cc:2804] T 00000000000000000000000000000000 P f258c7fafa204939bfcebf8cea9d997d [term 1 FOLLOWER]: Leader election won for term 1
I20260713 09:08:40.892163 27437 raft_consensus.cc:697] T 00000000000000000000000000000000 P f258c7fafa204939bfcebf8cea9d997d [term 1 LEADER]: Becoming Leader. State: Replica: f258c7fafa204939bfcebf8cea9d997d, State: Running, Role: LEADER
I20260713 09:08:40.893256 27437 consensus_queue.cc:237] T 00000000000000000000000000000000 P f258c7fafa204939bfcebf8cea9d997d [LEADER]: Queue going to LEADER mode. State: All replicated index: 0, Majority replicated index: 0, Committed index: 0, Last appended: 0.0, Last appended by leader: 0, Current term: 1, Majority size: 1, State: 0, Mode: LEADER, active raft config: opid_index: -1 OBSOLETE_local: true peers { permanent_uuid: "f258c7fafa204939bfcebf8cea9d997d" member_type: VOTER }
I20260713 09:08:40.894240 27434 sys_catalog.cc:565] T 00000000000000000000000000000000 P f258c7fafa204939bfcebf8cea9d997d [sys.catalog]: configured and running, proceeding with master startup.
I20260713 09:08:40.905644 27439 sys_catalog.cc:455] T 00000000000000000000000000000000 P f258c7fafa204939bfcebf8cea9d997d [sys.catalog]: SysCatalogTable state changed. Reason: New leader f258c7fafa204939bfcebf8cea9d997d. Latest consensus state: current_term: 1 leader_uuid: "f258c7fafa204939bfcebf8cea9d997d" committed_config { opid_index: -1 OBSOLETE_local: true peers { permanent_uuid: "f258c7fafa204939bfcebf8cea9d997d" member_type: VOTER } }
I20260713 09:08:40.906244 27439 sys_catalog.cc:458] T 00000000000000000000000000000000 P f258c7fafa204939bfcebf8cea9d997d [sys.catalog]: This master's current role is: LEADER
I20260713 09:08:40.907341 27438 sys_catalog.cc:455] T 00000000000000000000000000000000 P f258c7fafa204939bfcebf8cea9d997d [sys.catalog]: SysCatalogTable state changed. Reason: RaftConsensus started. Latest consensus state: current_term: 1 leader_uuid: "f258c7fafa204939bfcebf8cea9d997d" committed_config { opid_index: -1 OBSOLETE_local: true peers { permanent_uuid: "f258c7fafa204939bfcebf8cea9d997d" member_type: VOTER } }
I20260713 09:08:40.908046 27438 sys_catalog.cc:458] T 00000000000000000000000000000000 P f258c7fafa204939bfcebf8cea9d997d [sys.catalog]: This master's current role is: LEADER
I20260713 09:08:40.909663 27446 catalog_manager.cc:1511] Loading table and tablet metadata into memory...
I20260713 09:08:40.921600 27446 catalog_manager.cc:1520] Initializing Kudu cluster ID...
I20260713 09:08:40.924100 27367 internal_mini_cluster.cc:184] Waiting to initialize catalog manager on master 0
I20260713 09:08:40.939827 27446 catalog_manager.cc:1383] Generated new cluster ID: 984adeb214e246b9a194c3b682d297be
I20260713 09:08:40.940196 27446 catalog_manager.cc:1531] Initializing Kudu internal certificate authority...
I20260713 09:08:40.963600 27446 catalog_manager.cc:1406] Generated new certificate authority record
I20260713 09:08:40.965504 27446 catalog_manager.cc:1540] Loading token signing keys...
I20260713 09:08:40.985110 27446 catalog_manager.cc:6070] T 00000000000000000000000000000000 P f258c7fafa204939bfcebf8cea9d997d: Generated new TSK 0
I20260713 09:08:40.986184 27446 catalog_manager.cc:1550] Initializing in-progress tserver states...
I20260713 09:08:40.994935 27367 file_cache.cc:504] Constructed file cache file cache with capacity 419430
W20260713 09:08:41.003590 27456 instance_detector.cc:116] could not retrieve AWS instance metadata: Network error: curl error: HTTP response code said error: The requested URL returned error: 404
W20260713 09:08:41.005183 27457 instance_detector.cc:116] could not retrieve Azure instance metadata: Network error: curl error: HTTP response code said error: The requested URL returned error: 404
I20260713 09:08:41.008936 27367 server_base.cc:1061] running on GCE node
W20260713 09:08:41.009418 27459 instance_detector.cc:116] could not retrieve OpenStack instance metadata: Network error: curl error: HTTP response code said error: The requested URL returned error: 404
I20260713 09:08:41.010433 27367 hybrid_clock.cc:584] initializing the hybrid clock with 'system_unsync' time source
W20260713 09:08:41.010664 27367 system_unsync_time.cc:38] NTP support is disabled. Clock error bounds will not be accurate. This configuration is not suitable for distributed clusters.
I20260713 09:08:41.010854 27367 hybrid_clock.cc:648] HybridClock initialized: now 1783933721010839 us; error 0 us; skew 500 ppm
I20260713 09:08:41.011583 27367 server_base.cc:861] Flag tcmalloc_max_total_thread_cache_bytes is not working since tcmalloc is not enabled.
I20260713 09:08:41.016338 27367 webserver.cc:533] Webserver started at http://127.26.185.193:40643/ using document root <none> and password file <none>
I20260713 09:08:41.016933 27367 fs_manager.cc:362] Metadata directory not provided
I20260713 09:08:41.017163 27367 fs_manager.cc:368] Using write-ahead log directory (fs_wal_dir) as metadata directory
I20260713 09:08:41.017462 27367 server_base.cc:909] This appears to be a new deployment of Kudu; creating new FS layout
I20260713 09:08:41.018641 27367 fs_manager.cc:1068] Generated new instance metadata in path /tmp/dist-test-taskD2KvfF/test-tmp/auto_leader_rebalancer-test.0.LeaderRebalancerTest.FunctionalTestForDivided.1783933719196419-27367-0/minicluster-data/ts-0-root/instance:
uuid: "b772dae14d1749438a9d472b2fc1d5f4"
format_stamp: "Formatted at 2026-07-13 09:08:41 on dist-test-slave-jm2j"
I20260713 09:08:41.024518 27367 fs_manager.cc:696] Time spent creating directory manager: real 0.005s	user 0.006s	sys 0.001s
I20260713 09:08:41.028934 27464 log_block_manager.cc:4127] Time spent loading block containers with low live blocks: real 0.000s	user 0.000s	sys 0.000s
I20260713 09:08:41.029870 27367 fs_manager.cc:730] Time spent opening block manager: real 0.003s	user 0.000s	sys 0.004s
I20260713 09:08:41.030229 27367 fs_manager.cc:647] Opened local filesystem: /tmp/dist-test-taskD2KvfF/test-tmp/auto_leader_rebalancer-test.0.LeaderRebalancerTest.FunctionalTestForDivided.1783933719196419-27367-0/minicluster-data/ts-0-root
uuid: "b772dae14d1749438a9d472b2fc1d5f4"
format_stamp: "Formatted at 2026-07-13 09:08:41 on dist-test-slave-jm2j"
I20260713 09:08:41.030558 27367 fs_report.cc:389] FS layout report
--------------------
wal directory: /tmp/dist-test-taskD2KvfF/test-tmp/auto_leader_rebalancer-test.0.LeaderRebalancerTest.FunctionalTestForDivided.1783933719196419-27367-0/minicluster-data/ts-0-root
metadata directory: /tmp/dist-test-taskD2KvfF/test-tmp/auto_leader_rebalancer-test.0.LeaderRebalancerTest.FunctionalTestForDivided.1783933719196419-27367-0/minicluster-data/ts-0-root
1 data directories: /tmp/dist-test-taskD2KvfF/test-tmp/auto_leader_rebalancer-test.0.LeaderRebalancerTest.FunctionalTestForDivided.1783933719196419-27367-0/minicluster-data/ts-0-root/data
Total live blocks: 0
Total live bytes: 0
Total live bytes (after alignment): 0
Total number of LBM containers: 0 (0 full)
Did not check for missing blocks
Did not check for orphaned blocks
Total full LBM containers with extra space: 0 (0 repaired)
Total full LBM container extra space in bytes: 0 (0 repaired)
Total incomplete LBM containers: 0 (0 repaired)
Total LBM partial records: 0 (0 repaired)
Total corrupted LBM metadata records in RocksDB: 0 (0 repaired)
I20260713 09:08:41.049559 27367 rpc_server.cc:225] running with OpenSSL 1.1.1  11 Sep 2018
I20260713 09:08:41.051093 27367 kserver.cc:163] Server-wide thread pool size limit: 3276
I20260713 09:08:41.053573 27367 txn_system_client.cc:432] TxnSystemClient initialization is disabled...
I20260713 09:08:41.058245 27367 ts_tablet_manager.cc:585] Loaded tablet metadata (0 total tablets, 0 live tablets)
I20260713 09:08:41.058524 27367 ts_tablet_manager.cc:531] Time spent load tablet metadata: real 0.000s	user 0.000s	sys 0.000s
I20260713 09:08:41.058811 27367 ts_tablet_manager.cc:616] Registered 0 tablets
I20260713 09:08:41.059008 27367 ts_tablet_manager.cc:595] Time spent register tablets: real 0.000s	user 0.000s	sys 0.000s
I20260713 09:08:41.164393 27367 rpc_server.cc:307] RPC server started. Bound to: 127.26.185.193:39587
I20260713 09:08:41.164585 27526 acceptor_pool.cc:272] collecting diagnostics on the listening RPC socket 127.26.185.193:39587 every 8 connection(s)
I20260713 09:08:41.171453 27367 file_cache.cc:504] Constructed file cache file cache with capacity 419430
W20260713 09:08:41.181541 27531 instance_detector.cc:116] could not retrieve AWS instance metadata: Network error: curl error: HTTP response code said error: The requested URL returned error: 404
W20260713 09:08:41.184783 27532 instance_detector.cc:116] could not retrieve Azure instance metadata: Network error: curl error: HTTP response code said error: The requested URL returned error: 404
I20260713 09:08:41.195770 27367 server_base.cc:1061] running on GCE node
W20260713 09:08:41.196836 27535 instance_detector.cc:116] could not retrieve OpenStack instance metadata: Network error: curl error: HTTP response code said error: The requested URL returned error: 404
I20260713 09:08:41.198058 27367 hybrid_clock.cc:584] initializing the hybrid clock with 'system_unsync' time source
W20260713 09:08:41.198377 27367 system_unsync_time.cc:38] NTP support is disabled. Clock error bounds will not be accurate. This configuration is not suitable for distributed clusters.
I20260713 09:08:41.198617 27367 hybrid_clock.cc:648] HybridClock initialized: now 1783933721198600 us; error 0 us; skew 500 ppm
I20260713 09:08:41.199451 27527 heartbeater.cc:344] Connected to a master server at 127.26.185.254:37489
I20260713 09:08:41.199476 27367 server_base.cc:861] Flag tcmalloc_max_total_thread_cache_bytes is not working since tcmalloc is not enabled.
I20260713 09:08:41.200042 27527 heartbeater.cc:461] Registering TS with master...
I20260713 09:08:41.201316 27527 heartbeater.cc:507] Master 127.26.185.254:37489 requested a full tablet report, sending...
I20260713 09:08:41.203044 27367 webserver.cc:533] Webserver started at http://127.26.185.194:43719/ using document root <none> and password file <none>
I20260713 09:08:41.203778 27367 fs_manager.cc:362] Metadata directory not provided
I20260713 09:08:41.204061 27367 fs_manager.cc:368] Using write-ahead log directory (fs_wal_dir) as metadata directory
I20260713 09:08:41.204439 27367 server_base.cc:909] This appears to be a new deployment of Kudu; creating new FS layout
I20260713 09:08:41.204525 27399 ts_manager.cc:194] Registered new tserver with Master: b772dae14d1749438a9d472b2fc1d5f4 (127.26.185.193:39587)
I20260713 09:08:41.206195 27367 fs_manager.cc:1068] Generated new instance metadata in path /tmp/dist-test-taskD2KvfF/test-tmp/auto_leader_rebalancer-test.0.LeaderRebalancerTest.FunctionalTestForDivided.1783933719196419-27367-0/minicluster-data/ts-1-root/instance:
uuid: "42217243f4d54818b76035844c42a836"
format_stamp: "Formatted at 2026-07-13 09:08:41 on dist-test-slave-jm2j"
I20260713 09:08:41.206919 27399 master_service.cc:502] Signed X509 certificate for tserver {username='slave'} at 127.0.0.1:37620
I20260713 09:08:41.212711 27367 fs_manager.cc:696] Time spent creating directory manager: real 0.006s	user 0.007s	sys 0.000s
I20260713 09:08:41.218079 27539 log_block_manager.cc:4127] Time spent loading block containers with low live blocks: real 0.000s	user 0.000s	sys 0.000s
I20260713 09:08:41.218950 27367 fs_manager.cc:730] Time spent opening block manager: real 0.003s	user 0.005s	sys 0.000s
I20260713 09:08:41.219283 27367 fs_manager.cc:647] Opened local filesystem: /tmp/dist-test-taskD2KvfF/test-tmp/auto_leader_rebalancer-test.0.LeaderRebalancerTest.FunctionalTestForDivided.1783933719196419-27367-0/minicluster-data/ts-1-root
uuid: "42217243f4d54818b76035844c42a836"
format_stamp: "Formatted at 2026-07-13 09:08:41 on dist-test-slave-jm2j"
I20260713 09:08:41.219625 27367 fs_report.cc:389] FS layout report
--------------------
wal directory: /tmp/dist-test-taskD2KvfF/test-tmp/auto_leader_rebalancer-test.0.LeaderRebalancerTest.FunctionalTestForDivided.1783933719196419-27367-0/minicluster-data/ts-1-root
metadata directory: /tmp/dist-test-taskD2KvfF/test-tmp/auto_leader_rebalancer-test.0.LeaderRebalancerTest.FunctionalTestForDivided.1783933719196419-27367-0/minicluster-data/ts-1-root
1 data directories: /tmp/dist-test-taskD2KvfF/test-tmp/auto_leader_rebalancer-test.0.LeaderRebalancerTest.FunctionalTestForDivided.1783933719196419-27367-0/minicluster-data/ts-1-root/data
Total live blocks: 0
Total live bytes: 0
Total live bytes (after alignment): 0
Total number of LBM containers: 0 (0 full)
Did not check for missing blocks
Did not check for orphaned blocks
Total full LBM containers with extra space: 0 (0 repaired)
Total full LBM container extra space in bytes: 0 (0 repaired)
Total incomplete LBM containers: 0 (0 repaired)
Total LBM partial records: 0 (0 repaired)
Total corrupted LBM metadata records in RocksDB: 0 (0 repaired)
I20260713 09:08:41.240841 27367 rpc_server.cc:225] running with OpenSSL 1.1.1  11 Sep 2018
I20260713 09:08:41.242483 27367 kserver.cc:163] Server-wide thread pool size limit: 3276
I20260713 09:08:41.245030 27367 txn_system_client.cc:432] TxnSystemClient initialization is disabled...
I20260713 09:08:41.248611 27367 ts_tablet_manager.cc:585] Loaded tablet metadata (0 total tablets, 0 live tablets)
I20260713 09:08:41.248860 27367 ts_tablet_manager.cc:531] Time spent load tablet metadata: real 0.000s	user 0.000s	sys 0.000s
I20260713 09:08:41.249127 27367 ts_tablet_manager.cc:616] Registered 0 tablets
I20260713 09:08:41.249336 27367 ts_tablet_manager.cc:595] Time spent register tablets: real 0.000s	user 0.000s	sys 0.000s
I20260713 09:08:41.357210 27367 rpc_server.cc:307] RPC server started. Bound to: 127.26.185.194:37065
I20260713 09:08:41.357318 27601 acceptor_pool.cc:272] collecting diagnostics on the listening RPC socket 127.26.185.194:37065 every 8 connection(s)
I20260713 09:08:41.364259 27367 file_cache.cc:504] Constructed file cache file cache with capacity 419430
W20260713 09:08:41.372874 27605 instance_detector.cc:116] could not retrieve AWS instance metadata: Network error: curl error: HTTP response code said error: The requested URL returned error: 404
W20260713 09:08:41.376487 27606 instance_detector.cc:116] could not retrieve Azure instance metadata: Network error: curl error: HTTP response code said error: The requested URL returned error: 404
I20260713 09:08:41.379312 27602 heartbeater.cc:344] Connected to a master server at 127.26.185.254:37489
I20260713 09:08:41.379699 27602 heartbeater.cc:461] Registering TS with master...
I20260713 09:08:41.380674 27602 heartbeater.cc:507] Master 127.26.185.254:37489 requested a full tablet report, sending...
I20260713 09:08:41.381201 27367 server_base.cc:1061] running on GCE node
W20260713 09:08:41.382623 27608 instance_detector.cc:116] could not retrieve OpenStack instance metadata: Network error: curl error: HTTP response code said error: The requested URL returned error: 404
I20260713 09:08:41.383337 27399 ts_manager.cc:194] Registered new tserver with Master: 42217243f4d54818b76035844c42a836 (127.26.185.194:37065)
I20260713 09:08:41.383795 27367 hybrid_clock.cc:584] initializing the hybrid clock with 'system_unsync' time source
W20260713 09:08:41.384070 27367 system_unsync_time.cc:38] NTP support is disabled. Clock error bounds will not be accurate. This configuration is not suitable for distributed clusters.
I20260713 09:08:41.384312 27367 hybrid_clock.cc:648] HybridClock initialized: now 1783933721384292 us; error 0 us; skew 500 ppm
I20260713 09:08:41.385119 27367 server_base.cc:861] Flag tcmalloc_max_total_thread_cache_bytes is not working since tcmalloc is not enabled.
I20260713 09:08:41.385303 27399 master_service.cc:502] Signed X509 certificate for tserver {username='slave'} at 127.0.0.1:37624
I20260713 09:08:41.388279 27367 webserver.cc:533] Webserver started at http://127.26.185.195:39217/ using document root <none> and password file <none>
I20260713 09:08:41.388835 27367 fs_manager.cc:362] Metadata directory not provided
I20260713 09:08:41.389048 27367 fs_manager.cc:368] Using write-ahead log directory (fs_wal_dir) as metadata directory
I20260713 09:08:41.389357 27367 server_base.cc:909] This appears to be a new deployment of Kudu; creating new FS layout
I20260713 09:08:41.390535 27367 fs_manager.cc:1068] Generated new instance metadata in path /tmp/dist-test-taskD2KvfF/test-tmp/auto_leader_rebalancer-test.0.LeaderRebalancerTest.FunctionalTestForDivided.1783933719196419-27367-0/minicluster-data/ts-2-root/instance:
uuid: "46d3422abc6d4ca5b2cee323a8f22d3a"
format_stamp: "Formatted at 2026-07-13 09:08:41 on dist-test-slave-jm2j"
I20260713 09:08:41.395596 27367 fs_manager.cc:696] Time spent creating directory manager: real 0.004s	user 0.006s	sys 0.000s
I20260713 09:08:41.399303 27613 log_block_manager.cc:4127] Time spent loading block containers with low live blocks: real 0.000s	user 0.000s	sys 0.000s
I20260713 09:08:41.400156 27367 fs_manager.cc:730] Time spent opening block manager: real 0.003s	user 0.000s	sys 0.002s
I20260713 09:08:41.400457 27367 fs_manager.cc:647] Opened local filesystem: /tmp/dist-test-taskD2KvfF/test-tmp/auto_leader_rebalancer-test.0.LeaderRebalancerTest.FunctionalTestForDivided.1783933719196419-27367-0/minicluster-data/ts-2-root
uuid: "46d3422abc6d4ca5b2cee323a8f22d3a"
format_stamp: "Formatted at 2026-07-13 09:08:41 on dist-test-slave-jm2j"
I20260713 09:08:41.400849 27367 fs_report.cc:389] FS layout report
--------------------
wal directory: /tmp/dist-test-taskD2KvfF/test-tmp/auto_leader_rebalancer-test.0.LeaderRebalancerTest.FunctionalTestForDivided.1783933719196419-27367-0/minicluster-data/ts-2-root
metadata directory: /tmp/dist-test-taskD2KvfF/test-tmp/auto_leader_rebalancer-test.0.LeaderRebalancerTest.FunctionalTestForDivided.1783933719196419-27367-0/minicluster-data/ts-2-root
1 data directories: /tmp/dist-test-taskD2KvfF/test-tmp/auto_leader_rebalancer-test.0.LeaderRebalancerTest.FunctionalTestForDivided.1783933719196419-27367-0/minicluster-data/ts-2-root/data
Total live blocks: 0
Total live bytes: 0
Total live bytes (after alignment): 0
Total number of LBM containers: 0 (0 full)
Did not check for missing blocks
Did not check for orphaned blocks
Total full LBM containers with extra space: 0 (0 repaired)
Total full LBM container extra space in bytes: 0 (0 repaired)
Total incomplete LBM containers: 0 (0 repaired)
Total LBM partial records: 0 (0 repaired)
Total corrupted LBM metadata records in RocksDB: 0 (0 repaired)
I20260713 09:08:41.414785 27367 rpc_server.cc:225] running with OpenSSL 1.1.1  11 Sep 2018
I20260713 09:08:41.416163 27367 kserver.cc:163] Server-wide thread pool size limit: 3276
I20260713 09:08:41.417858 27367 txn_system_client.cc:432] TxnSystemClient initialization is disabled...
I20260713 09:08:41.420931 27367 ts_tablet_manager.cc:585] Loaded tablet metadata (0 total tablets, 0 live tablets)
I20260713 09:08:41.421188 27367 ts_tablet_manager.cc:531] Time spent load tablet metadata: real 0.000s	user 0.000s	sys 0.000s
I20260713 09:08:41.421497 27367 ts_tablet_manager.cc:616] Registered 0 tablets
I20260713 09:08:41.421705 27367 ts_tablet_manager.cc:595] Time spent register tablets: real 0.000s	user 0.000s	sys 0.000s
I20260713 09:08:41.523087 27367 rpc_server.cc:307] RPC server started. Bound to: 127.26.185.195:46435
I20260713 09:08:41.523192 27675 acceptor_pool.cc:272] collecting diagnostics on the listening RPC socket 127.26.185.195:46435 every 8 connection(s)
I20260713 09:08:41.539604 27676 heartbeater.cc:344] Connected to a master server at 127.26.185.254:37489
I20260713 09:08:41.540023 27676 heartbeater.cc:461] Registering TS with master...
I20260713 09:08:41.540840 27676 heartbeater.cc:507] Master 127.26.185.254:37489 requested a full tablet report, sending...
I20260713 09:08:41.542742 27399 ts_manager.cc:194] Registered new tserver with Master: 46d3422abc6d4ca5b2cee323a8f22d3a (127.26.185.195:46435)
I20260713 09:08:41.542912 27367 internal_mini_cluster.cc:371] 3 TS(s) registered with all masters after 0.014818464s
I20260713 09:08:41.544085 27399 master_service.cc:502] Signed X509 certificate for tserver {username='slave'} at 127.0.0.1:37632
I20260713 09:08:41.595642 27399 catalog_manager.cc:2283] Servicing CreateTable request from {username='slave'} at 127.0.0.1:37638:
name: "test-workload"
schema {
  columns {
    name: "key"
    type: INT32
    is_key: true
    is_nullable: false
    encoding: AUTO_ENCODING
    compression: DEFAULT_COMPRESSION
    cfile_block_size: 0
    immutable: false
  }
  columns {
    name: "int_val"
    type: INT32
    is_key: false
    is_nullable: false
    encoding: AUTO_ENCODING
    compression: DEFAULT_COMPRESSION
    cfile_block_size: 0
    immutable: false
  }
  columns {
    name: "string_val"
    type: STRING
    is_key: false
    is_nullable: true
    encoding: AUTO_ENCODING
    compression: DEFAULT_COMPRESSION
    cfile_block_size: 0
    immutable: false
  }
}
num_replicas: 3
split_rows_range_bounds {
  rows: "\004\001\000\216\3438\016\004\001\000\034\307q\034\004\001\000\252\252\252*\004\001\0008\216\3438\004\001\000\306q\034G\004\001\000TUUU\004\001\000\3428\216c\004\001\000p\034\307q""\004\001\000\216\3438\016\004\001\000\034\307q\034\004\001\000\252\252\252*\004\001\0008\216\3438\004\001\000\306q\034G\004\001\000TUUU\004\001\000\3428\216c\004\001\000p\034\307q"
  indirect_data: """"
}
partition_schema {
  range_schema {
    columns {
      name: "key"
    }
  }
}
W20260713 09:08:41.599292 27399 catalog_manager.cc:7077] The number of live tablet servers is not enough to re-replicate a tablet replica of the newly created table test-workload in case of a server failure: 4 tablet servers would be needed, 3 are available. Consider bringing up more tablet servers.
I20260713 09:08:41.725601 27641 tablet_service.cc:1511] Processing CreateTablet for tablet 645e0fdc3ba84124853e7ba894be1045 (DEFAULT_TABLE table=test-workload [id=7c933ce5146a4cc1a643a04d72aec288]), partition=RANGE (key) PARTITION VALUES < 238609294
I20260713 09:08:41.727396 27641 data_dirs.cc:400] Could only allocate 1 dirs of requested 3 for tablet 645e0fdc3ba84124853e7ba894be1045. 1 dirs total, 0 dirs full, 0 dirs failed
I20260713 09:08:41.734027 27640 tablet_service.cc:1511] Processing CreateTablet for tablet 983d19daedd6471192195cf6fdcff401 (DEFAULT_TABLE table=test-workload [id=7c933ce5146a4cc1a643a04d72aec288]), partition=RANGE (key) PARTITION 238609294 <= VALUES < 477218588
I20260713 09:08:41.735507 27640 data_dirs.cc:400] Could only allocate 1 dirs of requested 3 for tablet 983d19daedd6471192195cf6fdcff401. 1 dirs total, 0 dirs full, 0 dirs failed
I20260713 09:08:41.736675 27567 tablet_service.cc:1511] Processing CreateTablet for tablet 645e0fdc3ba84124853e7ba894be1045 (DEFAULT_TABLE table=test-workload [id=7c933ce5146a4cc1a643a04d72aec288]), partition=RANGE (key) PARTITION VALUES < 238609294
I20260713 09:08:41.738144 27567 data_dirs.cc:400] Could only allocate 1 dirs of requested 3 for tablet 645e0fdc3ba84124853e7ba894be1045. 1 dirs total, 0 dirs full, 0 dirs failed
I20260713 09:08:41.737931 27566 tablet_service.cc:1511] Processing CreateTablet for tablet 983d19daedd6471192195cf6fdcff401 (DEFAULT_TABLE table=test-workload [id=7c933ce5146a4cc1a643a04d72aec288]), partition=RANGE (key) PARTITION 238609294 <= VALUES < 477218588
I20260713 09:08:41.739322 27566 data_dirs.cc:400] Could only allocate 1 dirs of requested 3 for tablet 983d19daedd6471192195cf6fdcff401. 1 dirs total, 0 dirs full, 0 dirs failed
I20260713 09:08:41.737952 27564 tablet_service.cc:1511] Processing CreateTablet for tablet 0bfea88c38004b128009e51f1f90b430 (DEFAULT_TABLE table=test-workload [id=7c933ce5146a4cc1a643a04d72aec288]), partition=RANGE (key) PARTITION 715827882 <= VALUES < 954437176
I20260713 09:08:41.754596 27561 tablet_service.cc:1511] Processing CreateTablet for tablet a3ab406ce0594ecb9ffddab49031a33c (DEFAULT_TABLE table=test-workload [id=7c933ce5146a4cc1a643a04d72aec288]), partition=RANGE (key) PARTITION 1431655764 <= VALUES < 1670265058
I20260713 09:08:41.758049 27638 tablet_service.cc:1511] Processing CreateTablet for tablet 0bfea88c38004b128009e51f1f90b430 (DEFAULT_TABLE table=test-workload [id=7c933ce5146a4cc1a643a04d72aec288]), partition=RANGE (key) PARTITION 715827882 <= VALUES < 954437176
I20260713 09:08:41.758175 27491 tablet_service.cc:1511] Processing CreateTablet for tablet 983d19daedd6471192195cf6fdcff401 (DEFAULT_TABLE table=test-workload [id=7c933ce5146a4cc1a643a04d72aec288]), partition=RANGE (key) PARTITION 238609294 <= VALUES < 477218588
I20260713 09:08:41.767648 27564 data_dirs.cc:400] Could only allocate 1 dirs of requested 3 for tablet 0bfea88c38004b128009e51f1f90b430. 1 dirs total, 0 dirs full, 0 dirs failed
I20260713 09:08:41.759982 27559 tablet_service.cc:1511] Processing CreateTablet for tablet 74a46610c53d4c6fa6a034957c1a6ae2 (DEFAULT_TABLE table=test-workload [id=7c933ce5146a4cc1a643a04d72aec288]), partition=RANGE (key) PARTITION 1908874352 <= VALUES
I20260713 09:08:41.768993 27561 data_dirs.cc:400] Could only allocate 1 dirs of requested 3 for tablet a3ab406ce0594ecb9ffddab49031a33c. 1 dirs total, 0 dirs full, 0 dirs failed
I20260713 09:08:41.759920 27562 tablet_service.cc:1511] Processing CreateTablet for tablet d0406249f59c41dba25bdce37536642c (DEFAULT_TABLE table=test-workload [id=7c933ce5146a4cc1a643a04d72aec288]), partition=RANGE (key) PARTITION 1193046470 <= VALUES < 1431655764
I20260713 09:08:41.761555 27560 tablet_service.cc:1511] Processing CreateTablet for tablet a66e590ad74d4dd3b50137a478286e7e (DEFAULT_TABLE table=test-workload [id=7c933ce5146a4cc1a643a04d72aec288]), partition=RANGE (key) PARTITION 1670265058 <= VALUES < 1908874352
I20260713 09:08:41.771432 27637 tablet_service.cc:1511] Processing CreateTablet for tablet 36f3e5a83eb44ef29ae5b79c3e3d1d20 (DEFAULT_TABLE table=test-workload [id=7c933ce5146a4cc1a643a04d72aec288]), partition=RANGE (key) PARTITION 954437176 <= VALUES < 1193046470
I20260713 09:08:41.763808 27492 tablet_service.cc:1511] Processing CreateTablet for tablet 645e0fdc3ba84124853e7ba894be1045 (DEFAULT_TABLE table=test-workload [id=7c933ce5146a4cc1a643a04d72aec288]), partition=RANGE (key) PARTITION VALUES < 238609294
I20260713 09:08:41.773757 27489 tablet_service.cc:1511] Processing CreateTablet for tablet 0bfea88c38004b128009e51f1f90b430 (DEFAULT_TABLE table=test-workload [id=7c933ce5146a4cc1a643a04d72aec288]), partition=RANGE (key) PARTITION 715827882 <= VALUES < 954437176
I20260713 09:08:41.777649 27488 tablet_service.cc:1511] Processing CreateTablet for tablet 36f3e5a83eb44ef29ae5b79c3e3d1d20 (DEFAULT_TABLE table=test-workload [id=7c933ce5146a4cc1a643a04d72aec288]), partition=RANGE (key) PARTITION 954437176 <= VALUES < 1193046470
I20260713 09:08:41.778913 27565 tablet_service.cc:1511] Processing CreateTablet for tablet 714d5c9cddd84c6d87c92609aa271ea2 (DEFAULT_TABLE table=test-workload [id=7c933ce5146a4cc1a643a04d72aec288]), partition=RANGE (key) PARTITION 477218588 <= VALUES < 715827882
I20260713 09:08:41.781028 27490 tablet_service.cc:1511] Processing CreateTablet for tablet 714d5c9cddd84c6d87c92609aa271ea2 (DEFAULT_TABLE table=test-workload [id=7c933ce5146a4cc1a643a04d72aec288]), partition=RANGE (key) PARTITION 477218588 <= VALUES < 715827882
I20260713 09:08:41.782078 27639 tablet_service.cc:1511] Processing CreateTablet for tablet 714d5c9cddd84c6d87c92609aa271ea2 (DEFAULT_TABLE table=test-workload [id=7c933ce5146a4cc1a643a04d72aec288]), partition=RANGE (key) PARTITION 477218588 <= VALUES < 715827882
I20260713 09:08:41.766042 27563 tablet_service.cc:1511] Processing CreateTablet for tablet 36f3e5a83eb44ef29ae5b79c3e3d1d20 (DEFAULT_TABLE table=test-workload [id=7c933ce5146a4cc1a643a04d72aec288]), partition=RANGE (key) PARTITION 954437176 <= VALUES < 1193046470
I20260713 09:08:41.807889 27637 data_dirs.cc:400] Could only allocate 1 dirs of requested 3 for tablet 36f3e5a83eb44ef29ae5b79c3e3d1d20. 1 dirs total, 0 dirs full, 0 dirs failed
I20260713 09:08:41.808229 27636 tablet_service.cc:1511] Processing CreateTablet for tablet d0406249f59c41dba25bdce37536642c (DEFAULT_TABLE table=test-workload [id=7c933ce5146a4cc1a643a04d72aec288]), partition=RANGE (key) PARTITION 1193046470 <= VALUES < 1431655764
I20260713 09:08:41.809475 27560 data_dirs.cc:400] Could only allocate 1 dirs of requested 3 for tablet a66e590ad74d4dd3b50137a478286e7e. 1 dirs total, 0 dirs full, 0 dirs failed
I20260713 09:08:41.809758 27636 data_dirs.cc:400] Could only allocate 1 dirs of requested 3 for tablet d0406249f59c41dba25bdce37536642c. 1 dirs total, 0 dirs full, 0 dirs failed
I20260713 09:08:41.810281 27565 data_dirs.cc:400] Could only allocate 1 dirs of requested 3 for tablet 714d5c9cddd84c6d87c92609aa271ea2. 1 dirs total, 0 dirs full, 0 dirs failed
I20260713 09:08:41.823625 27563 data_dirs.cc:400] Could only allocate 1 dirs of requested 3 for tablet 36f3e5a83eb44ef29ae5b79c3e3d1d20. 1 dirs total, 0 dirs full, 0 dirs failed
I20260713 09:08:41.829442 27486 tablet_service.cc:1511] Processing CreateTablet for tablet a3ab406ce0594ecb9ffddab49031a33c (DEFAULT_TABLE table=test-workload [id=7c933ce5146a4cc1a643a04d72aec288]), partition=RANGE (key) PARTITION 1431655764 <= VALUES < 1670265058
I20260713 09:08:41.816164 27487 tablet_service.cc:1511] Processing CreateTablet for tablet d0406249f59c41dba25bdce37536642c (DEFAULT_TABLE table=test-workload [id=7c933ce5146a4cc1a643a04d72aec288]), partition=RANGE (key) PARTITION 1193046470 <= VALUES < 1431655764
I20260713 09:08:41.832605 27638 data_dirs.cc:400] Could only allocate 1 dirs of requested 3 for tablet 0bfea88c38004b128009e51f1f90b430. 1 dirs total, 0 dirs full, 0 dirs failed
I20260713 09:08:41.835733 27635 tablet_service.cc:1511] Processing CreateTablet for tablet a3ab406ce0594ecb9ffddab49031a33c (DEFAULT_TABLE table=test-workload [id=7c933ce5146a4cc1a643a04d72aec288]), partition=RANGE (key) PARTITION 1431655764 <= VALUES < 1670265058
I20260713 09:08:41.833431 27484 tablet_service.cc:1511] Processing CreateTablet for tablet 74a46610c53d4c6fa6a034957c1a6ae2 (DEFAULT_TABLE table=test-workload [id=7c933ce5146a4cc1a643a04d72aec288]), partition=RANGE (key) PARTITION 1908874352 <= VALUES
I20260713 09:08:41.836468 27491 data_dirs.cc:400] Could only allocate 1 dirs of requested 3 for tablet 983d19daedd6471192195cf6fdcff401. 1 dirs total, 0 dirs full, 0 dirs failed
I20260713 09:08:41.837447 27485 tablet_service.cc:1511] Processing CreateTablet for tablet a66e590ad74d4dd3b50137a478286e7e (DEFAULT_TABLE table=test-workload [id=7c933ce5146a4cc1a643a04d72aec288]), partition=RANGE (key) PARTITION 1670265058 <= VALUES < 1908874352
I20260713 09:08:41.841317 27634 tablet_service.cc:1511] Processing CreateTablet for tablet 74a46610c53d4c6fa6a034957c1a6ae2 (DEFAULT_TABLE table=test-workload [id=7c933ce5146a4cc1a643a04d72aec288]), partition=RANGE (key) PARTITION 1908874352 <= VALUES
I20260713 09:08:41.839788 27639 data_dirs.cc:400] Could only allocate 1 dirs of requested 3 for tablet 714d5c9cddd84c6d87c92609aa271ea2. 1 dirs total, 0 dirs full, 0 dirs failed
I20260713 09:08:41.843925 27641 tablet_service.cc:1511] Processing CreateTablet for tablet a66e590ad74d4dd3b50137a478286e7e (DEFAULT_TABLE table=test-workload [id=7c933ce5146a4cc1a643a04d72aec288]), partition=RANGE (key) PARTITION 1670265058 <= VALUES < 1908874352
I20260713 09:08:41.851155 27634 data_dirs.cc:400] Could only allocate 1 dirs of requested 3 for tablet 74a46610c53d4c6fa6a034957c1a6ae2. 1 dirs total, 0 dirs full, 0 dirs failed
I20260713 09:08:41.853214 27635 data_dirs.cc:400] Could only allocate 1 dirs of requested 3 for tablet a3ab406ce0594ecb9ffddab49031a33c. 1 dirs total, 0 dirs full, 0 dirs failed
I20260713 09:08:41.849570 27559 data_dirs.cc:400] Could only allocate 1 dirs of requested 3 for tablet 74a46610c53d4c6fa6a034957c1a6ae2. 1 dirs total, 0 dirs full, 0 dirs failed
I20260713 09:08:41.858155 27694 tablet_bootstrap.cc:492] T 645e0fdc3ba84124853e7ba894be1045 P 46d3422abc6d4ca5b2cee323a8f22d3a: Bootstrap starting.
I20260713 09:08:41.860777 27641 data_dirs.cc:400] Could only allocate 1 dirs of requested 3 for tablet a66e590ad74d4dd3b50137a478286e7e. 1 dirs total, 0 dirs full, 0 dirs failed
I20260713 09:08:41.867070 27562 data_dirs.cc:400] Could only allocate 1 dirs of requested 3 for tablet d0406249f59c41dba25bdce37536642c. 1 dirs total, 0 dirs full, 0 dirs failed
I20260713 09:08:41.870410 27489 data_dirs.cc:400] Could only allocate 1 dirs of requested 3 for tablet 0bfea88c38004b128009e51f1f90b430. 1 dirs total, 0 dirs full, 0 dirs failed
I20260713 09:08:41.872530 27487 data_dirs.cc:400] Could only allocate 1 dirs of requested 3 for tablet d0406249f59c41dba25bdce37536642c. 1 dirs total, 0 dirs full, 0 dirs failed
I20260713 09:08:41.877804 27486 data_dirs.cc:400] Could only allocate 1 dirs of requested 3 for tablet a3ab406ce0594ecb9ffddab49031a33c. 1 dirs total, 0 dirs full, 0 dirs failed
I20260713 09:08:41.879355 27485 data_dirs.cc:400] Could only allocate 1 dirs of requested 3 for tablet a66e590ad74d4dd3b50137a478286e7e. 1 dirs total, 0 dirs full, 0 dirs failed
I20260713 09:08:41.882797 27492 data_dirs.cc:400] Could only allocate 1 dirs of requested 3 for tablet 645e0fdc3ba84124853e7ba894be1045. 1 dirs total, 0 dirs full, 0 dirs failed
I20260713 09:08:41.900590 27488 data_dirs.cc:400] Could only allocate 1 dirs of requested 3 for tablet 36f3e5a83eb44ef29ae5b79c3e3d1d20. 1 dirs total, 0 dirs full, 0 dirs failed
I20260713 09:08:41.907750 27490 data_dirs.cc:400] Could only allocate 1 dirs of requested 3 for tablet 714d5c9cddd84c6d87c92609aa271ea2. 1 dirs total, 0 dirs full, 0 dirs failed
I20260713 09:08:41.945461 27484 data_dirs.cc:400] Could only allocate 1 dirs of requested 3 for tablet 74a46610c53d4c6fa6a034957c1a6ae2. 1 dirs total, 0 dirs full, 0 dirs failed
W20260713 09:08:41.952853 27447 auto_rebalancer.cc:288] Could not retrieve cluster info: Service unavailable: Tablet not running
I20260713 09:08:41.970156 27695 tablet_bootstrap.cc:492] T 645e0fdc3ba84124853e7ba894be1045 P 42217243f4d54818b76035844c42a836: Bootstrap starting.
I20260713 09:08:42.069203 27694 tablet_bootstrap.cc:654] T 645e0fdc3ba84124853e7ba894be1045 P 46d3422abc6d4ca5b2cee323a8f22d3a: Neither blocks nor log segments found. Creating new log.
I20260713 09:08:42.081894 27696 tablet_bootstrap.cc:492] T a3ab406ce0594ecb9ffddab49031a33c P b772dae14d1749438a9d472b2fc1d5f4: Bootstrap starting.
I20260713 09:08:42.086303 27695 tablet_bootstrap.cc:654] T 645e0fdc3ba84124853e7ba894be1045 P 42217243f4d54818b76035844c42a836: Neither blocks nor log segments found. Creating new log.
I20260713 09:08:42.123209 27695 tablet_bootstrap.cc:492] T 645e0fdc3ba84124853e7ba894be1045 P 42217243f4d54818b76035844c42a836: No bootstrap required, opened a new log
I20260713 09:08:42.123835 27695 ts_tablet_manager.cc:1403] T 645e0fdc3ba84124853e7ba894be1045 P 42217243f4d54818b76035844c42a836: Time spent bootstrapping tablet: real 0.176s	user 0.003s	sys 0.019s
I20260713 09:08:42.125751 27696 tablet_bootstrap.cc:654] T a3ab406ce0594ecb9ffddab49031a33c P b772dae14d1749438a9d472b2fc1d5f4: Neither blocks nor log segments found. Creating new log.
I20260713 09:08:42.126133 27694 tablet_bootstrap.cc:492] T 645e0fdc3ba84124853e7ba894be1045 P 46d3422abc6d4ca5b2cee323a8f22d3a: No bootstrap required, opened a new log
I20260713 09:08:42.126616 27694 ts_tablet_manager.cc:1403] T 645e0fdc3ba84124853e7ba894be1045 P 46d3422abc6d4ca5b2cee323a8f22d3a: Time spent bootstrapping tablet: real 0.282s	user 0.010s	sys 0.023s
I20260713 09:08:42.127239 27695 raft_consensus.cc:359] T 645e0fdc3ba84124853e7ba894be1045 P 42217243f4d54818b76035844c42a836 [term 0 FOLLOWER]: Replica starting. Triggering 0 pending ops. Active config: opid_index: -1 OBSOLETE_local: false peers { permanent_uuid: "46d3422abc6d4ca5b2cee323a8f22d3a" member_type: VOTER last_known_addr { host: "127.26.185.195" port: 46435 } } peers { permanent_uuid: "b772dae14d1749438a9d472b2fc1d5f4" member_type: VOTER last_known_addr { host: "127.26.185.193" port: 39587 } } peers { permanent_uuid: "42217243f4d54818b76035844c42a836" member_type: VOTER last_known_addr { host: "127.26.185.194" port: 37065 } }
I20260713 09:08:42.128073 27695 raft_consensus.cc:385] T 645e0fdc3ba84124853e7ba894be1045 P 42217243f4d54818b76035844c42a836 [term 0 FOLLOWER]: Consensus starting up: Expiring failure detector timer to make a prompt election more likely
I20260713 09:08:42.128376 27695 raft_consensus.cc:740] T 645e0fdc3ba84124853e7ba894be1045 P 42217243f4d54818b76035844c42a836 [term 0 FOLLOWER]: Becoming Follower/Learner. State: Replica: 42217243f4d54818b76035844c42a836, State: Initialized, Role: FOLLOWER
I20260713 09:08:42.129416 27695 consensus_queue.cc:260] T 645e0fdc3ba84124853e7ba894be1045 P 42217243f4d54818b76035844c42a836 [NON_LEADER]: Queue going to NON_LEADER mode. State: All replicated index: 0, Majority replicated index: 0, Committed index: 0, Last appended: 0.0, Last appended by leader: 0, Current term: 0, Majority size: -1, State: 0, Mode: NON_LEADER, active raft config: opid_index: -1 OBSOLETE_local: false peers { permanent_uuid: "46d3422abc6d4ca5b2cee323a8f22d3a" member_type: VOTER last_known_addr { host: "127.26.185.195" port: 46435 } } peers { permanent_uuid: "b772dae14d1749438a9d472b2fc1d5f4" member_type: VOTER last_known_addr { host: "127.26.185.193" port: 39587 } } peers { permanent_uuid: "42217243f4d54818b76035844c42a836" member_type: VOTER last_known_addr { host: "127.26.185.194" port: 37065 } }
I20260713 09:08:42.129976 27694 raft_consensus.cc:359] T 645e0fdc3ba84124853e7ba894be1045 P 46d3422abc6d4ca5b2cee323a8f22d3a [term 0 FOLLOWER]: Replica starting. Triggering 0 pending ops. Active config: opid_index: -1 OBSOLETE_local: false peers { permanent_uuid: "46d3422abc6d4ca5b2cee323a8f22d3a" member_type: VOTER last_known_addr { host: "127.26.185.195" port: 46435 } } peers { permanent_uuid: "b772dae14d1749438a9d472b2fc1d5f4" member_type: VOTER last_known_addr { host: "127.26.185.193" port: 39587 } } peers { permanent_uuid: "42217243f4d54818b76035844c42a836" member_type: VOTER last_known_addr { host: "127.26.185.194" port: 37065 } }
I20260713 09:08:42.130787 27694 raft_consensus.cc:385] T 645e0fdc3ba84124853e7ba894be1045 P 46d3422abc6d4ca5b2cee323a8f22d3a [term 0 FOLLOWER]: Consensus starting up: Expiring failure detector timer to make a prompt election more likely
I20260713 09:08:42.131134 27694 raft_consensus.cc:740] T 645e0fdc3ba84124853e7ba894be1045 P 46d3422abc6d4ca5b2cee323a8f22d3a [term 0 FOLLOWER]: Becoming Follower/Learner. State: Replica: 46d3422abc6d4ca5b2cee323a8f22d3a, State: Initialized, Role: FOLLOWER
I20260713 09:08:42.132061 27694 consensus_queue.cc:260] T 645e0fdc3ba84124853e7ba894be1045 P 46d3422abc6d4ca5b2cee323a8f22d3a [NON_LEADER]: Queue going to NON_LEADER mode. State: All replicated index: 0, Majority replicated index: 0, Committed index: 0, Last appended: 0.0, Last appended by leader: 0, Current term: 0, Majority size: -1, State: 0, Mode: NON_LEADER, active raft config: opid_index: -1 OBSOLETE_local: false peers { permanent_uuid: "46d3422abc6d4ca5b2cee323a8f22d3a" member_type: VOTER last_known_addr { host: "127.26.185.195" port: 46435 } } peers { permanent_uuid: "b772dae14d1749438a9d472b2fc1d5f4" member_type: VOTER last_known_addr { host: "127.26.185.193" port: 39587 } } peers { permanent_uuid: "42217243f4d54818b76035844c42a836" member_type: VOTER last_known_addr { host: "127.26.185.194" port: 37065 } }
I20260713 09:08:42.140792 27676 heartbeater.cc:499] Master 127.26.185.254:37489 was elected leader, sending a full tablet report...
I20260713 09:08:42.143671 27696 tablet_bootstrap.cc:492] T a3ab406ce0594ecb9ffddab49031a33c P b772dae14d1749438a9d472b2fc1d5f4: No bootstrap required, opened a new log
I20260713 09:08:42.143733 27695 ts_tablet_manager.cc:1434] T 645e0fdc3ba84124853e7ba894be1045 P 42217243f4d54818b76035844c42a836: Time spent starting tablet: real 0.020s	user 0.002s	sys 0.017s
I20260713 09:08:42.144312 27696 ts_tablet_manager.cc:1403] T a3ab406ce0594ecb9ffddab49031a33c P b772dae14d1749438a9d472b2fc1d5f4: Time spent bootstrapping tablet: real 0.063s	user 0.017s	sys 0.009s
I20260713 09:08:42.146377 27694 ts_tablet_manager.cc:1434] T 645e0fdc3ba84124853e7ba894be1045 P 46d3422abc6d4ca5b2cee323a8f22d3a: Time spent starting tablet: real 0.019s	user 0.007s	sys 0.007s
I20260713 09:08:42.147365 27694 tablet_bootstrap.cc:492] T 983d19daedd6471192195cf6fdcff401 P 46d3422abc6d4ca5b2cee323a8f22d3a: Bootstrap starting.
I20260713 09:08:42.147097 27696 raft_consensus.cc:359] T a3ab406ce0594ecb9ffddab49031a33c P b772dae14d1749438a9d472b2fc1d5f4 [term 0 FOLLOWER]: Replica starting. Triggering 0 pending ops. Active config: opid_index: -1 OBSOLETE_local: false peers { permanent_uuid: "b772dae14d1749438a9d472b2fc1d5f4" member_type: VOTER last_known_addr { host: "127.26.185.193" port: 39587 } } peers { permanent_uuid: "42217243f4d54818b76035844c42a836" member_type: VOTER last_known_addr { host: "127.26.185.194" port: 37065 } } peers { permanent_uuid: "46d3422abc6d4ca5b2cee323a8f22d3a" member_type: VOTER last_known_addr { host: "127.26.185.195" port: 46435 } }
