I20260713 09:09:13.004443 28553 raft_consensus.cc:2955] T 38b6cc6ffe46414db160a0d209ae43bc P 848b1b0ce43e4382af38367782934268 [term 1 FOLLOWER]: Committing config change with OpId 1.4: config changed from index 3 to 4, VOTER b0e9d1b4373d4a949af718148c882e5d (127.26.185.193) evicted. New config: { opid_index: 4 OBSOLETE_local: false peers { permanent_uuid: "848b1b0ce43e4382af38367782934268" member_type: VOTER last_known_addr { host: "127.26.185.194" port: 41895 } } peers { permanent_uuid: "e7be3583439c474c96696603f38d6fc1" member_type: VOTER last_known_addr { host: "127.26.185.195" port: 33537 } } peers { permanent_uuid: "1615ca7660c748129426c29e632dc1bc" member_type: VOTER last_known_addr { host: "127.26.185.196" port: 36473 } attrs { promote: false } } }
I20260713 09:09:13.011246 28550 raft_consensus.cc:1275] T 08f2b884850a4690a24dd3efd95e90f5 P 848b1b0ce43e4382af38367782934268 [term 1 FOLLOWER]: Refusing update from remote peer b0e9d1b4373d4a949af718148c882e5d: Log matching property violated. Preceding OpId in replica: term: 1 index: 3. Preceding OpId from leader: term: 1 index: 4. (index mismatch)
I20260713 09:09:13.014179 29084 ts_tablet_manager.cc:1929] T 7dc3b0499f774ab7b5bbac45edd7a3d0 P 848b1b0ce43e4382af38367782934268: tablet deleted with delete type TABLET_DATA_TOMBSTONED: last-logged OpId 1.3
I20260713 09:09:13.014684 29084 log.cc:1199] T 7dc3b0499f774ab7b5bbac45edd7a3d0 P 848b1b0ce43e4382af38367782934268: Deleting WAL directory at /tmp/dist-test-taskD2KvfF/test-tmp/auto_leader_rebalancer-test.0.LeaderRebalancerTest.AddTserver.1783933719196419-27367-0/minicluster-data/ts-1-root/wals/7dc3b0499f774ab7b5bbac45edd7a3d0
I20260713 09:09:13.016294 28362 catalog_manager.cc:5028] TS 848b1b0ce43e4382af38367782934268 (127.26.185.194:41895): tablet 7dc3b0499f774ab7b5bbac45edd7a3d0 (table test-workload [id=8762477a61a84ffaabce0a0bf1b5af06]) successfully deleted
I20260713 09:09:13.016893 29075 consensus_queue.cc:1048] T 08f2b884850a4690a24dd3efd95e90f5 P b0e9d1b4373d4a949af718148c882e5d [LEADER]: Connected to new peer: Peer: permanent_uuid: "848b1b0ce43e4382af38367782934268" member_type: VOTER last_known_addr { host: "127.26.185.194" port: 41895 }, Status: LMP_MISMATCH, Last received: 0.0, Next index: 4, Last known committed idx: 3, Time since last communication: 0.001s
I20260713 09:09:13.026047 29076 raft_consensus.cc:2955] T 08f2b884850a4690a24dd3efd95e90f5 P b0e9d1b4373d4a949af718148c882e5d [term 1 LEADER]: Committing config change with OpId 1.4: config changed from index 3 to 4, VOTER e7be3583439c474c96696603f38d6fc1 (127.26.185.195) evicted. New config: { opid_index: 4 OBSOLETE_local: false peers { permanent_uuid: "b0e9d1b4373d4a949af718148c882e5d" member_type: VOTER last_known_addr { host: "127.26.185.193" port: 45473 } } peers { permanent_uuid: "848b1b0ce43e4382af38367782934268" member_type: VOTER last_known_addr { host: "127.26.185.194" port: 41895 } } peers { permanent_uuid: "1615ca7660c748129426c29e632dc1bc" member_type: VOTER last_known_addr { host: "127.26.185.196" port: 36473 } attrs { promote: false } } }
I20260713 09:09:13.028424 28550 raft_consensus.cc:2955] T 08f2b884850a4690a24dd3efd95e90f5 P 848b1b0ce43e4382af38367782934268 [term 1 FOLLOWER]: Committing config change with OpId 1.4: config changed from index 3 to 4, VOTER e7be3583439c474c96696603f38d6fc1 (127.26.185.195) evicted. New config: { opid_index: 4 OBSOLETE_local: false peers { permanent_uuid: "b0e9d1b4373d4a949af718148c882e5d" member_type: VOTER last_known_addr { host: "127.26.185.193" port: 45473 } } peers { permanent_uuid: "848b1b0ce43e4382af38367782934268" member_type: VOTER last_known_addr { host: "127.26.185.194" port: 41895 } } peers { permanent_uuid: "1615ca7660c748129426c29e632dc1bc" member_type: VOTER last_known_addr { host: "127.26.185.196" port: 36473 } attrs { promote: false } } }
I20260713 09:09:13.037560 28363 catalog_manager.cc:5210] ChangeConfig:REMOVE_PEER RPC for tablet 08f2b884850a4690a24dd3efd95e90f5 with cas_config_opid_index 3: ChangeConfig:REMOVE_PEER succeeded (attempt 1)
I20260713 09:09:13.036087 28897 raft_consensus.cc:2955] T 08f2b884850a4690a24dd3efd95e90f5 P 1615ca7660c748129426c29e632dc1bc [term 1 FOLLOWER]: Committing config change with OpId 1.3: config changed from index 2 to 3, 1615ca7660c748129426c29e632dc1bc (127.26.185.196) changed from NON_VOTER to VOTER. New config: { opid_index: 3 OBSOLETE_local: false peers { permanent_uuid: "b0e9d1b4373d4a949af718148c882e5d" member_type: VOTER last_known_addr { host: "127.26.185.193" port: 45473 } } peers { permanent_uuid: "848b1b0ce43e4382af38367782934268" member_type: VOTER last_known_addr { host: "127.26.185.194" port: 41895 } } peers { permanent_uuid: "e7be3583439c474c96696603f38d6fc1" member_type: VOTER last_known_addr { host: "127.26.185.195" port: 33537 } attrs { replace: true } } peers { permanent_uuid: "1615ca7660c748129426c29e632dc1bc" member_type: VOTER last_known_addr { host: "127.26.185.196" port: 36473 } attrs { promote: false } } }
I20260713 09:09:13.043637 29088 tablet_replica.cc:333] T 38b6cc6ffe46414db160a0d209ae43bc P b0e9d1b4373d4a949af718148c882e5d: stopping tablet replica
I20260713 09:09:13.044802 29088 raft_consensus.cc:2243] T 38b6cc6ffe46414db160a0d209ae43bc P b0e9d1b4373d4a949af718148c882e5d [term 1 FOLLOWER]: Raft consensus shutting down.
I20260713 09:09:13.044108 28375 catalog_manager.cc:5697] T 08f2b884850a4690a24dd3efd95e90f5 P b0e9d1b4373d4a949af718148c882e5d reported cstate change: config changed from index 3 to 4, VOTER e7be3583439c474c96696603f38d6fc1 (127.26.185.195) evicted. New cstate: current_term: 1 leader_uuid: "b0e9d1b4373d4a949af718148c882e5d" committed_config { opid_index: 4 OBSOLETE_local: false peers { permanent_uuid: "b0e9d1b4373d4a949af718148c882e5d" member_type: VOTER last_known_addr { host: "127.26.185.193" port: 45473 } health_report { overall_health: HEALTHY } } peers { permanent_uuid: "848b1b0ce43e4382af38367782934268" member_type: VOTER last_known_addr { host: "127.26.185.194" port: 41895 } health_report { overall_health: HEALTHY } } peers { permanent_uuid: "1615ca7660c748129426c29e632dc1bc" member_type: VOTER last_known_addr { host: "127.26.185.196" port: 36473 } attrs { promote: false } health_report { overall_health: UNKNOWN } } }
I20260713 09:09:13.054698 28898 raft_consensus.cc:1275] T 08f2b884850a4690a24dd3efd95e90f5 P 1615ca7660c748129426c29e632dc1bc [term 1 FOLLOWER]: Refusing update from remote peer b0e9d1b4373d4a949af718148c882e5d: Log matching property violated. Preceding OpId in replica: term: 1 index: 3. Preceding OpId from leader: term: 1 index: 4. (index mismatch)
I20260713 09:09:13.056792 29076 consensus_queue.cc:1048] T 08f2b884850a4690a24dd3efd95e90f5 P b0e9d1b4373d4a949af718148c882e5d [LEADER]: Connected to new peer: Peer: permanent_uuid: "1615ca7660c748129426c29e632dc1bc" member_type: VOTER last_known_addr { host: "127.26.185.196" port: 36473 } attrs { promote: false }, Status: LMP_MISMATCH, Last received: 0.0, Next index: 4, Last known committed idx: 3, Time since last communication: 0.000s
I20260713 09:09:13.057610 29088 raft_consensus.cc:2272] T 38b6cc6ffe46414db160a0d209ae43bc P b0e9d1b4373d4a949af718148c882e5d [term 1 FOLLOWER]: Raft consensus is shut down!
I20260713 09:09:13.060809 28616 tablet_service.cc:1558] Processing DeleteTablet for tablet 08f2b884850a4690a24dd3efd95e90f5 with delete_type TABLET_DATA_TOMBSTONED (TS e7be3583439c474c96696603f38d6fc1 not found in new config with opid_index 4) from {username='slave'} at 127.0.0.1:39866
I20260713 09:09:13.061510 29088 ts_tablet_manager.cc:1916] T 38b6cc6ffe46414db160a0d209ae43bc P b0e9d1b4373d4a949af718148c882e5d: Deleting tablet data with delete state TABLET_DATA_TOMBSTONED
I20260713 09:09:13.062088 29065 tablet_replica.cc:333] T 08f2b884850a4690a24dd3efd95e90f5 P e7be3583439c474c96696603f38d6fc1: stopping tablet replica
I20260713 09:09:13.063112 29065 raft_consensus.cc:2243] T 08f2b884850a4690a24dd3efd95e90f5 P e7be3583439c474c96696603f38d6fc1 [term 1 FOLLOWER]: Raft consensus shutting down.
I20260713 09:09:13.062443 28898 raft_consensus.cc:2955] T 08f2b884850a4690a24dd3efd95e90f5 P 1615ca7660c748129426c29e632dc1bc [term 1 FOLLOWER]: Committing config change with OpId 1.4: config changed from index 3 to 4, VOTER e7be3583439c474c96696603f38d6fc1 (127.26.185.195) evicted. New config: { opid_index: 4 OBSOLETE_local: false peers { permanent_uuid: "b0e9d1b4373d4a949af718148c882e5d" member_type: VOTER last_known_addr { host: "127.26.185.193" port: 45473 } } peers { permanent_uuid: "848b1b0ce43e4382af38367782934268" member_type: VOTER last_known_addr { host: "127.26.185.194" port: 41895 } } peers { permanent_uuid: "1615ca7660c748129426c29e632dc1bc" member_type: VOTER last_known_addr { host: "127.26.185.196" port: 36473 } attrs { promote: false } } }
I20260713 09:09:13.063760 29065 raft_consensus.cc:2272] T 08f2b884850a4690a24dd3efd95e90f5 P e7be3583439c474c96696603f38d6fc1 [term 1 FOLLOWER]: Raft consensus is shut down!
I20260713 09:09:13.073012 29065 ts_tablet_manager.cc:1916] T 08f2b884850a4690a24dd3efd95e90f5 P e7be3583439c474c96696603f38d6fc1: Deleting tablet data with delete state TABLET_DATA_TOMBSTONED
I20260713 09:09:13.081379 29088 ts_tablet_manager.cc:1929] T 38b6cc6ffe46414db160a0d209ae43bc P b0e9d1b4373d4a949af718148c882e5d: tablet deleted with delete type TABLET_DATA_TOMBSTONED: last-logged OpId 1.3
I20260713 09:09:13.081939 29088 log.cc:1199] T 38b6cc6ffe46414db160a0d209ae43bc P b0e9d1b4373d4a949af718148c882e5d: Deleting WAL directory at /tmp/dist-test-taskD2KvfF/test-tmp/auto_leader_rebalancer-test.0.LeaderRebalancerTest.AddTserver.1783933719196419-27367-0/minicluster-data/ts-0-root/wals/38b6cc6ffe46414db160a0d209ae43bc
I20260713 09:09:13.085337 28363 catalog_manager.cc:5028] TS b0e9d1b4373d4a949af718148c882e5d (127.26.185.193:45473): tablet 38b6cc6ffe46414db160a0d209ae43bc (table test-workload [id=8762477a61a84ffaabce0a0bf1b5af06]) successfully deleted
I20260713 09:09:13.090602 29065 ts_tablet_manager.cc:1929] T 08f2b884850a4690a24dd3efd95e90f5 P e7be3583439c474c96696603f38d6fc1: tablet deleted with delete type TABLET_DATA_TOMBSTONED: last-logged OpId 1.3
I20260713 09:09:13.091082 29065 log.cc:1199] T 08f2b884850a4690a24dd3efd95e90f5 P e7be3583439c474c96696603f38d6fc1: Deleting WAL directory at /tmp/dist-test-taskD2KvfF/test-tmp/auto_leader_rebalancer-test.0.LeaderRebalancerTest.AddTserver.1783933719196419-27367-0/minicluster-data/ts-2-root/wals/08f2b884850a4690a24dd3efd95e90f5
I20260713 09:09:13.092689 28361 catalog_manager.cc:5028] TS e7be3583439c474c96696603f38d6fc1 (127.26.185.195:33537): tablet 08f2b884850a4690a24dd3efd95e90f5 (table test-workload [id=8762477a61a84ffaabce0a0bf1b5af06]) successfully deleted
I20260713 09:09:14.094453 28475 consensus_queue.cc:237] T e7e8b49b5ee44c4fac7faa3da25a88fc P b0e9d1b4373d4a949af718148c882e5d [LEADER]: Queue going to LEADER mode. State: All replicated index: 0, Majority replicated index: 1, Committed index: 1, Last appended: 1.1, Last appended by leader: 0, Current term: 1, Majority size: 2, State: 0, Mode: LEADER, active raft config: opid_index: 2 OBSOLETE_local: false peers { permanent_uuid: "b0e9d1b4373d4a949af718148c882e5d" member_type: VOTER last_known_addr { host: "127.26.185.193" port: 45473 } } peers { permanent_uuid: "848b1b0ce43e4382af38367782934268" member_type: VOTER last_known_addr { host: "127.26.185.194" port: 41895 } attrs { replace: true } } peers { permanent_uuid: "e7be3583439c474c96696603f38d6fc1" member_type: VOTER last_known_addr { host: "127.26.185.195" port: 33537 } } peers { permanent_uuid: "1615ca7660c748129426c29e632dc1bc" member_type: NON_VOTER last_known_addr { host: "127.26.185.196" port: 36473 } attrs { promote: true } }
W20260713 09:09:14.101011 28441 consensus_peers.cc:597] T e7e8b49b5ee44c4fac7faa3da25a88fc P b0e9d1b4373d4a949af718148c882e5d -> Peer 1615ca7660c748129426c29e632dc1bc (127.26.185.196:36473): Couldn't send request to peer 1615ca7660c748129426c29e632dc1bc. Error code: TABLET_NOT_FOUND (6). Status: Not found: Tablet not found: e7e8b49b5ee44c4fac7faa3da25a88fc. This is attempt 1: this message will repeat every 5th retry.
I20260713 09:09:14.101362 28626 raft_consensus.cc:1275] T e7e8b49b5ee44c4fac7faa3da25a88fc P e7be3583439c474c96696603f38d6fc1 [term 1 FOLLOWER]: Refusing update from remote peer b0e9d1b4373d4a949af718148c882e5d: Log matching property violated. Preceding OpId in replica: term: 1 index: 1. Preceding OpId from leader: term: 1 index: 2. (index mismatch)
I20260713 09:09:14.101634 28550 raft_consensus.cc:1275] T e7e8b49b5ee44c4fac7faa3da25a88fc P 848b1b0ce43e4382af38367782934268 [term 1 FOLLOWER]: Refusing update from remote peer b0e9d1b4373d4a949af718148c882e5d: Log matching property violated. Preceding OpId in replica: term: 1 index: 1. Preceding OpId from leader: term: 1 index: 2. (index mismatch)
I20260713 09:09:14.102815 29092 consensus_queue.cc:1048] T e7e8b49b5ee44c4fac7faa3da25a88fc P b0e9d1b4373d4a949af718148c882e5d [LEADER]: Connected to new peer: Peer: permanent_uuid: "e7be3583439c474c96696603f38d6fc1" member_type: VOTER last_known_addr { host: "127.26.185.195" port: 33537 }, Status: LMP_MISMATCH, Last received: 0.0, Next index: 2, Last known committed idx: 1, Time since last communication: 0.000s
I20260713 09:09:14.103623 29094 consensus_queue.cc:1048] T e7e8b49b5ee44c4fac7faa3da25a88fc P b0e9d1b4373d4a949af718148c882e5d [LEADER]: Connected to new peer: Peer: permanent_uuid: "848b1b0ce43e4382af38367782934268" member_type: VOTER last_known_addr { host: "127.26.185.194" port: 41895 } attrs { replace: true }, Status: LMP_MISMATCH, Last received: 0.0, Next index: 2, Last known committed idx: 1, Time since last communication: 0.000s
I20260713 09:09:14.111249 29092 raft_consensus.cc:2955] T e7e8b49b5ee44c4fac7faa3da25a88fc P b0e9d1b4373d4a949af718148c882e5d [term 1 LEADER]: Committing config change with OpId 1.2: config changed from index -1 to 2, NON_VOTER 1615ca7660c748129426c29e632dc1bc (127.26.185.196) added. New config: { opid_index: 2 OBSOLETE_local: false peers { permanent_uuid: "b0e9d1b4373d4a949af718148c882e5d" member_type: VOTER last_known_addr { host: "127.26.185.193" port: 45473 } } peers { permanent_uuid: "848b1b0ce43e4382af38367782934268" member_type: VOTER last_known_addr { host: "127.26.185.194" port: 41895 } attrs { replace: true } } peers { permanent_uuid: "e7be3583439c474c96696603f38d6fc1" member_type: VOTER last_known_addr { host: "127.26.185.195" port: 33537 } } peers { permanent_uuid: "1615ca7660c748129426c29e632dc1bc" member_type: NON_VOTER last_known_addr { host: "127.26.185.196" port: 36473 } attrs { promote: true } } }
I20260713 09:09:14.113138 28550 raft_consensus.cc:2955] T e7e8b49b5ee44c4fac7faa3da25a88fc P 848b1b0ce43e4382af38367782934268 [term 1 FOLLOWER]: Committing config change with OpId 1.2: config changed from index -1 to 2, NON_VOTER 1615ca7660c748129426c29e632dc1bc (127.26.185.196) added. New config: { opid_index: 2 OBSOLETE_local: false peers { permanent_uuid: "b0e9d1b4373d4a949af718148c882e5d" member_type: VOTER last_known_addr { host: "127.26.185.193" port: 45473 } } peers { permanent_uuid: "848b1b0ce43e4382af38367782934268" member_type: VOTER last_known_addr { host: "127.26.185.194" port: 41895 } attrs { replace: true } } peers { permanent_uuid: "e7be3583439c474c96696603f38d6fc1" member_type: VOTER last_known_addr { host: "127.26.185.195" port: 33537 } } peers { permanent_uuid: "1615ca7660c748129426c29e632dc1bc" member_type: NON_VOTER last_known_addr { host: "127.26.185.196" port: 36473 } attrs { promote: true } } }
I20260713 09:09:14.112979 28626 raft_consensus.cc:2955] T e7e8b49b5ee44c4fac7faa3da25a88fc P e7be3583439c474c96696603f38d6fc1 [term 1 FOLLOWER]: Committing config change with OpId 1.2: config changed from index -1 to 2, NON_VOTER 1615ca7660c748129426c29e632dc1bc (127.26.185.196) added. New config: { opid_index: 2 OBSOLETE_local: false peers { permanent_uuid: "b0e9d1b4373d4a949af718148c882e5d" member_type: VOTER last_known_addr { host: "127.26.185.193" port: 45473 } } peers { permanent_uuid: "848b1b0ce43e4382af38367782934268" member_type: VOTER last_known_addr { host: "127.26.185.194" port: 41895 } attrs { replace: true } } peers { permanent_uuid: "e7be3583439c474c96696603f38d6fc1" member_type: VOTER last_known_addr { host: "127.26.185.195" port: 33537 } } peers { permanent_uuid: "1615ca7660c748129426c29e632dc1bc" member_type: NON_VOTER last_known_addr { host: "127.26.185.196" port: 36473 } attrs { promote: true } } }
I20260713 09:09:14.124822 28475 consensus_queue.cc:237] T d404ed84910d4609a7595c09d193002d P b0e9d1b4373d4a949af718148c882e5d [LEADER]: Queue going to LEADER mode. State: All replicated index: 0, Majority replicated index: 1, Committed index: 1, Last appended: 1.1, Last appended by leader: 0, Current term: 1, Majority size: 2, State: 0, Mode: LEADER, active raft config: opid_index: 2 OBSOLETE_local: false peers { permanent_uuid: "b0e9d1b4373d4a949af718148c882e5d" member_type: VOTER last_known_addr { host: "127.26.185.193" port: 45473 } } peers { permanent_uuid: "848b1b0ce43e4382af38367782934268" member_type: VOTER last_known_addr { host: "127.26.185.194" port: 41895 } attrs { replace: true } } peers { permanent_uuid: "e7be3583439c474c96696603f38d6fc1" member_type: VOTER last_known_addr { host: "127.26.185.195" port: 33537 } } peers { permanent_uuid: "1615ca7660c748129426c29e632dc1bc" member_type: NON_VOTER last_known_addr { host: "127.26.185.196" port: 36473 } attrs { promote: true } }
I20260713 09:09:14.126178 28374 catalog_manager.cc:5697] T e7e8b49b5ee44c4fac7faa3da25a88fc P b0e9d1b4373d4a949af718148c882e5d reported cstate change: config changed from index -1 to 2, NON_VOTER 1615ca7660c748129426c29e632dc1bc (127.26.185.196) added. New cstate: current_term: 1 leader_uuid: "b0e9d1b4373d4a949af718148c882e5d" committed_config { opid_index: 2 OBSOLETE_local: false peers { permanent_uuid: "b0e9d1b4373d4a949af718148c882e5d" member_type: VOTER last_known_addr { host: "127.26.185.193" port: 45473 } health_report { overall_health: HEALTHY } } peers { permanent_uuid: "848b1b0ce43e4382af38367782934268" member_type: VOTER last_known_addr { host: "127.26.185.194" port: 41895 } attrs { replace: true } health_report { overall_health: HEALTHY } } peers { permanent_uuid: "e7be3583439c474c96696603f38d6fc1" member_type: VOTER last_known_addr { host: "127.26.185.195" port: 33537 } health_report { overall_health: HEALTHY } } peers { permanent_uuid: "1615ca7660c748129426c29e632dc1bc" member_type: NON_VOTER last_known_addr { host: "127.26.185.196" port: 36473 } attrs { promote: true } health_report { overall_health: UNKNOWN } } }
W20260713 09:09:14.132084 28441 consensus_peers.cc:597] T d404ed84910d4609a7595c09d193002d P b0e9d1b4373d4a949af718148c882e5d -> Peer 1615ca7660c748129426c29e632dc1bc (127.26.185.196:36473): Couldn't send request to peer 1615ca7660c748129426c29e632dc1bc. Error code: TABLET_NOT_FOUND (6). Status: Not found: Tablet not found: d404ed84910d4609a7595c09d193002d. This is attempt 1: this message will repeat every 5th retry.
I20260713 09:09:14.133056 28626 raft_consensus.cc:1275] T d404ed84910d4609a7595c09d193002d P e7be3583439c474c96696603f38d6fc1 [term 1 FOLLOWER]: Refusing update from remote peer b0e9d1b4373d4a949af718148c882e5d: Log matching property violated. Preceding OpId in replica: term: 1 index: 1. Preceding OpId from leader: term: 1 index: 2. (index mismatch)
I20260713 09:09:14.133056 28550 raft_consensus.cc:1275] T d404ed84910d4609a7595c09d193002d P 848b1b0ce43e4382af38367782934268 [term 1 FOLLOWER]: Refusing update from remote peer b0e9d1b4373d4a949af718148c882e5d: Log matching property violated. Preceding OpId in replica: term: 1 index: 1. Preceding OpId from leader: term: 1 index: 2. (index mismatch)
I20260713 09:09:14.134478 29092 consensus_queue.cc:1048] T d404ed84910d4609a7595c09d193002d P b0e9d1b4373d4a949af718148c882e5d [LEADER]: Connected to new peer: Peer: permanent_uuid: "e7be3583439c474c96696603f38d6fc1" member_type: VOTER last_known_addr { host: "127.26.185.195" port: 33537 }, Status: LMP_MISMATCH, Last received: 0.0, Next index: 2, Last known committed idx: 1, Time since last communication: 0.000s
I20260713 09:09:14.135324 29074 consensus_queue.cc:1048] T d404ed84910d4609a7595c09d193002d P b0e9d1b4373d4a949af718148c882e5d [LEADER]: Connected to new peer: Peer: permanent_uuid: "848b1b0ce43e4382af38367782934268" member_type: VOTER last_known_addr { host: "127.26.185.194" port: 41895 } attrs { replace: true }, Status: LMP_MISMATCH, Last received: 0.0, Next index: 2, Last known committed idx: 1, Time since last communication: 0.000s
I20260713 09:09:14.157539 29092 raft_consensus.cc:2955] T d404ed84910d4609a7595c09d193002d P b0e9d1b4373d4a949af718148c882e5d [term 1 LEADER]: Committing config change with OpId 1.2: config changed from index -1 to 2, NON_VOTER 1615ca7660c748129426c29e632dc1bc (127.26.185.196) added. New config: { opid_index: 2 OBSOLETE_local: false peers { permanent_uuid: "b0e9d1b4373d4a949af718148c882e5d" member_type: VOTER last_known_addr { host: "127.26.185.193" port: 45473 } } peers { permanent_uuid: "848b1b0ce43e4382af38367782934268" member_type: VOTER last_known_addr { host: "127.26.185.194" port: 41895 } attrs { replace: true } } peers { permanent_uuid: "e7be3583439c474c96696603f38d6fc1" member_type: VOTER last_known_addr { host: "127.26.185.195" port: 33537 } } peers { permanent_uuid: "1615ca7660c748129426c29e632dc1bc" member_type: NON_VOTER last_known_addr { host: "127.26.185.196" port: 36473 } attrs { promote: true } } }
I20260713 09:09:14.163141 28625 raft_consensus.cc:2955] T d404ed84910d4609a7595c09d193002d P e7be3583439c474c96696603f38d6fc1 [term 1 FOLLOWER]: Committing config change with OpId 1.2: config changed from index -1 to 2, NON_VOTER 1615ca7660c748129426c29e632dc1bc (127.26.185.196) added. New config: { opid_index: 2 OBSOLETE_local: false peers { permanent_uuid: "b0e9d1b4373d4a949af718148c882e5d" member_type: VOTER last_known_addr { host: "127.26.185.193" port: 45473 } } peers { permanent_uuid: "848b1b0ce43e4382af38367782934268" member_type: VOTER last_known_addr { host: "127.26.185.194" port: 41895 } attrs { replace: true } } peers { permanent_uuid: "e7be3583439c474c96696603f38d6fc1" member_type: VOTER last_known_addr { host: "127.26.185.195" port: 33537 } } peers { permanent_uuid: "1615ca7660c748129426c29e632dc1bc" member_type: NON_VOTER last_known_addr { host: "127.26.185.196" port: 36473 } attrs { promote: true } } }
I20260713 09:09:14.164712 28550 raft_consensus.cc:2955] T d404ed84910d4609a7595c09d193002d P 848b1b0ce43e4382af38367782934268 [term 1 FOLLOWER]: Committing config change with OpId 1.2: config changed from index -1 to 2, NON_VOTER 1615ca7660c748129426c29e632dc1bc (127.26.185.196) added. New config: { opid_index: 2 OBSOLETE_local: false peers { permanent_uuid: "b0e9d1b4373d4a949af718148c882e5d" member_type: VOTER last_known_addr { host: "127.26.185.193" port: 45473 } } peers { permanent_uuid: "848b1b0ce43e4382af38367782934268" member_type: VOTER last_known_addr { host: "127.26.185.194" port: 41895 } attrs { replace: true } } peers { permanent_uuid: "e7be3583439c474c96696603f38d6fc1" member_type: VOTER last_known_addr { host: "127.26.185.195" port: 33537 } } peers { permanent_uuid: "1615ca7660c748129426c29e632dc1bc" member_type: NON_VOTER last_known_addr { host: "127.26.185.196" port: 36473 } attrs { promote: true } } }
I20260713 09:09:14.175525 28553 consensus_queue.cc:237] T 2c6709438c2c4e9e9e7920cb69c2508b P 848b1b0ce43e4382af38367782934268 [LEADER]: Queue going to LEADER mode. State: All replicated index: 0, Majority replicated index: 1, Committed index: 1, Last appended: 1.1, Last appended by leader: 0, Current term: 1, Majority size: 2, State: 0, Mode: LEADER, active raft config: opid_index: 2 OBSOLETE_local: false peers { permanent_uuid: "b0e9d1b4373d4a949af718148c882e5d" member_type: VOTER last_known_addr { host: "127.26.185.193" port: 45473 } attrs { replace: true } } peers { permanent_uuid: "848b1b0ce43e4382af38367782934268" member_type: VOTER last_known_addr { host: "127.26.185.194" port: 41895 } } peers { permanent_uuid: "e7be3583439c474c96696603f38d6fc1" member_type: VOTER last_known_addr { host: "127.26.185.195" port: 33537 } } peers { permanent_uuid: "1615ca7660c748129426c29e632dc1bc" member_type: NON_VOTER last_known_addr { host: "127.26.185.196" port: 36473 } attrs { promote: true } }
I20260713 09:09:14.176952 28375 catalog_manager.cc:5697] T d404ed84910d4609a7595c09d193002d P b0e9d1b4373d4a949af718148c882e5d reported cstate change: config changed from index -1 to 2, NON_VOTER 1615ca7660c748129426c29e632dc1bc (127.26.185.196) added. New cstate: current_term: 1 leader_uuid: "b0e9d1b4373d4a949af718148c882e5d" committed_config { opid_index: 2 OBSOLETE_local: false peers { permanent_uuid: "b0e9d1b4373d4a949af718148c882e5d" member_type: VOTER last_known_addr { host: "127.26.185.193" port: 45473 } health_report { overall_health: HEALTHY } } peers { permanent_uuid: "848b1b0ce43e4382af38367782934268" member_type: VOTER last_known_addr { host: "127.26.185.194" port: 41895 } attrs { replace: true } health_report { overall_health: HEALTHY } } peers { permanent_uuid: "e7be3583439c474c96696603f38d6fc1" member_type: VOTER last_known_addr { host: "127.26.185.195" port: 33537 } health_report { overall_health: HEALTHY } } peers { permanent_uuid: "1615ca7660c748129426c29e632dc1bc" member_type: NON_VOTER last_known_addr { host: "127.26.185.196" port: 36473 } attrs { promote: true } health_report { overall_health: UNKNOWN } } }
I20260713 09:09:14.183578 28475 raft_consensus.cc:1275] T 2c6709438c2c4e9e9e7920cb69c2508b P b0e9d1b4373d4a949af718148c882e5d [term 1 FOLLOWER]: Refusing update from remote peer 848b1b0ce43e4382af38367782934268: Log matching property violated. Preceding OpId in replica: term: 1 index: 1. Preceding OpId from leader: term: 1 index: 2. (index mismatch)
W20260713 09:09:14.183735 28516 consensus_peers.cc:597] T 2c6709438c2c4e9e9e7920cb69c2508b P 848b1b0ce43e4382af38367782934268 -> Peer 1615ca7660c748129426c29e632dc1bc (127.26.185.196:36473): Couldn't send request to peer 1615ca7660c748129426c29e632dc1bc. Error code: TABLET_NOT_FOUND (6). Status: Not found: Tablet not found: 2c6709438c2c4e9e9e7920cb69c2508b. This is attempt 1: this message will repeat every 5th retry.
I20260713 09:09:14.184799 28625 raft_consensus.cc:1275] T 2c6709438c2c4e9e9e7920cb69c2508b P e7be3583439c474c96696603f38d6fc1 [term 1 FOLLOWER]: Refusing update from remote peer 848b1b0ce43e4382af38367782934268: Log matching property violated. Preceding OpId in replica: term: 1 index: 1. Preceding OpId from leader: term: 1 index: 2. (index mismatch)
I20260713 09:09:14.184962 29091 consensus_queue.cc:1048] T 2c6709438c2c4e9e9e7920cb69c2508b P 848b1b0ce43e4382af38367782934268 [LEADER]: Connected to new peer: Peer: permanent_uuid: "b0e9d1b4373d4a949af718148c882e5d" member_type: VOTER last_known_addr { host: "127.26.185.193" port: 45473 } attrs { replace: true }, Status: LMP_MISMATCH, Last received: 0.0, Next index: 2, Last known committed idx: 1, Time since last communication: 0.001s
I20260713 09:09:14.186203 28980 consensus_queue.cc:1048] T 2c6709438c2c4e9e9e7920cb69c2508b P 848b1b0ce43e4382af38367782934268 [LEADER]: Connected to new peer: Peer: permanent_uuid: "e7be3583439c474c96696603f38d6fc1" member_type: VOTER last_known_addr { host: "127.26.185.195" port: 33537 }, Status: LMP_MISMATCH, Last received: 0.0, Next index: 2, Last known committed idx: 1, Time since last communication: 0.000s
I20260713 09:09:14.194691 29016 raft_consensus.cc:2955] T 2c6709438c2c4e9e9e7920cb69c2508b P 848b1b0ce43e4382af38367782934268 [term 1 LEADER]: Committing config change with OpId 1.2: config changed from index -1 to 2, NON_VOTER 1615ca7660c748129426c29e632dc1bc (127.26.185.196) added. New config: { opid_index: 2 OBSOLETE_local: false peers { permanent_uuid: "b0e9d1b4373d4a949af718148c882e5d" member_type: VOTER last_known_addr { host: "127.26.185.193" port: 45473 } attrs { replace: true } } peers { permanent_uuid: "848b1b0ce43e4382af38367782934268" member_type: VOTER last_known_addr { host: "127.26.185.194" port: 41895 } } peers { permanent_uuid: "e7be3583439c474c96696603f38d6fc1" member_type: VOTER last_known_addr { host: "127.26.185.195" port: 33537 } } peers { permanent_uuid: "1615ca7660c748129426c29e632dc1bc" member_type: NON_VOTER last_known_addr { host: "127.26.185.196" port: 36473 } attrs { promote: true } } }
I20260713 09:09:14.196715 28475 raft_consensus.cc:2955] T 2c6709438c2c4e9e9e7920cb69c2508b P b0e9d1b4373d4a949af718148c882e5d [term 1 FOLLOWER]: Committing config change with OpId 1.2: config changed from index -1 to 2, NON_VOTER 1615ca7660c748129426c29e632dc1bc (127.26.185.196) added. New config: { opid_index: 2 OBSOLETE_local: false peers { permanent_uuid: "b0e9d1b4373d4a949af718148c882e5d" member_type: VOTER last_known_addr { host: "127.26.185.193" port: 45473 } attrs { replace: true } } peers { permanent_uuid: "848b1b0ce43e4382af38367782934268" member_type: VOTER last_known_addr { host: "127.26.185.194" port: 41895 } } peers { permanent_uuid: "e7be3583439c474c96696603f38d6fc1" member_type: VOTER last_known_addr { host: "127.26.185.195" port: 33537 } } peers { permanent_uuid: "1615ca7660c748129426c29e632dc1bc" member_type: NON_VOTER last_known_addr { host: "127.26.185.196" port: 36473 } attrs { promote: true } } }
I20260713 09:09:14.197036 28625 raft_consensus.cc:2955] T 2c6709438c2c4e9e9e7920cb69c2508b P e7be3583439c474c96696603f38d6fc1 [term 1 FOLLOWER]: Committing config change with OpId 1.2: config changed from index -1 to 2, NON_VOTER 1615ca7660c748129426c29e632dc1bc (127.26.185.196) added. New config: { opid_index: 2 OBSOLETE_local: false peers { permanent_uuid: "b0e9d1b4373d4a949af718148c882e5d" member_type: VOTER last_known_addr { host: "127.26.185.193" port: 45473 } attrs { replace: true } } peers { permanent_uuid: "848b1b0ce43e4382af38367782934268" member_type: VOTER last_known_addr { host: "127.26.185.194" port: 41895 } } peers { permanent_uuid: "e7be3583439c474c96696603f38d6fc1" member_type: VOTER last_known_addr { host: "127.26.185.195" port: 33537 } } peers { permanent_uuid: "1615ca7660c748129426c29e632dc1bc" member_type: NON_VOTER last_known_addr { host: "127.26.185.196" port: 36473 } attrs { promote: true } } }
I20260713 09:09:14.209074 28375 catalog_manager.cc:5697] T 2c6709438c2c4e9e9e7920cb69c2508b P b0e9d1b4373d4a949af718148c882e5d reported cstate change: config changed from index -1 to 2, NON_VOTER 1615ca7660c748129426c29e632dc1bc (127.26.185.196) added. New cstate: current_term: 1 leader_uuid: "848b1b0ce43e4382af38367782934268" committed_config { opid_index: 2 OBSOLETE_local: false peers { permanent_uuid: "b0e9d1b4373d4a949af718148c882e5d" member_type: VOTER last_known_addr { host: "127.26.185.193" port: 45473 } attrs { replace: true } } peers { permanent_uuid: "848b1b0ce43e4382af38367782934268" member_type: VOTER last_known_addr { host: "127.26.185.194" port: 41895 } } peers { permanent_uuid: "e7be3583439c474c96696603f38d6fc1" member_type: VOTER last_known_addr { host: "127.26.185.195" port: 33537 } } peers { permanent_uuid: "1615ca7660c748129426c29e632dc1bc" member_type: NON_VOTER last_known_addr { host: "127.26.185.196" port: 36473 } attrs { promote: true } } }
I20260713 09:09:14.212283 28475 consensus_queue.cc:237] T 80a6b5c3db0a4920bd25413f679caaf4 P b0e9d1b4373d4a949af718148c882e5d [LEADER]: Queue going to LEADER mode. State: All replicated index: 0, Majority replicated index: 1, Committed index: 1, Last appended: 1.1, Last appended by leader: 0, Current term: 1, Majority size: 2, State: 0, Mode: LEADER, active raft config: opid_index: 2 OBSOLETE_local: false peers { permanent_uuid: "b0e9d1b4373d4a949af718148c882e5d" member_type: VOTER last_known_addr { host: "127.26.185.193" port: 45473 } } peers { permanent_uuid: "848b1b0ce43e4382af38367782934268" member_type: VOTER last_known_addr { host: "127.26.185.194" port: 41895 } } peers { permanent_uuid: "e7be3583439c474c96696603f38d6fc1" member_type: VOTER last_known_addr { host: "127.26.185.195" port: 33537 } attrs { replace: true } } peers { permanent_uuid: "1615ca7660c748129426c29e632dc1bc" member_type: NON_VOTER last_known_addr { host: "127.26.185.196" port: 36473 } attrs { promote: true } }
I20260713 09:09:14.219054 28625 raft_consensus.cc:1275] T 80a6b5c3db0a4920bd25413f679caaf4 P e7be3583439c474c96696603f38d6fc1 [term 1 FOLLOWER]: Refusing update from remote peer b0e9d1b4373d4a949af718148c882e5d: Log matching property violated. Preceding OpId in replica: term: 1 index: 1. Preceding OpId from leader: term: 1 index: 2. (index mismatch)
I20260713 09:09:14.219866 28553 raft_consensus.cc:1275] T 80a6b5c3db0a4920bd25413f679caaf4 P 848b1b0ce43e4382af38367782934268 [term 1 FOLLOWER]: Refusing update from remote peer b0e9d1b4373d4a949af718148c882e5d: Log matching property violated. Preceding OpId in replica: term: 1 index: 1. Preceding OpId from leader: term: 1 index: 2. (index mismatch)
W20260713 09:09:14.220228 28441 consensus_peers.cc:597] T 80a6b5c3db0a4920bd25413f679caaf4 P b0e9d1b4373d4a949af718148c882e5d -> Peer 1615ca7660c748129426c29e632dc1bc (127.26.185.196:36473): Couldn't send request to peer 1615ca7660c748129426c29e632dc1bc. Error code: TABLET_NOT_FOUND (6). Status: Not found: Tablet not found: 80a6b5c3db0a4920bd25413f679caaf4. This is attempt 1: this message will repeat every 5th retry.
I20260713 09:09:14.221506 29092 consensus_queue.cc:1048] T 80a6b5c3db0a4920bd25413f679caaf4 P b0e9d1b4373d4a949af718148c882e5d [LEADER]: Connected to new peer: Peer: permanent_uuid: "e7be3583439c474c96696603f38d6fc1" member_type: VOTER last_known_addr { host: "127.26.185.195" port: 33537 } attrs { replace: true }, Status: LMP_MISMATCH, Last received: 0.0, Next index: 2, Last known committed idx: 1, Time since last communication: 0.000s
I20260713 09:09:14.222404 29074 consensus_queue.cc:1048] T 80a6b5c3db0a4920bd25413f679caaf4 P b0e9d1b4373d4a949af718148c882e5d [LEADER]: Connected to new peer: Peer: permanent_uuid: "848b1b0ce43e4382af38367782934268" member_type: VOTER last_known_addr { host: "127.26.185.194" port: 41895 }, Status: LMP_MISMATCH, Last received: 0.0, Next index: 2, Last known committed idx: 1, Time since last communication: 0.000s
I20260713 09:09:14.229851 29092 raft_consensus.cc:2955] T 80a6b5c3db0a4920bd25413f679caaf4 P b0e9d1b4373d4a949af718148c882e5d [term 1 LEADER]: Committing config change with OpId 1.2: config changed from index -1 to 2, NON_VOTER 1615ca7660c748129426c29e632dc1bc (127.26.185.196) added. New config: { opid_index: 2 OBSOLETE_local: false peers { permanent_uuid: "b0e9d1b4373d4a949af718148c882e5d" member_type: VOTER last_known_addr { host: "127.26.185.193" port: 45473 } } peers { permanent_uuid: "848b1b0ce43e4382af38367782934268" member_type: VOTER last_known_addr { host: "127.26.185.194" port: 41895 } } peers { permanent_uuid: "e7be3583439c474c96696603f38d6fc1" member_type: VOTER last_known_addr { host: "127.26.185.195" port: 33537 } attrs { replace: true } } peers { permanent_uuid: "1615ca7660c748129426c29e632dc1bc" member_type: NON_VOTER last_known_addr { host: "127.26.185.196" port: 36473 } attrs { promote: true } } }
I20260713 09:09:14.231515 28625 raft_consensus.cc:2955] T 80a6b5c3db0a4920bd25413f679caaf4 P e7be3583439c474c96696603f38d6fc1 [term 1 FOLLOWER]: Committing config change with OpId 1.2: config changed from index -1 to 2, NON_VOTER 1615ca7660c748129426c29e632dc1bc (127.26.185.196) added. New config: { opid_index: 2 OBSOLETE_local: false peers { permanent_uuid: "b0e9d1b4373d4a949af718148c882e5d" member_type: VOTER last_known_addr { host: "127.26.185.193" port: 45473 } } peers { permanent_uuid: "848b1b0ce43e4382af38367782934268" member_type: VOTER last_known_addr { host: "127.26.185.194" port: 41895 } } peers { permanent_uuid: "e7be3583439c474c96696603f38d6fc1" member_type: VOTER last_known_addr { host: "127.26.185.195" port: 33537 } attrs { replace: true } } peers { permanent_uuid: "1615ca7660c748129426c29e632dc1bc" member_type: NON_VOTER last_known_addr { host: "127.26.185.196" port: 36473 } attrs { promote: true } } }
I20260713 09:09:14.232728 28553 raft_consensus.cc:2955] T 80a6b5c3db0a4920bd25413f679caaf4 P 848b1b0ce43e4382af38367782934268 [term 1 FOLLOWER]: Committing config change with OpId 1.2: config changed from index -1 to 2, NON_VOTER 1615ca7660c748129426c29e632dc1bc (127.26.185.196) added. New config: { opid_index: 2 OBSOLETE_local: false peers { permanent_uuid: "b0e9d1b4373d4a949af718148c882e5d" member_type: VOTER last_known_addr { host: "127.26.185.193" port: 45473 } } peers { permanent_uuid: "848b1b0ce43e4382af38367782934268" member_type: VOTER last_known_addr { host: "127.26.185.194" port: 41895 } } peers { permanent_uuid: "e7be3583439c474c96696603f38d6fc1" member_type: VOTER last_known_addr { host: "127.26.185.195" port: 33537 } attrs { replace: true } } peers { permanent_uuid: "1615ca7660c748129426c29e632dc1bc" member_type: NON_VOTER last_known_addr { host: "127.26.185.196" port: 36473 } attrs { promote: true } } }
I20260713 09:09:14.248078 28375 catalog_manager.cc:5697] T 80a6b5c3db0a4920bd25413f679caaf4 P b0e9d1b4373d4a949af718148c882e5d reported cstate change: config changed from index -1 to 2, NON_VOTER 1615ca7660c748129426c29e632dc1bc (127.26.185.196) added. New cstate: current_term: 1 leader_uuid: "b0e9d1b4373d4a949af718148c882e5d" committed_config { opid_index: 2 OBSOLETE_local: false peers { permanent_uuid: "b0e9d1b4373d4a949af718148c882e5d" member_type: VOTER last_known_addr { host: "127.26.185.193" port: 45473 } health_report { overall_health: HEALTHY } } peers { permanent_uuid: "848b1b0ce43e4382af38367782934268" member_type: VOTER last_known_addr { host: "127.26.185.194" port: 41895 } health_report { overall_health: HEALTHY } } peers { permanent_uuid: "e7be3583439c474c96696603f38d6fc1" member_type: VOTER last_known_addr { host: "127.26.185.195" port: 33537 } attrs { replace: true } health_report { overall_health: HEALTHY } } peers { permanent_uuid: "1615ca7660c748129426c29e632dc1bc" member_type: NON_VOTER last_known_addr { host: "127.26.185.196" port: 36473 } attrs { promote: true } health_report { overall_health: UNKNOWN } } }
I20260713 09:09:14.647436 29110 ts_tablet_manager.cc:933] T 80a6b5c3db0a4920bd25413f679caaf4 P 1615ca7660c748129426c29e632dc1bc: Initiating tablet copy from peer b0e9d1b4373d4a949af718148c882e5d (127.26.185.193:45473)
I20260713 09:09:14.649305 29110 tablet_copy_client.cc:323] T 80a6b5c3db0a4920bd25413f679caaf4 P 1615ca7660c748129426c29e632dc1bc: tablet copy: Beginning tablet copy session from remote peer at address 127.26.185.193:45473
I20260713 09:09:14.650816 28488 tablet_copy_service.cc:140] P b0e9d1b4373d4a949af718148c882e5d: Received BeginTabletCopySession request for tablet 80a6b5c3db0a4920bd25413f679caaf4 from peer 1615ca7660c748129426c29e632dc1bc ({username='slave'} at 127.0.0.1:50888)
I20260713 09:09:14.651290 28488 tablet_copy_service.cc:161] P b0e9d1b4373d4a949af718148c882e5d: Beginning new tablet copy session on tablet 80a6b5c3db0a4920bd25413f679caaf4 from peer 1615ca7660c748129426c29e632dc1bc at {username='slave'} at 127.0.0.1:50888: session id = 1615ca7660c748129426c29e632dc1bc-80a6b5c3db0a4920bd25413f679caaf4
I20260713 09:09:14.656222 28488 tablet_copy_source_session.cc:215] T 80a6b5c3db0a4920bd25413f679caaf4 P b0e9d1b4373d4a949af718148c882e5d: Tablet Copy: opened 0 blocks and 1 log segments
I20260713 09:09:14.659303 29110 data_dirs.cc:400] Could only allocate 1 dirs of requested 3 for tablet 80a6b5c3db0a4920bd25413f679caaf4. 1 dirs total, 0 dirs full, 0 dirs failed
I20260713 09:09:14.673632 29110 tablet_copy_client.cc:806] T 80a6b5c3db0a4920bd25413f679caaf4 P 1615ca7660c748129426c29e632dc1bc: tablet copy: Starting download of 0 data blocks...
I20260713 09:09:14.674260 29110 tablet_copy_client.cc:670] T 80a6b5c3db0a4920bd25413f679caaf4 P 1615ca7660c748129426c29e632dc1bc: tablet copy: Starting download of 1 WAL segments...
I20260713 09:09:14.677716 29110 tablet_copy_client.cc:538] T 80a6b5c3db0a4920bd25413f679caaf4 P 1615ca7660c748129426c29e632dc1bc: tablet copy: Tablet Copy complete. Replacing tablet superblock.
I20260713 09:09:14.683802 29110 tablet_bootstrap.cc:492] T 80a6b5c3db0a4920bd25413f679caaf4 P 1615ca7660c748129426c29e632dc1bc: Bootstrap starting.
I20260713 09:09:14.695955 29113 ts_tablet_manager.cc:933] T d404ed84910d4609a7595c09d193002d P 1615ca7660c748129426c29e632dc1bc: Initiating tablet copy from peer b0e9d1b4373d4a949af718148c882e5d (127.26.185.193:45473)
I20260713 09:09:14.698284 29113 tablet_copy_client.cc:323] T d404ed84910d4609a7595c09d193002d P 1615ca7660c748129426c29e632dc1bc: tablet copy: Beginning tablet copy session from remote peer at address 127.26.185.193:45473
I20260713 09:09:14.700066 28488 tablet_copy_service.cc:140] P b0e9d1b4373d4a949af718148c882e5d: Received BeginTabletCopySession request for tablet d404ed84910d4609a7595c09d193002d from peer 1615ca7660c748129426c29e632dc1bc ({username='slave'} at 127.0.0.1:50888)
I20260713 09:09:14.700637 28488 tablet_copy_service.cc:161] P b0e9d1b4373d4a949af718148c882e5d: Beginning new tablet copy session on tablet d404ed84910d4609a7595c09d193002d from peer 1615ca7660c748129426c29e632dc1bc at {username='slave'} at 127.0.0.1:50888: session id = 1615ca7660c748129426c29e632dc1bc-d404ed84910d4609a7595c09d193002d
I20260713 09:09:14.701104 29110 tablet_bootstrap.cc:492] T 80a6b5c3db0a4920bd25413f679caaf4 P 1615ca7660c748129426c29e632dc1bc: Bootstrap replayed 1/1 log segments. Stats: ops{read=2 overwritten=0 applied=2 ignored=0} inserts{seen=0 ignored=0} mutations{seen=0 ignored=0} orphaned_commits=0. Pending: 0 replicates
I20260713 09:09:14.701833 29110 tablet_bootstrap.cc:492] T 80a6b5c3db0a4920bd25413f679caaf4 P 1615ca7660c748129426c29e632dc1bc: Bootstrap complete.
I20260713 09:09:14.702384 29110 ts_tablet_manager.cc:1403] T 80a6b5c3db0a4920bd25413f679caaf4 P 1615ca7660c748129426c29e632dc1bc: Time spent bootstrapping tablet: real 0.019s	user 0.016s	sys 0.004s
I20260713 09:09:14.704610 29110 raft_consensus.cc:359] T 80a6b5c3db0a4920bd25413f679caaf4 P 1615ca7660c748129426c29e632dc1bc [term 1 LEARNER]: Replica starting. Triggering 0 pending ops. Active config: opid_index: 2 OBSOLETE_local: false peers { permanent_uuid: "b0e9d1b4373d4a949af718148c882e5d" member_type: VOTER last_known_addr { host: "127.26.185.193" port: 45473 } } peers { permanent_uuid: "848b1b0ce43e4382af38367782934268" member_type: VOTER last_known_addr { host: "127.26.185.194" port: 41895 } } peers { permanent_uuid: "e7be3583439c474c96696603f38d6fc1" member_type: VOTER last_known_addr { host: "127.26.185.195" port: 33537 } attrs { replace: true } } peers { permanent_uuid: "1615ca7660c748129426c29e632dc1bc" member_type: NON_VOTER last_known_addr { host: "127.26.185.196" port: 36473 } attrs { promote: true } }
I20260713 09:09:14.705293 29110 raft_consensus.cc:740] T 80a6b5c3db0a4920bd25413f679caaf4 P 1615ca7660c748129426c29e632dc1bc [term 1 LEARNER]: Becoming Follower/Learner. State: Replica: 1615ca7660c748129426c29e632dc1bc, State: Initialized, Role: LEARNER
I20260713 09:09:14.705974 29110 consensus_queue.cc:260] T 80a6b5c3db0a4920bd25413f679caaf4 P 1615ca7660c748129426c29e632dc1bc [NON_LEADER]: Queue going to NON_LEADER mode. State: All replicated index: 0, Majority replicated index: 0, Committed index: 2, Last appended: 1.2, Last appended by leader: 2, Current term: 0, Majority size: -1, State: 0, Mode: NON_LEADER, active raft config: opid_index: 2 OBSOLETE_local: false peers { permanent_uuid: "b0e9d1b4373d4a949af718148c882e5d" member_type: VOTER last_known_addr { host: "127.26.185.193" port: 45473 } } peers { permanent_uuid: "848b1b0ce43e4382af38367782934268" member_type: VOTER last_known_addr { host: "127.26.185.194" port: 41895 } } peers { permanent_uuid: "e7be3583439c474c96696603f38d6fc1" member_type: VOTER last_known_addr { host: "127.26.185.195" port: 33537 } attrs { replace: true } } peers { permanent_uuid: "1615ca7660c748129426c29e632dc1bc" member_type: NON_VOTER last_known_addr { host: "127.26.185.196" port: 36473 } attrs { promote: true } }
I20260713 09:09:14.708050 28488 tablet_copy_source_session.cc:215] T d404ed84910d4609a7595c09d193002d P b0e9d1b4373d4a949af718148c882e5d: Tablet Copy: opened 0 blocks and 1 log segments
I20260713 09:09:14.708591 29110 ts_tablet_manager.cc:1434] T 80a6b5c3db0a4920bd25413f679caaf4 P 1615ca7660c748129426c29e632dc1bc: Time spent starting tablet: real 0.006s	user 0.006s	sys 0.001s
I20260713 09:09:14.710673 28488 tablet_copy_service.cc:342] P b0e9d1b4373d4a949af718148c882e5d: Request end of tablet copy session 1615ca7660c748129426c29e632dc1bc-80a6b5c3db0a4920bd25413f679caaf4 received from {username='slave'} at 127.0.0.1:50888
I20260713 09:09:14.711112 28488 tablet_copy_service.cc:434] P b0e9d1b4373d4a949af718148c882e5d: ending tablet copy session 1615ca7660c748129426c29e632dc1bc-80a6b5c3db0a4920bd25413f679caaf4 on tablet 80a6b5c3db0a4920bd25413f679caaf4 with peer 1615ca7660c748129426c29e632dc1bc
I20260713 09:09:14.712056 29113 data_dirs.cc:400] Could only allocate 1 dirs of requested 3 for tablet d404ed84910d4609a7595c09d193002d. 1 dirs total, 0 dirs full, 0 dirs failed
I20260713 09:09:14.720081 29110 ts_tablet_manager.cc:933] T e7e8b49b5ee44c4fac7faa3da25a88fc P 1615ca7660c748129426c29e632dc1bc: Initiating tablet copy from peer b0e9d1b4373d4a949af718148c882e5d (127.26.185.193:45473)
I20260713 09:09:14.721714 29110 tablet_copy_client.cc:323] T e7e8b49b5ee44c4fac7faa3da25a88fc P 1615ca7660c748129426c29e632dc1bc: tablet copy: Beginning tablet copy session from remote peer at address 127.26.185.193:45473
I20260713 09:09:14.723104 28488 tablet_copy_service.cc:140] P b0e9d1b4373d4a949af718148c882e5d: Received BeginTabletCopySession request for tablet e7e8b49b5ee44c4fac7faa3da25a88fc from peer 1615ca7660c748129426c29e632dc1bc ({username='slave'} at 127.0.0.1:50888)
I20260713 09:09:14.723688 28488 tablet_copy_service.cc:161] P b0e9d1b4373d4a949af718148c882e5d: Beginning new tablet copy session on tablet e7e8b49b5ee44c4fac7faa3da25a88fc from peer 1615ca7660c748129426c29e632dc1bc at {username='slave'} at 127.0.0.1:50888: session id = 1615ca7660c748129426c29e632dc1bc-e7e8b49b5ee44c4fac7faa3da25a88fc
I20260713 09:09:14.727589 29113 tablet_copy_client.cc:806] T d404ed84910d4609a7595c09d193002d P 1615ca7660c748129426c29e632dc1bc: tablet copy: Starting download of 0 data blocks...
I20260713 09:09:14.728235 29113 tablet_copy_client.cc:670] T d404ed84910d4609a7595c09d193002d P 1615ca7660c748129426c29e632dc1bc: tablet copy: Starting download of 1 WAL segments...
I20260713 09:09:14.730844 28488 tablet_copy_source_session.cc:215] T e7e8b49b5ee44c4fac7faa3da25a88fc P b0e9d1b4373d4a949af718148c882e5d: Tablet Copy: opened 0 blocks and 1 log segments
I20260713 09:09:14.732112 29113 tablet_copy_client.cc:538] T d404ed84910d4609a7595c09d193002d P 1615ca7660c748129426c29e632dc1bc: tablet copy: Tablet Copy complete. Replacing tablet superblock.
I20260713 09:09:14.734444 29110 data_dirs.cc:400] Could only allocate 1 dirs of requested 3 for tablet e7e8b49b5ee44c4fac7faa3da25a88fc. 1 dirs total, 0 dirs full, 0 dirs failed
I20260713 09:09:14.741307 29113 tablet_bootstrap.cc:492] T d404ed84910d4609a7595c09d193002d P 1615ca7660c748129426c29e632dc1bc: Bootstrap starting.
I20260713 09:09:14.751190 29117 ts_tablet_manager.cc:933] T 2c6709438c2c4e9e9e7920cb69c2508b P 1615ca7660c748129426c29e632dc1bc: Initiating tablet copy from peer 848b1b0ce43e4382af38367782934268 (127.26.185.194:41895)
I20260713 09:09:14.753259 29110 tablet_copy_client.cc:806] T e7e8b49b5ee44c4fac7faa3da25a88fc P 1615ca7660c748129426c29e632dc1bc: tablet copy: Starting download of 0 data blocks...
I20260713 09:09:14.754158 29110 tablet_copy_client.cc:670] T e7e8b49b5ee44c4fac7faa3da25a88fc P 1615ca7660c748129426c29e632dc1bc: tablet copy: Starting download of 1 WAL segments...
I20260713 09:09:14.760638 29110 tablet_copy_client.cc:538] T e7e8b49b5ee44c4fac7faa3da25a88fc P 1615ca7660c748129426c29e632dc1bc: tablet copy: Tablet Copy complete. Replacing tablet superblock.
I20260713 09:09:14.761513 29117 tablet_copy_client.cc:323] T 2c6709438c2c4e9e9e7920cb69c2508b P 1615ca7660c748129426c29e632dc1bc: tablet copy: Beginning tablet copy session from remote peer at address 127.26.185.194:41895
I20260713 09:09:14.763168 28563 tablet_copy_service.cc:140] P 848b1b0ce43e4382af38367782934268: Received BeginTabletCopySession request for tablet 2c6709438c2c4e9e9e7920cb69c2508b from peer 1615ca7660c748129426c29e632dc1bc ({username='slave'} at 127.0.0.1:56246)
I20260713 09:09:14.763671 28563 tablet_copy_service.cc:161] P 848b1b0ce43e4382af38367782934268: Beginning new tablet copy session on tablet 2c6709438c2c4e9e9e7920cb69c2508b from peer 1615ca7660c748129426c29e632dc1bc at {username='slave'} at 127.0.0.1:56246: session id = 1615ca7660c748129426c29e632dc1bc-2c6709438c2c4e9e9e7920cb69c2508b
I20260713 09:09:14.770781 28563 tablet_copy_source_session.cc:215] T 2c6709438c2c4e9e9e7920cb69c2508b P 848b1b0ce43e4382af38367782934268: Tablet Copy: opened 0 blocks and 1 log segments
I20260713 09:09:14.777480 29110 tablet_bootstrap.cc:492] T e7e8b49b5ee44c4fac7faa3da25a88fc P 1615ca7660c748129426c29e632dc1bc: Bootstrap starting.
I20260713 09:09:14.778399 29117 data_dirs.cc:400] Could only allocate 1 dirs of requested 3 for tablet 2c6709438c2c4e9e9e7920cb69c2508b. 1 dirs total, 0 dirs full, 0 dirs failed
I20260713 09:09:14.775173 29113 tablet_bootstrap.cc:492] T d404ed84910d4609a7595c09d193002d P 1615ca7660c748129426c29e632dc1bc: Bootstrap replayed 1/1 log segments. Stats: ops{read=2 overwritten=0 applied=2 ignored=0} inserts{seen=0 ignored=0} mutations{seen=0 ignored=0} orphaned_commits=0. Pending: 0 replicates
I20260713 09:09:14.785534 29113 tablet_bootstrap.cc:492] T d404ed84910d4609a7595c09d193002d P 1615ca7660c748129426c29e632dc1bc: Bootstrap complete.
