I20260713 09:08:34.722832 22082 raft_consensus.cc:515] T 3482be938a2849a491cf4cf2dda7cd76 P 161624327b69483191209c184d325710 [term 1 FOLLOWER]: Starting leader election with config: opid_index: -1 OBSOLETE_local: false peers { permanent_uuid: "0c4b1b226cde43869b0046d8f9b5471a" member_type: VOTER last_known_addr { host: "127.21.53.129" port: 39027 } } peers { permanent_uuid: "36e5c5ba971a404cb27b83015ac035b3" member_type: VOTER last_known_addr { host: "127.21.53.130" port: 45529 } } peers { permanent_uuid: "161624327b69483191209c184d325710" member_type: VOTER last_known_addr { host: "127.21.53.131" port: 36579 } }
I20260713 09:08:34.725010 22082 leader_election.cc:290] T 3482be938a2849a491cf4cf2dda7cd76 P 161624327b69483191209c184d325710 [CANDIDATE]: Term 1 election: Requested vote from peers 0c4b1b226cde43869b0046d8f9b5471a (127.21.53.129:39027), 36e5c5ba971a404cb27b83015ac035b3 (127.21.53.130:45529)
I20260713 09:08:34.726753 21851 tablet_service.cc:1917] Received RequestConsensusVote() RPC: tablet_id: "3482be938a2849a491cf4cf2dda7cd76" candidate_uuid: "161624327b69483191209c184d325710" candidate_term: 1 candidate_status { last_received { term: 0 index: 0 } } ignore_live_leader: false dest_uuid: "0c4b1b226cde43869b0046d8f9b5471a"
I20260713 09:08:34.727525 21851 raft_consensus.cc:3060] T 3482be938a2849a491cf4cf2dda7cd76 P 0c4b1b226cde43869b0046d8f9b5471a [term 0 FOLLOWER]: Advancing to term 1
I20260713 09:08:34.730430 21928 tablet_service.cc:1917] Received RequestConsensusVote() RPC: tablet_id: "3482be938a2849a491cf4cf2dda7cd76" candidate_uuid: "161624327b69483191209c184d325710" candidate_term: 1 candidate_status { last_received { term: 0 index: 0 } } ignore_live_leader: false dest_uuid: "36e5c5ba971a404cb27b83015ac035b3"
I20260713 09:08:34.731002 21928 raft_consensus.cc:3060] T 3482be938a2849a491cf4cf2dda7cd76 P 36e5c5ba971a404cb27b83015ac035b3 [term 0 FOLLOWER]: Advancing to term 1
I20260713 09:08:34.735526 21851 raft_consensus.cc:2468] T 3482be938a2849a491cf4cf2dda7cd76 P 0c4b1b226cde43869b0046d8f9b5471a [term 1 FOLLOWER]: Leader election vote request: Granting yes vote for candidate 161624327b69483191209c184d325710 in term 1.
I20260713 09:08:34.737107 21968 leader_election.cc:304] T 3482be938a2849a491cf4cf2dda7cd76 P 161624327b69483191209c184d325710 [CANDIDATE]: Term 1 election: Election decided. Result: candidate won. Election summary: received 2 responses out of 3 voters: 2 yes votes; 0 no votes. yes voters: 0c4b1b226cde43869b0046d8f9b5471a, 161624327b69483191209c184d325710; no voters: 
I20260713 09:08:34.737795 22082 raft_consensus.cc:2804] T 3482be938a2849a491cf4cf2dda7cd76 P 161624327b69483191209c184d325710 [term 1 FOLLOWER]: Leader election won for term 1
I20260713 09:08:34.738361 22082 raft_consensus.cc:697] T 3482be938a2849a491cf4cf2dda7cd76 P 161624327b69483191209c184d325710 [term 1 LEADER]: Becoming Leader. State: Replica: 161624327b69483191209c184d325710, State: Running, Role: LEADER
I20260713 09:08:34.739192 22082 consensus_queue.cc:237] T 3482be938a2849a491cf4cf2dda7cd76 P 161624327b69483191209c184d325710 [LEADER]: Queue going to LEADER mode. State: All replicated index: 0, Majority replicated index: 0, Committed index: 0, Last appended: 0.0, Last appended by leader: 0, Current term: 1, Majority size: 2, State: 0, Mode: LEADER, active raft config: opid_index: -1 OBSOLETE_local: false peers { permanent_uuid: "0c4b1b226cde43869b0046d8f9b5471a" member_type: VOTER last_known_addr { host: "127.21.53.129" port: 39027 } } peers { permanent_uuid: "36e5c5ba971a404cb27b83015ac035b3" member_type: VOTER last_known_addr { host: "127.21.53.130" port: 45529 } } peers { permanent_uuid: "161624327b69483191209c184d325710" member_type: VOTER last_known_addr { host: "127.21.53.131" port: 36579 } }
I20260713 09:08:34.743197 21851 raft_consensus.cc:3060] T 6a3d7ab2d1564f1ea9d82ea1b04764ce P 0c4b1b226cde43869b0046d8f9b5471a [term 0 FOLLOWER]: Advancing to term 1
I20260713 09:08:34.743252 21928 raft_consensus.cc:2468] T 3482be938a2849a491cf4cf2dda7cd76 P 36e5c5ba971a404cb27b83015ac035b3 [term 1 FOLLOWER]: Leader election vote request: Granting yes vote for candidate 161624327b69483191209c184d325710 in term 1.
I20260713 09:08:34.750806 22089 consensus_queue.cc:1048] T 6a3d7ab2d1564f1ea9d82ea1b04764ce P 36e5c5ba971a404cb27b83015ac035b3 [LEADER]: Connected to new peer: Peer: permanent_uuid: "0c4b1b226cde43869b0046d8f9b5471a" member_type: VOTER last_known_addr { host: "127.21.53.129" port: 39027 }, Status: LMP_MISMATCH, Last received: 0.0, Next index: 1, Last known committed idx: 0, Time since last communication: 0.000s
I20260713 09:08:34.752601 21748 catalog_manager.cc:5697] T 3482be938a2849a491cf4cf2dda7cd76 P 161624327b69483191209c184d325710 reported cstate change: term changed from 0 to 1, leader changed from <none> to 161624327b69483191209c184d325710 (127.21.53.131). New cstate: current_term: 1 leader_uuid: "161624327b69483191209c184d325710" committed_config { opid_index: -1 OBSOLETE_local: false peers { permanent_uuid: "0c4b1b226cde43869b0046d8f9b5471a" member_type: VOTER last_known_addr { host: "127.21.53.129" port: 39027 } health_report { overall_health: UNKNOWN } } peers { permanent_uuid: "36e5c5ba971a404cb27b83015ac035b3" member_type: VOTER last_known_addr { host: "127.21.53.130" port: 45529 } health_report { overall_health: UNKNOWN } } peers { permanent_uuid: "161624327b69483191209c184d325710" member_type: VOTER last_known_addr { host: "127.21.53.131" port: 36579 } health_report { overall_health: HEALTHY } } }
I20260713 09:08:34.768167 22053 consensus_queue.cc:1048] T 8ce3e5f46e5e47009cad622953af8443 P 0c4b1b226cde43869b0046d8f9b5471a [LEADER]: Connected to new peer: Peer: permanent_uuid: "36e5c5ba971a404cb27b83015ac035b3" member_type: VOTER last_known_addr { host: "127.21.53.130" port: 45529 }, Status: LMP_MISMATCH, Last received: 0.0, Next index: 1, Last known committed idx: 0, Time since last communication: 0.000s
I20260713 09:08:34.768886 22001 raft_consensus.cc:3060] T 8ce3e5f46e5e47009cad622953af8443 P 161624327b69483191209c184d325710 [term 0 FOLLOWER]: Advancing to term 1
I20260713 09:08:34.779888 22053 consensus_queue.cc:1048] T 8ce3e5f46e5e47009cad622953af8443 P 0c4b1b226cde43869b0046d8f9b5471a [LEADER]: Connected to new peer: Peer: permanent_uuid: "161624327b69483191209c184d325710" member_type: VOTER last_known_addr { host: "127.21.53.131" port: 36579 }, Status: LMP_MISMATCH, Last received: 0.0, Next index: 1, Last known committed idx: 0, Time since last communication: 0.000s
I20260713 09:08:34.786103 22082 raft_consensus.cc:493] T 8ce3e5f46e5e47009cad622953af8443 P 161624327b69483191209c184d325710 [term 1 FOLLOWER]: Starting pre-election (no leader contacted us within the election timeout)
I20260713 09:08:34.786578 22082 raft_consensus.cc:515] T 8ce3e5f46e5e47009cad622953af8443 P 161624327b69483191209c184d325710 [term 1 FOLLOWER]: Starting pre-election with config: opid_index: -1 OBSOLETE_local: false peers { permanent_uuid: "0c4b1b226cde43869b0046d8f9b5471a" member_type: VOTER last_known_addr { host: "127.21.53.129" port: 39027 } } peers { permanent_uuid: "36e5c5ba971a404cb27b83015ac035b3" member_type: VOTER last_known_addr { host: "127.21.53.130" port: 45529 } } peers { permanent_uuid: "161624327b69483191209c184d325710" member_type: VOTER last_known_addr { host: "127.21.53.131" port: 36579 } }
I20260713 09:08:34.788945 22082 leader_election.cc:290] T 8ce3e5f46e5e47009cad622953af8443 P 161624327b69483191209c184d325710 [CANDIDATE]: Term 2 pre-election: Requested pre-vote from peers 0c4b1b226cde43869b0046d8f9b5471a (127.21.53.129:39027), 36e5c5ba971a404cb27b83015ac035b3 (127.21.53.130:45529)
I20260713 09:08:34.789984 21851 tablet_service.cc:1917] Received RequestConsensusVote() RPC: tablet_id: "8ce3e5f46e5e47009cad622953af8443" candidate_uuid: "161624327b69483191209c184d325710" candidate_term: 2 candidate_status { last_received { term: 0 index: 0 } } ignore_live_leader: false dest_uuid: "0c4b1b226cde43869b0046d8f9b5471a" is_pre_election: true
I20260713 09:08:34.800362 21928 tablet_service.cc:1917] Received RequestConsensusVote() RPC: tablet_id: "8ce3e5f46e5e47009cad622953af8443" candidate_uuid: "161624327b69483191209c184d325710" candidate_term: 2 candidate_status { last_received { term: 0 index: 0 } } ignore_live_leader: false dest_uuid: "36e5c5ba971a404cb27b83015ac035b3" is_pre_election: true
I20260713 09:08:34.802522 21967 leader_election.cc:304] T 8ce3e5f46e5e47009cad622953af8443 P 161624327b69483191209c184d325710 [CANDIDATE]: Term 2 pre-election: Election decided. Result: candidate lost. Election summary: received 3 responses out of 3 voters: 1 yes votes; 2 no votes. yes voters: 161624327b69483191209c184d325710; no voters: 0c4b1b226cde43869b0046d8f9b5471a, 36e5c5ba971a404cb27b83015ac035b3
I20260713 09:08:34.803925 22082 raft_consensus.cc:2749] T 8ce3e5f46e5e47009cad622953af8443 P 161624327b69483191209c184d325710 [term 1 FOLLOWER]: Leader pre-election lost for term 2. Reason: could not achieve majority
I20260713 09:08:34.809530 22053 consensus_queue.cc:1048] T 9d5ea42f553e4c81a1b551857ea06cb5 P 0c4b1b226cde43869b0046d8f9b5471a [LEADER]: Connected to new peer: Peer: permanent_uuid: "161624327b69483191209c184d325710" member_type: VOTER last_known_addr { host: "127.21.53.131" port: 36579 }, Status: LMP_MISMATCH, Last received: 0.0, Next index: 1, Last known committed idx: 0, Time since last communication: 0.000s
I20260713 09:08:34.820984 22053 consensus_queue.cc:1048] T 9d5ea42f553e4c81a1b551857ea06cb5 P 0c4b1b226cde43869b0046d8f9b5471a [LEADER]: Connected to new peer: Peer: permanent_uuid: "36e5c5ba971a404cb27b83015ac035b3" member_type: VOTER last_known_addr { host: "127.21.53.130" port: 45529 }, Status: LMP_MISMATCH, Last received: 0.0, Next index: 1, Last known committed idx: 0, Time since last communication: 0.000s
I20260713 09:08:34.888746 22082 consensus_queue.cc:1048] T faf8765dfb554481a303bfc934735f0e P 161624327b69483191209c184d325710 [LEADER]: Connected to new peer: Peer: permanent_uuid: "36e5c5ba971a404cb27b83015ac035b3" member_type: VOTER last_known_addr { host: "127.21.53.130" port: 45529 }, Status: LMP_MISMATCH, Last received: 0.0, Next index: 1, Last known committed idx: 0, Time since last communication: 0.000s
I20260713 09:08:34.899878 22091 consensus_queue.cc:1048] T faf8765dfb554481a303bfc934735f0e P 161624327b69483191209c184d325710 [LEADER]: Connected to new peer: Peer: permanent_uuid: "0c4b1b226cde43869b0046d8f9b5471a" member_type: VOTER last_known_addr { host: "127.21.53.129" port: 39027 }, Status: LMP_MISMATCH, Last received: 0.0, Next index: 1, Last known committed idx: 0, Time since last communication: 0.000s
I20260713 09:08:34.904022 22091 consensus_queue.cc:1048] T 1990b0665f9e4f7c8c0bb5daec78a7eb P 161624327b69483191209c184d325710 [LEADER]: Connected to new peer: Peer: permanent_uuid: "36e5c5ba971a404cb27b83015ac035b3" member_type: VOTER last_known_addr { host: "127.21.53.130" port: 45529 }, Status: LMP_MISMATCH, Last received: 0.0, Next index: 1, Last known committed idx: 0, Time since last communication: 0.001s
I20260713 09:08:34.927862 22091 consensus_queue.cc:1048] T 1990b0665f9e4f7c8c0bb5daec78a7eb P 161624327b69483191209c184d325710 [LEADER]: Connected to new peer: Peer: permanent_uuid: "0c4b1b226cde43869b0046d8f9b5471a" member_type: VOTER last_known_addr { host: "127.21.53.129" port: 39027 }, Status: LMP_MISMATCH, Last received: 0.0, Next index: 1, Last known committed idx: 0, Time since last communication: 0.000s
I20260713 09:08:34.956198 22111 raft_consensus.cc:493] T bf4f48f2e7954643ae85d24f1a321a34 P 0c4b1b226cde43869b0046d8f9b5471a [term 0 FOLLOWER]: Starting pre-election (no leader contacted us within the election timeout)
I20260713 09:08:34.956648 22111 raft_consensus.cc:515] T bf4f48f2e7954643ae85d24f1a321a34 P 0c4b1b226cde43869b0046d8f9b5471a [term 0 FOLLOWER]: Starting pre-election with config: opid_index: -1 OBSOLETE_local: false peers { permanent_uuid: "0c4b1b226cde43869b0046d8f9b5471a" member_type: VOTER last_known_addr { host: "127.21.53.129" port: 39027 } } peers { permanent_uuid: "36e5c5ba971a404cb27b83015ac035b3" member_type: VOTER last_known_addr { host: "127.21.53.130" port: 45529 } } peers { permanent_uuid: "161624327b69483191209c184d325710" member_type: VOTER last_known_addr { host: "127.21.53.131" port: 36579 } }
I20260713 09:08:34.958410 22111 leader_election.cc:290] T bf4f48f2e7954643ae85d24f1a321a34 P 0c4b1b226cde43869b0046d8f9b5471a [CANDIDATE]: Term 1 pre-election: Requested pre-vote from peers 36e5c5ba971a404cb27b83015ac035b3 (127.21.53.130:45529), 161624327b69483191209c184d325710 (127.21.53.131:36579)
I20260713 09:08:34.959457 22002 tablet_service.cc:1917] Received RequestConsensusVote() RPC: tablet_id: "bf4f48f2e7954643ae85d24f1a321a34" candidate_uuid: "0c4b1b226cde43869b0046d8f9b5471a" candidate_term: 1 candidate_status { last_received { term: 0 index: 0 } } ignore_live_leader: false dest_uuid: "161624327b69483191209c184d325710" is_pre_election: true
I20260713 09:08:34.959355 21927 tablet_service.cc:1917] Received RequestConsensusVote() RPC: tablet_id: "bf4f48f2e7954643ae85d24f1a321a34" candidate_uuid: "0c4b1b226cde43869b0046d8f9b5471a" candidate_term: 1 candidate_status { last_received { term: 0 index: 0 } } ignore_live_leader: false dest_uuid: "36e5c5ba971a404cb27b83015ac035b3" is_pre_election: true
I20260713 09:08:34.960223 22002 raft_consensus.cc:2393] T bf4f48f2e7954643ae85d24f1a321a34 P 161624327b69483191209c184d325710 [term 1 FOLLOWER]: Leader pre-election vote request: Denying vote to candidate 0c4b1b226cde43869b0046d8f9b5471a in current term 1: Already voted for candidate 36e5c5ba971a404cb27b83015ac035b3 in this term.
I20260713 09:08:34.961133 21817 leader_election.cc:304] T bf4f48f2e7954643ae85d24f1a321a34 P 0c4b1b226cde43869b0046d8f9b5471a [CANDIDATE]: Term 1 pre-election: Election decided. Result: candidate lost. Election summary: received 3 responses out of 3 voters: 1 yes votes; 2 no votes. yes voters: 0c4b1b226cde43869b0046d8f9b5471a; no voters: 161624327b69483191209c184d325710, 36e5c5ba971a404cb27b83015ac035b3
I20260713 09:08:34.961755 22111 raft_consensus.cc:3060] T bf4f48f2e7954643ae85d24f1a321a34 P 0c4b1b226cde43869b0046d8f9b5471a [term 0 FOLLOWER]: Advancing to term 1
I20260713 09:08:34.966123 22111 raft_consensus.cc:2749] T bf4f48f2e7954643ae85d24f1a321a34 P 0c4b1b226cde43869b0046d8f9b5471a [term 1 FOLLOWER]: Leader pre-election lost for term 1. Reason: could not achieve majority
I20260713 09:08:35.001977 22089 consensus_queue.cc:1048] T bfb3edcec689425c88abc14e3248b34c P 36e5c5ba971a404cb27b83015ac035b3 [LEADER]: Connected to new peer: Peer: permanent_uuid: "161624327b69483191209c184d325710" member_type: VOTER last_known_addr { host: "127.21.53.131" port: 36579 }, Status: LMP_MISMATCH, Last received: 0.0, Next index: 1, Last known committed idx: 0, Time since last communication: 0.000s
I20260713 09:08:35.014696 22051 consensus_queue.cc:1048] T bfb3edcec689425c88abc14e3248b34c P 36e5c5ba971a404cb27b83015ac035b3 [LEADER]: Connected to new peer: Peer: permanent_uuid: "0c4b1b226cde43869b0046d8f9b5471a" member_type: VOTER last_known_addr { host: "127.21.53.129" port: 39027 }, Status: LMP_MISMATCH, Last received: 0.0, Next index: 1, Last known committed idx: 0, Time since last communication: 0.000s
I20260713 09:08:35.035486 21927 tablet_service.cc:2072] Received LeaderStepDown RPC: tablet_id: "6a3d7ab2d1564f1ea9d82ea1b04764ce"
dest_uuid: "36e5c5ba971a404cb27b83015ac035b3"
mode: GRACEFUL
new_leader_uuid: "0c4b1b226cde43869b0046d8f9b5471a"
 from {username='slave'} at 127.0.0.1:53768
I20260713 09:08:35.036173 21927 raft_consensus.cc:606] T 6a3d7ab2d1564f1ea9d82ea1b04764ce P 36e5c5ba971a404cb27b83015ac035b3 [term 1 LEADER]: Received request to transfer leadership to TS 0c4b1b226cde43869b0046d8f9b5471a
I20260713 09:08:35.037806 22089 consensus_queue.cc:1048] T bf4f48f2e7954643ae85d24f1a321a34 P 36e5c5ba971a404cb27b83015ac035b3 [LEADER]: Connected to new peer: Peer: permanent_uuid: "161624327b69483191209c184d325710" member_type: VOTER last_known_addr { host: "127.21.53.131" port: 36579 }, Status: LMP_MISMATCH, Last received: 0.0, Next index: 1, Last known committed idx: 0, Time since last communication: 0.000s
I20260713 09:08:35.052366 22075 consensus_queue.cc:1048] T bf4f48f2e7954643ae85d24f1a321a34 P 36e5c5ba971a404cb27b83015ac035b3 [LEADER]: Connected to new peer: Peer: permanent_uuid: "0c4b1b226cde43869b0046d8f9b5471a" member_type: VOTER last_known_addr { host: "127.21.53.129" port: 39027 }, Status: LMP_MISMATCH, Last received: 0.0, Next index: 1, Last known committed idx: 0, Time since last communication: 0.000s
I20260713 09:08:35.061568 22002 tablet_service.cc:2072] Received LeaderStepDown RPC: tablet_id: "faf8765dfb554481a303bfc934735f0e"
dest_uuid: "161624327b69483191209c184d325710"
mode: GRACEFUL
new_leader_uuid: "0c4b1b226cde43869b0046d8f9b5471a"
 from {username='slave'} at 127.0.0.1:56424
I20260713 09:08:35.062354 22002 raft_consensus.cc:606] T faf8765dfb554481a303bfc934735f0e P 161624327b69483191209c184d325710 [term 1 LEADER]: Received request to transfer leadership to TS 0c4b1b226cde43869b0046d8f9b5471a
I20260713 09:08:35.068434 21927 tablet_service.cc:2072] Received LeaderStepDown RPC: tablet_id: "bfb3edcec689425c88abc14e3248b34c"
dest_uuid: "36e5c5ba971a404cb27b83015ac035b3"
mode: GRACEFUL
new_leader_uuid: "0c4b1b226cde43869b0046d8f9b5471a"
 from {username='slave'} at 127.0.0.1:53768
I20260713 09:08:35.068994 21927 raft_consensus.cc:606] T bfb3edcec689425c88abc14e3248b34c P 36e5c5ba971a404cb27b83015ac035b3 [term 1 LEADER]: Received request to transfer leadership to TS 0c4b1b226cde43869b0046d8f9b5471a
I20260713 09:08:35.076406 22002 tablet_service.cc:2072] Received LeaderStepDown RPC: tablet_id: "1990b0665f9e4f7c8c0bb5daec78a7eb"
dest_uuid: "161624327b69483191209c184d325710"
mode: GRACEFUL
new_leader_uuid: "36e5c5ba971a404cb27b83015ac035b3"
 from {username='slave'} at 127.0.0.1:56424
I20260713 09:08:35.077011 22002 raft_consensus.cc:606] T 1990b0665f9e4f7c8c0bb5daec78a7eb P 161624327b69483191209c184d325710 [term 1 LEADER]: Received request to transfer leadership to TS 36e5c5ba971a404cb27b83015ac035b3
I20260713 09:08:35.090791 21851 tablet_service.cc:2072] Received LeaderStepDown RPC: tablet_id: "8ce3e5f46e5e47009cad622953af8443"
dest_uuid: "0c4b1b226cde43869b0046d8f9b5471a"
mode: GRACEFUL
new_leader_uuid: "36e5c5ba971a404cb27b83015ac035b3"
 from {username='slave'} at 127.0.0.1:53268
I20260713 09:08:35.091228 21851 raft_consensus.cc:606] T 8ce3e5f46e5e47009cad622953af8443 P 0c4b1b226cde43869b0046d8f9b5471a [term 1 LEADER]: Received request to transfer leadership to TS 36e5c5ba971a404cb27b83015ac035b3
I20260713 09:08:35.095994 22002 tablet_service.cc:2072] Received LeaderStepDown RPC: tablet_id: "3482be938a2849a491cf4cf2dda7cd76"
dest_uuid: "161624327b69483191209c184d325710"
mode: GRACEFUL
new_leader_uuid: "36e5c5ba971a404cb27b83015ac035b3"
 from {username='slave'} at 127.0.0.1:56424
I20260713 09:08:35.096450 22002 raft_consensus.cc:606] T 3482be938a2849a491cf4cf2dda7cd76 P 161624327b69483191209c184d325710 [term 1 LEADER]: Received request to transfer leadership to TS 36e5c5ba971a404cb27b83015ac035b3
I20260713 09:08:35.104076 21851 tablet_service.cc:2072] Received LeaderStepDown RPC: tablet_id: "51b5e9d3dfd641108f83691412c044b8"
dest_uuid: "0c4b1b226cde43869b0046d8f9b5471a"
mode: GRACEFUL
new_leader_uuid: "161624327b69483191209c184d325710"
 from {username='slave'} at 127.0.0.1:53268
I20260713 09:08:35.104547 21851 raft_consensus.cc:606] T 51b5e9d3dfd641108f83691412c044b8 P 0c4b1b226cde43869b0046d8f9b5471a [term 1 LEADER]: Received request to transfer leadership to TS 161624327b69483191209c184d325710
I20260713 09:08:35.135299 22051 raft_consensus.cc:993] T 6a3d7ab2d1564f1ea9d82ea1b04764ce P 36e5c5ba971a404cb27b83015ac035b3: : Instructing follower 0c4b1b226cde43869b0046d8f9b5471a to start an election
I20260713 09:08:35.135779 22051 raft_consensus.cc:1081] T 6a3d7ab2d1564f1ea9d82ea1b04764ce P 36e5c5ba971a404cb27b83015ac035b3 [term 1 LEADER]: Signalling peer 0c4b1b226cde43869b0046d8f9b5471a to start an election
I20260713 09:08:35.137487 21851 tablet_service.cc:2044] Received Run Leader Election RPC: tablet_id: "6a3d7ab2d1564f1ea9d82ea1b04764ce"
dest_uuid: "0c4b1b226cde43869b0046d8f9b5471a"
 from {username='slave'} at 127.0.0.1:53248
I20260713 09:08:35.138067 21851 raft_consensus.cc:493] T 6a3d7ab2d1564f1ea9d82ea1b04764ce P 0c4b1b226cde43869b0046d8f9b5471a [term 1 FOLLOWER]: Starting forced leader election (received explicit request)
I20260713 09:08:35.138455 21851 raft_consensus.cc:3060] T 6a3d7ab2d1564f1ea9d82ea1b04764ce P 0c4b1b226cde43869b0046d8f9b5471a [term 1 FOLLOWER]: Advancing to term 2
I20260713 09:08:35.142822 21851 raft_consensus.cc:515] T 6a3d7ab2d1564f1ea9d82ea1b04764ce P 0c4b1b226cde43869b0046d8f9b5471a [term 2 FOLLOWER]: Starting forced leader election with config: opid_index: -1 OBSOLETE_local: false peers { permanent_uuid: "161624327b69483191209c184d325710" member_type: VOTER last_known_addr { host: "127.21.53.131" port: 36579 } } peers { permanent_uuid: "36e5c5ba971a404cb27b83015ac035b3" member_type: VOTER last_known_addr { host: "127.21.53.130" port: 45529 } } peers { permanent_uuid: "0c4b1b226cde43869b0046d8f9b5471a" member_type: VOTER last_known_addr { host: "127.21.53.129" port: 39027 } }
I20260713 09:08:35.145000 21851 leader_election.cc:290] T 6a3d7ab2d1564f1ea9d82ea1b04764ce P 0c4b1b226cde43869b0046d8f9b5471a [CANDIDATE]: Term 2 election: Requested vote from peers 161624327b69483191209c184d325710 (127.21.53.131:36579), 36e5c5ba971a404cb27b83015ac035b3 (127.21.53.130:45529)
I20260713 09:08:35.145257 22002 tablet_service.cc:1917] Received RequestConsensusVote() RPC: tablet_id: "6a3d7ab2d1564f1ea9d82ea1b04764ce" candidate_uuid: "0c4b1b226cde43869b0046d8f9b5471a" candidate_term: 2 candidate_status { last_received { term: 1 index: 1 } } ignore_live_leader: true dest_uuid: "161624327b69483191209c184d325710"
I20260713 09:08:35.145565 21927 tablet_service.cc:1917] Received RequestConsensusVote() RPC: tablet_id: "6a3d7ab2d1564f1ea9d82ea1b04764ce" candidate_uuid: "0c4b1b226cde43869b0046d8f9b5471a" candidate_term: 2 candidate_status { last_received { term: 1 index: 1 } } ignore_live_leader: true dest_uuid: "36e5c5ba971a404cb27b83015ac035b3"
I20260713 09:08:35.145812 22002 raft_consensus.cc:3060] T 6a3d7ab2d1564f1ea9d82ea1b04764ce P 161624327b69483191209c184d325710 [term 1 FOLLOWER]: Advancing to term 2
I20260713 09:08:35.146152 21927 raft_consensus.cc:3055] T 6a3d7ab2d1564f1ea9d82ea1b04764ce P 36e5c5ba971a404cb27b83015ac035b3 [term 1 LEADER]: Stepping down as leader of term 1
I20260713 09:08:35.146416 21927 raft_consensus.cc:740] T 6a3d7ab2d1564f1ea9d82ea1b04764ce P 36e5c5ba971a404cb27b83015ac035b3 [term 1 LEADER]: Becoming Follower/Learner. State: Replica: 36e5c5ba971a404cb27b83015ac035b3, State: Running, Role: LEADER
I20260713 09:08:35.147039 21927 consensus_queue.cc:260] T 6a3d7ab2d1564f1ea9d82ea1b04764ce P 36e5c5ba971a404cb27b83015ac035b3 [NON_LEADER]: Queue going to NON_LEADER mode. State: All replicated index: 0, Majority replicated index: 1, Committed index: 1, Last appended: 1.1, Last appended by leader: 1, Current term: 1, Majority size: -1, State: 0, Mode: NON_LEADER, active raft config: opid_index: -1 OBSOLETE_local: false peers { permanent_uuid: "161624327b69483191209c184d325710" member_type: VOTER last_known_addr { host: "127.21.53.131" port: 36579 } } peers { permanent_uuid: "36e5c5ba971a404cb27b83015ac035b3" member_type: VOTER last_known_addr { host: "127.21.53.130" port: 45529 } } peers { permanent_uuid: "0c4b1b226cde43869b0046d8f9b5471a" member_type: VOTER last_known_addr { host: "127.21.53.129" port: 39027 } }
I20260713 09:08:35.147924 21927 raft_consensus.cc:3060] T 6a3d7ab2d1564f1ea9d82ea1b04764ce P 36e5c5ba971a404cb27b83015ac035b3 [term 1 FOLLOWER]: Advancing to term 2
I20260713 09:08:35.152181 21927 raft_consensus.cc:2468] T 6a3d7ab2d1564f1ea9d82ea1b04764ce P 36e5c5ba971a404cb27b83015ac035b3 [term 2 FOLLOWER]: Leader election vote request: Granting yes vote for candidate 0c4b1b226cde43869b0046d8f9b5471a in term 2.
I20260713 09:08:35.152348 22002 raft_consensus.cc:2468] T 6a3d7ab2d1564f1ea9d82ea1b04764ce P 161624327b69483191209c184d325710 [term 2 FOLLOWER]: Leader election vote request: Granting yes vote for candidate 0c4b1b226cde43869b0046d8f9b5471a in term 2.
I20260713 09:08:35.153195 21818 leader_election.cc:304] T 6a3d7ab2d1564f1ea9d82ea1b04764ce P 0c4b1b226cde43869b0046d8f9b5471a [CANDIDATE]: Term 2 election: Election decided. Result: candidate won. Election summary: received 2 responses out of 3 voters: 2 yes votes; 0 no votes. yes voters: 0c4b1b226cde43869b0046d8f9b5471a, 36e5c5ba971a404cb27b83015ac035b3; no voters: 
I20260713 09:08:35.153997 22111 raft_consensus.cc:2804] T 6a3d7ab2d1564f1ea9d82ea1b04764ce P 0c4b1b226cde43869b0046d8f9b5471a [term 2 FOLLOWER]: Leader election won for term 2
I20260713 09:08:35.154488 22111 raft_consensus.cc:697] T 6a3d7ab2d1564f1ea9d82ea1b04764ce P 0c4b1b226cde43869b0046d8f9b5471a [term 2 LEADER]: Becoming Leader. State: Replica: 0c4b1b226cde43869b0046d8f9b5471a, State: Running, Role: LEADER
I20260713 09:08:35.155252 22111 consensus_queue.cc:237] T 6a3d7ab2d1564f1ea9d82ea1b04764ce P 0c4b1b226cde43869b0046d8f9b5471a [LEADER]: Queue going to LEADER mode. State: All replicated index: 0, Majority replicated index: 1, Committed index: 1, Last appended: 1.1, Last appended by leader: 1, Current term: 2, Majority size: 2, State: 0, Mode: LEADER, active raft config: opid_index: -1 OBSOLETE_local: false peers { permanent_uuid: "161624327b69483191209c184d325710" member_type: VOTER last_known_addr { host: "127.21.53.131" port: 36579 } } peers { permanent_uuid: "36e5c5ba971a404cb27b83015ac035b3" member_type: VOTER last_known_addr { host: "127.21.53.130" port: 45529 } } peers { permanent_uuid: "0c4b1b226cde43869b0046d8f9b5471a" member_type: VOTER last_known_addr { host: "127.21.53.129" port: 39027 } }
I20260713 09:08:35.161496 21748 catalog_manager.cc:5697] T 6a3d7ab2d1564f1ea9d82ea1b04764ce P 0c4b1b226cde43869b0046d8f9b5471a reported cstate change: term changed from 1 to 2, leader changed from 36e5c5ba971a404cb27b83015ac035b3 (127.21.53.130) to 0c4b1b226cde43869b0046d8f9b5471a (127.21.53.129). New cstate: current_term: 2 leader_uuid: "0c4b1b226cde43869b0046d8f9b5471a" committed_config { opid_index: -1 OBSOLETE_local: false peers { permanent_uuid: "161624327b69483191209c184d325710" member_type: VOTER last_known_addr { host: "127.21.53.131" port: 36579 } health_report { overall_health: UNKNOWN } } peers { permanent_uuid: "36e5c5ba971a404cb27b83015ac035b3" member_type: VOTER last_known_addr { host: "127.21.53.130" port: 45529 } health_report { overall_health: UNKNOWN } } peers { permanent_uuid: "0c4b1b226cde43869b0046d8f9b5471a" member_type: VOTER last_known_addr { host: "127.21.53.129" port: 39027 } health_report { overall_health: HEALTHY } } }
I20260713 09:08:35.170045 22111 consensus_queue.cc:1048] T 51b5e9d3dfd641108f83691412c044b8 P 0c4b1b226cde43869b0046d8f9b5471a [LEADER]: Connected to new peer: Peer: permanent_uuid: "161624327b69483191209c184d325710" member_type: VOTER last_known_addr { host: "127.21.53.131" port: 36579 }, Status: LMP_MISMATCH, Last received: 0.0, Next index: 1, Last known committed idx: 0, Time since last communication: 0.000s
I20260713 09:08:35.177654 22109 raft_consensus.cc:993] T 51b5e9d3dfd641108f83691412c044b8 P 0c4b1b226cde43869b0046d8f9b5471a: : Instructing follower 161624327b69483191209c184d325710 to start an election
I20260713 09:08:35.178104 22109 raft_consensus.cc:1081] T 51b5e9d3dfd641108f83691412c044b8 P 0c4b1b226cde43869b0046d8f9b5471a [term 1 LEADER]: Signalling peer 161624327b69483191209c184d325710 to start an election
I20260713 09:08:35.179910 22001 tablet_service.cc:2044] Received Run Leader Election RPC: tablet_id: "51b5e9d3dfd641108f83691412c044b8"
dest_uuid: "161624327b69483191209c184d325710"
 from {username='slave'} at 127.0.0.1:56418
I20260713 09:08:35.180444 22001 raft_consensus.cc:493] T 51b5e9d3dfd641108f83691412c044b8 P 161624327b69483191209c184d325710 [term 1 FOLLOWER]: Starting forced leader election (received explicit request)
I20260713 09:08:35.180799 22001 raft_consensus.cc:3060] T 51b5e9d3dfd641108f83691412c044b8 P 161624327b69483191209c184d325710 [term 1 FOLLOWER]: Advancing to term 2
I20260713 09:08:35.181603 22110 consensus_queue.cc:1048] T 51b5e9d3dfd641108f83691412c044b8 P 0c4b1b226cde43869b0046d8f9b5471a [LEADER]: Connected to new peer: Peer: permanent_uuid: "36e5c5ba971a404cb27b83015ac035b3" member_type: VOTER last_known_addr { host: "127.21.53.130" port: 45529 }, Status: LMP_MISMATCH, Last received: 0.0, Next index: 1, Last known committed idx: 0, Time since last communication: 0.000s
I20260713 09:08:35.192534 22001 raft_consensus.cc:515] T 51b5e9d3dfd641108f83691412c044b8 P 161624327b69483191209c184d325710 [term 2 FOLLOWER]: Starting forced leader election with config: opid_index: -1 OBSOLETE_local: false peers { permanent_uuid: "0c4b1b226cde43869b0046d8f9b5471a" member_type: VOTER last_known_addr { host: "127.21.53.129" port: 39027 } } peers { permanent_uuid: "36e5c5ba971a404cb27b83015ac035b3" member_type: VOTER last_known_addr { host: "127.21.53.130" port: 45529 } } peers { permanent_uuid: "161624327b69483191209c184d325710" member_type: VOTER last_known_addr { host: "127.21.53.131" port: 36579 } }
I20260713 09:08:35.193444 22002 raft_consensus.cc:1240] T 51b5e9d3dfd641108f83691412c044b8 P 161624327b69483191209c184d325710 [term 2 FOLLOWER]: Rejecting Update request from peer 0c4b1b226cde43869b0046d8f9b5471a for earlier term 1. Current term is 2. Ops: []
I20260713 09:08:35.194936 22001 leader_election.cc:290] T 51b5e9d3dfd641108f83691412c044b8 P 161624327b69483191209c184d325710 [CANDIDATE]: Term 2 election: Requested vote from peers 0c4b1b226cde43869b0046d8f9b5471a (127.21.53.129:39027), 36e5c5ba971a404cb27b83015ac035b3 (127.21.53.130:45529)
I20260713 09:08:35.197027 21851 tablet_service.cc:1917] Received RequestConsensusVote() RPC: tablet_id: "51b5e9d3dfd641108f83691412c044b8" candidate_uuid: "161624327b69483191209c184d325710" candidate_term: 2 candidate_status { last_received { term: 1 index: 1 } } ignore_live_leader: true dest_uuid: "0c4b1b226cde43869b0046d8f9b5471a"
I20260713 09:08:35.197377 21927 tablet_service.cc:1917] Received RequestConsensusVote() RPC: tablet_id: "51b5e9d3dfd641108f83691412c044b8" candidate_uuid: "161624327b69483191209c184d325710" candidate_term: 2 candidate_status { last_received { term: 1 index: 1 } } ignore_live_leader: true dest_uuid: "36e5c5ba971a404cb27b83015ac035b3"
I20260713 09:08:35.197582 22111 consensus_queue.cc:1059] T 51b5e9d3dfd641108f83691412c044b8 P 0c4b1b226cde43869b0046d8f9b5471a [LEADER]: Peer responded invalid term: Peer: permanent_uuid: "161624327b69483191209c184d325710" member_type: VOTER last_known_addr { host: "127.21.53.131" port: 36579 }, Status: INVALID_TERM, Last received: 1.1, Next index: 2, Last known committed idx: 0, Time since last communication: 0.000s
I20260713 09:08:35.197949 21927 raft_consensus.cc:3060] T 51b5e9d3dfd641108f83691412c044b8 P 36e5c5ba971a404cb27b83015ac035b3 [term 1 FOLLOWER]: Advancing to term 2
I20260713 09:08:35.201159 21851 raft_consensus.cc:3055] T 51b5e9d3dfd641108f83691412c044b8 P 0c4b1b226cde43869b0046d8f9b5471a [term 1 LEADER]: Stepping down as leader of term 1
I20260713 09:08:35.201498 21851 raft_consensus.cc:740] T 51b5e9d3dfd641108f83691412c044b8 P 0c4b1b226cde43869b0046d8f9b5471a [term 1 LEADER]: Becoming Follower/Learner. State: Replica: 0c4b1b226cde43869b0046d8f9b5471a, State: Running, Role: LEADER
I20260713 09:08:35.202306 21851 consensus_queue.cc:260] T 51b5e9d3dfd641108f83691412c044b8 P 0c4b1b226cde43869b0046d8f9b5471a [NON_LEADER]: Queue going to NON_LEADER mode. State: All replicated index: 0, Majority replicated index: 1, Committed index: 1, Last appended: 1.1, Last appended by leader: 1, Current term: 1, Majority size: -1, State: 0, Mode: NON_LEADER, active raft config: opid_index: -1 OBSOLETE_local: false peers { permanent_uuid: "0c4b1b226cde43869b0046d8f9b5471a" member_type: VOTER last_known_addr { host: "127.21.53.129" port: 39027 } } peers { permanent_uuid: "36e5c5ba971a404cb27b83015ac035b3" member_type: VOTER last_known_addr { host: "127.21.53.130" port: 45529 } } peers { permanent_uuid: "161624327b69483191209c184d325710" member_type: VOTER last_known_addr { host: "127.21.53.131" port: 36579 } }
I20260713 09:08:35.203470 21851 raft_consensus.cc:3060] T 51b5e9d3dfd641108f83691412c044b8 P 0c4b1b226cde43869b0046d8f9b5471a [term 1 FOLLOWER]: Advancing to term 2
I20260713 09:08:35.204663 21927 raft_consensus.cc:2468] T 51b5e9d3dfd641108f83691412c044b8 P 36e5c5ba971a404cb27b83015ac035b3 [term 2 FOLLOWER]: Leader election vote request: Granting yes vote for candidate 161624327b69483191209c184d325710 in term 2.
I20260713 09:08:35.205780 21967 leader_election.cc:304] T 51b5e9d3dfd641108f83691412c044b8 P 161624327b69483191209c184d325710 [CANDIDATE]: Term 2 election: Election decided. Result: candidate won. Election summary: received 2 responses out of 3 voters: 2 yes votes; 0 no votes. yes voters: 161624327b69483191209c184d325710, 36e5c5ba971a404cb27b83015ac035b3; no voters: 
I20260713 09:08:35.206898 22091 raft_consensus.cc:2804] T 51b5e9d3dfd641108f83691412c044b8 P 161624327b69483191209c184d325710 [term 2 FOLLOWER]: Leader election won for term 2
I20260713 09:08:35.207351 22091 raft_consensus.cc:697] T 51b5e9d3dfd641108f83691412c044b8 P 161624327b69483191209c184d325710 [term 2 LEADER]: Becoming Leader. State: Replica: 161624327b69483191209c184d325710, State: Running, Role: LEADER
I20260713 09:08:35.208129 22091 consensus_queue.cc:237] T 51b5e9d3dfd641108f83691412c044b8 P 161624327b69483191209c184d325710 [LEADER]: Queue going to LEADER mode. State: All replicated index: 0, Majority replicated index: 0, Committed index: 0, Last appended: 1.1, Last appended by leader: 1, Current term: 2, Majority size: 2, State: 0, Mode: LEADER, active raft config: opid_index: -1 OBSOLETE_local: false peers { permanent_uuid: "0c4b1b226cde43869b0046d8f9b5471a" member_type: VOTER last_known_addr { host: "127.21.53.129" port: 39027 } } peers { permanent_uuid: "36e5c5ba971a404cb27b83015ac035b3" member_type: VOTER last_known_addr { host: "127.21.53.130" port: 45529 } } peers { permanent_uuid: "161624327b69483191209c184d325710" member_type: VOTER last_known_addr { host: "127.21.53.131" port: 36579 } }
I20260713 09:08:35.209239 21851 raft_consensus.cc:2468] T 51b5e9d3dfd641108f83691412c044b8 P 0c4b1b226cde43869b0046d8f9b5471a [term 2 FOLLOWER]: Leader election vote request: Granting yes vote for candidate 161624327b69483191209c184d325710 in term 2.
W20260713 09:08:35.212549 22109 raft_consensus.cc:936] Couldn't advance consensus term.: Illegal state: Can't advance term to: 2 current term: 2 is higher.
I20260713 09:08:35.215981 21747 catalog_manager.cc:5697] T 51b5e9d3dfd641108f83691412c044b8 P 161624327b69483191209c184d325710 reported cstate change: term changed from 1 to 2, leader changed from 0c4b1b226cde43869b0046d8f9b5471a (127.21.53.129) to 161624327b69483191209c184d325710 (127.21.53.131). New cstate: current_term: 2 leader_uuid: "161624327b69483191209c184d325710" committed_config { opid_index: -1 OBSOLETE_local: false peers { permanent_uuid: "0c4b1b226cde43869b0046d8f9b5471a" member_type: VOTER last_known_addr { host: "127.21.53.129" port: 39027 } health_report { overall_health: UNKNOWN } } peers { permanent_uuid: "36e5c5ba971a404cb27b83015ac035b3" member_type: VOTER last_known_addr { host: "127.21.53.130" port: 45529 } health_report { overall_health: UNKNOWN } } peers { permanent_uuid: "161624327b69483191209c184d325710" member_type: VOTER last_known_addr { host: "127.21.53.131" port: 36579 } health_report { overall_health: HEALTHY } } }
I20260713 09:08:35.309417 22053 raft_consensus.cc:993] T 8ce3e5f46e5e47009cad622953af8443 P 0c4b1b226cde43869b0046d8f9b5471a: : Instructing follower 36e5c5ba971a404cb27b83015ac035b3 to start an election
I20260713 09:08:35.309422 22082 raft_consensus.cc:993] T faf8765dfb554481a303bfc934735f0e P 161624327b69483191209c184d325710: : Instructing follower 0c4b1b226cde43869b0046d8f9b5471a to start an election
I20260713 09:08:35.310007 22053 raft_consensus.cc:1081] T 8ce3e5f46e5e47009cad622953af8443 P 0c4b1b226cde43869b0046d8f9b5471a [term 1 LEADER]: Signalling peer 36e5c5ba971a404cb27b83015ac035b3 to start an election
I20260713 09:08:35.310094 22082 raft_consensus.cc:1081] T faf8765dfb554481a303bfc934735f0e P 161624327b69483191209c184d325710 [term 1 LEADER]: Signalling peer 0c4b1b226cde43869b0046d8f9b5471a to start an election
I20260713 09:08:35.311874 21928 tablet_service.cc:2044] Received Run Leader Election RPC: tablet_id: "8ce3e5f46e5e47009cad622953af8443"
dest_uuid: "36e5c5ba971a404cb27b83015ac035b3"
 from {username='slave'} at 127.0.0.1:53736
I20260713 09:08:35.311874 21852 tablet_service.cc:2044] Received Run Leader Election RPC: tablet_id: "faf8765dfb554481a303bfc934735f0e"
dest_uuid: "0c4b1b226cde43869b0046d8f9b5471a"
 from {username='slave'} at 127.0.0.1:53252
I20260713 09:08:35.312446 21928 raft_consensus.cc:493] T 8ce3e5f46e5e47009cad622953af8443 P 36e5c5ba971a404cb27b83015ac035b3 [term 1 FOLLOWER]: Starting forced leader election (received explicit request)
I20260713 09:08:35.312532 21852 raft_consensus.cc:493] T faf8765dfb554481a303bfc934735f0e P 0c4b1b226cde43869b0046d8f9b5471a [term 1 FOLLOWER]: Starting forced leader election (received explicit request)
I20260713 09:08:35.312892 21928 raft_consensus.cc:3060] T 8ce3e5f46e5e47009cad622953af8443 P 36e5c5ba971a404cb27b83015ac035b3 [term 1 FOLLOWER]: Advancing to term 2
I20260713 09:08:35.312961 21852 raft_consensus.cc:3060] T faf8765dfb554481a303bfc934735f0e P 0c4b1b226cde43869b0046d8f9b5471a [term 1 FOLLOWER]: Advancing to term 2
I20260713 09:08:35.319721 21852 raft_consensus.cc:515] T faf8765dfb554481a303bfc934735f0e P 0c4b1b226cde43869b0046d8f9b5471a [term 2 FOLLOWER]: Starting forced leader election with config: opid_index: -1 OBSOLETE_local: false peers { permanent_uuid: "0c4b1b226cde43869b0046d8f9b5471a" member_type: VOTER last_known_addr { host: "127.21.53.129" port: 39027 } } peers { permanent_uuid: "36e5c5ba971a404cb27b83015ac035b3" member_type: VOTER last_known_addr { host: "127.21.53.130" port: 45529 } } peers { permanent_uuid: "161624327b69483191209c184d325710" member_type: VOTER last_known_addr { host: "127.21.53.131" port: 36579 } }
I20260713 09:08:35.320410 21928 raft_consensus.cc:515] T 8ce3e5f46e5e47009cad622953af8443 P 36e5c5ba971a404cb27b83015ac035b3 [term 2 FOLLOWER]: Starting forced leader election with config: opid_index: -1 OBSOLETE_local: false peers { permanent_uuid: "0c4b1b226cde43869b0046d8f9b5471a" member_type: VOTER last_known_addr { host: "127.21.53.129" port: 39027 } } peers { permanent_uuid: "36e5c5ba971a404cb27b83015ac035b3" member_type: VOTER last_known_addr { host: "127.21.53.130" port: 45529 } } peers { permanent_uuid: "161624327b69483191209c184d325710" member_type: VOTER last_known_addr { host: "127.21.53.131" port: 36579 } }
I20260713 09:08:35.322634 21927 tablet_service.cc:1917] Received RequestConsensusVote() RPC: tablet_id: "faf8765dfb554481a303bfc934735f0e" candidate_uuid: "0c4b1b226cde43869b0046d8f9b5471a" candidate_term: 2 candidate_status { last_received { term: 1 index: 1 } } ignore_live_leader: true dest_uuid: "36e5c5ba971a404cb27b83015ac035b3"
I20260713 09:08:35.322872 22002 tablet_service.cc:1917] Received RequestConsensusVote() RPC: tablet_id: "faf8765dfb554481a303bfc934735f0e" candidate_uuid: "0c4b1b226cde43869b0046d8f9b5471a" candidate_term: 2 candidate_status { last_received { term: 1 index: 1 } } ignore_live_leader: true dest_uuid: "161624327b69483191209c184d325710"
I20260713 09:08:35.323220 21851 tablet_service.cc:1917] Received RequestConsensusVote() RPC: tablet_id: "8ce3e5f46e5e47009cad622953af8443" candidate_uuid: "36e5c5ba971a404cb27b83015ac035b3" candidate_term: 2 candidate_status { last_received { term: 1 index: 1 } } ignore_live_leader: true dest_uuid: "0c4b1b226cde43869b0046d8f9b5471a"
I20260713 09:08:35.323381 21852 leader_election.cc:290] T faf8765dfb554481a303bfc934735f0e P 0c4b1b226cde43869b0046d8f9b5471a [CANDIDATE]: Term 2 election: Requested vote from peers 36e5c5ba971a404cb27b83015ac035b3 (127.21.53.130:45529), 161624327b69483191209c184d325710 (127.21.53.131:36579)
I20260713 09:08:35.323449 22002 raft_consensus.cc:3055] T faf8765dfb554481a303bfc934735f0e P 161624327b69483191209c184d325710 [term 1 LEADER]: Stepping down as leader of term 1
I20260713 09:08:35.323798 21851 raft_consensus.cc:3055] T 8ce3e5f46e5e47009cad622953af8443 P 0c4b1b226cde43869b0046d8f9b5471a [term 1 LEADER]: Stepping down as leader of term 1
I20260713 09:08:35.323915 22002 raft_consensus.cc:740] T faf8765dfb554481a303bfc934735f0e P 161624327b69483191209c184d325710 [term 1 LEADER]: Becoming Follower/Learner. State: Replica: 161624327b69483191209c184d325710, State: Running, Role: LEADER
I20260713 09:08:35.324286 21928 leader_election.cc:290] T 8ce3e5f46e5e47009cad622953af8443 P 36e5c5ba971a404cb27b83015ac035b3 [CANDIDATE]: Term 2 election: Requested vote from peers 0c4b1b226cde43869b0046d8f9b5471a (127.21.53.129:39027), 161624327b69483191209c184d325710 (127.21.53.131:36579)
I20260713 09:08:35.324195 21851 raft_consensus.cc:740] T 8ce3e5f46e5e47009cad622953af8443 P 0c4b1b226cde43869b0046d8f9b5471a [term 1 LEADER]: Becoming Follower/Learner. State: Replica: 0c4b1b226cde43869b0046d8f9b5471a, State: Running, Role: LEADER
I20260713 09:08:35.324755 22002 consensus_queue.cc:260] T faf8765dfb554481a303bfc934735f0e P 161624327b69483191209c184d325710 [NON_LEADER]: Queue going to NON_LEADER mode. State: All replicated index: 0, Majority replicated index: 1, Committed index: 1, Last appended: 1.1, Last appended by leader: 1, Current term: 1, Majority size: -1, State: 0, Mode: NON_LEADER, active raft config: opid_index: -1 OBSOLETE_local: false peers { permanent_uuid: "0c4b1b226cde43869b0046d8f9b5471a" member_type: VOTER last_known_addr { host: "127.21.53.129" port: 39027 } } peers { permanent_uuid: "36e5c5ba971a404cb27b83015ac035b3" member_type: VOTER last_known_addr { host: "127.21.53.130" port: 45529 } } peers { permanent_uuid: "161624327b69483191209c184d325710" member_type: VOTER last_known_addr { host: "127.21.53.131" port: 36579 } }
I20260713 09:08:35.325263 21851 consensus_queue.cc:260] T 8ce3e5f46e5e47009cad622953af8443 P 0c4b1b226cde43869b0046d8f9b5471a [NON_LEADER]: Queue going to NON_LEADER mode. State: All replicated index: 0, Majority replicated index: 1, Committed index: 1, Last appended: 1.1, Last appended by leader: 1, Current term: 1, Majority size: -1, State: 0, Mode: NON_LEADER, active raft config: opid_index: -1 OBSOLETE_local: false peers { permanent_uuid: "0c4b1b226cde43869b0046d8f9b5471a" member_type: VOTER last_known_addr { host: "127.21.53.129" port: 39027 } } peers { permanent_uuid: "36e5c5ba971a404cb27b83015ac035b3" member_type: VOTER last_known_addr { host: "127.21.53.130" port: 45529 } } peers { permanent_uuid: "161624327b69483191209c184d325710" member_type: VOTER last_known_addr { host: "127.21.53.131" port: 36579 } }
I20260713 09:08:35.325798 22002 raft_consensus.cc:3060] T faf8765dfb554481a303bfc934735f0e P 161624327b69483191209c184d325710 [term 1 FOLLOWER]: Advancing to term 2
I20260713 09:08:35.323247 21927 raft_consensus.cc:3060] T faf8765dfb554481a303bfc934735f0e P 36e5c5ba971a404cb27b83015ac035b3 [term 1 FOLLOWER]: Advancing to term 2
I20260713 09:08:35.326328 21851 raft_consensus.cc:3060] T 8ce3e5f46e5e47009cad622953af8443 P 0c4b1b226cde43869b0046d8f9b5471a [term 1 FOLLOWER]: Advancing to term 2
I20260713 09:08:35.331204 22001 tablet_service.cc:1917] Received RequestConsensusVote() RPC: tablet_id: "8ce3e5f46e5e47009cad622953af8443" candidate_uuid: "36e5c5ba971a404cb27b83015ac035b3" candidate_term: 2 candidate_status { last_received { term: 1 index: 1 } } ignore_live_leader: true dest_uuid: "161624327b69483191209c184d325710"
I20260713 09:08:35.331769 22001 raft_consensus.cc:3060] T 8ce3e5f46e5e47009cad622953af8443 P 161624327b69483191209c184d325710 [term 1 FOLLOWER]: Advancing to term 2
I20260713 09:08:35.332527 21851 raft_consensus.cc:2468] T 8ce3e5f46e5e47009cad622953af8443 P 0c4b1b226cde43869b0046d8f9b5471a [term 2 FOLLOWER]: Leader election vote request: Granting yes vote for candidate 36e5c5ba971a404cb27b83015ac035b3 in term 2.
I20260713 09:08:35.333635 21894 leader_election.cc:304] T 8ce3e5f46e5e47009cad622953af8443 P 36e5c5ba971a404cb27b83015ac035b3 [CANDIDATE]: Term 2 election: Election decided. Result: candidate won. Election summary: received 2 responses out of 3 voters: 2 yes votes; 0 no votes. yes voters: 0c4b1b226cde43869b0046d8f9b5471a, 36e5c5ba971a404cb27b83015ac035b3; no voters: 
I20260713 09:08:35.334544 22075 raft_consensus.cc:2804] T 8ce3e5f46e5e47009cad622953af8443 P 36e5c5ba971a404cb27b83015ac035b3 [term 2 FOLLOWER]: Leader election won for term 2
I20260713 09:08:35.335035 22075 raft_consensus.cc:697] T 8ce3e5f46e5e47009cad622953af8443 P 36e5c5ba971a404cb27b83015ac035b3 [term 2 LEADER]: Becoming Leader. State: Replica: 36e5c5ba971a404cb27b83015ac035b3, State: Running, Role: LEADER
I20260713 09:08:35.335850 22075 consensus_queue.cc:237] T 8ce3e5f46e5e47009cad622953af8443 P 36e5c5ba971a404cb27b83015ac035b3 [LEADER]: Queue going to LEADER mode. State: All replicated index: 0, Majority replicated index: 1, Committed index: 1, Last appended: 1.1, Last appended by leader: 1, Current term: 2, Majority size: 2, State: 0, Mode: LEADER, active raft config: opid_index: -1 OBSOLETE_local: false peers { permanent_uuid: "0c4b1b226cde43869b0046d8f9b5471a" member_type: VOTER last_known_addr { host: "127.21.53.129" port: 39027 } } peers { permanent_uuid: "36e5c5ba971a404cb27b83015ac035b3" member_type: VOTER last_known_addr { host: "127.21.53.130" port: 45529 } } peers { permanent_uuid: "161624327b69483191209c184d325710" member_type: VOTER last_known_addr { host: "127.21.53.131" port: 36579 } }
I20260713 09:08:35.334808 22002 raft_consensus.cc:2468] T faf8765dfb554481a303bfc934735f0e P 161624327b69483191209c184d325710 [term 2 FOLLOWER]: Leader election vote request: Granting yes vote for candidate 0c4b1b226cde43869b0046d8f9b5471a in term 2.
I20260713 09:08:35.337628 21817 leader_election.cc:304] T faf8765dfb554481a303bfc934735f0e P 0c4b1b226cde43869b0046d8f9b5471a [CANDIDATE]: Term 2 election: Election decided. Result: candidate won. Election summary: received 2 responses out of 3 voters: 2 yes votes; 0 no votes. yes voters: 0c4b1b226cde43869b0046d8f9b5471a, 161624327b69483191209c184d325710; no voters: 
I20260713 09:08:35.337872 21927 raft_consensus.cc:2468] T faf8765dfb554481a303bfc934735f0e P 36e5c5ba971a404cb27b83015ac035b3 [term 2 FOLLOWER]: Leader election vote request: Granting yes vote for candidate 0c4b1b226cde43869b0046d8f9b5471a in term 2.
I20260713 09:08:35.338591 22053 raft_consensus.cc:2804] T faf8765dfb554481a303bfc934735f0e P 0c4b1b226cde43869b0046d8f9b5471a [term 2 FOLLOWER]: Leader election won for term 2
I20260713 09:08:35.339044 22053 raft_consensus.cc:697] T faf8765dfb554481a303bfc934735f0e P 0c4b1b226cde43869b0046d8f9b5471a [term 2 LEADER]: Becoming Leader. State: Replica: 0c4b1b226cde43869b0046d8f9b5471a, State: Running, Role: LEADER
I20260713 09:08:35.339779 22053 consensus_queue.cc:237] T faf8765dfb554481a303bfc934735f0e P 0c4b1b226cde43869b0046d8f9b5471a [LEADER]: Queue going to LEADER mode. State: All replicated index: 0, Majority replicated index: 1, Committed index: 1, Last appended: 1.1, Last appended by leader: 1, Current term: 2, Majority size: 2, State: 0, Mode: LEADER, active raft config: opid_index: -1 OBSOLETE_local: false peers { permanent_uuid: "0c4b1b226cde43869b0046d8f9b5471a" member_type: VOTER last_known_addr { host: "127.21.53.129" port: 39027 } } peers { permanent_uuid: "36e5c5ba971a404cb27b83015ac035b3" member_type: VOTER last_known_addr { host: "127.21.53.130" port: 45529 } } peers { permanent_uuid: "161624327b69483191209c184d325710" member_type: VOTER last_known_addr { host: "127.21.53.131" port: 36579 } }
I20260713 09:08:35.346362 21747 catalog_manager.cc:5697] T 8ce3e5f46e5e47009cad622953af8443 P 36e5c5ba971a404cb27b83015ac035b3 reported cstate change: term changed from 1 to 2, leader changed from 0c4b1b226cde43869b0046d8f9b5471a (127.21.53.129) to 36e5c5ba971a404cb27b83015ac035b3 (127.21.53.130). New cstate: current_term: 2 leader_uuid: "36e5c5ba971a404cb27b83015ac035b3" committed_config { opid_index: -1 OBSOLETE_local: false peers { permanent_uuid: "0c4b1b226cde43869b0046d8f9b5471a" member_type: VOTER last_known_addr { host: "127.21.53.129" port: 39027 } health_report { overall_health: UNKNOWN } } peers { permanent_uuid: "36e5c5ba971a404cb27b83015ac035b3" member_type: VOTER last_known_addr { host: "127.21.53.130" port: 45529 } health_report { overall_health: HEALTHY } } peers { permanent_uuid: "161624327b69483191209c184d325710" member_type: VOTER last_known_addr { host: "127.21.53.131" port: 36579 } health_report { overall_health: UNKNOWN } } }
I20260713 09:08:35.347745 22001 raft_consensus.cc:2468] T 8ce3e5f46e5e47009cad622953af8443 P 161624327b69483191209c184d325710 [term 2 FOLLOWER]: Leader election vote request: Granting yes vote for candidate 36e5c5ba971a404cb27b83015ac035b3 in term 2.
