I20260713 09:08:59.388808 23362 consensus_queue.cc:260] T e0f6f61672e14f47977459ac3245a9ab P 7c2d5d1458d844029b5ec90700a98536 [NON_LEADER]: Queue going to NON_LEADER mode. State: All replicated index: 0, Majority replicated index: 0, Committed index: 0, Last appended: 0.0, Last appended by leader: 0, Current term: 0, Majority size: -1, State: 0, Mode: NON_LEADER, active raft config: opid_index: -1 OBSOLETE_local: false peers { permanent_uuid: "a47b5386675a465292a5b2ae31920b3f" member_type: VOTER last_known_addr { host: "127.21.128.129" port: 44763 } } peers { permanent_uuid: "7c2d5d1458d844029b5ec90700a98536" member_type: VOTER last_known_addr { host: "127.21.128.130" port: 37247 } } peers { permanent_uuid: "a4dfd97e61754b5ebf40d428396071f4" member_type: VOTER last_known_addr { host: "127.21.128.131" port: 43401 } }
I20260713 09:08:59.390787 23362 ts_tablet_manager.cc:1434] T e0f6f61672e14f47977459ac3245a9ab P 7c2d5d1458d844029b5ec90700a98536: Time spent starting tablet: real 0.006s	user 0.005s	sys 0.000s
I20260713 09:08:59.393972 23362 tablet_bootstrap.cc:492] T 996847daa0674539950913fff63a2f95 P 7c2d5d1458d844029b5ec90700a98536: Bootstrap starting.
I20260713 09:08:59.394397 23365 tablet_bootstrap.cc:654] T 216f8327868c43f7a5d627972285380b P a4dfd97e61754b5ebf40d428396071f4: Neither blocks nor log segments found. Creating new log.
I20260713 09:08:59.399675 23362 tablet_bootstrap.cc:654] T 996847daa0674539950913fff63a2f95 P 7c2d5d1458d844029b5ec90700a98536: Neither blocks nor log segments found. Creating new log.
I20260713 09:08:59.408141 23365 tablet_bootstrap.cc:492] T 216f8327868c43f7a5d627972285380b P a4dfd97e61754b5ebf40d428396071f4: No bootstrap required, opened a new log
I20260713 09:08:59.408716 23365 ts_tablet_manager.cc:1403] T 216f8327868c43f7a5d627972285380b P a4dfd97e61754b5ebf40d428396071f4: Time spent bootstrapping tablet: real 0.023s	user 0.020s	sys 0.000s
I20260713 09:08:59.411614 23365 raft_consensus.cc:359] T 216f8327868c43f7a5d627972285380b P a4dfd97e61754b5ebf40d428396071f4 [term 0 FOLLOWER]: Replica starting. Triggering 0 pending ops. Active config: opid_index: -1 OBSOLETE_local: false peers { permanent_uuid: "a47b5386675a465292a5b2ae31920b3f" member_type: VOTER last_known_addr { host: "127.21.128.129" port: 44763 } } peers { permanent_uuid: "7c2d5d1458d844029b5ec90700a98536" member_type: VOTER last_known_addr { host: "127.21.128.130" port: 37247 } } peers { permanent_uuid: "a4dfd97e61754b5ebf40d428396071f4" member_type: VOTER last_known_addr { host: "127.21.128.131" port: 43401 } }
I20260713 09:08:59.412175 23363 tablet_bootstrap.cc:654] T 3911df77ffd74ec996a9cab2f7f4c7a6 P a47b5386675a465292a5b2ae31920b3f: Neither blocks nor log segments found. Creating new log.
I20260713 09:08:59.416211 23069 catalog_manager.cc:5697] T 3911df77ffd74ec996a9cab2f7f4c7a6 P a4dfd97e61754b5ebf40d428396071f4 reported cstate change: term changed from 0 to 1, leader changed from <none> to a4dfd97e61754b5ebf40d428396071f4 (127.21.128.131). New cstate: current_term: 1 leader_uuid: "a4dfd97e61754b5ebf40d428396071f4" committed_config { opid_index: -1 OBSOLETE_local: false peers { permanent_uuid: "a47b5386675a465292a5b2ae31920b3f" member_type: VOTER last_known_addr { host: "127.21.128.129" port: 44763 } health_report { overall_health: UNKNOWN } } peers { permanent_uuid: "7c2d5d1458d844029b5ec90700a98536" member_type: VOTER last_known_addr { host: "127.21.128.130" port: 37247 } health_report { overall_health: UNKNOWN } } peers { permanent_uuid: "a4dfd97e61754b5ebf40d428396071f4" member_type: VOTER last_known_addr { host: "127.21.128.131" port: 43401 } health_report { overall_health: HEALTHY } } }
I20260713 09:08:59.412330 23365 raft_consensus.cc:385] T 216f8327868c43f7a5d627972285380b P a4dfd97e61754b5ebf40d428396071f4 [term 0 FOLLOWER]: Consensus starting up: Expiring failure detector timer to make a prompt election more likely
I20260713 09:08:59.418417 23365 raft_consensus.cc:740] T 216f8327868c43f7a5d627972285380b P a4dfd97e61754b5ebf40d428396071f4 [term 0 FOLLOWER]: Becoming Follower/Learner. State: Replica: a4dfd97e61754b5ebf40d428396071f4, State: Initialized, Role: FOLLOWER
I20260713 09:08:59.419198 23365 consensus_queue.cc:260] T 216f8327868c43f7a5d627972285380b P a4dfd97e61754b5ebf40d428396071f4 [NON_LEADER]: Queue going to NON_LEADER mode. State: All replicated index: 0, Majority replicated index: 0, Committed index: 0, Last appended: 0.0, Last appended by leader: 0, Current term: 0, Majority size: -1, State: 0, Mode: NON_LEADER, active raft config: opid_index: -1 OBSOLETE_local: false peers { permanent_uuid: "a47b5386675a465292a5b2ae31920b3f" member_type: VOTER last_known_addr { host: "127.21.128.129" port: 44763 } } peers { permanent_uuid: "7c2d5d1458d844029b5ec90700a98536" member_type: VOTER last_known_addr { host: "127.21.128.130" port: 37247 } } peers { permanent_uuid: "a4dfd97e61754b5ebf40d428396071f4" member_type: VOTER last_known_addr { host: "127.21.128.131" port: 43401 } }
I20260713 09:08:59.421841 23365 ts_tablet_manager.cc:1434] T 216f8327868c43f7a5d627972285380b P a4dfd97e61754b5ebf40d428396071f4: Time spent starting tablet: real 0.013s	user 0.006s	sys 0.000s
I20260713 09:08:59.421912 23394 consensus_queue.cc:1048] T c909f75900b14995ae75d0a94eafeefa P a47b5386675a465292a5b2ae31920b3f [LEADER]: Connected to new peer: Peer: permanent_uuid: "a4dfd97e61754b5ebf40d428396071f4" member_type: VOTER last_known_addr { host: "127.21.128.131" port: 43401 }, Status: LMP_MISMATCH, Last received: 0.0, Next index: 1, Last known committed idx: 0, Time since last communication: 0.001s
I20260713 09:08:59.422894 23365 tablet_bootstrap.cc:492] T 4b7818f2e1a04ab9949d3bb875804a6a P a4dfd97e61754b5ebf40d428396071f4: Bootstrap starting.
I20260713 09:08:59.433069 23362 tablet_bootstrap.cc:492] T 996847daa0674539950913fff63a2f95 P 7c2d5d1458d844029b5ec90700a98536: No bootstrap required, opened a new log
I20260713 09:08:59.433736 23362 ts_tablet_manager.cc:1403] T 996847daa0674539950913fff63a2f95 P 7c2d5d1458d844029b5ec90700a98536: Time spent bootstrapping tablet: real 0.040s	user 0.007s	sys 0.009s
I20260713 09:08:59.434415 23365 tablet_bootstrap.cc:654] T 4b7818f2e1a04ab9949d3bb875804a6a P a4dfd97e61754b5ebf40d428396071f4: Neither blocks nor log segments found. Creating new log.
I20260713 09:08:59.449772 23362 raft_consensus.cc:359] T 996847daa0674539950913fff63a2f95 P 7c2d5d1458d844029b5ec90700a98536 [term 0 FOLLOWER]: Replica starting. Triggering 0 pending ops. Active config: opid_index: -1 OBSOLETE_local: false peers { permanent_uuid: "a47b5386675a465292a5b2ae31920b3f" member_type: VOTER last_known_addr { host: "127.21.128.129" port: 44763 } } peers { permanent_uuid: "7c2d5d1458d844029b5ec90700a98536" member_type: VOTER last_known_addr { host: "127.21.128.130" port: 37247 } } peers { permanent_uuid: "a4dfd97e61754b5ebf40d428396071f4" member_type: VOTER last_known_addr { host: "127.21.128.131" port: 43401 } }
I20260713 09:08:59.450773 23362 raft_consensus.cc:385] T 996847daa0674539950913fff63a2f95 P 7c2d5d1458d844029b5ec90700a98536 [term 0 FOLLOWER]: Consensus starting up: Expiring failure detector timer to make a prompt election more likely
I20260713 09:08:59.451117 23362 raft_consensus.cc:740] T 996847daa0674539950913fff63a2f95 P 7c2d5d1458d844029b5ec90700a98536 [term 0 FOLLOWER]: Becoming Follower/Learner. State: Replica: 7c2d5d1458d844029b5ec90700a98536, State: Initialized, Role: FOLLOWER
I20260713 09:08:59.452180 23362 consensus_queue.cc:260] T 996847daa0674539950913fff63a2f95 P 7c2d5d1458d844029b5ec90700a98536 [NON_LEADER]: Queue going to NON_LEADER mode. State: All replicated index: 0, Majority replicated index: 0, Committed index: 0, Last appended: 0.0, Last appended by leader: 0, Current term: 0, Majority size: -1, State: 0, Mode: NON_LEADER, active raft config: opid_index: -1 OBSOLETE_local: false peers { permanent_uuid: "a47b5386675a465292a5b2ae31920b3f" member_type: VOTER last_known_addr { host: "127.21.128.129" port: 44763 } } peers { permanent_uuid: "7c2d5d1458d844029b5ec90700a98536" member_type: VOTER last_known_addr { host: "127.21.128.130" port: 37247 } } peers { permanent_uuid: "a4dfd97e61754b5ebf40d428396071f4" member_type: VOTER last_known_addr { host: "127.21.128.131" port: 43401 } }
I20260713 09:08:59.455582 23362 ts_tablet_manager.cc:1434] T 996847daa0674539950913fff63a2f95 P 7c2d5d1458d844029b5ec90700a98536: Time spent starting tablet: real 0.021s	user 0.009s	sys 0.000s
I20260713 09:08:59.456916 23362 tablet_bootstrap.cc:492] T 4b7818f2e1a04ab9949d3bb875804a6a P 7c2d5d1458d844029b5ec90700a98536: Bootstrap starting.
I20260713 09:08:59.460076 23369 raft_consensus.cc:493] T 216f8327868c43f7a5d627972285380b P a47b5386675a465292a5b2ae31920b3f [term 0 FOLLOWER]: Starting pre-election (no leader contacted us within the election timeout)
I20260713 09:08:59.460930 23369 raft_consensus.cc:515] T 216f8327868c43f7a5d627972285380b P a47b5386675a465292a5b2ae31920b3f [term 0 FOLLOWER]: Starting pre-election with config: opid_index: -1 OBSOLETE_local: false peers { permanent_uuid: "a47b5386675a465292a5b2ae31920b3f" member_type: VOTER last_known_addr { host: "127.21.128.129" port: 44763 } } peers { permanent_uuid: "7c2d5d1458d844029b5ec90700a98536" member_type: VOTER last_known_addr { host: "127.21.128.130" port: 37247 } } peers { permanent_uuid: "a4dfd97e61754b5ebf40d428396071f4" member_type: VOTER last_known_addr { host: "127.21.128.131" port: 43401 } }
I20260713 09:08:59.461524 23365 tablet_bootstrap.cc:492] T 4b7818f2e1a04ab9949d3bb875804a6a P a4dfd97e61754b5ebf40d428396071f4: No bootstrap required, opened a new log
I20260713 09:08:59.462180 23365 ts_tablet_manager.cc:1403] T 4b7818f2e1a04ab9949d3bb875804a6a P a4dfd97e61754b5ebf40d428396071f4: Time spent bootstrapping tablet: real 0.039s	user 0.017s	sys 0.012s
I20260713 09:08:59.463143 23369 leader_election.cc:290] T 216f8327868c43f7a5d627972285380b P a47b5386675a465292a5b2ae31920b3f [CANDIDATE]: Term 1 pre-election: Requested pre-vote from peers 7c2d5d1458d844029b5ec90700a98536 (127.21.128.130:37247), a4dfd97e61754b5ebf40d428396071f4 (127.21.128.131:43401)
I20260713 09:08:59.465253 23362 tablet_bootstrap.cc:654] T 4b7818f2e1a04ab9949d3bb875804a6a P 7c2d5d1458d844029b5ec90700a98536: Neither blocks nor log segments found. Creating new log.
I20260713 09:08:59.465041 23365 raft_consensus.cc:359] T 4b7818f2e1a04ab9949d3bb875804a6a P a4dfd97e61754b5ebf40d428396071f4 [term 0 FOLLOWER]: Replica starting. Triggering 0 pending ops. Active config: opid_index: -1 OBSOLETE_local: false peers { permanent_uuid: "a47b5386675a465292a5b2ae31920b3f" member_type: VOTER last_known_addr { host: "127.21.128.129" port: 44763 } } peers { permanent_uuid: "7c2d5d1458d844029b5ec90700a98536" member_type: VOTER last_known_addr { host: "127.21.128.130" port: 37247 } } peers { permanent_uuid: "a4dfd97e61754b5ebf40d428396071f4" member_type: VOTER last_known_addr { host: "127.21.128.131" port: 43401 } }
I20260713 09:08:59.465262 23247 tablet_service.cc:1917] Received RequestConsensusVote() RPC: tablet_id: "216f8327868c43f7a5d627972285380b" candidate_uuid: "a47b5386675a465292a5b2ae31920b3f" candidate_term: 1 candidate_status { last_received { term: 0 index: 0 } } ignore_live_leader: false dest_uuid: "7c2d5d1458d844029b5ec90700a98536" is_pre_election: true
I20260713 09:08:59.465822 23365 raft_consensus.cc:385] T 4b7818f2e1a04ab9949d3bb875804a6a P a4dfd97e61754b5ebf40d428396071f4 [term 0 FOLLOWER]: Consensus starting up: Expiring failure detector timer to make a prompt election more likely
I20260713 09:08:59.466318 23365 raft_consensus.cc:740] T 4b7818f2e1a04ab9949d3bb875804a6a P a4dfd97e61754b5ebf40d428396071f4 [term 0 FOLLOWER]: Becoming Follower/Learner. State: Replica: a4dfd97e61754b5ebf40d428396071f4, State: Initialized, Role: FOLLOWER
I20260713 09:08:59.466372 23247 raft_consensus.cc:2468] T 216f8327868c43f7a5d627972285380b P 7c2d5d1458d844029b5ec90700a98536 [term 0 FOLLOWER]: Leader pre-election vote request: Granting yes vote for candidate a47b5386675a465292a5b2ae31920b3f in term 0.
I20260713 09:08:59.467736 23138 leader_election.cc:304] T 216f8327868c43f7a5d627972285380b P a47b5386675a465292a5b2ae31920b3f [CANDIDATE]: Term 1 pre-election: Election decided. Result: candidate won. Election summary: received 2 responses out of 3 voters: 2 yes votes; 0 no votes. yes voters: 7c2d5d1458d844029b5ec90700a98536, a47b5386675a465292a5b2ae31920b3f; no voters: 
I20260713 09:08:59.467347 23365 consensus_queue.cc:260] T 4b7818f2e1a04ab9949d3bb875804a6a P a4dfd97e61754b5ebf40d428396071f4 [NON_LEADER]: Queue going to NON_LEADER mode. State: All replicated index: 0, Majority replicated index: 0, Committed index: 0, Last appended: 0.0, Last appended by leader: 0, Current term: 0, Majority size: -1, State: 0, Mode: NON_LEADER, active raft config: opid_index: -1 OBSOLETE_local: false peers { permanent_uuid: "a47b5386675a465292a5b2ae31920b3f" member_type: VOTER last_known_addr { host: "127.21.128.129" port: 44763 } } peers { permanent_uuid: "7c2d5d1458d844029b5ec90700a98536" member_type: VOTER last_known_addr { host: "127.21.128.130" port: 37247 } } peers { permanent_uuid: "a4dfd97e61754b5ebf40d428396071f4" member_type: VOTER last_known_addr { host: "127.21.128.131" port: 43401 } }
I20260713 09:08:59.469388 23369 raft_consensus.cc:2804] T 216f8327868c43f7a5d627972285380b P a47b5386675a465292a5b2ae31920b3f [term 0 FOLLOWER]: Leader pre-election won for term 1
I20260713 09:08:59.469769 23369 raft_consensus.cc:493] T 216f8327868c43f7a5d627972285380b P a47b5386675a465292a5b2ae31920b3f [term 0 FOLLOWER]: Starting leader election (no leader contacted us within the election timeout)
I20260713 09:08:59.470153 23369 raft_consensus.cc:3060] T 216f8327868c43f7a5d627972285380b P a47b5386675a465292a5b2ae31920b3f [term 0 FOLLOWER]: Advancing to term 1
I20260713 09:08:59.470368 23365 ts_tablet_manager.cc:1434] T 4b7818f2e1a04ab9949d3bb875804a6a P a4dfd97e61754b5ebf40d428396071f4: Time spent starting tablet: real 0.008s	user 0.006s	sys 0.000s
I20260713 09:08:59.470264 23321 tablet_service.cc:1917] Received RequestConsensusVote() RPC: tablet_id: "216f8327868c43f7a5d627972285380b" candidate_uuid: "a47b5386675a465292a5b2ae31920b3f" candidate_term: 1 candidate_status { last_received { term: 0 index: 0 } } ignore_live_leader: false dest_uuid: "a4dfd97e61754b5ebf40d428396071f4" is_pre_election: true
I20260713 09:08:59.470638 23363 tablet_bootstrap.cc:492] T 3911df77ffd74ec996a9cab2f7f4c7a6 P a47b5386675a465292a5b2ae31920b3f: No bootstrap required, opened a new log
I20260713 09:08:59.471639 23321 raft_consensus.cc:2468] T 216f8327868c43f7a5d627972285380b P a4dfd97e61754b5ebf40d428396071f4 [term 0 FOLLOWER]: Leader pre-election vote request: Granting yes vote for candidate a47b5386675a465292a5b2ae31920b3f in term 0.
I20260713 09:08:59.471935 23363 ts_tablet_manager.cc:1403] T 3911df77ffd74ec996a9cab2f7f4c7a6 P a47b5386675a465292a5b2ae31920b3f: Time spent bootstrapping tablet: real 0.085s	user 0.024s	sys 0.016s
I20260713 09:08:59.473125 23365 tablet_bootstrap.cc:492] T a4417d1e34b947f0b825209fa278bf2d P a4dfd97e61754b5ebf40d428396071f4: Bootstrap starting.
I20260713 09:08:59.474737 23363 raft_consensus.cc:359] T 3911df77ffd74ec996a9cab2f7f4c7a6 P a47b5386675a465292a5b2ae31920b3f [term 0 FOLLOWER]: Replica starting. Triggering 0 pending ops. Active config: opid_index: -1 OBSOLETE_local: false peers { permanent_uuid: "a47b5386675a465292a5b2ae31920b3f" member_type: VOTER last_known_addr { host: "127.21.128.129" port: 44763 } } peers { permanent_uuid: "7c2d5d1458d844029b5ec90700a98536" member_type: VOTER last_known_addr { host: "127.21.128.130" port: 37247 } } peers { permanent_uuid: "a4dfd97e61754b5ebf40d428396071f4" member_type: VOTER last_known_addr { host: "127.21.128.131" port: 43401 } }
I20260713 09:08:59.475368 23247 raft_consensus.cc:3060] T c909f75900b14995ae75d0a94eafeefa P 7c2d5d1458d844029b5ec90700a98536 [term 0 FOLLOWER]: Advancing to term 1
I20260713 09:08:59.480268 23365 tablet_bootstrap.cc:654] T a4417d1e34b947f0b825209fa278bf2d P a4dfd97e61754b5ebf40d428396071f4: Neither blocks nor log segments found. Creating new log.
I20260713 09:08:59.482352 23369 raft_consensus.cc:515] T 216f8327868c43f7a5d627972285380b P a47b5386675a465292a5b2ae31920b3f [term 1 FOLLOWER]: Starting leader election with config: opid_index: -1 OBSOLETE_local: false peers { permanent_uuid: "a47b5386675a465292a5b2ae31920b3f" member_type: VOTER last_known_addr { host: "127.21.128.129" port: 44763 } } peers { permanent_uuid: "7c2d5d1458d844029b5ec90700a98536" member_type: VOTER last_known_addr { host: "127.21.128.130" port: 37247 } } peers { permanent_uuid: "a4dfd97e61754b5ebf40d428396071f4" member_type: VOTER last_known_addr { host: "127.21.128.131" port: 43401 } }
I20260713 09:08:59.485426 23245 tablet_service.cc:1917] Received RequestConsensusVote() RPC: tablet_id: "216f8327868c43f7a5d627972285380b" candidate_uuid: "a47b5386675a465292a5b2ae31920b3f" candidate_term: 1 candidate_status { last_received { term: 0 index: 0 } } ignore_live_leader: false dest_uuid: "7c2d5d1458d844029b5ec90700a98536"
I20260713 09:08:59.486044 23245 raft_consensus.cc:3060] T 216f8327868c43f7a5d627972285380b P 7c2d5d1458d844029b5ec90700a98536 [term 0 FOLLOWER]: Advancing to term 1
I20260713 09:08:59.475399 23363 raft_consensus.cc:385] T 3911df77ffd74ec996a9cab2f7f4c7a6 P a47b5386675a465292a5b2ae31920b3f [term 0 FOLLOWER]: Consensus starting up: Expiring failure detector timer to make a prompt election more likely
I20260713 09:08:59.492450 23363 raft_consensus.cc:740] T 3911df77ffd74ec996a9cab2f7f4c7a6 P a47b5386675a465292a5b2ae31920b3f [term 0 FOLLOWER]: Becoming Follower/Learner. State: Replica: a47b5386675a465292a5b2ae31920b3f, State: Initialized, Role: FOLLOWER
I20260713 09:08:59.492730 23375 raft_consensus.cc:493] T 4b7818f2e1a04ab9949d3bb875804a6a P a4dfd97e61754b5ebf40d428396071f4 [term 0 FOLLOWER]: Starting pre-election (no leader contacted us within the election timeout)
I20260713 09:08:59.493047 23394 consensus_queue.cc:1048] T c909f75900b14995ae75d0a94eafeefa P a47b5386675a465292a5b2ae31920b3f [LEADER]: Connected to new peer: Peer: permanent_uuid: "7c2d5d1458d844029b5ec90700a98536" member_type: VOTER last_known_addr { host: "127.21.128.130" port: 37247 }, Status: LMP_MISMATCH, Last received: 0.0, Next index: 1, Last known committed idx: 0, Time since last communication: 0.000s
I20260713 09:08:59.493216 23363 consensus_queue.cc:260] T 3911df77ffd74ec996a9cab2f7f4c7a6 P a47b5386675a465292a5b2ae31920b3f [NON_LEADER]: Queue going to NON_LEADER mode. State: All replicated index: 0, Majority replicated index: 0, Committed index: 0, Last appended: 0.0, Last appended by leader: 0, Current term: 0, Majority size: -1, State: 0, Mode: NON_LEADER, active raft config: opid_index: -1 OBSOLETE_local: false peers { permanent_uuid: "a47b5386675a465292a5b2ae31920b3f" member_type: VOTER last_known_addr { host: "127.21.128.129" port: 44763 } } peers { permanent_uuid: "7c2d5d1458d844029b5ec90700a98536" member_type: VOTER last_known_addr { host: "127.21.128.130" port: 37247 } } peers { permanent_uuid: "a4dfd97e61754b5ebf40d428396071f4" member_type: VOTER last_known_addr { host: "127.21.128.131" port: 43401 } }
I20260713 09:08:59.493359 23375 raft_consensus.cc:515] T 4b7818f2e1a04ab9949d3bb875804a6a P a4dfd97e61754b5ebf40d428396071f4 [term 0 FOLLOWER]: Starting pre-election with config: opid_index: -1 OBSOLETE_local: false peers { permanent_uuid: "a47b5386675a465292a5b2ae31920b3f" member_type: VOTER last_known_addr { host: "127.21.128.129" port: 44763 } } peers { permanent_uuid: "7c2d5d1458d844029b5ec90700a98536" member_type: VOTER last_known_addr { host: "127.21.128.130" port: 37247 } } peers { permanent_uuid: "a4dfd97e61754b5ebf40d428396071f4" member_type: VOTER last_known_addr { host: "127.21.128.131" port: 43401 } }
I20260713 09:08:59.495533 23363 ts_tablet_manager.cc:1434] T 3911df77ffd74ec996a9cab2f7f4c7a6 P a47b5386675a465292a5b2ae31920b3f: Time spent starting tablet: real 0.023s	user 0.005s	sys 0.000s
I20260713 09:08:59.496495 23363 tablet_bootstrap.cc:492] T 04c0f2d238f64d5495b2cc4d83781726 P a47b5386675a465292a5b2ae31920b3f: Bootstrap starting.
I20260713 09:08:59.496994 23172 tablet_service.cc:1917] Received RequestConsensusVote() RPC: tablet_id: "4b7818f2e1a04ab9949d3bb875804a6a" candidate_uuid: "a4dfd97e61754b5ebf40d428396071f4" candidate_term: 1 candidate_status { last_received { term: 0 index: 0 } } ignore_live_leader: false dest_uuid: "a47b5386675a465292a5b2ae31920b3f" is_pre_election: true
I20260713 09:08:59.497303 23375 leader_election.cc:290] T 4b7818f2e1a04ab9949d3bb875804a6a P a4dfd97e61754b5ebf40d428396071f4 [CANDIDATE]: Term 1 pre-election: Requested pre-vote from peers a47b5386675a465292a5b2ae31920b3f (127.21.128.129:44763), 7c2d5d1458d844029b5ec90700a98536 (127.21.128.130:37247)
I20260713 09:08:59.497876 23172 raft_consensus.cc:2468] T 4b7818f2e1a04ab9949d3bb875804a6a P a47b5386675a465292a5b2ae31920b3f [term 0 FOLLOWER]: Leader pre-election vote request: Granting yes vote for candidate a4dfd97e61754b5ebf40d428396071f4 in term 0.
I20260713 09:08:59.498490 23247 tablet_service.cc:1917] Received RequestConsensusVote() RPC: tablet_id: "4b7818f2e1a04ab9949d3bb875804a6a" candidate_uuid: "a4dfd97e61754b5ebf40d428396071f4" candidate_term: 1 candidate_status { last_received { term: 0 index: 0 } } ignore_live_leader: false dest_uuid: "7c2d5d1458d844029b5ec90700a98536" is_pre_election: true
I20260713 09:08:59.499502 23436 raft_consensus.cc:493] T c909f75900b14995ae75d0a94eafeefa P 7c2d5d1458d844029b5ec90700a98536 [term 1 FOLLOWER]: Starting pre-election (no leader contacted us within the election timeout)
I20260713 09:08:59.499619 23288 leader_election.cc:304] T 4b7818f2e1a04ab9949d3bb875804a6a P a4dfd97e61754b5ebf40d428396071f4 [CANDIDATE]: Term 1 pre-election: Election decided. Result: candidate won. Election summary: received 2 responses out of 3 voters: 2 yes votes; 0 no votes. yes voters: a47b5386675a465292a5b2ae31920b3f, a4dfd97e61754b5ebf40d428396071f4; no voters: 
I20260713 09:08:59.500200 23436 raft_consensus.cc:515] T c909f75900b14995ae75d0a94eafeefa P 7c2d5d1458d844029b5ec90700a98536 [term 1 FOLLOWER]: Starting pre-election with config: opid_index: -1 OBSOLETE_local: false peers { permanent_uuid: "a47b5386675a465292a5b2ae31920b3f" member_type: VOTER last_known_addr { host: "127.21.128.129" port: 44763 } } peers { permanent_uuid: "7c2d5d1458d844029b5ec90700a98536" member_type: VOTER last_known_addr { host: "127.21.128.130" port: 37247 } } peers { permanent_uuid: "a4dfd97e61754b5ebf40d428396071f4" member_type: VOTER last_known_addr { host: "127.21.128.131" port: 43401 } }
I20260713 09:08:59.502462 23436 leader_election.cc:290] T c909f75900b14995ae75d0a94eafeefa P 7c2d5d1458d844029b5ec90700a98536 [CANDIDATE]: Term 2 pre-election: Requested pre-vote from peers a47b5386675a465292a5b2ae31920b3f (127.21.128.129:44763), a4dfd97e61754b5ebf40d428396071f4 (127.21.128.131:43401)
I20260713 09:08:59.504622 23322 tablet_service.cc:1917] Received RequestConsensusVote() RPC: tablet_id: "c909f75900b14995ae75d0a94eafeefa" candidate_uuid: "7c2d5d1458d844029b5ec90700a98536" candidate_term: 2 candidate_status { last_received { term: 0 index: 0 } } ignore_live_leader: false dest_uuid: "a4dfd97e61754b5ebf40d428396071f4" is_pre_election: true
I20260713 09:08:59.505730 23172 tablet_service.cc:1917] Received RequestConsensusVote() RPC: tablet_id: "c909f75900b14995ae75d0a94eafeefa" candidate_uuid: "7c2d5d1458d844029b5ec90700a98536" candidate_term: 2 candidate_status { last_received { term: 0 index: 0 } } ignore_live_leader: false dest_uuid: "a47b5386675a465292a5b2ae31920b3f" is_pre_election: true
W20260713 09:08:59.505856 23287 leader_election.cc:343] T 4b7818f2e1a04ab9949d3bb875804a6a P a4dfd97e61754b5ebf40d428396071f4 [CANDIDATE]: Term 1 pre-election: Tablet error from VoteRequest() call to peer 7c2d5d1458d844029b5ec90700a98536 (127.21.128.130:37247): Illegal state: must be running to vote when last-logged opid is not known
I20260713 09:08:59.507928 23365 tablet_bootstrap.cc:492] T a4417d1e34b947f0b825209fa278bf2d P a4dfd97e61754b5ebf40d428396071f4: No bootstrap required, opened a new log
I20260713 09:08:59.508490 23365 ts_tablet_manager.cc:1403] T a4417d1e34b947f0b825209fa278bf2d P a4dfd97e61754b5ebf40d428396071f4: Time spent bootstrapping tablet: real 0.036s	user 0.010s	sys 0.009s
I20260713 09:08:59.508354 23214 leader_election.cc:304] T c909f75900b14995ae75d0a94eafeefa P 7c2d5d1458d844029b5ec90700a98536 [CANDIDATE]: Term 2 pre-election: Election decided. Result: candidate lost. Election summary: received 3 responses out of 3 voters: 1 yes votes; 2 no votes. yes voters: 7c2d5d1458d844029b5ec90700a98536; no voters: a47b5386675a465292a5b2ae31920b3f, a4dfd97e61754b5ebf40d428396071f4
I20260713 09:08:59.511687 23375 raft_consensus.cc:2804] T 4b7818f2e1a04ab9949d3bb875804a6a P a4dfd97e61754b5ebf40d428396071f4 [term 0 FOLLOWER]: Leader pre-election won for term 1
I20260713 09:08:59.512072 23375 raft_consensus.cc:493] T 4b7818f2e1a04ab9949d3bb875804a6a P a4dfd97e61754b5ebf40d428396071f4 [term 0 FOLLOWER]: Starting leader election (no leader contacted us within the election timeout)
I20260713 09:08:59.512403 23375 raft_consensus.cc:3060] T 4b7818f2e1a04ab9949d3bb875804a6a P a4dfd97e61754b5ebf40d428396071f4 [term 0 FOLLOWER]: Advancing to term 1
I20260713 09:08:59.513445 23363 tablet_bootstrap.cc:654] T 04c0f2d238f64d5495b2cc4d83781726 P a47b5386675a465292a5b2ae31920b3f: Neither blocks nor log segments found. Creating new log.
I20260713 09:08:59.515529 23365 raft_consensus.cc:359] T a4417d1e34b947f0b825209fa278bf2d P a4dfd97e61754b5ebf40d428396071f4 [term 0 FOLLOWER]: Replica starting. Triggering 0 pending ops. Active config: opid_index: -1 OBSOLETE_local: false peers { permanent_uuid: "a47b5386675a465292a5b2ae31920b3f" member_type: VOTER last_known_addr { host: "127.21.128.129" port: 44763 } } peers { permanent_uuid: "7c2d5d1458d844029b5ec90700a98536" member_type: VOTER last_known_addr { host: "127.21.128.130" port: 37247 } } peers { permanent_uuid: "a4dfd97e61754b5ebf40d428396071f4" member_type: VOTER last_known_addr { host: "127.21.128.131" port: 43401 } }
I20260713 09:08:59.516306 23365 raft_consensus.cc:385] T a4417d1e34b947f0b825209fa278bf2d P a4dfd97e61754b5ebf40d428396071f4 [term 0 FOLLOWER]: Consensus starting up: Expiring failure detector timer to make a prompt election more likely
I20260713 09:08:59.516570 23245 raft_consensus.cc:2468] T 216f8327868c43f7a5d627972285380b P 7c2d5d1458d844029b5ec90700a98536 [term 1 FOLLOWER]: Leader election vote request: Granting yes vote for candidate a47b5386675a465292a5b2ae31920b3f in term 1.
I20260713 09:08:59.516734 23365 raft_consensus.cc:740] T a4417d1e34b947f0b825209fa278bf2d P a4dfd97e61754b5ebf40d428396071f4 [term 0 FOLLOWER]: Becoming Follower/Learner. State: Replica: a4dfd97e61754b5ebf40d428396071f4, State: Initialized, Role: FOLLOWER
I20260713 09:08:59.517932 23138 leader_election.cc:304] T 216f8327868c43f7a5d627972285380b P a47b5386675a465292a5b2ae31920b3f [CANDIDATE]: Term 1 election: Election decided. Result: candidate won. Election summary: received 2 responses out of 3 voters: 2 yes votes; 0 no votes. yes voters: 7c2d5d1458d844029b5ec90700a98536, a47b5386675a465292a5b2ae31920b3f; no voters: 
I20260713 09:08:59.518839 23369 leader_election.cc:290] T 216f8327868c43f7a5d627972285380b P a47b5386675a465292a5b2ae31920b3f [CANDIDATE]: Term 1 election: Requested vote from peers 7c2d5d1458d844029b5ec90700a98536 (127.21.128.130:37247), a4dfd97e61754b5ebf40d428396071f4 (127.21.128.131:43401)
I20260713 09:08:59.519177 23394 raft_consensus.cc:2804] T 216f8327868c43f7a5d627972285380b P a47b5386675a465292a5b2ae31920b3f [term 1 FOLLOWER]: Leader election won for term 1
I20260713 09:08:59.519769 23394 raft_consensus.cc:697] T 216f8327868c43f7a5d627972285380b P a47b5386675a465292a5b2ae31920b3f [term 1 LEADER]: Becoming Leader. State: Replica: a47b5386675a465292a5b2ae31920b3f, State: Running, Role: LEADER
I20260713 09:08:59.518607 23362 tablet_bootstrap.cc:492] T 4b7818f2e1a04ab9949d3bb875804a6a P 7c2d5d1458d844029b5ec90700a98536: No bootstrap required, opened a new log
I20260713 09:08:59.519090 23322 tablet_service.cc:1917] Received RequestConsensusVote() RPC: tablet_id: "216f8327868c43f7a5d627972285380b" candidate_uuid: "a47b5386675a465292a5b2ae31920b3f" candidate_term: 1 candidate_status { last_received { term: 0 index: 0 } } ignore_live_leader: false dest_uuid: "a4dfd97e61754b5ebf40d428396071f4"
I20260713 09:08:59.520648 23362 ts_tablet_manager.cc:1403] T 4b7818f2e1a04ab9949d3bb875804a6a P 7c2d5d1458d844029b5ec90700a98536: Time spent bootstrapping tablet: real 0.064s	user 0.021s	sys 0.017s
I20260713 09:08:59.520699 23394 consensus_queue.cc:237] T 216f8327868c43f7a5d627972285380b P a47b5386675a465292a5b2ae31920b3f [LEADER]: Queue going to LEADER mode. State: All replicated index: 0, Majority replicated index: 0, Committed index: 0, Last appended: 0.0, Last appended by leader: 0, Current term: 1, Majority size: 2, State: 0, Mode: LEADER, active raft config: opid_index: -1 OBSOLETE_local: false peers { permanent_uuid: "a47b5386675a465292a5b2ae31920b3f" member_type: VOTER last_known_addr { host: "127.21.128.129" port: 44763 } } peers { permanent_uuid: "7c2d5d1458d844029b5ec90700a98536" member_type: VOTER last_known_addr { host: "127.21.128.130" port: 37247 } } peers { permanent_uuid: "a4dfd97e61754b5ebf40d428396071f4" member_type: VOTER last_known_addr { host: "127.21.128.131" port: 43401 } }
I20260713 09:08:59.523377 23375 raft_consensus.cc:515] T 4b7818f2e1a04ab9949d3bb875804a6a P a4dfd97e61754b5ebf40d428396071f4 [term 1 FOLLOWER]: Starting leader election with config: opid_index: -1 OBSOLETE_local: false peers { permanent_uuid: "a47b5386675a465292a5b2ae31920b3f" member_type: VOTER last_known_addr { host: "127.21.128.129" port: 44763 } } peers { permanent_uuid: "7c2d5d1458d844029b5ec90700a98536" member_type: VOTER last_known_addr { host: "127.21.128.130" port: 37247 } } peers { permanent_uuid: "a4dfd97e61754b5ebf40d428396071f4" member_type: VOTER last_known_addr { host: "127.21.128.131" port: 43401 } }
I20260713 09:08:59.525071 23322 raft_consensus.cc:3060] T 216f8327868c43f7a5d627972285380b P a4dfd97e61754b5ebf40d428396071f4 [term 0 FOLLOWER]: Advancing to term 1
I20260713 09:08:59.526201 23172 tablet_service.cc:1917] Received RequestConsensusVote() RPC: tablet_id: "4b7818f2e1a04ab9949d3bb875804a6a" candidate_uuid: "a4dfd97e61754b5ebf40d428396071f4" candidate_term: 1 candidate_status { last_received { term: 0 index: 0 } } ignore_live_leader: false dest_uuid: "a47b5386675a465292a5b2ae31920b3f"
I20260713 09:08:59.527014 23172 raft_consensus.cc:3060] T 4b7818f2e1a04ab9949d3bb875804a6a P a47b5386675a465292a5b2ae31920b3f [term 0 FOLLOWER]: Advancing to term 1
I20260713 09:08:59.517773 23365 consensus_queue.cc:260] T a4417d1e34b947f0b825209fa278bf2d P a4dfd97e61754b5ebf40d428396071f4 [NON_LEADER]: Queue going to NON_LEADER mode. State: All replicated index: 0, Majority replicated index: 0, Committed index: 0, Last appended: 0.0, Last appended by leader: 0, Current term: 0, Majority size: -1, State: 0, Mode: NON_LEADER, active raft config: opid_index: -1 OBSOLETE_local: false peers { permanent_uuid: "a47b5386675a465292a5b2ae31920b3f" member_type: VOTER last_known_addr { host: "127.21.128.129" port: 44763 } } peers { permanent_uuid: "7c2d5d1458d844029b5ec90700a98536" member_type: VOTER last_known_addr { host: "127.21.128.130" port: 37247 } } peers { permanent_uuid: "a4dfd97e61754b5ebf40d428396071f4" member_type: VOTER last_known_addr { host: "127.21.128.131" port: 43401 } }
I20260713 09:08:59.534265 23430 raft_consensus.cc:2749] T c909f75900b14995ae75d0a94eafeefa P 7c2d5d1458d844029b5ec90700a98536 [term 1 FOLLOWER]: Leader pre-election lost for term 2. Reason: could not achieve majority
I20260713 09:08:59.535884 23365 ts_tablet_manager.cc:1434] T a4417d1e34b947f0b825209fa278bf2d P a4dfd97e61754b5ebf40d428396071f4: Time spent starting tablet: real 0.027s	user 0.006s	sys 0.000s
I20260713 09:08:59.539065 23365 tablet_bootstrap.cc:492] T afc6f6961dda47998f13e15d3e023e4a P a4dfd97e61754b5ebf40d428396071f4: Bootstrap starting.
I20260713 09:08:59.540468 23070 catalog_manager.cc:5697] T 216f8327868c43f7a5d627972285380b P a47b5386675a465292a5b2ae31920b3f reported cstate change: term changed from 0 to 1, leader changed from <none> to a47b5386675a465292a5b2ae31920b3f (127.21.128.129). New cstate: current_term: 1 leader_uuid: "a47b5386675a465292a5b2ae31920b3f" committed_config { opid_index: -1 OBSOLETE_local: false peers { permanent_uuid: "a47b5386675a465292a5b2ae31920b3f" member_type: VOTER last_known_addr { host: "127.21.128.129" port: 44763 } health_report { overall_health: HEALTHY } } peers { permanent_uuid: "7c2d5d1458d844029b5ec90700a98536" member_type: VOTER last_known_addr { host: "127.21.128.130" port: 37247 } health_report { overall_health: UNKNOWN } } peers { permanent_uuid: "a4dfd97e61754b5ebf40d428396071f4" member_type: VOTER last_known_addr { host: "127.21.128.131" port: 43401 } health_report { overall_health: UNKNOWN } } }
I20260713 09:08:59.524154 23362 raft_consensus.cc:359] T 4b7818f2e1a04ab9949d3bb875804a6a P 7c2d5d1458d844029b5ec90700a98536 [term 0 FOLLOWER]: Replica starting. Triggering 0 pending ops. Active config: opid_index: -1 OBSOLETE_local: false peers { permanent_uuid: "a47b5386675a465292a5b2ae31920b3f" member_type: VOTER last_known_addr { host: "127.21.128.129" port: 44763 } } peers { permanent_uuid: "7c2d5d1458d844029b5ec90700a98536" member_type: VOTER last_known_addr { host: "127.21.128.130" port: 37247 } } peers { permanent_uuid: "a4dfd97e61754b5ebf40d428396071f4" member_type: VOTER last_known_addr { host: "127.21.128.131" port: 43401 } }
I20260713 09:08:59.542243 23362 raft_consensus.cc:385] T 4b7818f2e1a04ab9949d3bb875804a6a P 7c2d5d1458d844029b5ec90700a98536 [term 0 FOLLOWER]: Consensus starting up: Expiring failure detector timer to make a prompt election more likely
I20260713 09:08:59.541818 23322 raft_consensus.cc:2468] T 216f8327868c43f7a5d627972285380b P a4dfd97e61754b5ebf40d428396071f4 [term 1 FOLLOWER]: Leader election vote request: Granting yes vote for candidate a47b5386675a465292a5b2ae31920b3f in term 1.
I20260713 09:08:59.542527 23362 raft_consensus.cc:740] T 4b7818f2e1a04ab9949d3bb875804a6a P 7c2d5d1458d844029b5ec90700a98536 [term 0 FOLLOWER]: Becoming Follower/Learner. State: Replica: 7c2d5d1458d844029b5ec90700a98536, State: Initialized, Role: FOLLOWER
I20260713 09:08:59.545446 23362 consensus_queue.cc:260] T 4b7818f2e1a04ab9949d3bb875804a6a P 7c2d5d1458d844029b5ec90700a98536 [NON_LEADER]: Queue going to NON_LEADER mode. State: All replicated index: 0, Majority replicated index: 0, Committed index: 0, Last appended: 0.0, Last appended by leader: 0, Current term: 0, Majority size: -1, State: 0, Mode: NON_LEADER, active raft config: opid_index: -1 OBSOLETE_local: false peers { permanent_uuid: "a47b5386675a465292a5b2ae31920b3f" member_type: VOTER last_known_addr { host: "127.21.128.129" port: 44763 } } peers { permanent_uuid: "7c2d5d1458d844029b5ec90700a98536" member_type: VOTER last_known_addr { host: "127.21.128.130" port: 37247 } } peers { permanent_uuid: "a4dfd97e61754b5ebf40d428396071f4" member_type: VOTER last_known_addr { host: "127.21.128.131" port: 43401 } }
I20260713 09:08:59.548112 23365 tablet_bootstrap.cc:654] T afc6f6961dda47998f13e15d3e023e4a P a4dfd97e61754b5ebf40d428396071f4: Neither blocks nor log segments found. Creating new log.
I20260713 09:08:59.548007 23362 ts_tablet_manager.cc:1434] T 4b7818f2e1a04ab9949d3bb875804a6a P 7c2d5d1458d844029b5ec90700a98536: Time spent starting tablet: real 0.026s	user 0.006s	sys 0.000s
I20260713 09:08:59.549222 23362 tablet_bootstrap.cc:492] T a4417d1e34b947f0b825209fa278bf2d P 7c2d5d1458d844029b5ec90700a98536: Bootstrap starting.
I20260713 09:08:59.552939 23394 raft_consensus.cc:493] T 996847daa0674539950913fff63a2f95 P a47b5386675a465292a5b2ae31920b3f [term 0 FOLLOWER]: Starting pre-election (no leader contacted us within the election timeout)
I20260713 09:08:59.553469 23394 raft_consensus.cc:515] T 996847daa0674539950913fff63a2f95 P a47b5386675a465292a5b2ae31920b3f [term 0 FOLLOWER]: Starting pre-election with config: opid_index: -1 OBSOLETE_local: false peers { permanent_uuid: "a47b5386675a465292a5b2ae31920b3f" member_type: VOTER last_known_addr { host: "127.21.128.129" port: 44763 } } peers { permanent_uuid: "7c2d5d1458d844029b5ec90700a98536" member_type: VOTER last_known_addr { host: "127.21.128.130" port: 37247 } } peers { permanent_uuid: "a4dfd97e61754b5ebf40d428396071f4" member_type: VOTER last_known_addr { host: "127.21.128.131" port: 43401 } }
I20260713 09:08:59.557109 23394 leader_election.cc:290] T 996847daa0674539950913fff63a2f95 P a47b5386675a465292a5b2ae31920b3f [CANDIDATE]: Term 1 pre-election: Requested pre-vote from peers 7c2d5d1458d844029b5ec90700a98536 (127.21.128.130:37247), a4dfd97e61754b5ebf40d428396071f4 (127.21.128.131:43401)
I20260713 09:08:59.557514 23322 tablet_service.cc:1917] Received RequestConsensusVote() RPC: tablet_id: "996847daa0674539950913fff63a2f95" candidate_uuid: "a47b5386675a465292a5b2ae31920b3f" candidate_term: 1 candidate_status { last_received { term: 0 index: 0 } } ignore_live_leader: false dest_uuid: "a4dfd97e61754b5ebf40d428396071f4" is_pre_election: true
I20260713 09:08:59.558033 23363 tablet_bootstrap.cc:492] T 04c0f2d238f64d5495b2cc4d83781726 P a47b5386675a465292a5b2ae31920b3f: No bootstrap required, opened a new log
I20260713 09:08:59.558235 23322 raft_consensus.cc:2468] T 996847daa0674539950913fff63a2f95 P a4dfd97e61754b5ebf40d428396071f4 [term 0 FOLLOWER]: Leader pre-election vote request: Granting yes vote for candidate a47b5386675a465292a5b2ae31920b3f in term 0.
I20260713 09:08:59.558506 23363 ts_tablet_manager.cc:1403] T 04c0f2d238f64d5495b2cc4d83781726 P a47b5386675a465292a5b2ae31920b3f: Time spent bootstrapping tablet: real 0.062s	user 0.008s	sys 0.007s
I20260713 09:08:59.560407 23375 leader_election.cc:290] T 4b7818f2e1a04ab9949d3bb875804a6a P a4dfd97e61754b5ebf40d428396071f4 [CANDIDATE]: Term 1 election: Requested vote from peers a47b5386675a465292a5b2ae31920b3f (127.21.128.129:44763), 7c2d5d1458d844029b5ec90700a98536 (127.21.128.130:37247)
I20260713 09:08:59.561470 23139 leader_election.cc:304] T 996847daa0674539950913fff63a2f95 P a47b5386675a465292a5b2ae31920b3f [CANDIDATE]: Term 1 pre-election: Election decided. Result: candidate won. Election summary: received 2 responses out of 3 voters: 2 yes votes; 0 no votes. yes voters: a47b5386675a465292a5b2ae31920b3f, a4dfd97e61754b5ebf40d428396071f4; no voters: 
I20260713 09:08:59.561352 23363 raft_consensus.cc:359] T 04c0f2d238f64d5495b2cc4d83781726 P a47b5386675a465292a5b2ae31920b3f [term 0 FOLLOWER]: Replica starting. Triggering 0 pending ops. Active config: opid_index: -1 OBSOLETE_local: false peers { permanent_uuid: "a47b5386675a465292a5b2ae31920b3f" member_type: VOTER last_known_addr { host: "127.21.128.129" port: 44763 } } peers { permanent_uuid: "7c2d5d1458d844029b5ec90700a98536" member_type: VOTER last_known_addr { host: "127.21.128.130" port: 37247 } } peers { permanent_uuid: "a4dfd97e61754b5ebf40d428396071f4" member_type: VOTER last_known_addr { host: "127.21.128.131" port: 43401 } }
I20260713 09:08:59.562013 23172 raft_consensus.cc:2468] T 4b7818f2e1a04ab9949d3bb875804a6a P a47b5386675a465292a5b2ae31920b3f [term 1 FOLLOWER]: Leader election vote request: Granting yes vote for candidate a4dfd97e61754b5ebf40d428396071f4 in term 1.
I20260713 09:08:59.562173 23363 raft_consensus.cc:385] T 04c0f2d238f64d5495b2cc4d83781726 P a47b5386675a465292a5b2ae31920b3f [term 0 FOLLOWER]: Consensus starting up: Expiring failure detector timer to make a prompt election more likely
I20260713 09:08:59.562500 23363 raft_consensus.cc:740] T 04c0f2d238f64d5495b2cc4d83781726 P a47b5386675a465292a5b2ae31920b3f [term 0 FOLLOWER]: Becoming Follower/Learner. State: Replica: a47b5386675a465292a5b2ae31920b3f, State: Initialized, Role: FOLLOWER
I20260713 09:08:59.563257 23288 leader_election.cc:304] T 4b7818f2e1a04ab9949d3bb875804a6a P a4dfd97e61754b5ebf40d428396071f4 [CANDIDATE]: Term 1 election: Election decided. Result: candidate won. Election summary: received 2 responses out of 3 voters: 2 yes votes; 0 no votes. yes voters: a47b5386675a465292a5b2ae31920b3f, a4dfd97e61754b5ebf40d428396071f4; no voters: 
I20260713 09:08:59.563872 23246 tablet_service.cc:1917] Received RequestConsensusVote() RPC: tablet_id: "996847daa0674539950913fff63a2f95" candidate_uuid: "a47b5386675a465292a5b2ae31920b3f" candidate_term: 1 candidate_status { last_received { term: 0 index: 0 } } ignore_live_leader: false dest_uuid: "7c2d5d1458d844029b5ec90700a98536" is_pre_election: true
I20260713 09:08:59.564184 23394 raft_consensus.cc:2804] T 996847daa0674539950913fff63a2f95 P a47b5386675a465292a5b2ae31920b3f [term 0 FOLLOWER]: Leader pre-election won for term 1
I20260713 09:08:59.564038 23367 consensus_queue.cc:1048] T c81263ccc4164553aee5bb099992e321 P 7c2d5d1458d844029b5ec90700a98536 [LEADER]: Connected to new peer: Peer: permanent_uuid: "a4dfd97e61754b5ebf40d428396071f4" member_type: VOTER last_known_addr { host: "127.21.128.131" port: 43401 }, Status: LMP_MISMATCH, Last received: 0.0, Next index: 1, Last known committed idx: 0, Time since last communication: 0.000s
I20260713 09:08:59.564579 23394 raft_consensus.cc:493] T 996847daa0674539950913fff63a2f95 P a47b5386675a465292a5b2ae31920b3f [term 0 FOLLOWER]: Starting leader election (no leader contacted us within the election timeout)
I20260713 09:08:59.564508 23246 raft_consensus.cc:2468] T 996847daa0674539950913fff63a2f95 P 7c2d5d1458d844029b5ec90700a98536 [term 0 FOLLOWER]: Leader pre-election vote request: Granting yes vote for candidate a47b5386675a465292a5b2ae31920b3f in term 0.
I20260713 09:08:59.565032 23394 raft_consensus.cc:3060] T 996847daa0674539950913fff63a2f95 P a47b5386675a465292a5b2ae31920b3f [term 0 FOLLOWER]: Advancing to term 1
I20260713 09:08:59.565846 23362 tablet_bootstrap.cc:654] T a4417d1e34b947f0b825209fa278bf2d P 7c2d5d1458d844029b5ec90700a98536: Neither blocks nor log segments found. Creating new log.
I20260713 09:08:59.566720 23363 consensus_queue.cc:260] T 04c0f2d238f64d5495b2cc4d83781726 P a47b5386675a465292a5b2ae31920b3f [NON_LEADER]: Queue going to NON_LEADER mode. State: All replicated index: 0, Majority replicated index: 0, Committed index: 0, Last appended: 0.0, Last appended by leader: 0, Current term: 0, Majority size: -1, State: 0, Mode: NON_LEADER, active raft config: opid_index: -1 OBSOLETE_local: false peers { permanent_uuid: "a47b5386675a465292a5b2ae31920b3f" member_type: VOTER last_known_addr { host: "127.21.128.129" port: 44763 } } peers { permanent_uuid: "7c2d5d1458d844029b5ec90700a98536" member_type: VOTER last_known_addr { host: "127.21.128.130" port: 37247 } } peers { permanent_uuid: "a4dfd97e61754b5ebf40d428396071f4" member_type: VOTER last_known_addr { host: "127.21.128.131" port: 43401 } }
I20260713 09:08:59.568768 23363 ts_tablet_manager.cc:1434] T 04c0f2d238f64d5495b2cc4d83781726 P a47b5386675a465292a5b2ae31920b3f: Time spent starting tablet: real 0.010s	user 0.007s	sys 0.001s
I20260713 09:08:59.566572 23245 tablet_service.cc:1917] Received RequestConsensusVote() RPC: tablet_id: "4b7818f2e1a04ab9949d3bb875804a6a" candidate_uuid: "a4dfd97e61754b5ebf40d428396071f4" candidate_term: 1 candidate_status { last_received { term: 0 index: 0 } } ignore_live_leader: false dest_uuid: "7c2d5d1458d844029b5ec90700a98536"
I20260713 09:08:59.569593 23245 raft_consensus.cc:3060] T 4b7818f2e1a04ab9949d3bb875804a6a P 7c2d5d1458d844029b5ec90700a98536 [term 0 FOLLOWER]: Advancing to term 1
I20260713 09:08:59.569798 23363 tablet_bootstrap.cc:492] T 6e713adb0f3e4139830efa42a3152ca0 P a47b5386675a465292a5b2ae31920b3f: Bootstrap starting.
I20260713 09:08:59.564039 23375 raft_consensus.cc:2804] T 4b7818f2e1a04ab9949d3bb875804a6a P a4dfd97e61754b5ebf40d428396071f4 [term 1 FOLLOWER]: Leader election won for term 1
I20260713 09:08:59.581526 23375 raft_consensus.cc:697] T 4b7818f2e1a04ab9949d3bb875804a6a P a4dfd97e61754b5ebf40d428396071f4 [term 1 LEADER]: Becoming Leader. State: Replica: a4dfd97e61754b5ebf40d428396071f4, State: Running, Role: LEADER
I20260713 09:08:59.582675 23375 consensus_queue.cc:237] T 4b7818f2e1a04ab9949d3bb875804a6a P a4dfd97e61754b5ebf40d428396071f4 [LEADER]: Queue going to LEADER mode. State: All replicated index: 0, Majority replicated index: 0, Committed index: 0, Last appended: 0.0, Last appended by leader: 0, Current term: 1, Majority size: 2, State: 0, Mode: LEADER, active raft config: opid_index: -1 OBSOLETE_local: false peers { permanent_uuid: "a47b5386675a465292a5b2ae31920b3f" member_type: VOTER last_known_addr { host: "127.21.128.129" port: 44763 } } peers { permanent_uuid: "7c2d5d1458d844029b5ec90700a98536" member_type: VOTER last_known_addr { host: "127.21.128.130" port: 37247 } } peers { permanent_uuid: "a4dfd97e61754b5ebf40d428396071f4" member_type: VOTER last_known_addr { host: "127.21.128.131" port: 43401 } }
I20260713 09:08:59.586716 23436 raft_consensus.cc:493] T e0f6f61672e14f47977459ac3245a9ab P 7c2d5d1458d844029b5ec90700a98536 [term 0 FOLLOWER]: Starting pre-election (no leader contacted us within the election timeout)
I20260713 09:08:59.587394 23369 raft_consensus.cc:493] T e0f6f61672e14f47977459ac3245a9ab P a47b5386675a465292a5b2ae31920b3f [term 0 FOLLOWER]: Starting pre-election (no leader contacted us within the election timeout)
I20260713 09:08:59.587209 23436 raft_consensus.cc:515] T e0f6f61672e14f47977459ac3245a9ab P 7c2d5d1458d844029b5ec90700a98536 [term 0 FOLLOWER]: Starting pre-election with config: opid_index: -1 OBSOLETE_local: false peers { permanent_uuid: "a47b5386675a465292a5b2ae31920b3f" member_type: VOTER last_known_addr { host: "127.21.128.129" port: 44763 } } peers { permanent_uuid: "7c2d5d1458d844029b5ec90700a98536" member_type: VOTER last_known_addr { host: "127.21.128.130" port: 37247 } } peers { permanent_uuid: "a4dfd97e61754b5ebf40d428396071f4" member_type: VOTER last_known_addr { host: "127.21.128.131" port: 43401 } }
I20260713 09:08:59.587836 23369 raft_consensus.cc:515] T e0f6f61672e14f47977459ac3245a9ab P a47b5386675a465292a5b2ae31920b3f [term 0 FOLLOWER]: Starting pre-election with config: opid_index: -1 OBSOLETE_local: false peers { permanent_uuid: "a47b5386675a465292a5b2ae31920b3f" member_type: VOTER last_known_addr { host: "127.21.128.129" port: 44763 } } peers { permanent_uuid: "7c2d5d1458d844029b5ec90700a98536" member_type: VOTER last_known_addr { host: "127.21.128.130" port: 37247 } } peers { permanent_uuid: "a4dfd97e61754b5ebf40d428396071f4" member_type: VOTER last_known_addr { host: "127.21.128.131" port: 43401 } }
I20260713 09:08:59.589974 23436 leader_election.cc:290] T e0f6f61672e14f47977459ac3245a9ab P 7c2d5d1458d844029b5ec90700a98536 [CANDIDATE]: Term 1 pre-election: Requested pre-vote from peers a47b5386675a465292a5b2ae31920b3f (127.21.128.129:44763), a4dfd97e61754b5ebf40d428396071f4 (127.21.128.131:43401)
I20260713 09:08:59.590544 23369 leader_election.cc:290] T e0f6f61672e14f47977459ac3245a9ab P a47b5386675a465292a5b2ae31920b3f [CANDIDATE]: Term 1 pre-election: Requested pre-vote from peers 7c2d5d1458d844029b5ec90700a98536 (127.21.128.130:37247), a4dfd97e61754b5ebf40d428396071f4 (127.21.128.131:43401)
I20260713 09:08:59.592248 23322 tablet_service.cc:1917] Received RequestConsensusVote() RPC: tablet_id: "e0f6f61672e14f47977459ac3245a9ab" candidate_uuid: "a47b5386675a465292a5b2ae31920b3f" candidate_term: 1 candidate_status { last_received { term: 0 index: 0 } } ignore_live_leader: false dest_uuid: "a4dfd97e61754b5ebf40d428396071f4" is_pre_election: true
I20260713 09:08:59.592937 23322 raft_consensus.cc:2468] T e0f6f61672e14f47977459ac3245a9ab P a4dfd97e61754b5ebf40d428396071f4 [term 0 FOLLOWER]: Leader pre-election vote request: Granting yes vote for candidate a47b5386675a465292a5b2ae31920b3f in term 0.
I20260713 09:08:59.582194 23394 raft_consensus.cc:515] T 996847daa0674539950913fff63a2f95 P a47b5386675a465292a5b2ae31920b3f [term 1 FOLLOWER]: Starting leader election with config: opid_index: -1 OBSOLETE_local: false peers { permanent_uuid: "a47b5386675a465292a5b2ae31920b3f" member_type: VOTER last_known_addr { host: "127.21.128.129" port: 44763 } } peers { permanent_uuid: "7c2d5d1458d844029b5ec90700a98536" member_type: VOTER last_known_addr { host: "127.21.128.130" port: 37247 } } peers { permanent_uuid: "a4dfd97e61754b5ebf40d428396071f4" member_type: VOTER last_known_addr { host: "127.21.128.131" port: 43401 } }
I20260713 09:08:59.594723 23394 leader_election.cc:290] T 996847daa0674539950913fff63a2f95 P a47b5386675a465292a5b2ae31920b3f [CANDIDATE]: Term 1 election: Requested vote from peers 7c2d5d1458d844029b5ec90700a98536 (127.21.128.130:37247), a4dfd97e61754b5ebf40d428396071f4 (127.21.128.131:43401)
I20260713 09:08:59.595260 23139 leader_election.cc:304] T e0f6f61672e14f47977459ac3245a9ab P a47b5386675a465292a5b2ae31920b3f [CANDIDATE]: Term 1 pre-election: Election decided. Result: candidate won. Election summary: received 2 responses out of 3 voters: 2 yes votes; 0 no votes. yes voters: a47b5386675a465292a5b2ae31920b3f, a4dfd97e61754b5ebf40d428396071f4; no voters: 
I20260713 09:08:59.597115 23322 tablet_service.cc:1917] Received RequestConsensusVote() RPC: tablet_id: "996847daa0674539950913fff63a2f95" candidate_uuid: "a47b5386675a465292a5b2ae31920b3f" candidate_term: 1 candidate_status { last_received { term: 0 index: 0 } } ignore_live_leader: false dest_uuid: "a4dfd97e61754b5ebf40d428396071f4"
I20260713 09:08:59.600116 23396 raft_consensus.cc:493] T a4417d1e34b947f0b825209fa278bf2d P a4dfd97e61754b5ebf40d428396071f4 [term 0 FOLLOWER]: Starting pre-election (no leader contacted us within the election timeout)
